[INFO] fetching crate ohea-lock 0.1.0...
[INFO] testing ohea-lock-0.1.0 against 1.99.0-beta.8+cargoflags=--release for beta-release-1.100-2
[INFO] extracting crate ohea-lock 0.1.0 into /workspace/builds/worker-6-tc1/source
[INFO] started tweaking crates.io crate ohea-lock 0.1.0
[INFO] removed 0 missing examples
[INFO] finished tweaking crates.io crate ohea-lock 0.1.0
[INFO] tweaked toml for crates.io crate ohea-lock 0.1.0 written to /workspace/builds/worker-6-tc1/source/Cargo.toml
[INFO] validating manifest of crates.io crate ohea-lock 0.1.0 on toolchain 1.99.0-beta.8
[INFO] running `Command { std: CARGO_HOME="/workspace/cargo-home" RUSTUP_HOME="/workspace/rustup-home" "/workspace/cargo-home/bin/cargo" "+1.99.0-beta.8" "metadata" "--manifest-path" "Cargo.toml" "--no-deps", kill_on_drop: false }`
[INFO] crate crates.io crate ohea-lock 0.1.0 already has a lockfile, it will not be regenerated
[INFO] running `Command { std: CARGO_HOME="/workspace/cargo-home" RUSTUP_HOME="/workspace/rustup-home" "/workspace/cargo-home/bin/cargo" "+1.99.0-beta.8" "fetch" "--manifest-path" "Cargo.toml", kill_on_drop: false }`
[INFO] [stderr]     Updating crates.io index
[INFO] [stderr]  Downloading crates ...
[INFO] [stderr]   Downloaded wasm-bindgen-macro v0.2.106
[INFO] [stderr]   Downloaded wasm-bindgen-macro-support v0.2.106
[INFO] [stderr]   Downloaded wasm-bindgen v0.2.106
[INFO] [stderr]   Downloaded uuid v1.19.0
[INFO] [stderr]   Downloaded wasm-bindgen-shared v0.2.106
[INFO] [stderr]   Downloaded windows-collections v0.2.0
[INFO] [stderr]   Downloaded quote v1.0.42
[INFO] [stderr]   Downloaded windows-threading v0.1.0
[INFO] [stderr]   Downloaded windows-numerics v0.2.0
[INFO] [stderr]   Downloaded objc2-core-bluetooth v0.2.2
[INFO] [stderr]   Downloaded bluez-generated v0.4.0
[INFO] [stderr]   Downloaded tokio-macros v2.6.0
[INFO] [stderr]   Downloaded thiserror v2.0.17
[INFO] [stderr]   Downloaded windows-future v0.2.1
[INFO] [stderr]   Downloaded dashmap v5.5.3
[INFO] [stderr]   Downloaded bluez-async v0.8.2
[INFO] [stderr]   Downloaded bitflags v2.10.0
[INFO] [stderr]   Downloaded thiserror-impl v2.0.17
[INFO] [stderr]   Downloaded proc-macro2 v1.0.104
[INFO] [stderr]   Downloaded js-sys v0.3.83
[INFO] [stderr]   Downloaded xml v1.2.0
[INFO] [stderr]   Downloaded jni v0.19.0
[INFO] [stderr]   Downloaded bytes v1.11.0
[INFO] [stderr]   Downloaded jni-utils v0.1.1
[INFO] [stderr]   Downloaded socket2 v0.6.1
[INFO] [stderr]   Downloaded btleplug v0.11.8
[INFO] [stderr]   Downloaded dbus v0.9.10
[INFO] [stderr]   Downloaded serde-xml-rs v0.8.2
[INFO] [stderr]   Downloaded tokio-util v0.7.17
[INFO] [stderr]   Downloaded syn v2.0.112
[INFO] [stderr]   Downloaded libc v0.2.179
[INFO] [stderr]   Downloaded tokio v1.49.0
[INFO] [stderr]   Downloaded libdbus-sys v0.2.7
[INFO] [stderr]   Downloaded windows v0.61.3
[INFO] running `Command { std: "docker" "create" "-v" "/var/lib/crater-agent-workspace/builds/worker-6-tc1/source:/opt/rustwide/workdir:ro,Z" "-v" "/var/lib/crater-agent-workspace/builds/worker-6-tc1/target:/opt/rustwide/target:rw,Z" "-v" "/var/lib/crater-agent-workspace/cargo-home:/opt/rustwide/cargo-home:ro,Z" "-v" "/var/lib/crater-agent-workspace/rustup-home:/opt/rustwide/rustup-home:ro,Z" "-m" "1610612736" "--network" "none" "ghcr.io/rust-lang/crates-build-env/linux@sha256:77db811e55d90add9212f6832c23229e3de5f1c1f9905e8cb07319ea15df73ac" "sleep" "infinity", kill_on_drop: false }`
[INFO] [stdout] 6dc06251dfd819809736b8cb69e831e6b833644e5ba284ae44ea56a391a2210c
[INFO] running `Command { std: "docker" "start" "6dc06251dfd819809736b8cb69e831e6b833644e5ba284ae44ea56a391a2210c", kill_on_drop: false }`
[INFO] running `Command { std: "docker" "inspect" "6dc06251dfd819809736b8cb69e831e6b833644e5ba284ae44ea56a391a2210c", kill_on_drop: false }`
[INFO] running `Command { std: "docker" "exec" "-e" "SOURCE_DIR=/opt/rustwide/workdir" "-e" "CARGO_HOME=/opt/rustwide/cargo-home" "-e" "RUSTUP_HOME=/opt/rustwide/rustup-home" "-e" "CARGO_TARGET_DIR=/opt/rustwide/target" "-w" "/opt/rustwide/workdir" "--user" "0:0" "6dc06251dfd819809736b8cb69e831e6b833644e5ba284ae44ea56a391a2210c" "/opt/rustwide/cargo-home/bin/cargo" "+1.99.0-beta.8" "metadata" "--no-deps" "--format-version=1", kill_on_drop: false }`
[INFO] running `Command { std: "docker" "inspect" "6dc06251dfd819809736b8cb69e831e6b833644e5ba284ae44ea56a391a2210c", kill_on_drop: false }`
[INFO] running `Command { std: "docker" "exec" "-e" "SOURCE_DIR=/opt/rustwide/workdir" "-e" "CARGO_HOME=/opt/rustwide/cargo-home" "-e" "RUSTUP_HOME=/opt/rustwide/rustup-home" "-e" "CARGO_TARGET_DIR=/opt/rustwide/target" "-e" "CARGO_INCREMENTAL=0" "-e" "RUST_BACKTRACE=full" "-e" "RUSTFLAGS=--cap-lints=warn" "-e" "RUSTDOCFLAGS=--cap-lints=warn" "-w" "/opt/rustwide/workdir" "--user" "0:0" "6dc06251dfd819809736b8cb69e831e6b833644e5ba284ae44ea56a391a2210c" "/opt/rustwide/cargo-home/bin/cargo" "+1.99.0-beta.8" "build" "--frozen" "--message-format=json" "--release", kill_on_drop: false }`
[INFO] [stderr]    Compiling proc-macro2 v1.0.104
[INFO] [stderr]    Compiling unicode-ident v1.0.22
[INFO] [stderr]    Compiling quote v1.0.42
[INFO] [stderr]    Compiling futures-core v0.3.31
[INFO] [stderr]    Compiling futures-sink v0.3.31
[INFO] [stderr]    Compiling memchr v2.7.6
[INFO] [stderr]    Compiling thiserror v2.0.17
[INFO] [stderr]    Compiling tokio v1.49.0
[INFO] [stderr]    Compiling futures-channel v0.3.31
[INFO] [stderr]    Compiling uuid v1.19.0
[INFO] [stderr]    Compiling syn v2.0.112
[INFO] [stderr]    Compiling futures-macro v0.3.31
[INFO] [stderr]    Compiling thiserror-impl v2.0.17
[INFO] [stderr]    Compiling async-trait v0.1.89
[INFO] [stderr]    Compiling futures-util v0.3.31
[INFO] [stderr]    Compiling futures-executor v0.3.31
[INFO] [stderr]    Compiling futures v0.3.31
[INFO] [stderr]    Compiling ohea-lock v0.1.0 (/opt/rustwide/workdir)
[INFO] [stderr]     Finished `release` profile [optimized] target(s) in 6.85s
[INFO] running `Command { std: "docker" "inspect" "6dc06251dfd819809736b8cb69e831e6b833644e5ba284ae44ea56a391a2210c", kill_on_drop: false }`
[INFO] running `Command { std: "docker" "exec" "-e" "SOURCE_DIR=/opt/rustwide/workdir" "-e" "CARGO_HOME=/opt/rustwide/cargo-home" "-e" "RUSTUP_HOME=/opt/rustwide/rustup-home" "-e" "CARGO_TARGET_DIR=/opt/rustwide/target" "-e" "CARGO_INCREMENTAL=0" "-e" "RUST_BACKTRACE=full" "-e" "RUSTFLAGS=--cap-lints=warn" "-e" "RUSTDOCFLAGS=--cap-lints=warn" "-w" "/opt/rustwide/workdir" "--user" "0:0" "6dc06251dfd819809736b8cb69e831e6b833644e5ba284ae44ea56a391a2210c" "/opt/rustwide/cargo-home/bin/cargo" "+1.99.0-beta.8" "test" "--frozen" "--no-run" "--message-format=json" "--release", kill_on_drop: false }`
[INFO] [stderr]    Compiling tokio-macros v2.6.0
[INFO] [stderr]    Compiling tokio v1.49.0
[INFO] [stderr]    Compiling ohea-lock v0.1.0 (/opt/rustwide/workdir)
[INFO] [stderr]     Finished `release` profile [optimized] target(s) in 4.79s
[INFO] running `Command { std: "docker" "inspect" "6dc06251dfd819809736b8cb69e831e6b833644e5ba284ae44ea56a391a2210c", kill_on_drop: false }`
[INFO] running `Command { std: "docker" "exec" "-e" "SOURCE_DIR=/opt/rustwide/workdir" "-e" "CARGO_HOME=/opt/rustwide/cargo-home" "-e" "RUSTUP_HOME=/opt/rustwide/rustup-home" "-e" "CARGO_TARGET_DIR=/opt/rustwide/target" "-e" "CARGO_INCREMENTAL=0" "-e" "RUST_BACKTRACE=full" "-e" "RUSTFLAGS=--cap-lints=warn" "-e" "RUSTDOCFLAGS=--cap-lints=warn" "-w" "/opt/rustwide/workdir" "--user" "0:0" "6dc06251dfd819809736b8cb69e831e6b833644e5ba284ae44ea56a391a2210c" "/opt/rustwide/cargo-home/bin/cargo" "+1.99.0-beta.8" "test" "--frozen" "--release", kill_on_drop: false }`
[INFO] [stderr]     Finished `release` profile [optimized] target(s) in 0.05s
[INFO] [stderr]      Running unittests src/lib.rs (/opt/rustwide/target/release/deps/ohea_lock-aec550a1dc138838)
[INFO] [stdout] 
[INFO] [stdout] running 46 tests
[INFO] [stdout] test error::tests::error_display_messages ... ok
[INFO] [stdout] test error::tests::io_error_conversion ... ok
[INFO] [stdout] test error::tests::requires_pairing_returns_true_for_auth_error ... ok
[INFO] [stdout] test protocol::tests::att_error_codes_match_bluetooth_spec ... ok
[INFO] [stdout] test protocol::tests::init_command_length_is_five_bytes ... ok
[INFO] [stdout] test protocol::tests::lock_state_as_byte_roundtrip ... ok
[INFO] [stdout] test error::tests::requires_pairing_returns_false_for_other_errors ... ok
[INFO] [stdout] test protocol::tests::device_name_matches_packet_capture ... ok
[INFO] [stdout] test error::tests::error_is_send_and_sync ... ok
[INFO] [stdout] test protocol::tests::device_info_equality ... ok
[INFO] [stdout] test protocol::tests::init_command_matches_packet_capture ... ok
[INFO] [stdout] test protocol::tests::lock_characteristic_uuids_are_correct ... ok
[INFO] [stdout] test protocol::tests::lock_service_uuid_matches_manufacturer_spec ... ok
[INFO] [stdout] test protocol::tests::lock_state_try_from_invalid ... ok
[INFO] [stdout] test protocol::tests::lock_state_from_byte_invalid_values ... ok
[INFO] [stdout] test protocol::tests::lock_state_predicates ... ok
[INFO] [stdout] test protocol::tests::lock_state_try_from_valid ... FAILED
[INFO] [stdout] test protocol::tests::lock_state_into_u8 ... FAILED
[INFO] [stdout] test protocol::tests::lock_state_from_byte_valid_values ... FAILED
[INFO] [stdout] test tests::get_device_name_returns_ohea_lock ... ok
[INFO] [stdout] test protocol::tests::manufacturer_id_matches_packet_capture ... ok
[INFO] [stdout] test tests::get_lock_state_errors_on_invalid_value ... ok
[INFO] [stdout] test protocol::tests::standard_characteristic_uuids_are_correct ... ok
[INFO] [stdout] test protocol::tests::standard_service_uuids_are_correct ... ok
[INFO] [stdout] test tests::get_firmware_version_returns_string ... ok
[INFO] [stdout] test protocol::tests::uuid_from_u16_constructs_correct_bluetooth_uuid ... ok
[INFO] [stdout] test tests::get_battery_level_returns_percentage ... ok
[INFO] [stdout] test tests::get_device_info_aggregates_all_fields ... ok
[INFO] [stdout] test tests::initialize_sends_correct_command ... ok
[INFO] [stdout] test tests::get_lock_state_returns_locked ... FAILED
[INFO] [stdout] test tests::ohea_lock_new_is_not_initialized ... ok
[INFO] [stdout] test tests::subscribe_lock_state_subscribes_to_correct_uuid ... ok
[INFO] [stdout] test tests::get_lock_state_returns_unlocked ... FAILED
[INFO] [stdout] test tests::unlock_writes_correct_value ... FAILED
[INFO] [stdout] test transport::tests::read_byte_returns_first_byte ... ok
[INFO] [stdout] test tests::unsubscribe_all_does_not_error ... ok
[INFO] [stdout] test tests::lock_writes_correct_value ... FAILED
[INFO] [stdout] test transport::tests::read_string_parses_utf8 ... ok
[INFO] [stdout] test transport::tests::subscribe_and_unsubscribe ... ok
[INFO] [stdout] test transport::tests::write_records_data ... ok
[INFO] [stdout] test transport::tests::read_byte_errors_on_empty_response ... ok
[INFO] [stdout] test transport::tests::read_errors_when_characteristic_not_found ... ok
[INFO] [stdout] test transport::tests::read_string_errors_on_invalid_utf8 ... ok
[INFO] [stdout] test tests::lock_state_conversion ... FAILED
[INFO] [stdout] test tests::lock_state_predicates ... ok
[INFO] [stdout] test tests::ohea_lock_transport_accessor ... ok
[INFO] [stdout] 
[INFO] [stdout] failures:
[INFO] [stdout] 
[INFO] [stdout] ---- protocol::tests::lock_state_try_from_valid stdout ----
[INFO] [stdout] 
[INFO] [stdout] thread 'protocol::tests::lock_state_try_from_valid' (530) panicked at src/protocol.rs:295:9:
[INFO] [stdout] assertion `left == right` failed
[INFO] [stdout]   left: Unlocked
[INFO] [stdout]  right: Locked
[INFO] [stdout] stack backtrace:
[INFO] [stdout]    0:     0x569609dbcaa1 - <<std[70759c8f55707aa4]::sys::backtrace::BacktraceLock>::print::DisplayBacktrace as core[df12db4294e9bfd3]::fmt::Display>::fmt
[INFO] [stdout]    1:     0x569609dd107a - core[df12db4294e9bfd3]::fmt::write
[INFO] [stdout]    2:     0x569609dc0f3c - <alloc[2182bb758b4b3781]::vec::Vec<u8> as core[df12db4294e9bfd3]::io::write::Write>::write_fmt
[INFO] [stdout]    3:     0x569609d98dc6 - std[70759c8f55707aa4]::panicking::default_hook::{closure#0}
[INFO] [stdout]    4:     0x569609db51c9 - std[70759c8f55707aa4]::panicking::default_hook
[INFO] [stdout]    5:     0x569609d39a90 - test[9d35eded1c95d3be]::test_main_inner::<test[9d35eded1c95d3be]::test_main_static::{closure#0}>::{closure#0}
[INFO] [stdout]    6:     0x569609db5382 - std[70759c8f55707aa4]::panicking::panic_with_hook
[INFO] [stdout]    7:     0x569609d98e72 - std[70759c8f55707aa4]::panicking::panic_handler::{closure#0}
[INFO] [stdout]    8:     0x569609d91bf9 - std[70759c8f55707aa4]::sys::backtrace::__rust_end_short_backtrace::<std[70759c8f55707aa4]::panicking::panic_handler::{closure#0}, !>
[INFO] [stdout]    9:     0x569609d99a6d - __rustc[8fa7c3cbc660c2b3]::rust_begin_unwind
[INFO] [stdout]   10:     0x569609dd17dc - core[df12db4294e9bfd3]::panicking::panic_fmt
[INFO] [stdout]   11:     0x569609dd16f3 - core[df12db4294e9bfd3]::panicking::assert_failed_inner
[INFO] [stdout]   12:     0x569609d266f6 - core[df12db4294e9bfd3]::panicking::assert_failed::<ohea_lock[8ca66415f2f7d79a]::protocol::LockState, ohea_lock[8ca66415f2f7d79a]::protocol::LockState>
[INFO] [stdout]   13:     0x569609d2aa92 - <ohea_lock[8ca66415f2f7d79a]::protocol::tests::lock_state_try_from_valid::{closure#0} as core[df12db4294e9bfd3]::ops::function::FnOnce<()>>::call_once
[INFO] [stdout]   14:     0x569609d2cd7b - test[9d35eded1c95d3be]::__rust_begin_short_backtrace::<core[df12db4294e9bfd3]::result::Result<(), alloc[2182bb758b4b3781]::string::String>, fn() -> core[df12db4294e9bfd3]::result::Result<(), alloc[2182bb758b4b3781]::string::String>>
[INFO] [stdout]   15:     0x569609d3a3e5 - test[9d35eded1c95d3be]::run_test::{closure#0}
[INFO] [stdout]   16:     0x569609d33ca4 - std[70759c8f55707aa4]::sys::backtrace::__rust_begin_short_backtrace::<test[9d35eded1c95d3be]::run_test::{closure#1}, ()>
[INFO] [stdout]   17:     0x569609d3d542 - <std[70759c8f55707aa4]::thread::lifecycle::spawn_unchecked<test[9d35eded1c95d3be]::run_test::{closure#1}, ()>::{closure#1} as core[df12db4294e9bfd3]::ops::function::FnOnce<()>>::call_once::{shim:vtable#0}
[INFO] [stdout]   18:     0x569609dbc379 - <std[70759c8f55707aa4]::sys::thread::unix::Thread>::new::thread_start
[INFO] [stdout]   19:     0x7a546be11dfa - <unknown>
[INFO] [stdout]   20:     0x7a546bea53d4 - clone
[INFO] [stdout]   21:                0x0 - <unknown>
[INFO] [stdout] 
[INFO] [stdout] ---- protocol::tests::lock_state_into_u8 stdout ----
[INFO] [stdout] 
[INFO] [stdout] thread 'protocol::tests::lock_state_into_u8' (527) panicked at src/protocol.rs:307:9:
[INFO] [stdout] assertion `left == right` failed
[INFO] [stdout]   left: 1
[INFO] [stdout]  right: 0
[INFO] [stdout] stack backtrace:
[INFO] [stdout]    0:     0x569609dbcaa1 - <<std[70759c8f55707aa4]::sys::backtrace::BacktraceLock>::print::DisplayBacktrace as core[df12db4294e9bfd3]::fmt::Display>::fmt
[INFO] [stdout]    1:     0x569609dd107a - core[df12db4294e9bfd3]::fmt::write
[INFO] [stdout]    2:     0x569609dc0f3c - <alloc[2182bb758b4b3781]::vec::Vec<u8> as core[df12db4294e9bfd3]::io::write::Write>::write_fmt
[INFO] [stdout]    3:     0x569609d98dc6 - std[70759c8f55707aa4]::panicking::default_hook::{closure#0}
[INFO] [stdout]    4:     0x569609db51c9 - std[70759c8f55707aa4]::panicking::default_hook
[INFO] [stdout]    5:     0x569609d39a90 - test[9d35eded1c95d3be]::test_main_inner::<test[9d35eded1c95d3be]::test_main_static::{closure#0}>::{closure#0}
[INFO] [stdout]    6:     0x569609db5382 - std[70759c8f55707aa4]::panicking::panic_with_hook
[INFO] [stdout]    7:     0x569609d98e72 - std[70759c8f55707aa4]::panicking::panic_handler::{closure#0}
[INFO] [stdout]    8:     0x569609d91bf9 - std[70759c8f55707aa4]::sys::backtrace::__rust_end_short_backtrace::<std[70759c8f55707aa4]::panicking::panic_handler::{closure#0}, !>
[INFO] [stdout]    9:     0x569609d99a6d - __rustc[8fa7c3cbc660c2b3]::rust_begin_unwind
[INFO] [stdout]   10:     0x569609dd17dc - core[df12db4294e9bfd3]::panicking::panic_fmt
[INFO] [stdout]   11:     0x569609dd16f3 - core[df12db4294e9bfd3]::panicking::assert_failed_inner
[INFO] [stdout]   12:     0x569609d2675c - core[df12db4294e9bfd3]::panicking::assert_failed::<u8, u8>
[INFO] [stdout]   13:     0x569609d28002 - ohea_lock[8ca66415f2f7d79a]::protocol::tests::lock_state_into_u8
[INFO] [stdout]   14:     0x569609d2aa4e - <ohea_lock[8ca66415f2f7d79a]::protocol::tests::lock_state_into_u8::{closure#0} as core[df12db4294e9bfd3]::ops::function::FnOnce<()>>::call_once
[INFO] [stdout]   15:     0x569609d2cd7b - test[9d35eded1c95d3be]::__rust_begin_short_backtrace::<core[df12db4294e9bfd3]::result::Result<(), alloc[2182bb758b4b3781]::string::String>, fn() -> core[df12db4294e9bfd3]::result::Result<(), alloc[2182bb758b4b3781]::string::String>>
[INFO] [stdout]   16:     0x569609d3a3e5 - test[9d35eded1c95d3be]::run_test::{closure#0}
[INFO] [stdout]   17:     0x569609d33ca4 - std[70759c8f55707aa4]::sys::backtrace::__rust_begin_short_backtrace::<test[9d35eded1c95d3be]::run_test::{closure#1}, ()>
[INFO] [stdout]   18:     0x569609d3d542 - <std[70759c8f55707aa4]::thread::lifecycle::spawn_unchecked<test[9d35eded1c95d3be]::run_test::{closure#1}, ()>::{closure#1} as core[df12db4294e9bfd3]::ops::function::FnOnce<()>>::call_once::{shim:vtable#0}
[INFO] [stdout]   19:     0x569609dbc379 - <std[70759c8f55707aa4]::sys::thread::unix::Thread>::new::thread_start
[INFO] [stdout]   20:     0x7a546be11dfa - <unknown>
[INFO] [stdout]   21:     0x7a546bea53d4 - clone
[INFO] [stdout]   22:                0x0 - <unknown>
[INFO] [stdout] 
[INFO] [stdout] ---- protocol::tests::lock_state_from_byte_valid_values stdout ----
[INFO] [stdout] 
[INFO] [stdout] thread 'protocol::tests::lock_state_from_byte_valid_values' (526) panicked at src/protocol.rs:269:9:
[INFO] [stdout] assertion `left == right` failed
[INFO] [stdout]   left: Some(Unlocked)
[INFO] [stdout]  right: Some(Locked)
[INFO] [stdout] stack backtrace:
[INFO] [stdout]    0:     0x569609dbcaa1 - <<std[70759c8f55707aa4]::sys::backtrace::BacktraceLock>::print::DisplayBacktrace as core[df12db4294e9bfd3]::fmt::Display>::fmt
[INFO] [stdout]    1:     0x569609dd107a - core[df12db4294e9bfd3]::fmt::write
[INFO] [stdout]    2:     0x569609dc0f3c - <alloc[2182bb758b4b3781]::vec::Vec<u8> as core[df12db4294e9bfd3]::io::write::Write>::write_fmt
[INFO] [stdout]    3:     0x569609d98dc6 - std[70759c8f55707aa4]::panicking::default_hook::{closure#0}
[INFO] [stdout]    4:     0x569609db51c9 - std[70759c8f55707aa4]::panicking::default_hook
[INFO] [stdout]    5:     0x569609d39a90 - test[9d35eded1c95d3be]::test_main_inner::<test[9d35eded1c95d3be]::test_main_static::{closure#0}>::{closure#0}
[INFO] [stdout]    6:     0x569609db5382 - std[70759c8f55707aa4]::panicking::panic_with_hook
[INFO] [stdout]    7:     0x569609d98e72 - std[70759c8f55707aa4]::panicking::panic_handler::{closure#0}
[INFO] [stdout]    8:     0x569609d91bf9 - std[70759c8f55707aa4]::sys::backtrace::__rust_end_short_backtrace::<std[70759c8f55707aa4]::panicking::panic_handler::{closure#0}, !>
[INFO] [stdout]    9:     0x569609d99a6d - __rustc[8fa7c3cbc660c2b3]::rust_begin_unwind
[INFO] [stdout]   10:     0x569609dd17dc - core[df12db4294e9bfd3]::panicking::panic_fmt
[INFO] [stdout]   11:     0x569609dd16f3 - core[df12db4294e9bfd3]::panicking::assert_failed_inner
[INFO] [stdout]   12:     0x569609d265bc - core[df12db4294e9bfd3]::panicking::assert_failed::<core[df12db4294e9bfd3]::option::Option<ohea_lock[8ca66415f2f7d79a]::protocol::LockState>, core[df12db4294e9bfd3]::option::Option<ohea_lock[8ca66415f2f7d79a]::protocol::LockState>>
[INFO] [stdout]   13:     0x569609d28362 - ohea_lock[8ca66415f2f7d79a]::protocol::tests::lock_state_from_byte_valid_values
[INFO] [stdout]   14:     0x569609d2aabe - <ohea_lock[8ca66415f2f7d79a]::protocol::tests::lock_state_from_byte_valid_values::{closure#0} as core[df12db4294e9bfd3]::ops::function::FnOnce<()>>::call_once
[INFO] [stdout]   15:     0x569609d2cd7b - test[9d35eded1c95d3be]::__rust_begin_short_backtrace::<core[df12db4294e9bfd3]::result::Result<(), alloc[2182bb758b4b3781]::string::String>, fn() -> core[df12db4294e9bfd3]::result::Result<(), alloc[2182bb758b4b3781]::string::String>>
[INFO] [stdout]   16:     0x569609d3a3e5 - test[9d35eded1c95d3be]::run_test::{closure#0}
[INFO] [stdout]   17:     0x569609d33ca4 - std[70759c8f55707aa4]::sys::backtrace::__rust_begin_short_backtrace::<test[9d35eded1c95d3be]::run_test::{closure#1}, ()>
[INFO] [stdout]   18:     0x569609d3d542 - <std[70759c8f55707aa4]::thread::lifecycle::spawn_unchecked<test[9d35eded1c95d3be]::run_test::{closure#1}, ()>::{closure#1} as core[df12db4294e9bfd3]::ops::function::FnOnce<()>>::call_once::{shim:vtable#0}
[INFO] [stdout]   19:     0x569609dbc379 - <std[70759c8f55707aa4]::sys::thread::unix::Thread>::new::thread_start
[INFO] [stdout]   20:     0x7a546be11dfa - <unknown>
[INFO] [stdout]   21:     0x7a546bea53d4 - clone
[INFO] [stdout]   22:                0x0 - <unknown>
[INFO] [stdout] 
[INFO] [stdout] ---- tests::get_lock_state_returns_locked stdout ----
[INFO] [stdout] 
[INFO] [stdout] thread 'tests::get_lock_state_returns_locked' (540) panicked at src/lib.rs:414:9:
[INFO] [stdout] assertion `left == right` failed
[INFO] [stdout]   left: Unlocked
[INFO] [stdout]  right: Locked
[INFO] [stdout] stack backtrace:
[INFO] [stdout]    0:     0x569609dbcaa1 - <<std[70759c8f55707aa4]::sys::backtrace::BacktraceLock>::print::DisplayBacktrace as core[df12db4294e9bfd3]::fmt::Display>::fmt
[INFO] [stdout]    1:     0x569609dd107a - core[df12db4294e9bfd3]::fmt::write
[INFO] [stdout]    2:     0x569609dc0f3c - <alloc[2182bb758b4b3781]::vec::Vec<u8> as core[df12db4294e9bfd3]::io::write::Write>::write_fmt
[INFO] [stdout]    3:     0x569609d98dc6 - std[70759c8f55707aa4]::panicking::default_hook::{closure#0}
[INFO] [stdout]    4:     0x569609db51c9 - std[70759c8f55707aa4]::panicking::default_hook
[INFO] [stdout]    5:     0x569609d39a90 - test[9d35eded1c95d3be]::test_main_inner::<test[9d35eded1c95d3be]::test_main_static::{closure#0}>::{closure#0}
[INFO] [stdout]    6:     0x569609db5382 - std[70759c8f55707aa4]::panicking::panic_with_hook
[INFO] [stdout]    7:     0x569609d98e72 - std[70759c8f55707aa4]::panicking::panic_handler::{closure#0}
[INFO] [stdout]    8:     0x569609d91bf9 - std[70759c8f55707aa4]::sys::backtrace::__rust_end_short_backtrace::<std[70759c8f55707aa4]::panicking::panic_handler::{closure#0}, !>
[INFO] [stdout]    9:     0x569609d99a6d - __rustc[8fa7c3cbc660c2b3]::rust_begin_unwind
[INFO] [stdout]   10:     0x569609dd17dc - core[df12db4294e9bfd3]::panicking::panic_fmt
[INFO] [stdout]   11:     0x569609dd16f3 - core[df12db4294e9bfd3]::panicking::assert_failed_inner
[INFO] [stdout]   12:     0x569609d266f6 - core[df12db4294e9bfd3]::panicking::assert_failed::<ohea_lock[8ca66415f2f7d79a]::protocol::LockState, ohea_lock[8ca66415f2f7d79a]::protocol::LockState>
[INFO] [stdout]   13:     0x569609d1b62c - ohea_lock[8ca66415f2f7d79a]::tests::get_lock_state_returns_locked::{closure#0}
[INFO] [stdout]   14:     0x569609d2ae83 - <tokio[d2364823aa7e9730]::runtime::scheduler::current_thread::Context>::enter::<core[df12db4294e9bfd3]::task::poll::Poll<()>, <tokio[d2364823aa7e9730]::runtime::scheduler::current_thread::CoreGuard>::block_on<core[df12db4294e9bfd3]::pin::Pin<&mut core[df12db4294e9bfd3]::pin::Pin<&mut dyn core[df12db4294e9bfd3]::future::future::Future<Output = ()>>>>::{closure#0}::{closure#0}>
[INFO] [stdout]   15:     0x569609d2754c - <tokio[d2364823aa7e9730]::runtime::context::scoped::Scoped<tokio[d2364823aa7e9730]::runtime::scheduler::Context>>::set::<<tokio[d2364823aa7e9730]::runtime::scheduler::current_thread::CoreGuard>::enter<<tokio[d2364823aa7e9730]::runtime::scheduler::current_thread::CoreGuard>::block_on<core[df12db4294e9bfd3]::pin::Pin<&mut core[df12db4294e9bfd3]::pin::Pin<&mut dyn core[df12db4294e9bfd3]::future::future::Future<Output = ()>>>>::{closure#0}, core[df12db4294e9bfd3]::option::Option<()>>::{closure#0}, (alloc[2182bb758b4b3781]::boxed::Box<tokio[d2364823aa7e9730]::runtime::scheduler::current_thread::Core>, core[df12db4294e9bfd3]::option::Option<()>)>
[INFO] [stdout]   16:     0x569609d2b1d7 - <tokio[d2364823aa7e9730]::runtime::scheduler::current_thread::CoreGuard>::block_on::<core[df12db4294e9bfd3]::pin::Pin<&mut core[df12db4294e9bfd3]::pin::Pin<&mut dyn core[df12db4294e9bfd3]::future::future::Future<Output = ()>>>>
[INFO] [stdout]   17:     0x569609d2a467 - tokio[d2364823aa7e9730]::runtime::context::runtime::enter_runtime::<<tokio[d2364823aa7e9730]::runtime::scheduler::current_thread::CurrentThread>::block_on<core[df12db4294e9bfd3]::pin::Pin<&mut dyn core[df12db4294e9bfd3]::future::future::Future<Output = ()>>>::{closure#0}, ()>
[INFO] [stdout]   18:     0x569609d27425 - <tokio[d2364823aa7e9730]::runtime::runtime::Runtime>::block_on::<core[df12db4294e9bfd3]::pin::Pin<&mut dyn core[df12db4294e9bfd3]::future::future::Future<Output = ()>>>
[INFO] [stdout]   19:     0x569609d1f789 - ohea_lock[8ca66415f2f7d79a]::tests::get_lock_state_returns_locked
[INFO] [stdout]   20:     0x569609d2a879 - <ohea_lock[8ca66415f2f7d79a]::tests::get_lock_state_returns_locked::{closure#0} as core[df12db4294e9bfd3]::ops::function::FnOnce<()>>::call_once
[INFO] [stdout]   21:     0x569609d2cd7b - test[9d35eded1c95d3be]::__rust_begin_short_backtrace::<core[df12db4294e9bfd3]::result::Result<(), alloc[2182bb758b4b3781]::string::String>, fn() -> core[df12db4294e9bfd3]::result::Result<(), alloc[2182bb758b4b3781]::string::String>>
[INFO] [stdout]   22:     0x569609d3a3e5 - test[9d35eded1c95d3be]::run_test::{closure#0}
[INFO] [stdout]   23:     0x569609d33ca4 - std[70759c8f55707aa4]::sys::backtrace::__rust_begin_short_backtrace::<test[9d35eded1c95d3be]::run_test::{closure#1}, ()>
[INFO] [stdout]   24:     0x569609d3d542 - <std[70759c8f55707aa4]::thread::lifecycle::spawn_unchecked<test[9d35eded1c95d3be]::run_test::{closure#1}, ()>::{closure#1} as core[df12db4294e9bfd3]::ops::function::FnOnce<()>>::call_once::{shim:vtable#0}
[INFO] [stdout]   25:     0x569609dbc379 - <std[70759c8f55707aa4]::sys::thread::unix::Thread>::new::thread_start
[INFO] [stdout]   26:     0x7a546be11dfa - <unknown>
[INFO] [stdout]   27:     0x7a546bea53d4 - clone
[INFO] [stdout]   28:                0x0 - <unknown>
[INFO] [stdout] 
[INFO] [stdout] ---- tests::get_lock_state_returns_unlocked stdout ----
[INFO] [stdout] 
[INFO] [stdout] thread 'tests::get_lock_state_returns_unlocked' (541) panicked at src/lib.rs:424:9:
[INFO] [stdout] assertion `left == right` failed
[INFO] [stdout]   left: Locked
[INFO] [stdout]  right: Unlocked
[INFO] [stdout] stack backtrace:
[INFO] [stdout]    0:     0x569609dbcaa1 - <<std[70759c8f55707aa4]::sys::backtrace::BacktraceLock>::print::DisplayBacktrace as core[df12db4294e9bfd3]::fmt::Display>::fmt
[INFO] [stdout]    1:     0x569609dd107a - core[df12db4294e9bfd3]::fmt::write
[INFO] [stdout]    2:     0x569609dc0f3c - <alloc[2182bb758b4b3781]::vec::Vec<u8> as core[df12db4294e9bfd3]::io::write::Write>::write_fmt
[INFO] [stdout]    3:     0x569609d98dc6 - std[70759c8f55707aa4]::panicking::default_hook::{closure#0}
[INFO] [stdout]    4:     0x569609db51c9 - std[70759c8f55707aa4]::panicking::default_hook
[INFO] [stdout]    5:     0x569609d39a90 - test[9d35eded1c95d3be]::test_main_inner::<test[9d35eded1c95d3be]::test_main_static::{closure#0}>::{closure#0}
[INFO] [stdout]    6:     0x569609db5382 - std[70759c8f55707aa4]::panicking::panic_with_hook
[INFO] [stdout]    7:     0x569609d98e72 - std[70759c8f55707aa4]::panicking::panic_handler::{closure#0}
[INFO] [stdout]    8:     0x569609d91bf9 - std[70759c8f55707aa4]::sys::backtrace::__rust_end_short_backtrace::<std[70759c8f55707aa4]::panicking::panic_handler::{closure#0}, !>
[INFO] [stdout]    9:     0x569609d99a6d - __rustc[8fa7c3cbc660c2b3]::rust_begin_unwind
[INFO] [stdout]   10:     0x569609dd17dc - core[df12db4294e9bfd3]::panicking::panic_fmt
[INFO] [stdout]   11:     0x569609dd16f3 - core[df12db4294e9bfd3]::panicking::assert_failed_inner
[INFO] [stdout]   12:     0x569609d266f6 - core[df12db4294e9bfd3]::panicking::assert_failed::<ohea_lock[8ca66415f2f7d79a]::protocol::LockState, ohea_lock[8ca66415f2f7d79a]::protocol::LockState>
[INFO] [stdout]   13:     0x569609d1bf3b - ohea_lock[8ca66415f2f7d79a]::tests::get_lock_state_returns_unlocked::{closure#0}
[INFO] [stdout]   14:     0x569609d2ae83 - <tokio[d2364823aa7e9730]::runtime::scheduler::current_thread::Context>::enter::<core[df12db4294e9bfd3]::task::poll::Poll<()>, <tokio[d2364823aa7e9730]::runtime::scheduler::current_thread::CoreGuard>::block_on<core[df12db4294e9bfd3]::pin::Pin<&mut core[df12db4294e9bfd3]::pin::Pin<&mut dyn core[df12db4294e9bfd3]::future::future::Future<Output = ()>>>>::{closure#0}::{closure#0}>
[INFO] [stdout]   15:     0x569609d2754c - <tokio[d2364823aa7e9730]::runtime::context::scoped::Scoped<tokio[d2364823aa7e9730]::runtime::scheduler::Context>>::set::<<tokio[d2364823aa7e9730]::runtime::scheduler::current_thread::CoreGuard>::enter<<tokio[d2364823aa7e9730]::runtime::scheduler::current_thread::CoreGuard>::block_on<core[df12db4294e9bfd3]::pin::Pin<&mut core[df12db4294e9bfd3]::pin::Pin<&mut dyn core[df12db4294e9bfd3]::future::future::Future<Output = ()>>>>::{closure#0}, core[df12db4294e9bfd3]::option::Option<()>>::{closure#0}, (alloc[2182bb758b4b3781]::boxed::Box<tokio[d2364823aa7e9730]::runtime::scheduler::current_thread::Core>, core[df12db4294e9bfd3]::option::Option<()>)>
[INFO] [stdout]   16:     0x569609d2b1d7 - <tokio[d2364823aa7e9730]::runtime::scheduler::current_thread::CoreGuard>::block_on::<core[df12db4294e9bfd3]::pin::Pin<&mut core[df12db4294e9bfd3]::pin::Pin<&mut dyn core[df12db4294e9bfd3]::future::future::Future<Output = ()>>>>
[INFO] [stdout]   17:     0x569609d2a467 - tokio[d2364823aa7e9730]::runtime::context::runtime::enter_runtime::<<tokio[d2364823aa7e9730]::runtime::scheduler::current_thread::CurrentThread>::block_on<core[df12db4294e9bfd3]::pin::Pin<&mut dyn core[df12db4294e9bfd3]::future::future::Future<Output = ()>>>::{closure#0}, ()>
[INFO] [stdout]   18:     0x569609d27425 - <tokio[d2364823aa7e9730]::runtime::runtime::Runtime>::block_on::<core[df12db4294e9bfd3]::pin::Pin<&mut dyn core[df12db4294e9bfd3]::future::future::Future<Output = ()>>>
[INFO] [stdout]   19:     0x569609d1fa59 - ohea_lock[8ca66415f2f7d79a]::tests::get_lock_state_returns_unlocked
[INFO] [stdout]   20:     0x569609d2a8b9 - <ohea_lock[8ca66415f2f7d79a]::tests::get_lock_state_returns_unlocked::{closure#0} as core[df12db4294e9bfd3]::ops::function::FnOnce<()>>::call_once
[INFO] [stdout]   21:     0x569609d2cd7b - test[9d35eded1c95d3be]::__rust_begin_short_backtrace::<core[df12db4294e9bfd3]::result::Result<(), alloc[2182bb758b4b3781]::string::String>, fn() -> core[df12db4294e9bfd3]::result::Result<(), alloc[2182bb758b4b3781]::string::String>>
[INFO] [stdout]   22:     0x569609d3a3e5 - test[9d35eded1c95d3be]::run_test::{closure#0}
[INFO] [stdout]   23:     0x569609d33ca4 - std[70759c8f55707aa4]::sys::backtrace::__rust_begin_short_backtrace::<test[9d35eded1c95d3be]::run_test::{closure#1}, ()>
[INFO] [stdout]   24:     0x569609d3d542 - <std[70759c8f55707aa4]::thread::lifecycle::spawn_unchecked<test[9d35eded1c95d3be]::run_test::{closure#1}, ()>::{closure#1} as core[df12db4294e9bfd3]::ops::function::FnOnce<()>>::call_once::{shim:vtable#0}
[INFO] [stdout]   25:     0x569609dbc379 - <std[70759c8f55707aa4]::sys::thread::unix::Thread>::new::thread_start
[INFO] [stdout]   26:     0x7a546be11dfa - <unknown>
[INFO] [stdout]   27:     0x7a546bea53d4 - clone
[INFO] [stdout]   28:                0x0 - <unknown>
[INFO] [stdout] 
[INFO] [stdout] ---- tests::unlock_writes_correct_value stdout ----
[INFO] [stdout] 
[INFO] [stdout] thread 'tests::unlock_writes_correct_value' (549) panicked at src/lib.rs:446:9:
[INFO] [stdout] assertion `left == right` failed
[INFO] [stdout]   left: [0]
[INFO] [stdout]  right: [1]
[INFO] [stdout] stack backtrace:
[INFO] [stdout]    0:     0x569609dbcaa1 - <<std[70759c8f55707aa4]::sys::backtrace::BacktraceLock>::print::DisplayBacktrace as core[df12db4294e9bfd3]::fmt::Display>::fmt
[INFO] [stdout]    1:     0x569609dd107a - core[df12db4294e9bfd3]::fmt::write
[INFO] [stdout]    2:     0x569609dc0f3c - <alloc[2182bb758b4b3781]::vec::Vec<u8> as core[df12db4294e9bfd3]::io::write::Write>::write_fmt
[INFO] [stdout]    3:     0x569609d98dc6 - std[70759c8f55707aa4]::panicking::default_hook::{closure#0}
[INFO] [stdout]    4:     0x569609db51c9 - std[70759c8f55707aa4]::panicking::default_hook
[INFO] [stdout]    5:     0x569609d39a90 - test[9d35eded1c95d3be]::test_main_inner::<test[9d35eded1c95d3be]::test_main_static::{closure#0}>::{closure#0}
[INFO] [stdout]    6:     0x569609db5382 - std[70759c8f55707aa4]::panicking::panic_with_hook
[INFO] [stdout]    7:     0x569609d98e72 - std[70759c8f55707aa4]::panicking::panic_handler::{closure#0}
[INFO] [stdout]    8:     0x569609d91bf9 - std[70759c8f55707aa4]::sys::backtrace::__rust_end_short_backtrace::<std[70759c8f55707aa4]::panicking::panic_handler::{closure#0}, !>
[INFO] [stdout]    9:     0x569609d99a6d - __rustc[8fa7c3cbc660c2b3]::rust_begin_unwind
[INFO] [stdout]   10:     0x569609dd17dc - core[df12db4294e9bfd3]::panicking::panic_fmt
[INFO] [stdout]   11:     0x569609dd16f3 - core[df12db4294e9bfd3]::panicking::assert_failed_inner
[INFO] [stdout]   12:     0x569609d26626 - core[df12db4294e9bfd3]::panicking::assert_failed::<alloc[2182bb758b4b3781]::vec::Vec<u8>, alloc[2182bb758b4b3781]::vec::Vec<u8>>
[INFO] [stdout]   13:     0x569609d1b2f8 - ohea_lock[8ca66415f2f7d79a]::tests::unlock_writes_correct_value::{closure#0}
[INFO] [stdout]   14:     0x569609d2ae83 - <tokio[d2364823aa7e9730]::runtime::scheduler::current_thread::Context>::enter::<core[df12db4294e9bfd3]::task::poll::Poll<()>, <tokio[d2364823aa7e9730]::runtime::scheduler::current_thread::CoreGuard>::block_on<core[df12db4294e9bfd3]::pin::Pin<&mut core[df12db4294e9bfd3]::pin::Pin<&mut dyn core[df12db4294e9bfd3]::future::future::Future<Output = ()>>>>::{closure#0}::{closure#0}>
[INFO] [stdout]   15:     0x569609d2754c - <tokio[d2364823aa7e9730]::runtime::context::scoped::Scoped<tokio[d2364823aa7e9730]::runtime::scheduler::Context>>::set::<<tokio[d2364823aa7e9730]::runtime::scheduler::current_thread::CoreGuard>::enter<<tokio[d2364823aa7e9730]::runtime::scheduler::current_thread::CoreGuard>::block_on<core[df12db4294e9bfd3]::pin::Pin<&mut core[df12db4294e9bfd3]::pin::Pin<&mut dyn core[df12db4294e9bfd3]::future::future::Future<Output = ()>>>>::{closure#0}, core[df12db4294e9bfd3]::option::Option<()>>::{closure#0}, (alloc[2182bb758b4b3781]::boxed::Box<tokio[d2364823aa7e9730]::runtime::scheduler::current_thread::Core>, core[df12db4294e9bfd3]::option::Option<()>)>
[INFO] [stdout]   16:     0x569609d2b1d7 - <tokio[d2364823aa7e9730]::runtime::scheduler::current_thread::CoreGuard>::block_on::<core[df12db4294e9bfd3]::pin::Pin<&mut core[df12db4294e9bfd3]::pin::Pin<&mut dyn core[df12db4294e9bfd3]::future::future::Future<Output = ()>>>>
[INFO] [stdout]   17:     0x569609d2a467 - tokio[d2364823aa7e9730]::runtime::context::runtime::enter_runtime::<<tokio[d2364823aa7e9730]::runtime::scheduler::current_thread::CurrentThread>::block_on<core[df12db4294e9bfd3]::pin::Pin<&mut dyn core[df12db4294e9bfd3]::future::future::Future<Output = ()>>>::{closure#0}, ()>
[INFO] [stdout]   18:     0x569609d27425 - <tokio[d2364823aa7e9730]::runtime::runtime::Runtime>::block_on::<core[df12db4294e9bfd3]::pin::Pin<&mut dyn core[df12db4294e9bfd3]::future::future::Future<Output = ()>>>
[INFO] [stdout]   19:     0x569609d1f639 - ohea_lock[8ca66415f2f7d79a]::tests::unlock_writes_correct_value
[INFO] [stdout]   20:     0x569609d2a819 - <ohea_lock[8ca66415f2f7d79a]::tests::unlock_writes_correct_value::{closure#0} as core[df12db4294e9bfd3]::ops::function::FnOnce<()>>::call_once
[INFO] [stdout]   21:     0x569609d2cd7b - test[9d35eded1c95d3be]::__rust_begin_short_backtrace::<core[df12db4294e9bfd3]::result::Result<(), alloc[2182bb758b4b3781]::string::String>, fn() -> core[df12db4294e9bfd3]::result::Result<(), alloc[2182bb758b4b3781]::string::String>>
[INFO] [stdout]   22:     0x569609d3a3e5 - test[9d35eded1c95d3be]::run_test::{closure#0}
[INFO] [stdout]   23:     0x569609d33ca4 - std[70759c8f55707aa4]::sys::backtrace::__rust_begin_short_backtrace::<test[9d35eded1c95d3be]::run_test::{closure#1}, ()>
[INFO] [stdout]   24:     0x569609d3d542 - <std[70759c8f55707aa4]::thread::lifecycle::spawn_unchecked<test[9d35eded1c95d3be]::run_test::{closure#1}, ()>::{closure#1} as core[df12db4294e9bfd3]::ops::function::FnOnce<()>>::call_once::{shim:vtable#0}
[INFO] [stdout]   25:     0x569609dbc379 - <std[70759c8f55707aa4]::sys::thread::unix::Thread>::new::thread_start
[INFO] [stdout]   26:     0x7a546be11dfa - <unknown>
[INFO] [stdout]   27:     0x7a546bea53d4 - clone
[INFO] [stdout]   28:                0x0 - <unknown>
[INFO] [stdout] 
[INFO] [stdout] ---- tests::lock_writes_correct_value stdout ----
[INFO] [stdout] 
[INFO] [stdout] thread 'tests::lock_writes_correct_value' (545) panicked at src/lib.rs:458:9:
[INFO] [stdout] assertion `left == right` failed
[INFO] [stdout]   left: [1]
[INFO] [stdout]  right: [0]
[INFO] [stdout] stack backtrace:
[INFO] [stdout]    0:     0x569609dbcaa1 - <<std[70759c8f55707aa4]::sys::backtrace::BacktraceLock>::print::DisplayBacktrace as core[df12db4294e9bfd3]::fmt::Display>::fmt
[INFO] [stdout]    1:     0x569609dd107a - core[df12db4294e9bfd3]::fmt::write
[INFO] [stdout]    2:     0x569609dc0f3c - <alloc[2182bb758b4b3781]::vec::Vec<u8> as core[df12db4294e9bfd3]::io::write::Write>::write_fmt
[INFO] [stdout]    3:     0x569609d98dc6 - std[70759c8f55707aa4]::panicking::default_hook::{closure#0}
[INFO] [stdout]    4:     0x569609db51c9 - std[70759c8f55707aa4]::panicking::default_hook
[INFO] [stdout]    5:     0x569609d39a90 - test[9d35eded1c95d3be]::test_main_inner::<test[9d35eded1c95d3be]::test_main_static::{closure#0}>::{closure#0}
[INFO] [stdout]    6:     0x569609db5382 - std[70759c8f55707aa4]::panicking::panic_with_hook
[INFO] [stdout]    7:     0x569609d98e72 - std[70759c8f55707aa4]::panicking::panic_handler::{closure#0}
[INFO] [stdout]    8:     0x569609d91bf9 - std[70759c8f55707aa4]::sys::backtrace::__rust_end_short_backtrace::<std[70759c8f55707aa4]::panicking::panic_handler::{closure#0}, !>
[INFO] [stdout]    9:     0x569609d99a6d - __rustc[8fa7c3cbc660c2b3]::rust_begin_unwind
[INFO] [stdout]   10:     0x569609dd17dc - core[df12db4294e9bfd3]::panicking::panic_fmt
[INFO] [stdout]   11:     0x569609dd16f3 - core[df12db4294e9bfd3]::panicking::assert_failed_inner
[INFO] [stdout]   12:     0x569609d26626 - core[df12db4294e9bfd3]::panicking::assert_failed::<alloc[2182bb758b4b3781]::vec::Vec<u8>, alloc[2182bb758b4b3781]::vec::Vec<u8>>
[INFO] [stdout]   13:     0x569609d1add8 - ohea_lock[8ca66415f2f7d79a]::tests::lock_writes_correct_value::{closure#0}
[INFO] [stdout]   14:     0x569609d2ae83 - <tokio[d2364823aa7e9730]::runtime::scheduler::current_thread::Context>::enter::<core[df12db4294e9bfd3]::task::poll::Poll<()>, <tokio[d2364823aa7e9730]::runtime::scheduler::current_thread::CoreGuard>::block_on<core[df12db4294e9bfd3]::pin::Pin<&mut core[df12db4294e9bfd3]::pin::Pin<&mut dyn core[df12db4294e9bfd3]::future::future::Future<Output = ()>>>>::{closure#0}::{closure#0}>
[INFO] [stdout]   15:     0x569609d2754c - <tokio[d2364823aa7e9730]::runtime::context::scoped::Scoped<tokio[d2364823aa7e9730]::runtime::scheduler::Context>>::set::<<tokio[d2364823aa7e9730]::runtime::scheduler::current_thread::CoreGuard>::enter<<tokio[d2364823aa7e9730]::runtime::scheduler::current_thread::CoreGuard>::block_on<core[df12db4294e9bfd3]::pin::Pin<&mut core[df12db4294e9bfd3]::pin::Pin<&mut dyn core[df12db4294e9bfd3]::future::future::Future<Output = ()>>>>::{closure#0}, core[df12db4294e9bfd3]::option::Option<()>>::{closure#0}, (alloc[2182bb758b4b3781]::boxed::Box<tokio[d2364823aa7e9730]::runtime::scheduler::current_thread::Core>, core[df12db4294e9bfd3]::option::Option<()>)>
[INFO] [stdout]   16:     0x569609d2b1d7 - <tokio[d2364823aa7e9730]::runtime::scheduler::current_thread::CoreGuard>::block_on::<core[df12db4294e9bfd3]::pin::Pin<&mut core[df12db4294e9bfd3]::pin::Pin<&mut dyn core[df12db4294e9bfd3]::future::future::Future<Output = ()>>>>
[INFO] [stdout]   17:     0x569609d2a467 - tokio[d2364823aa7e9730]::runtime::context::runtime::enter_runtime::<<tokio[d2364823aa7e9730]::runtime::scheduler::current_thread::CurrentThread>::block_on<core[df12db4294e9bfd3]::pin::Pin<&mut dyn core[df12db4294e9bfd3]::future::future::Future<Output = ()>>>::{closure#0}, ()>
[INFO] [stdout]   18:     0x569609d27425 - <tokio[d2364823aa7e9730]::runtime::runtime::Runtime>::block_on::<core[df12db4294e9bfd3]::pin::Pin<&mut dyn core[df12db4294e9bfd3]::future::future::Future<Output = ()>>>
[INFO] [stdout]   19:     0x569609d1f4e9 - ohea_lock[8ca66415f2f7d79a]::tests::lock_writes_correct_value
[INFO] [stdout]   20:     0x569609d2a7f9 - <ohea_lock[8ca66415f2f7d79a]::tests::lock_writes_correct_value::{closure#0} as core[df12db4294e9bfd3]::ops::function::FnOnce<()>>::call_once
[INFO] [stdout]   21:     0x569609d2cd7b - test[9d35eded1c95d3be]::__rust_begin_short_backtrace::<core[df12db4294e9bfd3]::result::Result<(), alloc[2182bb758b4b3781]::string::String>, fn() -> core[df12db4294e9bfd3]::result::Result<(), alloc[2182bb758b4b3781]::string::String>>
[INFO] [stdout]   22:     0x569609d3a3e5 - test[9d35eded1c95d3be]::run_test::{closure#0}
[INFO] [stdout]   23:     0x569609d33ca4 - std[70759c8f55707aa4]::sys::backtrace::__rust_begin_short_backtrace::<test[9d35eded1c95d3be]::run_test::{closure#1}, ()>
[INFO] [stdout]   24:     0x569609d3d542 - <std[70759c8f55707aa4]::thread::lifecycle::spawn_unchecked<test[9d35eded1c95d3be]::run_test::{closure#1}, ()>::{closure#1} as core[df12db4294e9bfd3]::ops::function::FnOnce<()>>::call_once::{shim:vtable#0}
[INFO] [stdout]   25:     0x569609dbc379 - <std[70759c8f55707aa4]::sys::thread::unix::Thread>::new::thread_start
[INFO] [stdout]   26:     0x7a546be11dfa - <unknown>
[INFO] [stdout]   27:     0x7a546bea53d4 - clone
[INFO] [stdout]   28:                0x0 - <unknown>
[INFO] [stdout] 
[INFO] [stdout] ---- tests::lock_state_conversion stdout ----
[INFO] [stdout] 
[INFO] [stdout] thread 'tests::lock_state_conversion' (543) panicked at src/lib.rs:356:9:
[INFO] [stdout] assertion `left == right` failed
[INFO] [stdout]   left: Some(Unlocked)
[INFO] [stdout]  right: Some(Locked)
[INFO] [stdout] stack backtrace:
[INFO] [stdout]    0:     0x569609dbcaa1 - <<std[70759c8f55707aa4]::sys::backtrace::BacktraceLock>::print::DisplayBacktrace as core[df12db4294e9bfd3]::fmt::Display>::fmt
[INFO] [stdout]    1:     0x569609dd107a - core[df12db4294e9bfd3]::fmt::write
[INFO] [stdout]    2:     0x569609dc0f3c - <alloc[2182bb758b4b3781]::vec::Vec<u8> as core[df12db4294e9bfd3]::io::write::Write>::write_fmt
[INFO] [stdout]    3:     0x569609d98dc6 - std[70759c8f55707aa4]::panicking::default_hook::{closure#0}
[INFO] [stdout]    4:     0x569609db51c9 - std[70759c8f55707aa4]::panicking::default_hook
[INFO] [stdout]    5:     0x569609d39a90 - test[9d35eded1c95d3be]::test_main_inner::<test[9d35eded1c95d3be]::test_main_static::{closure#0}>::{closure#0}
[INFO] [stdout]    6:     0x569609db5382 - std[70759c8f55707aa4]::panicking::panic_with_hook
[INFO] [stdout]    7:     0x569609d98e72 - std[70759c8f55707aa4]::panicking::panic_handler::{closure#0}
[INFO] [stdout]    8:     0x569609d91bf9 - std[70759c8f55707aa4]::sys::backtrace::__rust_end_short_backtrace::<std[70759c8f55707aa4]::panicking::panic_handler::{closure#0}, !>
[INFO] [stdout]    9:     0x569609d99a6d - __rustc[8fa7c3cbc660c2b3]::rust_begin_unwind
[INFO] [stdout]   10:     0x569609dd17dc - core[df12db4294e9bfd3]::panicking::panic_fmt
[INFO] [stdout]   11:     0x569609dd16f3 - core[df12db4294e9bfd3]::panicking::assert_failed_inner
[INFO] [stdout]   12:     0x569609d265bc - core[df12db4294e9bfd3]::panicking::assert_failed::<core[df12db4294e9bfd3]::option::Option<ohea_lock[8ca66415f2f7d79a]::protocol::LockState>, core[df12db4294e9bfd3]::option::Option<ohea_lock[8ca66415f2f7d79a]::protocol::LockState>>
[INFO] [stdout]   13:     0x569609d1f442 - ohea_lock[8ca66415f2f7d79a]::tests::lock_state_conversion
[INFO] [stdout]   14:     0x569609d2a7d6 - <ohea_lock[8ca66415f2f7d79a]::tests::lock_state_conversion::{closure#0} as core[df12db4294e9bfd3]::ops::function::FnOnce<()>>::call_once
[INFO] [stdout]   15:     0x569609d2cd7b - test[9d35eded1c95d3be]::__rust_begin_short_backtrace::<core[df12db4294e9bfd3]::result::Result<(), alloc[2182bb758b4b3781]::string::String>, fn() -> core[df12db4294e9bfd3]::result::Result<(), alloc[2182bb758b4b3781]::string::String>>
[INFO] [stdout]   16:     0x569609d3a3e5 - test[9d35eded1c95d3be]::run_test::{closure#0}
[INFO] [stdout]   17:     0x569609d33ca4 - std[70759c8f55707aa4]::sys::backtrace::__rust_begin_short_backtrace::<test[9d35eded1c95d3be]::run_test::{closure#1}, ()>
[INFO] [stdout]   18:     0x569609d3d542 - <std[70759c8f55707aa4]::thread::lifecycle::spawn_unchecked<test[9d35eded1c95d3be]::run_test::{closure#1}, ()>::{closure#1} as core[df12db4294e9bfd3]::ops::function::FnOnce<()>>::call_once::{shim:vtable#0}
[INFO] [stdout]   19:     0x569609dbc379 - <std[70759c8f55707aa4]::sys::thread::unix::Thread>::new::thread_start
[INFO] [stdout]   20:     0x7a546be11dfa - <unknown>
[INFO] [stdout]   21:     0x7a546bea53d4 - clone
[INFO] [stdout]   22:                0x0 - <unknown>
[INFO] [stdout] 
[INFO] [stdout] 
[INFO] [stdout] failures:
[INFO] [stdout]     protocol::tests::lock_state_from_byte_valid_values
[INFO] [stdout]     protocol::tests::lock_state_into_u8
[INFO] [stdout]     protocol::tests::lock_state_try_from_valid
[INFO] [stdout]     tests::get_lock_state_returns_locked
[INFO] [stdout]     tests::get_lock_state_returns_unlocked
[INFO] [stdout]     tests::lock_state_conversion
[INFO] [stdout]     tests::lock_writes_correct_value
[INFO] [stdout]     tests::unlock_writes_correct_value
[INFO] [stdout] 
[INFO] [stdout] test result: FAILED. 38 passed; 8 failed; 0 ignored; 0 measured; 0 filtered out; finished in 0.01s
[INFO] [stdout] 
[INFO] [stderr] error: test failed, to rerun pass `--lib`
[INFO] running `Command { std: "docker" "inspect" "6dc06251dfd819809736b8cb69e831e6b833644e5ba284ae44ea56a391a2210c", kill_on_drop: false }`
[INFO] running `Command { std: "docker" "rm" "-f" "6dc06251dfd819809736b8cb69e831e6b833644e5ba284ae44ea56a391a2210c", kill_on_drop: false }`
[INFO] [stdout] 6dc06251dfd819809736b8cb69e831e6b833644e5ba284ae44ea56a391a2210c
