[INFO] fetching crate oha 1.16.0...
[INFO] testing oha-1.16.0 against 1.100.0-beta.1+cargoflags=--release for beta-release-1.100-2
[INFO] extracting crate oha 1.16.0 into /workspace/builds/worker-3-tc2/source
[INFO] started tweaking crates.io crate oha 1.16.0
[INFO] removed 0 missing tests
[INFO] finished tweaking crates.io crate oha 1.16.0
[INFO] tweaked toml for crates.io crate oha 1.16.0 written to /workspace/builds/worker-3-tc2/source/Cargo.toml
[INFO] validating manifest of crates.io crate oha 1.16.0 on toolchain 1.100.0-beta.1
[INFO] running `Command { std: CARGO_HOME="/workspace/cargo-home" RUSTUP_HOME="/workspace/rustup-home" "/workspace/cargo-home/bin/cargo" "+1.100.0-beta.1" "metadata" "--manifest-path" "Cargo.toml" "--no-deps", kill_on_drop: false }`
[INFO] crate crates.io crate oha 1.16.0 already has a lockfile, it will not be regenerated
[INFO] running `Command { std: CARGO_HOME="/workspace/cargo-home" RUSTUP_HOME="/workspace/rustup-home" "/workspace/cargo-home/bin/cargo" "+1.100.0-beta.1" "fetch" "--manifest-path" "Cargo.toml", kill_on_drop: false }`
[INFO] running `Command { std: "docker" "create" "-v" "/var/lib/crater-agent-workspace/builds/worker-3-tc2/source:/opt/rustwide/workdir:ro,Z" "-v" "/var/lib/crater-agent-workspace/builds/worker-3-tc2/target:/opt/rustwide/target:rw,Z" "-v" "/var/lib/crater-agent-workspace/cargo-home:/opt/rustwide/cargo-home:ro,Z" "-v" "/var/lib/crater-agent-workspace/rustup-home:/opt/rustwide/rustup-home:ro,Z" "-m" "1610612736" "--network" "none" "ghcr.io/rust-lang/crates-build-env/linux@sha256:77db811e55d90add9212f6832c23229e3de5f1c1f9905e8cb07319ea15df73ac" "sleep" "infinity", kill_on_drop: false }`
[INFO] [stdout] 1da1402a21b98e52285b717b91a59fe6aaea25a3b8953c9bccdb37b0fd57dbbe
[INFO] running `Command { std: "docker" "start" "1da1402a21b98e52285b717b91a59fe6aaea25a3b8953c9bccdb37b0fd57dbbe", kill_on_drop: false }`
[INFO] running `Command { std: "docker" "inspect" "1da1402a21b98e52285b717b91a59fe6aaea25a3b8953c9bccdb37b0fd57dbbe", kill_on_drop: false }`
[INFO] running `Command { std: "docker" "exec" "-e" "SOURCE_DIR=/opt/rustwide/workdir" "-e" "CARGO_HOME=/opt/rustwide/cargo-home" "-e" "RUSTUP_HOME=/opt/rustwide/rustup-home" "-e" "CARGO_TARGET_DIR=/opt/rustwide/target" "-w" "/opt/rustwide/workdir" "--user" "0:0" "1da1402a21b98e52285b717b91a59fe6aaea25a3b8953c9bccdb37b0fd57dbbe" "/opt/rustwide/cargo-home/bin/cargo" "+1.100.0-beta.1" "metadata" "--no-deps" "--format-version=1", kill_on_drop: false }`
[INFO] running `Command { std: "docker" "inspect" "1da1402a21b98e52285b717b91a59fe6aaea25a3b8953c9bccdb37b0fd57dbbe", kill_on_drop: false }`
[INFO] running `Command { std: "docker" "exec" "-e" "SOURCE_DIR=/opt/rustwide/workdir" "-e" "CARGO_HOME=/opt/rustwide/cargo-home" "-e" "RUSTUP_HOME=/opt/rustwide/rustup-home" "-e" "CARGO_TARGET_DIR=/opt/rustwide/target" "-e" "CARGO_INCREMENTAL=0" "-e" "RUST_BACKTRACE=full" "-e" "RUSTFLAGS=--cap-lints=warn" "-e" "RUSTDOCFLAGS=--cap-lints=warn" "-w" "/opt/rustwide/workdir" "--user" "0:0" "1da1402a21b98e52285b717b91a59fe6aaea25a3b8953c9bccdb37b0fd57dbbe" "/opt/rustwide/cargo-home/bin/cargo" "+1.100.0-beta.1" "build" "--frozen" "--message-format=json" "--release", kill_on_drop: false }`
[INFO] [stderr]    Compiling portable-atomic v1.15.0
[INFO] [stderr]    Compiling syn v3.0.3
[INFO] [stderr]    Compiling syn v2.0.119
[INFO] [stderr]    Compiling mio v1.2.2
[INFO] [stderr]    Compiling either v1.18.0
[INFO] [stderr]    Compiling percent-encoding v2.3.2
[INFO] [stderr]    Compiling rustix v1.1.4
[INFO] [stderr]    Compiling instability v0.3.13
[INFO] [stderr]    Compiling form_urlencoded v1.2.2
[INFO] [stderr]    Compiling itertools v0.14.0
[INFO] [stderr]    Compiling compact_str v0.9.1
[INFO] [stderr]    Compiling crypto-common v0.1.7
[INFO] [stderr]    Compiling crossbeam-epoch v0.9.20
[INFO] [stderr]    Compiling signal-hook-mio v0.2.5
[INFO] [stderr]    Compiling libsqlite3-sys v0.38.2
[INFO] [stderr]    Compiling once_cell v1.21.4
[INFO] [stderr]    Compiling digest v0.10.7
[INFO] [stderr]    Compiling ring v0.17.14
[INFO] [stderr]    Compiling tracing-core v0.1.36
[INFO] [stderr]    Compiling tikv-jemalloc-sys v0.7.1+5.3.1-0-g81034ce1f1373e37dc865038e1bc8eeecf559ce8
[INFO] [stderr]    Compiling rust_decimal v1.42.1
[INFO] [stderr]    Compiling rustls v0.23.43
[INFO] [stderr]    Compiling data-encoding v2.11.1
[INFO] [stderr]    Compiling sha2 v0.10.9
[INFO] [stderr]    Compiling tracing v0.1.44
[INFO] [stderr]    Compiling unicode-truncate v2.0.1
[INFO] [stderr]    Compiling synstructure v0.13.2
[INFO] [stderr]    Compiling crossbeam-channel v0.5.16
[INFO] [stderr]    Compiling zerofrom-derive v0.1.7
[INFO] [stderr]    Compiling yoke-derive v0.8.2
[INFO] [stderr]    Compiling darling_core v0.24.1
[INFO] [stderr]    Compiling strum_macros v0.28.0
[INFO] [stderr]    Compiling zerofrom v0.1.8
[INFO] [stderr]    Compiling yoke v0.8.3
[INFO] [stderr]    Compiling derive_more-impl v2.1.1
[INFO] [stderr]    Compiling uuid v1.25.0
[INFO] [stderr]    Compiling derive_more v2.1.1
[INFO] [stderr]    Compiling crossterm v0.29.0
[INFO] [stderr]    Compiling zerovec-derive v0.11.6
[INFO] [stderr]    Compiling displaydoc v0.2.7
[INFO] [stderr]    Compiling zerotrie v0.2.5
[INFO] [stderr]    Compiling tokio-macros v2.7.2
[INFO] [stderr]    Compiling thiserror-impl v2.0.20
[INFO] [stderr]    Compiling zerovec v0.11.8
[INFO] [stderr]    Compiling tokio v1.53.1
[INFO] [stderr]    Compiling tinystr v0.8.4
[INFO] [stderr]    Compiling potential_utf v0.1.6
[INFO] [stderr]    Compiling icu_collections v2.3.0
[INFO] [stderr]    Compiling icu_locale_core v2.3.0
[INFO] [stderr]    Compiling thiserror v2.0.20
[INFO] [stderr]    Compiling serde_derive v1.0.229
[INFO] [stderr]    Compiling darling_macro v0.24.1
[INFO] [stderr]    Compiling kasuari v0.4.12
[INFO] [stderr]    Compiling darling v0.24.1
[INFO] [stderr]    Compiling strum v0.28.0
[INFO] [stderr]    Compiling async-trait v0.1.92
[INFO] [stderr]    Compiling icu_provider v2.3.1
[INFO] [stderr]    Compiling icu_normalizer v2.3.0
[INFO] [stderr]    Compiling icu_properties v2.3.0
[INFO] [stderr]    Compiling serde v1.0.229
[INFO] [stderr]    Compiling ratatui-core v0.1.2
[INFO] [stderr]    Compiling idna_adapter v1.2.2
[INFO] [stderr]    Compiling idna v1.1.0
[INFO] [stderr]    Compiling ipnet v2.12.1
[INFO] [stderr]    Compiling url v2.5.8
[INFO] [stderr]    Compiling prefix-trie v0.8.4
[INFO] [stderr]    Compiling tokio-util v0.7.19
[INFO] [stderr]    Compiling clap_derive v4.6.4
[INFO] [stderr]    Compiling futures-macro v0.3.34
[INFO] [stderr]    Compiling h2 v0.4.18
[INFO] [stderr]    Compiling hickory-proto v0.26.1
[INFO] [stderr]    Compiling futures-util v0.3.34
[INFO] [stderr]    Compiling clap v4.6.6
[INFO] [stderr]    Compiling line-clipping v0.3.8
[INFO] [stderr]    Compiling rlimit v0.11.0
[INFO] [stderr]    Compiling arrayvec v0.7.8
[INFO] [stderr]    Compiling tagptr v0.2.0
[INFO] [stderr]    Compiling moka v0.12.16
[INFO] [stderr]    Compiling hickory-net v0.26.1
[INFO] [stderr]    Compiling hyper v1.11.0
[INFO] [stderr]    Compiling chrono v0.4.45
[INFO] [stderr]    Compiling ratatui-widgets v0.3.2
[INFO] [stderr]    Compiling sha256 v1.6.0
[INFO] [stderr]    Compiling ratatui-crossterm v0.1.2
[INFO] [stderr]    Compiling easy-cast v0.5.4
[INFO] [stderr]    Compiling utf8-width v0.1.9
[INFO] [stderr]    Compiling float-ord v0.3.2
[INFO] [stderr]    Compiling resolv-conf v0.7.6
[INFO] [stderr]    Compiling rand_regex v0.19.0
[INFO] [stderr]    Compiling serde_json v1.0.151
[INFO] [stderr]    Compiling aws-sign-v4 v0.3.0
[INFO] [stderr]    Compiling average v0.17.0
[INFO] [stderr]    Compiling hickory-resolver v0.26.1
[INFO] [stderr]    Compiling byte-unit v5.2.5
[INFO] [stderr]    Compiling tokio-rustls v0.26.4
[INFO] [stderr]    Compiling ratatui v0.30.2
[INFO] [stderr]    Compiling hyper-util v0.1.20
[INFO] [stderr]    Compiling clap_complete v4.6.9
[INFO] [stderr]    Compiling clap-cargo v0.19.0
[INFO] [stderr]    Compiling kanal v0.1.1
[INFO] [stderr]    Compiling num_cpus v1.17.0
[INFO] [stderr]    Compiling tikv-jemallocator v0.7.0
[INFO] [stderr]    Compiling rusqlite v0.40.2
[INFO] [stderr]    Compiling oha v1.16.0 (/opt/rustwide/workdir)
[INFO] [stderr]     Finished `release` profile [optimized] target(s) in 2m 11s
[INFO] running `Command { std: "docker" "inspect" "1da1402a21b98e52285b717b91a59fe6aaea25a3b8953c9bccdb37b0fd57dbbe", kill_on_drop: false }`
[INFO] running `Command { std: "docker" "exec" "-e" "SOURCE_DIR=/opt/rustwide/workdir" "-e" "CARGO_HOME=/opt/rustwide/cargo-home" "-e" "RUSTUP_HOME=/opt/rustwide/rustup-home" "-e" "CARGO_TARGET_DIR=/opt/rustwide/target" "-e" "CARGO_INCREMENTAL=0" "-e" "RUST_BACKTRACE=full" "-e" "RUSTFLAGS=--cap-lints=warn" "-e" "RUSTDOCFLAGS=--cap-lints=warn" "-w" "/opt/rustwide/workdir" "--user" "0:0" "1da1402a21b98e52285b717b91a59fe6aaea25a3b8953c9bccdb37b0fd57dbbe" "/opt/rustwide/cargo-home/bin/cargo" "+1.100.0-beta.1" "test" "--frozen" "--no-run" "--message-format=json" "--release", kill_on_drop: false }`
[INFO] [stderr]    Compiling foldhash v0.2.0
[INFO] [stderr]    Compiling tracing v0.1.44
[INFO] [stderr]    Compiling serde v1.0.229
[INFO] [stderr]    Compiling zerovec v0.11.8
[INFO] [stderr]    Compiling futures-util v0.3.34
[INFO] [stderr]    Compiling zerotrie v0.2.5
[INFO] [stderr]    Compiling zerocopy v0.8.56
[INFO] [stderr]    Compiling serde_json v1.0.151
[INFO] [stderr]    Compiling hashbrown v0.17.1
[INFO] [stderr]    Compiling derive_more-impl v2.1.1
[INFO] [stderr]    Compiling strum_macros v0.28.0
[INFO] [stderr]    Compiling tinystr v0.8.4
[INFO] [stderr]    Compiling potential_utf v0.1.6
[INFO] [stderr]    Compiling icu_collections v2.3.0
[INFO] [stderr]    Compiling icu_locale_core v2.3.0
[INFO] [stderr]    Compiling ipnet v2.12.1
[INFO] [stderr]    Compiling indexmap v2.14.0
[INFO] [stderr]    Compiling rustix v1.1.4
[INFO] [stderr]    Compiling h2 v0.4.18
[INFO] [stderr]    Compiling icu_provider v2.3.1
[INFO] [stderr]    Compiling icu_normalizer v2.3.0
[INFO] [stderr]    Compiling icu_properties v2.3.0
[INFO] [stderr]    Compiling strum v0.28.0
[INFO] [stderr]    Compiling hashbrown v0.16.1
[INFO] [stderr]    Compiling derive_more v2.1.1
[INFO] [stderr]    Compiling zstd-sys v2.0.16+zstd.1.5.7
[INFO] [stderr]    Compiling time-core v0.1.9
[INFO] [stderr]    Compiling num-conv v0.2.2
[INFO] [stderr]    Compiling time-macros v0.2.32
[INFO] [stderr]    Compiling idna_adapter v1.2.2
[INFO] [stderr]    Compiling idna v1.1.0
[INFO] [stderr]    Compiling kasuari v0.4.12
[INFO] [stderr]    Compiling url v2.5.8
[INFO] [stderr]    Compiling regex-automata v0.4.18
[INFO] [stderr]    Compiling lru v0.18.2
[INFO] [stderr]    Compiling time v0.3.55
[INFO] [stderr]    Compiling ratatui-core v0.1.2
[INFO] [stderr]    Compiling hyper v1.11.0
[INFO] [stderr]    Compiling num-bigint v0.4.8
[INFO] [stderr]    Compiling prefix-trie v0.8.4
[INFO] [stderr]    Compiling ahash v0.8.12
[INFO] [stderr]    Compiling local-waker v0.1.4
[INFO] [stderr]    Compiling zstd-safe v7.2.4
[INFO] [stderr]    Compiling alloc-no-stdlib v2.0.4
[INFO] [stderr]    Compiling alloc-stdlib v0.2.4
[INFO] [stderr]    Compiling aho-corasick v1.1.5
[INFO] [stderr]    Compiling hyper-util v0.1.20
[INFO] [stderr]    Compiling num-rational v0.4.2
[INFO] [stderr]    Compiling regex v1.13.1
[INFO] [stderr]    Compiling hickory-proto v0.26.1
[INFO] [stderr]    Compiling crossterm v0.29.0
[INFO] [stderr]    Compiling getrandom v0.3.4
[INFO] [stderr]    Compiling tower v0.5.3
[INFO] [stderr]    Compiling num-iter v0.1.46
[INFO] [stderr]    Compiling getrandom v0.2.17
[INFO] [stderr]    Compiling num-complex v0.4.6
[INFO] [stderr]    Compiling ref-cast-impl v1.0.27
[INFO] [stderr]    Compiling bytes v1.12.1
[INFO] [stderr]    Compiling simd-adler32 v0.3.10
[INFO] [stderr]    Compiling bytestring v1.5.1
[INFO] [stderr]    Compiling miniz_oxide v0.8.9
[INFO] [stderr]    Compiling hickory-net v0.26.1
[INFO] [stderr]    Compiling ppv-lite86 v0.2.21
[INFO] [stderr]    Compiling ref-cast v1.0.27
[INFO] [stderr]    Compiling toml_edit v0.25.13+spec-1.1.0
[INFO] [stderr]    Compiling sha256 v1.6.0
[INFO] [stderr]    Compiling num v0.4.3
[INFO] [stderr]    Compiling ratatui-crossterm v0.1.2
[INFO] [stderr]    Compiling ratatui-widgets v0.3.2
[INFO] [stderr]    Compiling rand_core v0.6.4
[INFO] [stderr]    Compiling rstest_macros v0.26.1
[INFO] [stderr]    Compiling brotli-decompressor v5.0.3
[INFO] [stderr]    Compiling actix-utils v3.0.1
[INFO] [stderr]    Compiling hashlink v0.12.1
[INFO] [stderr]    Compiling cookie v0.16.2
[INFO] [stderr]    Compiling actix-rt v2.12.0
[INFO] [stderr]    Compiling fs-err v3.3.1
[INFO] [stderr]    Compiling actix-service v2.0.3
[INFO] [stderr]    Compiling regex-lite v0.1.9
[INFO] [stderr]    Compiling bit-vec v0.8.0
[INFO] [stderr]    Compiling borrow-or-share v0.2.4
[INFO] [stderr]    Compiling fluent-uri v0.4.1
[INFO] [stderr]    Compiling actix-router v0.5.4
[INFO] [stderr]    Compiling hickory-resolver v0.26.1
[INFO] [stderr]    Compiling bit-set v0.8.0
[INFO] [stderr]    Compiling rusqlite v0.40.2
[INFO] [stderr]    Compiling ratatui v0.30.2
[INFO] [stderr]    Compiling brotli v8.0.4
[INFO] [stderr]    Compiling flate2 v1.1.9
[INFO] [stderr]    Compiling rand_chacha v0.3.1
[INFO] [stderr]    Compiling proc-macro-crate v3.5.0
[INFO] [stderr]    Compiling fraction v0.16.0
[INFO] [stderr]    Compiling aws-sign-v4 v0.3.0
[INFO] [stderr]    Compiling sha1 v0.11.0
[INFO] [stderr]    Compiling tower-http v0.6.11
[INFO] [stderr]    Compiling h2 v0.3.27
[INFO] [stderr]    Compiling hyper-rustls v0.27.9
[INFO] [stderr]    Compiling local-channel v0.1.5
[INFO] [stderr]    Compiling yasna v0.6.0
[INFO] [stderr]    Compiling rustls-platform-verifier v0.7.0
[INFO] [stderr]    Compiling futures-executor v0.3.34
[INFO] [stderr]    Compiling serde_urlencoded v0.7.1
[INFO] [stderr]    Compiling actix-codec v0.5.2
[INFO] [stderr]    Compiling pem v3.0.6
[INFO] [stderr]    Compiling num-cmp v0.1.0
[INFO] [stderr]    Compiling bytecount v0.6.9
[INFO] [stderr]    Compiling micromap v0.3.0
[INFO] [stderr]    Compiling language-tags v0.3.2
[INFO] [stderr]    Compiling vsimd v0.8.0
[INFO] [stderr]    Compiling outref v0.5.2
[INFO] [stderr]    Compiling relative-path v1.9.3
[INFO] [stderr]    Compiling uuid-simd v0.8.0
[INFO] [stderr]    Compiling referencing v0.50.1
[INFO] [stderr]    Compiling jsonschema-value v0.50.1
[INFO] [stderr]    Compiling rcgen v0.14.9
[INFO] [stderr]    Compiling futures v0.3.34
[INFO] [stderr]    Compiling reqwest v0.13.4
[INFO] [stderr]    Compiling rand v0.8.7
[INFO] [stderr]    Compiling fancy-regex v0.19.0
[INFO] [stderr]    Compiling actix-web-codegen v4.3.0
[INFO] [stderr]    Compiling actix-server v2.8.0
[INFO] [stderr]    Compiling axum-core v0.5.6
[INFO] [stderr]    Compiling email_address v0.2.9
[INFO] [stderr]    Compiling arc-swap v1.9.2
[INFO] [stderr]    Compiling jsonschema-regex v0.50.1
[INFO] [stderr]    Compiling float-cmp v0.10.0
[INFO] [stderr]    Compiling actix-macros v0.2.4
[INFO] [stderr]    Compiling impl-more v0.3.5
[INFO] [stderr]    Compiling linktime-proc-macro v0.2.3
[INFO] [stderr]    Compiling link-section v0.19.3
[INFO] [stderr]    Compiling futures-timer v3.0.4
[INFO] [stderr]    Compiling predicates v3.1.4
[INFO] [stderr]    Compiling rstest v0.26.1
[INFO] [stderr]    Compiling axum v0.8.9
[INFO] [stderr]    Compiling ctor v1.0.13
[INFO] [stderr]    Compiling tempfile v3.27.0
[INFO] [stderr]    Compiling jsonschema v0.50.1
[INFO] [stderr]    Compiling axum-server v0.8.0
[INFO] [stderr]    Compiling rstest_reuse v0.7.0
[INFO] [stderr]    Compiling http-mitm-proxy v0.18.0
[INFO] [stderr]    Compiling oha v1.16.0 (/opt/rustwide/workdir)
[INFO] [stderr]    Compiling zstd v0.13.3
[INFO] [stderr]    Compiling actix-http v3.13.3
[INFO] [stderr]    Compiling actix-web v4.15.0
[INFO] [stderr]     Finished `release` profile [optimized] target(s) in 2m 56s
[INFO] running `Command { std: "docker" "inspect" "1da1402a21b98e52285b717b91a59fe6aaea25a3b8953c9bccdb37b0fd57dbbe", kill_on_drop: false }`
[INFO] running `Command { std: "docker" "exec" "-e" "SOURCE_DIR=/opt/rustwide/workdir" "-e" "CARGO_HOME=/opt/rustwide/cargo-home" "-e" "RUSTUP_HOME=/opt/rustwide/rustup-home" "-e" "CARGO_TARGET_DIR=/opt/rustwide/target" "-e" "CARGO_INCREMENTAL=0" "-e" "RUST_BACKTRACE=full" "-e" "RUSTFLAGS=--cap-lints=warn" "-e" "RUSTDOCFLAGS=--cap-lints=warn" "-w" "/opt/rustwide/workdir" "--user" "0:0" "1da1402a21b98e52285b717b91a59fe6aaea25a3b8953c9bccdb37b0fd57dbbe" "/opt/rustwide/cargo-home/bin/cargo" "+1.100.0-beta.1" "test" "--frozen" "--release", kill_on_drop: false }`
[INFO] [stderr]     Finished `release` profile [optimized] target(s) in 0.70s
[INFO] [stderr]      Running unittests src/lib.rs (/opt/rustwide/target/release/build/oha/27074668b0b06f7e/out/oha-27074668b0b06f7e)
[INFO] [stdout] 
[INFO] [stdout] running 38 tests
[INFO] [stdout] test cli::tests::test_parse_no_color ... ok
[INFO] [stdout] test curl_compat::tests::test_parse_field_with_filename_and_type ... ok
[INFO] [stdout] test curl_compat::tests::test_empty_form_body ... ok
[INFO] [stdout] test curl_compat::tests::test_form_with_file_upload ... ok
[INFO] [stdout] test curl_compat::tests::test_parse_field_with_filename ... ok
[INFO] [stdout] test curl_compat::tests::test_boundary_generation_is_random ... ok
[INFO] [stdout] test curl_compat::tests::test_parse_field_with_type ... ok
[INFO] [stdout] test curl_compat::tests::test_form_content_type ... ok
[INFO] [stdout] test curl_compat::tests::test_parse_file_upload_without_filename ... ok
[INFO] [stdout] test curl_compat::tests::test_parse_simple_field ... ok
[INFO] [stdout] test curl_compat::tests::test_parse_file_upload ... ok
[INFO] [stdout] test curl_compat::tests::test_parse_invalid_format ... ok
[INFO] [stdout] test result_data::tests::test_calculate_average_request ... ok
[INFO] [stdout] test result_data::tests::test_calculate_connection_times_dns_dialup_average ... ok
[INFO] [stdout] test curl_compat::tests::test_form_creation_and_body_generation ... ok
[INFO] [stdout] test printer::tests::test_percentile_iter ... ok
[INFO] [stdout] test result_data::tests::test_calculate_connection_times_dns_lookup_average ... ok
[INFO] [stdout] test histogram::tests::test_histogram ... ok
[INFO] [stdout] test pcg64si::tests::test_rng_fill_bytes ... ok
[INFO] [stdout] test pcg64si::tests::test_rng_from_seed ... ok
[INFO] [stdout] test pcg64si::tests::test_rng_next ... ok
[INFO] [stdout] test result_data::tests::test_calculate_connection_times_dns_dialup_fastest ... ok
[INFO] [stdout] test result_data::tests::test_calculate_connection_times_dns_dialup_slowest ... ok
[INFO] [stdout] test result_data::tests::test_calculate_success_rate ... ok
[INFO] [stdout] test result_data::tests::test_calculate_total_data ... ok
[INFO] [stdout] test result_data::tests::test_calculate_connection_times_dns_lookup_fastest ... ok
[INFO] [stdout] test timescale::tests::test_timescale_ranges ... ok
[INFO] [stdout] test timescale::tests::test_timescale_dec ... ok
[INFO] [stdout] test result_data::tests::test_calculate_connection_times_dns_lookup_slowest ... ok
[INFO] [stdout] test result_data::tests::test_calculate_size_per_request ... ok
[INFO] [stdout] test result_data::tests::test_calculate_slowest_request ... ok
[INFO] [stdout] test timescale::tests::test_timescale_inc ... ok
[INFO] [stdout] test url_generator::tests::test_url_generator_dynamic ... ok
[INFO] [stdout] test url_generator::tests::test_url_generator_static ... ok
[INFO] [stdout] test url_generator::tests::test_url_generator_multi_consistency ... ok
[INFO] [stdout] test url_generator::tests::test_url_generator_multistatic ... ok
[INFO] [stdout] test url_generator::tests::test_url_generator_dynamic_consistency ... ok
[INFO] [stdout] test db::test_db::test_store ... ok
[INFO] [stdout] 
[INFO] [stdout] test result: ok. 38 passed; 0 failed; 0 ignored; 0 measured; 0 filtered out; finished in 0.07s
[INFO] [stdout] 
[INFO] [stderr]      Running unittests src/main.rs (/opt/rustwide/target/release/build/oha/78935dc92ed14ffd/out/oha-78935dc92ed14ffd)
[INFO] [stdout] 
[INFO] [stdout] running 0 tests
[INFO] [stdout] 
[INFO] [stdout] test result: ok. 0 passed; 0 failed; 0 ignored; 0 measured; 0 filtered out; finished in 0.00s
[INFO] [stdout] 
[INFO] [stderr]      Running tests/tests.rs (/opt/rustwide/target/release/build/oha/8f44dd73d16cf4b8/out/tests-8f44dd73d16cf4b8)
[INFO] [stdout] 
[INFO] [stdout] running 38 tests
[INFO] [stdout] test test_connect_to_http_proxy_override ... ok
[INFO] [stdout] test test_connect_to_ipv6_target ... ok
[INFO] [stdout] test test_connect_to_ipv6_requested ... ok
[INFO] [stdout] test test_connect_to ... ok
[INFO] [stdout] test test_connect_to_randomness ... ok
[INFO] [stdout] test test_connect_to_redirect ... ok
[INFO] [stdout] test test_ipv6 ... ok
[INFO] [stdout] test test_google ... FAILED
[INFO] [stdout] test test_json_schema ... ok
[INFO] [stdout] test test_no_color_cli_flag ... ok
[INFO] [stdout] test test_csv_output ... ok
[INFO] [stdout] test test_proxy ... FAILED
[INFO] [stdout] test test_no_color_env_convention ... ok
[INFO] [stdout] test test_enable_compression_default::case_1 ... ok
[INFO] [stdout] test test_enable_compression_default::case_2 ... ok
[INFO] [stdout] test test_connect_to_https_proxy_connect_override ... ok
[INFO] [stdout] test test_http_versions ... ok
[INFO] [stdout] test test_query_rand_regex ... ok
[INFO] [stdout] test test_setting_accept_header::case_1 ... ok
[INFO] [stdout] test test_setting_basic_auth::case_1 ... ok
[INFO] [stdout] test test_setting_accept_header::case_2 ... ok
[INFO] [stdout] test test_setting_basic_auth::case_2 ... ok
[INFO] [stdout] test test_setting_body::case_1 ... ok
[INFO] [stdout] test test_query ... ok
[INFO] [stdout] test test_setting_custom_header::case_1 ... ok
[INFO] [stdout] test test_setting_custom_header::case_2 ... ok
[INFO] [stdout] test test_setting_body::case_2 ... ok
[INFO] [stdout] test test_setting_host ... ok
[INFO] [stdout] test test_setting_content_type_header ... ok
[INFO] [stdout] test test_worker_threads_cli_flag ... ok
[INFO] [stdout] test test_unix_socket ... ok
[INFO] [stdout] test test_worker_threads_fast_mode ... ok
[INFO] [stdout] test test_mtls ... ok
[INFO] [stdout] test test_redirect ... ok
[INFO] [stdout] test test_body_path_lines ... ok
[INFO] [stdout] test test_setting_method ... ok
[INFO] [stdout] test test_query_limit_with_time_limit ... ok
[INFO] [stdout] test test_query_limit ... ok
[INFO] [stdout] 
[INFO] [stdout] failures:
[INFO] [stdout] 
[INFO] [stdout] ---- test_google stdout ----
[INFO] [stdout] 
[INFO] [stdout] thread 'test_google' (9858) panicked at tests/tests.rs:1202:26:
[INFO] [stdout] called `Result::unwrap()` on an `Err` value: no connections available
[INFO] [stdout] 
[INFO] [stdout] Stack backtrace:
[INFO] [stdout]    0: <anyhow::Error as core::convert::From<oha::client::ClientError>>::from
[INFO] [stdout]    1: oha::run::{closure#0}
[INFO] [stdout]    2: tests::test_google::{closure#0}
[INFO] [stdout]    3: tokio::runtime::context::runtime::enter_runtime::<<tokio::runtime::scheduler::multi_thread::MultiThread>::block_on<core::pin::Pin<&mut dyn core::future::future::Future<Output = ()>>>::{closure#0}, ()>
[INFO] [stdout]    4: <tokio::runtime::runtime::Runtime>::block_on::<core::pin::Pin<&mut dyn core::future::future::Future<Output = ()>>>
[INFO] [stdout]    5: <tests::test_google::{closure#0} as core::ops::function::FnOnce<()>>::call_once
[INFO] [stdout]    6: test::__rust_begin_short_backtrace::<core::result::Result<(), alloc::string::String>, fn() -> core::result::Result<(), alloc::string::String>>
[INFO] [stdout]    7: test::run_test::{closure#0}
[INFO] [stdout]    8: std::sys::backtrace::__rust_begin_short_backtrace::<test::run_test::{closure#1}, ()>
[INFO] [stdout]    9: <std::thread::lifecycle::spawn_unchecked<test::run_test::{closure#1}, ()>::{closure#1} as core::ops::function::FnOnce<()>>::call_once::{shim:vtable#0}
[INFO] [stdout]   10: <std::sys::thread::unix::Thread>::new::thread_start
[INFO] [stdout]   11: <unknown>
[INFO] [stdout]   12: clone
[INFO] [stdout] stack backtrace:
[INFO] [stdout]    0:     0x5b20ab86e221 - <<std[617be2ca0a6fd877]::sys::backtrace::BacktraceLock>::print::DisplayBacktrace as core[a373ad73a504971]::fmt::Display>::fmt
[INFO] [stdout]    1:     0x5b20ab88978a - core[a373ad73a504971]::fmt::write
[INFO] [stdout]    2:     0x5b20ab874a4c - <alloc[2e1b2a31b91974c5]::vec::Vec<u8> as core[a373ad73a504971]::io::write::Write>::write_fmt
[INFO] [stdout]    3:     0x5b20ab845ec6 - std[617be2ca0a6fd877]::panicking::default_hook::{closure#0}
[INFO] [stdout]    4:     0x5b20ab864459 - std[617be2ca0a6fd877]::panicking::default_hook
[INFO] [stdout]    5:     0x5b20ab400ee0 - test[aada8e7e76ba119b]::test_main_inner::{closure#0}
[INFO] [stdout]    6:     0x5b20ab864782 - std[617be2ca0a6fd877]::panicking::panic_with_hook
[INFO] [stdout]    7:     0x5b20ab845f72 - std[617be2ca0a6fd877]::panicking::panic_handler::{closure#0}
[INFO] [stdout]    8:     0x5b20ab83e2c9 - std[617be2ca0a6fd877]::sys::backtrace::__rust_end_short_backtrace::<std[617be2ca0a6fd877]::panicking::panic_handler::{closure#0}, !>
[INFO] [stdout]    9:     0x5b20ab846d5d - __rustc[ea4f61d10b84890b]::rust_begin_unwind
[INFO] [stdout]   10:     0x5b20ab889f6c - core[a373ad73a504971]::panicking::panic_fmt
[INFO] [stdout]   11:     0x5b20ab889d42 - core[a373ad73a504971]::result::unwrap_failed
[INFO] [stdout]   12:     0x5b20aa8fcd9e - tests[df652251bb39cecd]::test_google::{closure#0}
[INFO] [stdout]   13:     0x5b20aa80da21 - tokio[4cb9b11e56a8714b]::runtime::context::runtime::enter_runtime::<<tokio[4cb9b11e56a8714b]::runtime::scheduler::multi_thread::MultiThread>::block_on<core[a373ad73a504971]::pin::Pin<&mut dyn core[a373ad73a504971]::future::future::Future<Output = ()>>>::{closure#0}, ()>
[INFO] [stdout]   14:     0x5b20aa9cd177 - <tokio[4cb9b11e56a8714b]::runtime::runtime::Runtime>::block_on::<core[a373ad73a504971]::pin::Pin<&mut dyn core[a373ad73a504971]::future::future::Future<Output = ()>>>
[INFO] [stdout]   15:     0x5b20aa9210ed - <tests[df652251bb39cecd]::test_google::{closure#0} as core[a373ad73a504971]::ops::function::FnOnce<()>>::call_once
[INFO] [stdout]   16:     0x5b20ab3f432b - test[aada8e7e76ba119b]::__rust_begin_short_backtrace::<core[a373ad73a504971]::result::Result<(), alloc[2e1b2a31b91974c5]::string::String>, fn() -> core[a373ad73a504971]::result::Result<(), alloc[2e1b2a31b91974c5]::string::String>>
[INFO] [stdout]   17:     0x5b20ab401505 - test[aada8e7e76ba119b]::run_test::{closure#0}
[INFO] [stdout]   18:     0x5b20ab3fadf4 - std[617be2ca0a6fd877]::sys::backtrace::__rust_begin_short_backtrace::<test[aada8e7e76ba119b]::run_test::{closure#1}, ()>
[INFO] [stdout]   19:     0x5b20ab404592 - <std[617be2ca0a6fd877]::thread::lifecycle::spawn_unchecked<test[aada8e7e76ba119b]::run_test::{closure#1}, ()>::{closure#1} as core[a373ad73a504971]::ops::function::FnOnce<()>>::call_once::{shim:vtable#0}
[INFO] [stdout]   20:     0x5b20ab86cc0f - <std[617be2ca0a6fd877]::sys::thread::unix::Thread>::new::thread_start
[INFO] [stdout]   21:     0x79b819406dfa - <unknown>
[INFO] [stdout]   22:     0x79b81949a3d4 - clone
[INFO] [stdout]   23:                0x0 - <unknown>
[INFO] [stdout] 
[INFO] [stdout] ---- test_proxy stdout ----
[INFO] [stdout] 
[INFO] [stdout] thread 'test_proxy' (9925) panicked at tests/tests.rs:1175:26:
[INFO] [stdout] called `Result::unwrap()` on an `Err` value: no connections available
[INFO] [stdout] 
[INFO] [stdout] Stack backtrace:
[INFO] [stdout]    0: <anyhow::Error as core::convert::From<oha::client::ClientError>>::from
[INFO] [stdout]    1: oha::run::{closure#0}
[INFO] [stdout]    2: tests::test_proxy::{closure#0}
[INFO] [stdout]    3: tokio::runtime::context::runtime::enter_runtime::<<tokio::runtime::scheduler::multi_thread::MultiThread>::block_on<core::pin::Pin<&mut dyn core::future::future::Future<Output = ()>>>::{closure#0}, ()>
[INFO] [stdout]    4: <tokio::runtime::runtime::Runtime>::block_on::<core::pin::Pin<&mut dyn core::future::future::Future<Output = ()>>>
[INFO] [stdout]    5: <tests::test_proxy::{closure#0} as core::ops::function::FnOnce<()>>::call_once
[INFO] [stdout]    6: test::__rust_begin_short_backtrace::<core::result::Result<(), alloc::string::String>, fn() -> core::result::Result<(), alloc::string::String>>
[INFO] [stdout]    7: test::run_test::{closure#0}
[INFO] [stdout]    8: std::sys::backtrace::__rust_begin_short_backtrace::<test::run_test::{closure#1}, ()>
[INFO] [stdout]    9: <std::thread::lifecycle::spawn_unchecked<test::run_test::{closure#1}, ()>::{closure#1} as core::ops::function::FnOnce<()>>::call_once::{shim:vtable#0}
[INFO] [stdout]   10: <std::sys::thread::unix::Thread>::new::thread_start
[INFO] [stdout]   11: <unknown>
[INFO] [stdout]   12: clone
[INFO] [stdout] stack backtrace:
[INFO] [stdout]    0:     0x5b20ab86e221 - <<std[617be2ca0a6fd877]::sys::backtrace::BacktraceLock>::print::DisplayBacktrace as core[a373ad73a504971]::fmt::Display>::fmt
[INFO] [stdout]    1:     0x5b20ab88978a - core[a373ad73a504971]::fmt::write
[INFO] [stdout]    2:     0x5b20ab874a4c - <alloc[2e1b2a31b91974c5]::vec::Vec<u8> as core[a373ad73a504971]::io::write::Write>::write_fmt
[INFO] [stdout]    3:     0x5b20ab845ec6 - std[617be2ca0a6fd877]::panicking::default_hook::{closure#0}
[INFO] [stdout]    4:     0x5b20ab864459 - std[617be2ca0a6fd877]::panicking::default_hook
[INFO] [stdout]    5:     0x5b20ab400ee0 - test[aada8e7e76ba119b]::test_main_inner::{closure#0}
[INFO] [stdout]    6:     0x5b20ab864782 - std[617be2ca0a6fd877]::panicking::panic_with_hook
[INFO] [stdout]    7:     0x5b20ab845f72 - std[617be2ca0a6fd877]::panicking::panic_handler::{closure#0}
[INFO] [stdout]    8:     0x5b20ab83e2c9 - std[617be2ca0a6fd877]::sys::backtrace::__rust_end_short_backtrace::<std[617be2ca0a6fd877]::panicking::panic_handler::{closure#0}, !>
[INFO] [stdout]    9:     0x5b20ab846d5d - __rustc[ea4f61d10b84890b]::rust_begin_unwind
[INFO] [stdout]   10:     0x5b20ab889f6c - core[a373ad73a504971]::panicking::panic_fmt
[INFO] [stdout]   11:     0x5b20ab889d42 - core[a373ad73a504971]::result::unwrap_failed
[INFO] [stdout]   12:     0x5b20aa8fbba8 - tests[df652251bb39cecd]::test_proxy::{closure#0}
[INFO] [stdout]   13:     0x5b20aa80da21 - tokio[4cb9b11e56a8714b]::runtime::context::runtime::enter_runtime::<<tokio[4cb9b11e56a8714b]::runtime::scheduler::multi_thread::MultiThread>::block_on<core[a373ad73a504971]::pin::Pin<&mut dyn core[a373ad73a504971]::future::future::Future<Output = ()>>>::{closure#0}, ()>
[INFO] [stdout]   14:     0x5b20aa9cd177 - <tokio[4cb9b11e56a8714b]::runtime::runtime::Runtime>::block_on::<core[a373ad73a504971]::pin::Pin<&mut dyn core[a373ad73a504971]::future::future::Future<Output = ()>>>
[INFO] [stdout]   15:     0x5b20aa920daf - <tests[df652251bb39cecd]::test_proxy::{closure#0} as core[a373ad73a504971]::ops::function::FnOnce<()>>::call_once
[INFO] [stdout]   16:     0x5b20ab3f432b - test[aada8e7e76ba119b]::__rust_begin_short_backtrace::<core[a373ad73a504971]::result::Result<(), alloc[2e1b2a31b91974c5]::string::String>, fn() -> core[a373ad73a504971]::result::Result<(), alloc[2e1b2a31b91974c5]::string::String>>
[INFO] [stdout]   17:     0x5b20ab401505 - test[aada8e7e76ba119b]::run_test::{closure#0}
[INFO] [stdout]   18:     0x5b20ab3fadf4 - std[617be2ca0a6fd877]::sys::backtrace::__rust_begin_short_backtrace::<test[aada8e7e76ba119b]::run_test::{closure#1}, ()>
[INFO] [stdout]   19:     0x5b20ab404592 - <std[617be2ca0a6fd877]::thread::lifecycle::spawn_unchecked<test[aada8e7e76ba119b]::run_test::{closure#1}, ()>::{closure#1} as core[a373ad73a504971]::ops::function::FnOnce<()>>::call_once::{shim:vtable#0}
[INFO] [stdout]   20:     0x5b20ab86cc0f - <std[617be2ca0a6fd877]::sys::thread::unix::Thread>::new::thread_start
[INFO] [stdout]   21:     0x79b819406dfa - <unknown>
[INFO] [stdout]   22:     0x79b81949a3d4 - clone
[INFO] [stdout]   23:                0x0 - <unknown>
[INFO] [stdout] 
[INFO] [stdout] 
[INFO] [stdout] failures:
[INFO] [stdout]     test_google
[INFO] [stdout]     test_proxy
[INFO] [stdout] 
[INFO] [stdout] test result: FAILED. 36 passed; 2 failed; 0 ignored; 0 measured; 0 filtered out; finished in 12.28s
[INFO] [stdout] 
[INFO] [stderr] error: test failed, to rerun pass `--test tests`
[INFO] running `Command { std: "docker" "inspect" "1da1402a21b98e52285b717b91a59fe6aaea25a3b8953c9bccdb37b0fd57dbbe", kill_on_drop: false }`
[INFO] running `Command { std: "docker" "rm" "-f" "1da1402a21b98e52285b717b91a59fe6aaea25a3b8953c9bccdb37b0fd57dbbe", kill_on_drop: false }`
[INFO] [stdout] 1da1402a21b98e52285b717b91a59fe6aaea25a3b8953c9bccdb37b0fd57dbbe
