[INFO] fetching crate ogg-opus 0.1.2...
[INFO] testing ogg-opus-0.1.2 against 1.99.0-beta.8+cargoflags=--release for beta-release-1.100-2
[INFO] extracting crate ogg-opus 0.1.2 into /workspace/builds/worker-5-tc1/source
[INFO] started tweaking crates.io crate ogg-opus 0.1.2
[INFO] finished tweaking crates.io crate ogg-opus 0.1.2
[INFO] tweaked toml for crates.io crate ogg-opus 0.1.2 written to /workspace/builds/worker-5-tc1/source/Cargo.toml
[INFO] validating manifest of crates.io crate ogg-opus 0.1.2 on toolchain 1.99.0-beta.8
[INFO] running `Command { std: CARGO_HOME="/workspace/cargo-home" RUSTUP_HOME="/workspace/rustup-home" "/workspace/cargo-home/bin/cargo" "+1.99.0-beta.8" "metadata" "--manifest-path" "Cargo.toml" "--no-deps", kill_on_drop: false }`
[INFO] running `Command { std: CARGO_HOME="/workspace/cargo-home" RUSTUP_HOME="/workspace/rustup-home" "/workspace/cargo-home/bin/cargo" "+1.99.0-beta.8" "generate-lockfile" "--manifest-path" "Cargo.toml", kill_on_drop: false }`
[INFO] [stderr]     Updating crates.io index
[INFO] [stderr]     Blocking waiting for file lock on package cache
[INFO] [stderr]      Locking 24 packages to highest compatible versions
[INFO] [stderr]       Adding ogg v0.8.0 (available: v0.9.2)
[INFO] [stderr]       Adding rand v0.8.8 (available: v0.10.3)
[INFO] [stderr]       Adding thiserror v1.0.69 (available: v2.0.21)
[INFO] running `Command { std: CARGO_HOME="/workspace/cargo-home" RUSTUP_HOME="/workspace/rustup-home" "/workspace/cargo-home/bin/cargo" "+1.99.0-beta.8" "fetch" "--manifest-path" "Cargo.toml", kill_on_drop: false }`
[INFO] [stderr]     Blocking waiting for file lock on package cache
[INFO] [stderr]  Downloading crates ...
[INFO] [stderr]   Downloaded riff v1.0.1
[INFO] [stderr]   Downloaded audiopus v0.2.0
[INFO] [stderr]   Downloaded wav v1.0.1
[INFO] [stderr]   Downloaded audiopus_sys v0.1.8
[INFO] running `Command { std: "docker" "create" "-v" "/var/lib/crater-agent-workspace/builds/worker-5-tc1/source:/opt/rustwide/workdir:ro,Z" "-v" "/var/lib/crater-agent-workspace/builds/worker-5-tc1/target:/opt/rustwide/target:rw,Z" "-v" "/var/lib/crater-agent-workspace/cargo-home:/opt/rustwide/cargo-home:ro,Z" "-v" "/var/lib/crater-agent-workspace/rustup-home:/opt/rustwide/rustup-home:ro,Z" "-m" "1610612736" "--network" "none" "ghcr.io/rust-lang/crates-build-env/linux@sha256:77db811e55d90add9212f6832c23229e3de5f1c1f9905e8cb07319ea15df73ac" "sleep" "infinity", kill_on_drop: false }`
[INFO] [stdout] 38d97713154fe0a59317285495405c0a1bf24b45a4544659382bf7603201f6a6
[INFO] running `Command { std: "docker" "start" "38d97713154fe0a59317285495405c0a1bf24b45a4544659382bf7603201f6a6", kill_on_drop: false }`
[INFO] running `Command { std: "docker" "inspect" "38d97713154fe0a59317285495405c0a1bf24b45a4544659382bf7603201f6a6", kill_on_drop: false }`
[INFO] running `Command { std: "docker" "exec" "-e" "SOURCE_DIR=/opt/rustwide/workdir" "-e" "CARGO_HOME=/opt/rustwide/cargo-home" "-e" "RUSTUP_HOME=/opt/rustwide/rustup-home" "-e" "CARGO_TARGET_DIR=/opt/rustwide/target" "-w" "/opt/rustwide/workdir" "--user" "0:0" "38d97713154fe0a59317285495405c0a1bf24b45a4544659382bf7603201f6a6" "/opt/rustwide/cargo-home/bin/cargo" "+1.99.0-beta.8" "metadata" "--no-deps" "--format-version=1", kill_on_drop: false }`
[INFO] running `Command { std: "docker" "inspect" "38d97713154fe0a59317285495405c0a1bf24b45a4544659382bf7603201f6a6", kill_on_drop: false }`
[INFO] running `Command { std: "docker" "exec" "-e" "SOURCE_DIR=/opt/rustwide/workdir" "-e" "CARGO_HOME=/opt/rustwide/cargo-home" "-e" "RUSTUP_HOME=/opt/rustwide/rustup-home" "-e" "CARGO_TARGET_DIR=/opt/rustwide/target" "-e" "CARGO_INCREMENTAL=0" "-e" "RUST_BACKTRACE=full" "-e" "RUSTFLAGS=--cap-lints=warn" "-e" "RUSTDOCFLAGS=--cap-lints=warn" "-w" "/opt/rustwide/workdir" "--user" "0:0" "38d97713154fe0a59317285495405c0a1bf24b45a4544659382bf7603201f6a6" "/opt/rustwide/cargo-home/bin/cargo" "+1.99.0-beta.8" "build" "--frozen" "--message-format=json" "--release", kill_on_drop: false }`
[INFO] [stderr]    Compiling audiopus_sys v0.1.8
[INFO] [stderr]    Compiling ogg v0.8.0
[INFO] [stderr]    Compiling thiserror-impl v1.0.69
[INFO] [stderr]    Compiling audiopus v0.2.0
[INFO] [stderr]    Compiling thiserror v1.0.69
[INFO] [stderr]    Compiling ogg-opus v0.1.2 (/opt/rustwide/workdir)
[INFO] [stderr]     Finished `release` profile [optimized] target(s) in 1.18s
[INFO] running `Command { std: "docker" "inspect" "38d97713154fe0a59317285495405c0a1bf24b45a4544659382bf7603201f6a6", kill_on_drop: false }`
[INFO] running `Command { std: "docker" "exec" "-e" "SOURCE_DIR=/opt/rustwide/workdir" "-e" "CARGO_HOME=/opt/rustwide/cargo-home" "-e" "RUSTUP_HOME=/opt/rustwide/rustup-home" "-e" "CARGO_TARGET_DIR=/opt/rustwide/target" "-e" "CARGO_INCREMENTAL=0" "-e" "RUST_BACKTRACE=full" "-e" "RUSTFLAGS=--cap-lints=warn" "-e" "RUSTDOCFLAGS=--cap-lints=warn" "-w" "/opt/rustwide/workdir" "--user" "0:0" "38d97713154fe0a59317285495405c0a1bf24b45a4544659382bf7603201f6a6" "/opt/rustwide/cargo-home/bin/cargo" "+1.99.0-beta.8" "test" "--frozen" "--no-run" "--message-format=json" "--release", kill_on_drop: false }`
[INFO] [stderr]    Compiling riff v1.0.1
[INFO] [stderr]    Compiling wav v1.0.1
[INFO] [stderr]    Compiling ogg-opus v0.1.2 (/opt/rustwide/workdir)
[INFO] [stdout] warning: use of deprecated function `wav::read`: This project is no longer maintained, use the `hound` crate
[INFO] [stdout]   --> src/lib.rs:48:31
[INFO] [stdout]    |
[INFO] [stdout] 48 |             let (_, b) = wav::read(&mut f).unwrap();
[INFO] [stdout]    |                               ^^^^
[INFO] [stdout]    |
[INFO] [stdout]    = note: `#[warn(deprecated)]` on by default
[INFO] [stdout] 
[INFO] [stdout] 
[INFO] [stdout] warning: use of deprecated method `wav::BitDepth::try_into_sixteen`: This project is no longer maintained, use the `hound` crate
[INFO] [stdout]   --> src/lib.rs:49:15
[INFO] [stdout]    |
[INFO] [stdout] 49 |             b.try_into_sixteen().unwrap()
[INFO] [stdout]    |               ^^^^^^^^^^^^^^^^
[INFO] [stdout] 
[INFO] [stdout] 
[INFO] [stderr]     Finished `release` profile [optimized] target(s) in 1.03s
[INFO] running `Command { std: "docker" "inspect" "38d97713154fe0a59317285495405c0a1bf24b45a4544659382bf7603201f6a6", kill_on_drop: false }`
[INFO] running `Command { std: "docker" "exec" "-e" "SOURCE_DIR=/opt/rustwide/workdir" "-e" "CARGO_HOME=/opt/rustwide/cargo-home" "-e" "RUSTUP_HOME=/opt/rustwide/rustup-home" "-e" "CARGO_TARGET_DIR=/opt/rustwide/target" "-e" "CARGO_INCREMENTAL=0" "-e" "RUST_BACKTRACE=full" "-e" "RUSTFLAGS=--cap-lints=warn" "-e" "RUSTDOCFLAGS=--cap-lints=warn" "-w" "/opt/rustwide/workdir" "--user" "0:0" "38d97713154fe0a59317285495405c0a1bf24b45a4544659382bf7603201f6a6" "/opt/rustwide/cargo-home/bin/cargo" "+1.99.0-beta.8" "test" "--frozen" "--release", kill_on_drop: false }`
[INFO] [stderr] warning: use of deprecated function `wav::read`: This project is no longer maintained, use the `hound` crate
[INFO] [stderr]   --> src/lib.rs:48:31
[INFO] [stderr]    |
[INFO] [stderr] 48 |             let (_, b) = wav::read(&mut f).unwrap();
[INFO] [stderr]    |                               ^^^^
[INFO] [stderr]    |
[INFO] [stderr]    = note: `#[warn(deprecated)]` on by default
[INFO] [stderr] 
[INFO] [stderr] warning: use of deprecated method `wav::BitDepth::try_into_sixteen`: This project is no longer maintained, use the `hound` crate
[INFO] [stderr]   --> src/lib.rs:49:15
[INFO] [stderr]    |
[INFO] [stderr] 49 |             b.try_into_sixteen().unwrap()
[INFO] [stderr]    |               ^^^^^^^^^^^^^^^^
[INFO] [stderr] 
[INFO] [stderr] warning: `ogg-opus` (lib test) generated 2 warnings
[INFO] [stderr]     Finished `release` profile [optimized] target(s) in 0.03s
[INFO] [stderr]      Running unittests src/lib.rs (/opt/rustwide/target/release/deps/ogg_opus-0a5f2c3387295644)
[INFO] [stdout] 
[INFO] [stdout] running 4 tests
[INFO] [stdout] test tests::dec_enc_recording_big ... FAILED
[INFO] [stdout] test tests::dec_enc_recording_small ... FAILED
[INFO] [stdout] test tests::dec_enc_recording_whole ... FAILED
[INFO] [stdout] test tests::dec_enc_empty ... ok
[INFO] [stdout] 
[INFO] [stdout] failures:
[INFO] [stdout] 
[INFO] [stdout] ---- tests::dec_enc_recording_big stdout ----
[INFO] [stdout] 
[INFO] [stdout] thread 'tests::dec_enc_recording_big' (275) panicked at src/lib.rs:47:42:
[INFO] [stdout] no file found: Os { code: 2, kind: NotFound, message: "No such file or directory" }
[INFO] [stdout] stack backtrace:
[INFO] [stdout]    0:     0x5757527bc681 - <<std[70759c8f55707aa4]::sys::backtrace::BacktraceLock>::print::DisplayBacktrace as core[df12db4294e9bfd3]::fmt::Display>::fmt
[INFO] [stdout]    1:     0x5757527d1c6a - core[df12db4294e9bfd3]::fmt::write
[INFO] [stdout]    2:     0x5757527c0c4c - <alloc[2182bb758b4b3781]::vec::Vec<u8> as core[df12db4294e9bfd3]::io::write::Write>::write_fmt
[INFO] [stdout]    3:     0x575752798c76 - std[70759c8f55707aa4]::panicking::default_hook::{closure#0}
[INFO] [stdout]    4:     0x5757527b4de9 - std[70759c8f55707aa4]::panicking::default_hook
[INFO] [stdout]    5:     0x57575274b6f0 - test[9d35eded1c95d3be]::test_main_inner::<test[9d35eded1c95d3be]::test_main_static::{closure#0}>::{closure#0}
[INFO] [stdout]    6:     0x5757527b4fa2 - std[70759c8f55707aa4]::panicking::panic_with_hook
[INFO] [stdout]    7:     0x575752798d22 - std[70759c8f55707aa4]::panicking::panic_handler::{closure#0}
[INFO] [stdout]    8:     0x575752791a79 - std[70759c8f55707aa4]::sys::backtrace::__rust_end_short_backtrace::<std[70759c8f55707aa4]::panicking::panic_handler::{closure#0}, !>
[INFO] [stdout]    9:     0x57575279991d - __rustc[8fa7c3cbc660c2b3]::rust_begin_unwind
[INFO] [stdout]   10:     0x5757527d23cc - core[df12db4294e9bfd3]::panicking::panic_fmt
[INFO] [stdout]   11:     0x5757527d21a2 - core[df12db4294e9bfd3]::result::unwrap_failed
[INFO] [stdout]   12:     0x57575273cb6b - ogg_opus[1583d4a380d7c74a]::tests::read_file_i16
[INFO] [stdout]   13:     0x57575273cff4 - ogg_opus[1583d4a380d7c74a]::tests::dec_enc_recording_big
[INFO] [stdout]   14:     0x57575273e729 - <ogg_opus[1583d4a380d7c74a]::tests::dec_enc_recording_big::{closure#0} as core[df12db4294e9bfd3]::ops::function::FnOnce<()>>::call_once
[INFO] [stdout]   15:     0x57575273e9db - test[9d35eded1c95d3be]::__rust_begin_short_backtrace::<core[df12db4294e9bfd3]::result::Result<(), alloc[2182bb758b4b3781]::string::String>, fn() -> core[df12db4294e9bfd3]::result::Result<(), alloc[2182bb758b4b3781]::string::String>>
[INFO] [stdout]   16:     0x57575274c045 - test[9d35eded1c95d3be]::run_test::{closure#0}
[INFO] [stdout]   17:     0x575752745904 - std[70759c8f55707aa4]::sys::backtrace::__rust_begin_short_backtrace::<test[9d35eded1c95d3be]::run_test::{closure#1}, ()>
[INFO] [stdout]   18:     0x57575274f1a2 - <std[70759c8f55707aa4]::thread::lifecycle::spawn_unchecked<test[9d35eded1c95d3be]::run_test::{closure#1}, ()>::{closure#1} as core[df12db4294e9bfd3]::ops::function::FnOnce<()>>::call_once::{shim:vtable#0}
[INFO] [stdout]   19:     0x5757527bbf59 - <std[70759c8f55707aa4]::sys::thread::unix::Thread>::new::thread_start
[INFO] [stdout]   20:     0x7a5487920dfa - <unknown>
[INFO] [stdout]   21:     0x7a54879b43d4 - clone
[INFO] [stdout]   22:                0x0 - <unknown>
[INFO] [stdout] 
[INFO] [stdout] ---- tests::dec_enc_recording_small stdout ----
[INFO] [stdout] 
[INFO] [stdout] thread 'tests::dec_enc_recording_small' (276) panicked at src/lib.rs:47:42:
[INFO] [stdout] no file found: Os { code: 2, kind: NotFound, message: "No such file or directory" }
[INFO] [stdout] stack backtrace:
[INFO] [stdout]    0:     0x5757527bc681 - <<std[70759c8f55707aa4]::sys::backtrace::BacktraceLock>::print::DisplayBacktrace as core[df12db4294e9bfd3]::fmt::Display>::fmt
[INFO] [stdout]    1:     0x5757527d1c6a - core[df12db4294e9bfd3]::fmt::write
[INFO] [stdout]    2:     0x5757527c0c4c - <alloc[2182bb758b4b3781]::vec::Vec<u8> as core[df12db4294e9bfd3]::io::write::Write>::write_fmt
[INFO] [stdout]    3:     0x575752798c76 - std[70759c8f55707aa4]::panicking::default_hook::{closure#0}
[INFO] [stdout]    4:     0x5757527b4de9 - std[70759c8f55707aa4]::panicking::default_hook
[INFO] [stdout]    5:     0x57575274b6f0 - test[9d35eded1c95d3be]::test_main_inner::<test[9d35eded1c95d3be]::test_main_static::{closure#0}>::{closure#0}
[INFO] [stdout]    6:     0x5757527b4fa2 - std[70759c8f55707aa4]::panicking::panic_with_hook
[INFO] [stdout]    7:     0x575752798d22 - std[70759c8f55707aa4]::panicking::panic_handler::{closure#0}
[INFO] [stdout]    8:     0x575752791a79 - std[70759c8f55707aa4]::sys::backtrace::__rust_end_short_backtrace::<std[70759c8f55707aa4]::panicking::panic_handler::{closure#0}, !>
[INFO] [stdout]    9:     0x57575279991d - __rustc[8fa7c3cbc660c2b3]::rust_begin_unwind
[INFO] [stdout]   10:     0x5757527d23cc - core[df12db4294e9bfd3]::panicking::panic_fmt
[INFO] [stdout]   11:     0x5757527d21a2 - core[df12db4294e9bfd3]::result::unwrap_failed
[INFO] [stdout]   12:     0x57575273cb6b - ogg_opus[1583d4a380d7c74a]::tests::read_file_i16
[INFO] [stdout]   13:     0x57575273d2c4 - ogg_opus[1583d4a380d7c74a]::tests::dec_enc_recording_small
[INFO] [stdout]   14:     0x57575273e749 - <ogg_opus[1583d4a380d7c74a]::tests::dec_enc_recording_small::{closure#0} as core[df12db4294e9bfd3]::ops::function::FnOnce<()>>::call_once
[INFO] [stdout]   15:     0x57575273e9db - test[9d35eded1c95d3be]::__rust_begin_short_backtrace::<core[df12db4294e9bfd3]::result::Result<(), alloc[2182bb758b4b3781]::string::String>, fn() -> core[df12db4294e9bfd3]::result::Result<(), alloc[2182bb758b4b3781]::string::String>>
[INFO] [stdout]   16:     0x57575274c045 - test[9d35eded1c95d3be]::run_test::{closure#0}
[INFO] [stdout]   17:     0x575752745904 - std[70759c8f55707aa4]::sys::backtrace::__rust_begin_short_backtrace::<test[9d35eded1c95d3be]::run_test::{closure#1}, ()>
[INFO] [stdout]   18:     0x57575274f1a2 - <std[70759c8f55707aa4]::thread::lifecycle::spawn_unchecked<test[9d35eded1c95d3be]::run_test::{closure#1}, ()>::{closure#1} as core[df12db4294e9bfd3]::ops::function::FnOnce<()>>::call_once::{shim:vtable#0}
[INFO] [stdout]   19:     0x5757527bbf59 - <std[70759c8f55707aa4]::sys::thread::unix::Thread>::new::thread_start
[INFO] [stdout]   20:     0x7a5487920dfa - <unknown>
[INFO] [stdout]   21:     0x7a54879b43d4 - clone
[INFO] [stdout]   22:                0x0 - <unknown>
[INFO] [stdout] 
[INFO] [stdout] ---- tests::dec_enc_recording_whole stdout ----
[INFO] [stdout] 
[INFO] [stdout] thread 'tests::dec_enc_recording_whole' (277) panicked at src/lib.rs:47:42:
[INFO] [stdout] no file found: Os { code: 2, kind: NotFound, message: "No such file or directory" }
[INFO] [stdout] stack backtrace:
[INFO] [stdout]    0:     0x5757527bc681 - <<std[70759c8f55707aa4]::sys::backtrace::BacktraceLock>::print::DisplayBacktrace as core[df12db4294e9bfd3]::fmt::Display>::fmt
[INFO] [stdout]    1:     0x5757527d1c6a - core[df12db4294e9bfd3]::fmt::write
[INFO] [stdout]    2:     0x5757527c0c4c - <alloc[2182bb758b4b3781]::vec::Vec<u8> as core[df12db4294e9bfd3]::io::write::Write>::write_fmt
[INFO] [stdout]    3:     0x575752798c76 - std[70759c8f55707aa4]::panicking::default_hook::{closure#0}
[INFO] [stdout]    4:     0x5757527b4de9 - std[70759c8f55707aa4]::panicking::default_hook
[INFO] [stdout]    5:     0x57575274b6f0 - test[9d35eded1c95d3be]::test_main_inner::<test[9d35eded1c95d3be]::test_main_static::{closure#0}>::{closure#0}
[INFO] [stdout]    6:     0x5757527b4fa2 - std[70759c8f55707aa4]::panicking::panic_with_hook
[INFO] [stdout]    7:     0x575752798d22 - std[70759c8f55707aa4]::panicking::panic_handler::{closure#0}
[INFO] [stdout]    8:     0x575752791a79 - std[70759c8f55707aa4]::sys::backtrace::__rust_end_short_backtrace::<std[70759c8f55707aa4]::panicking::panic_handler::{closure#0}, !>
[INFO] [stdout]    9:     0x57575279991d - __rustc[8fa7c3cbc660c2b3]::rust_begin_unwind
[INFO] [stdout]   10:     0x5757527d23cc - core[df12db4294e9bfd3]::panicking::panic_fmt
[INFO] [stdout]   11:     0x5757527d21a2 - core[df12db4294e9bfd3]::result::unwrap_failed
[INFO] [stdout]   12:     0x57575273cb6b - ogg_opus[1583d4a380d7c74a]::tests::read_file_i16
[INFO] [stdout]   13:     0x57575273d597 - ogg_opus[1583d4a380d7c74a]::tests::dec_enc_recording_whole
[INFO] [stdout]   14:     0x57575273e769 - <ogg_opus[1583d4a380d7c74a]::tests::dec_enc_recording_whole::{closure#0} as core[df12db4294e9bfd3]::ops::function::FnOnce<()>>::call_once
[INFO] [stdout]   15:     0x57575273e9db - test[9d35eded1c95d3be]::__rust_begin_short_backtrace::<core[df12db4294e9bfd3]::result::Result<(), alloc[2182bb758b4b3781]::string::String>, fn() -> core[df12db4294e9bfd3]::result::Result<(), alloc[2182bb758b4b3781]::string::String>>
[INFO] [stdout]   16:     0x57575274c045 - test[9d35eded1c95d3be]::run_test::{closure#0}
[INFO] [stdout]   17:     0x575752745904 - std[70759c8f55707aa4]::sys::backtrace::__rust_begin_short_backtrace::<test[9d35eded1c95d3be]::run_test::{closure#1}, ()>
[INFO] [stdout]   18:     0x57575274f1a2 - <std[70759c8f55707aa4]::thread::lifecycle::spawn_unchecked<test[9d35eded1c95d3be]::run_test::{closure#1}, ()>::{closure#1} as core[df12db4294e9bfd3]::ops::function::FnOnce<()>>::call_once::{shim:vtable#0}
[INFO] [stdout]   19:     0x5757527bbf59 - <std[70759c8f55707aa4]::sys::thread::unix::Thread>::new::thread_start
[INFO] [stdout]   20:     0x7a5487920dfa - <unknown>
[INFO] [stdout]   21:     0x7a54879b43d4 - clone
[INFO] [stdout]   22:                0x0 - <unknown>
[INFO] [stdout] 
[INFO] [stdout] 
[INFO] [stdout] failures:
[INFO] [stdout]     tests::dec_enc_recording_big
[INFO] [stdout]     tests::dec_enc_recording_small
[INFO] [stdout]     tests::dec_enc_recording_whole
[INFO] [stdout] 
[INFO] [stdout] test result: FAILED. 1 passed; 3 failed; 0 ignored; 0 measured; 0 filtered out; finished in 0.02s
[INFO] [stdout] 
[INFO] [stderr] error: test failed, to rerun pass `--lib`
[INFO] running `Command { std: "docker" "inspect" "38d97713154fe0a59317285495405c0a1bf24b45a4544659382bf7603201f6a6", kill_on_drop: false }`
[INFO] running `Command { std: "docker" "rm" "-f" "38d97713154fe0a59317285495405c0a1bf24b45a4544659382bf7603201f6a6", kill_on_drop: false }`
[INFO] [stdout] 38d97713154fe0a59317285495405c0a1bf24b45a4544659382bf7603201f6a6
