[INFO] fetching crate ogentic-audit-core 0.3.0...
[INFO] testing ogentic-audit-core-0.3.0 against 1.99.0-beta.8+cargoflags=--release for beta-release-1.100-2
[INFO] extracting crate ogentic-audit-core 0.3.0 into /workspace/builds/worker-5-tc1/source
[INFO] started tweaking crates.io crate ogentic-audit-core 0.3.0
[INFO] removed 0 missing examples
[INFO] removed 0 missing tests
[INFO] finished tweaking crates.io crate ogentic-audit-core 0.3.0
[INFO] tweaked toml for crates.io crate ogentic-audit-core 0.3.0 written to /workspace/builds/worker-5-tc1/source/Cargo.toml
[INFO] validating manifest of crates.io crate ogentic-audit-core 0.3.0 on toolchain 1.99.0-beta.8
[INFO] running `Command { std: CARGO_HOME="/workspace/cargo-home" RUSTUP_HOME="/workspace/rustup-home" "/workspace/cargo-home/bin/cargo" "+1.99.0-beta.8" "metadata" "--manifest-path" "Cargo.toml" "--no-deps", kill_on_drop: false }`
[INFO] crate crates.io crate ogentic-audit-core 0.3.0 already has a lockfile, it will not be regenerated
[INFO] running `Command { std: CARGO_HOME="/workspace/cargo-home" RUSTUP_HOME="/workspace/rustup-home" "/workspace/cargo-home/bin/cargo" "+1.99.0-beta.8" "fetch" "--manifest-path" "Cargo.toml", kill_on_drop: false }`
[INFO] [stderr]     Updating crates.io index
[INFO] [stderr]  Downloading crates ...
[INFO] [stderr]   Downloaded memchr v2.8.1
[INFO] [stderr]   Downloaded bitflags v2.12.1
[INFO] [stderr]   Downloaded relative-path v1.9.3
[INFO] [stderr]   Downloaded rstest v0.21.0
[INFO] [stderr]   Downloaded log v0.4.32
[INFO] [stderr]   Downloaded rstest_macros v0.21.0
[INFO] [stderr]   Downloaded zerocopy-derive v0.8.50
[INFO] [stderr]   Downloaded cc v1.2.63
[INFO] [stderr]   Downloaded zerocopy v0.8.50
[INFO] running `Command { std: "docker" "create" "-v" "/var/lib/crater-agent-workspace/builds/worker-5-tc1/source:/opt/rustwide/workdir:ro,Z" "-v" "/var/lib/crater-agent-workspace/builds/worker-5-tc1/target:/opt/rustwide/target:rw,Z" "-v" "/var/lib/crater-agent-workspace/cargo-home:/opt/rustwide/cargo-home:ro,Z" "-v" "/var/lib/crater-agent-workspace/rustup-home:/opt/rustwide/rustup-home:ro,Z" "-m" "1610612736" "--network" "none" "ghcr.io/rust-lang/crates-build-env/linux@sha256:77db811e55d90add9212f6832c23229e3de5f1c1f9905e8cb07319ea15df73ac" "sleep" "infinity", kill_on_drop: false }`
[INFO] [stdout] 739e06511c83caa269470ae00731c8e250b3dd6a25f3782d8d4c26c4039d580e
[INFO] running `Command { std: "docker" "start" "739e06511c83caa269470ae00731c8e250b3dd6a25f3782d8d4c26c4039d580e", kill_on_drop: false }`
[INFO] running `Command { std: "docker" "inspect" "739e06511c83caa269470ae00731c8e250b3dd6a25f3782d8d4c26c4039d580e", kill_on_drop: false }`
[INFO] running `Command { std: "docker" "exec" "-e" "SOURCE_DIR=/opt/rustwide/workdir" "-e" "CARGO_HOME=/opt/rustwide/cargo-home" "-e" "RUSTUP_HOME=/opt/rustwide/rustup-home" "-e" "CARGO_TARGET_DIR=/opt/rustwide/target" "-w" "/opt/rustwide/workdir" "--user" "0:0" "739e06511c83caa269470ae00731c8e250b3dd6a25f3782d8d4c26c4039d580e" "/opt/rustwide/cargo-home/bin/cargo" "+1.99.0-beta.8" "metadata" "--no-deps" "--format-version=1", kill_on_drop: false }`
[INFO] running `Command { std: "docker" "inspect" "739e06511c83caa269470ae00731c8e250b3dd6a25f3782d8d4c26c4039d580e", kill_on_drop: false }`
[INFO] running `Command { std: "docker" "exec" "-e" "SOURCE_DIR=/opt/rustwide/workdir" "-e" "CARGO_HOME=/opt/rustwide/cargo-home" "-e" "RUSTUP_HOME=/opt/rustwide/rustup-home" "-e" "CARGO_TARGET_DIR=/opt/rustwide/target" "-e" "CARGO_INCREMENTAL=0" "-e" "RUST_BACKTRACE=full" "-e" "RUSTFLAGS=--cap-lints=warn" "-e" "RUSTDOCFLAGS=--cap-lints=warn" "-w" "/opt/rustwide/workdir" "--user" "0:0" "739e06511c83caa269470ae00731c8e250b3dd6a25f3782d8d4c26c4039d580e" "/opt/rustwide/cargo-home/bin/cargo" "+1.99.0-beta.8" "build" "--frozen" "--message-format=json" "--release", kill_on_drop: false }`
[INFO] [stderr]    Compiling typenum v1.20.1
[INFO] [stderr]    Compiling shlex v2.0.1
[INFO] [stderr]    Compiling libc v0.2.186
[INFO] [stderr]    Compiling rustix v1.1.4
[INFO] [stderr]    Compiling syn v2.0.117
[INFO] [stderr]    Compiling cpufeatures v0.3.0
[INFO] [stderr]    Compiling constant_time_eq v0.4.2
[INFO] [stderr]    Compiling bitflags v2.12.1
[INFO] [stderr]    Compiling arrayvec v0.7.6
[INFO] [stderr]    Compiling cc v1.2.63
[INFO] [stderr]    Compiling arrayref v0.3.9
[INFO] [stderr]    Compiling generic-array v0.14.7
[INFO] [stderr]    Compiling blake3 v1.8.5
[INFO] [stderr]    Compiling memmap2 v0.9.11
[INFO] [stderr]    Compiling block-buffer v0.10.4
[INFO] [stderr]    Compiling crypto-common v0.1.7
[INFO] [stderr]    Compiling digest v0.10.7
[INFO] [stderr]    Compiling sha2 v0.10.9
[INFO] [stderr]    Compiling hmac v0.12.1
[INFO] [stderr]    Compiling thiserror-impl v1.0.69
[INFO] [stderr]    Compiling zeroize_derive v1.4.3
[INFO] [stderr]    Compiling zeroize v1.8.2
[INFO] [stderr]    Compiling thiserror v1.0.69
[INFO] [stderr]    Compiling ogentic-audit-core v0.3.0 (/opt/rustwide/workdir)
[INFO] [stderr]     Finished `release` profile [optimized] target(s) in 4.88s
[INFO] running `Command { std: "docker" "inspect" "739e06511c83caa269470ae00731c8e250b3dd6a25f3782d8d4c26c4039d580e", kill_on_drop: false }`
[INFO] running `Command { std: "docker" "exec" "-e" "SOURCE_DIR=/opt/rustwide/workdir" "-e" "CARGO_HOME=/opt/rustwide/cargo-home" "-e" "RUSTUP_HOME=/opt/rustwide/rustup-home" "-e" "CARGO_TARGET_DIR=/opt/rustwide/target" "-e" "CARGO_INCREMENTAL=0" "-e" "RUST_BACKTRACE=full" "-e" "RUSTFLAGS=--cap-lints=warn" "-e" "RUSTDOCFLAGS=--cap-lints=warn" "-w" "/opt/rustwide/workdir" "--user" "0:0" "739e06511c83caa269470ae00731c8e250b3dd6a25f3782d8d4c26c4039d580e" "/opt/rustwide/cargo-home/bin/cargo" "+1.99.0-beta.8" "test" "--frozen" "--no-run" "--message-format=json" "--release", kill_on_drop: false }`
[INFO] [stderr]    Compiling equivalent v1.0.2
[INFO] [stderr]    Compiling syn v2.0.117
[INFO] [stderr]    Compiling semver v1.0.28
[INFO] [stderr]    Compiling winnow v1.0.3
[INFO] [stderr]    Compiling zerocopy v0.8.50
[INFO] [stderr]    Compiling getrandom v0.3.4
[INFO] [stderr]    Compiling futures-core v0.3.32
[INFO] [stderr]    Compiling hashbrown v0.17.1
[INFO] [stderr]    Compiling memchr v2.8.1
[INFO] [stderr]    Compiling futures-sink v0.3.32
[INFO] [stderr]    Compiling futures-channel v0.3.32
[INFO] [stderr]    Compiling rustc_version v0.4.1
[INFO] [stderr]    Compiling rand_core v0.9.5
[INFO] [stderr]    Compiling slab v0.4.12
[INFO] [stderr]    Compiling aho-corasick v1.1.4
[INFO] [stderr]    Compiling indexmap v2.14.0
[INFO] [stderr]    Compiling autocfg v1.5.1
[INFO] [stderr]    Compiling toml_datetime v1.1.1+spec-1.1.0
[INFO] [stderr]    Compiling regex-syntax v0.8.10
[INFO] [stderr]    Compiling getrandom v0.4.2
[INFO] [stderr]    Compiling rstest_macros v0.21.0
[INFO] [stderr]    Compiling num-traits v0.2.19
[INFO] [stderr]    Compiling toml_parser v1.1.2+spec-1.1.0
[INFO] [stderr]    Compiling once_cell v1.21.4
[INFO] [stderr]    Compiling fastrand v2.4.1
[INFO] [stderr]    Compiling toml_edit v0.25.12+spec-1.1.0
[INFO] [stderr]    Compiling tempfile v3.27.0
[INFO] [stderr]    Compiling wait-timeout v0.2.1
[INFO] [stderr]    Compiling bit-vec v0.8.0
[INFO] [stderr]    Compiling serde_json v1.0.150
[INFO] [stderr]    Compiling glob v0.3.3
[INFO] [stderr]    Compiling relative-path v1.9.3
[INFO] [stderr]    Compiling proc-macro-crate v3.5.0
[INFO] [stderr]    Compiling quick-error v1.2.3
[INFO] [stderr]    Compiling cfg-if v1.0.4
[INFO] [stderr]    Compiling rusty-fork v0.3.1
[INFO] [stderr]    Compiling bit-set v0.8.0
[INFO] [stderr]    Compiling regex-automata v0.4.14
[INFO] [stderr]    Compiling rand_xorshift v0.4.0
[INFO] [stderr]    Compiling rand v0.9.4
[INFO] [stderr]    Compiling unarray v0.1.4
[INFO] [stderr]    Compiling futures-timer v3.0.4
[INFO] [stderr]    Compiling hex v0.4.3
[INFO] [stderr]    Compiling futures-macro v0.3.32
[INFO] [stderr]    Compiling zeroize_derive v1.4.3
[INFO] [stderr]    Compiling thiserror-impl v1.0.69
[INFO] [stderr]    Compiling serde_derive v1.0.228
[INFO] [stderr]    Compiling regex v1.12.3
[INFO] [stderr]    Compiling zeroize v1.8.2
[INFO] [stderr]    Compiling futures-util v0.3.32
[INFO] [stderr]    Compiling thiserror v1.0.69
[INFO] [stderr]    Compiling ogentic-audit-core v0.3.0 (/opt/rustwide/workdir)
[INFO] [stderr]    Compiling ppv-lite86 v0.2.21
[INFO] [stderr]    Compiling rand_chacha v0.9.0
[INFO] [stderr]    Compiling proptest v1.11.0
[INFO] [stderr]    Compiling serde v1.0.228
[INFO] [stderr]    Compiling futures-executor v0.3.32
[INFO] [stderr]    Compiling futures v0.3.32
[INFO] [stderr]    Compiling rstest v0.21.0
[INFO] [stderr]     Finished `release` profile [optimized] target(s) in 15.61s
[INFO] running `Command { std: "docker" "inspect" "739e06511c83caa269470ae00731c8e250b3dd6a25f3782d8d4c26c4039d580e", kill_on_drop: false }`
[INFO] running `Command { std: "docker" "exec" "-e" "SOURCE_DIR=/opt/rustwide/workdir" "-e" "CARGO_HOME=/opt/rustwide/cargo-home" "-e" "RUSTUP_HOME=/opt/rustwide/rustup-home" "-e" "CARGO_TARGET_DIR=/opt/rustwide/target" "-e" "CARGO_INCREMENTAL=0" "-e" "RUST_BACKTRACE=full" "-e" "RUSTFLAGS=--cap-lints=warn" "-e" "RUSTDOCFLAGS=--cap-lints=warn" "-w" "/opt/rustwide/workdir" "--user" "0:0" "739e06511c83caa269470ae00731c8e250b3dd6a25f3782d8d4c26c4039d580e" "/opt/rustwide/cargo-home/bin/cargo" "+1.99.0-beta.8" "test" "--frozen" "--release", kill_on_drop: false }`
[INFO] [stderr]     Finished `release` profile [optimized] target(s) in 0.09s
[INFO] [stderr]      Running unittests src/lib.rs (/opt/rustwide/target/release/deps/ogentic_audit_core-b47b5b9b323d560a)
[INFO] [stdout] 
[INFO] [stdout] running 50 tests
[INFO] [stdout] test cbor::tests::decoder_detects_map_key_disorder ... ok
[INFO] [stdout] test cbor::tests::decoder_detects_truncation ... ok
[INFO] [stdout] test cbor::tests::decoder_rejects_deeply_nested_arrays ... ok
[INFO] [stdout] test cbor::tests::bstr_and_tstr ... ok
[INFO] [stdout] test cbor::tests::decoder_accepts_shallow_nesting_below_cap ... ok
[INFO] [stdout] test cbor::tests::map_int_keys_sorts_canonically ... ok
[INFO] [stdout] test cbor::tests::decoder_round_trips_record_shaped_map ... ok
[INFO] [stdout] test cbor::tests::decoder_rejects_non_canonical_long_encoding ... ok
[INFO] [stdout] test cbor::tests::map_text_keys_sorts_by_length_then_bytes ... ok
[INFO] [stdout] test cbor::tests::nint_examples ... ok
[INFO] [stdout] test cbor::tests::decoder_rejects_at_max_depth ... ok
[INFO] [stdout] test cbor::tests::bool_encoding ... ok
[INFO] [stdout] test checkpoint::tests::position_requires_both_segment_and_record_id ... ok
[INFO] [stdout] test key::tests::debug_redacts_key_but_shows_key_id ... ok
[INFO] [stdout] test key::tests::display_redacts_key ... ok
[INFO] [stdout] test cbor::tests::uint_shortest_form ... ok
[INFO] [stdout] test checkpoint::tests::matches_key_is_exact ... ok
[INFO] [stdout] test key::tests::from_slice_accepts_32_bytes ... ok
[INFO] [stdout] test key::tests::from_slice_rejects_other_lengths ... ok
[INFO] [stdout] test key::tests::hmac_bytes_constant_time_eq ... ok
[INFO] [stdout] test key::tests::key_id_hex_formatting ... ok
[INFO] [stdout] test key::tests::key_id_constant_time_eq ... ok
[INFO] [stdout] test key::tests::key_handle_object_safe ... ok
[INFO] [stdout] test key::tests::key_id_is_blake3_of_key ... ok
[INFO] [stdout] test key::tests::key_id_is_stable ... ok
[INFO] [stdout] test key::tests::matches_v0_1_empty_vector ... ok
[INFO] [stdout] test key::tests::sign_is_deterministic ... ok
[INFO] [stdout] test policy::tests::absent_policy_is_ok_none ... ok
[INFO] [stdout] test policy::tests::bad_digest_shapes_are_rejected ... ok
[INFO] [stdout] test policy::tests::deny_with_no_optional_fields_round_trips ... ok
[INFO] [stdout] test policy::tests::digest_string_is_rfc_shaped ... ok
[INFO] [stdout] test policy::tests::malformed_is_error_not_silently_ignored ... ok
[INFO] [stdout] test key::tests::sign_depends_on_key ... ok
[INFO] [stdout] test policy::tests::round_trips_through_payload_map ... ok
[INFO] [stdout] test reader::tests::parse_segment_filename_rejects_invalid ... ok
[INFO] [stdout] test reader::tests::read_strategy_default_is_buffered ... ok
[INFO] [stdout] test segment::tests::frame_record_layout ... ok
[INFO] [stdout] test segment::tests::genesis_header_round_trip ... ok
[INFO] [stdout] test segment::tests::parse_rejects_bad_crc ... ok
[INFO] [stdout] test reader::tests::parse_segment_filename_accepts_valid ... ok
[INFO] [stdout] test segment::tests::parse_rejects_bad_magic ... ok
[INFO] [stdout] test segment::tests::parse_rejects_bad_version ... ok
[INFO] [stdout] test segment::tests::next_header_carries_prev_final ... ok
[INFO] [stdout] test verifier::tests::compact_verdict_format ... ok
[INFO] [stdout] test segment::tests::parse_round_trips_genesis ... ok
[INFO] [stdout] test segment::tests::parse_rejects_too_short ... ok
[INFO] [stdout] test verifier::tests::violation_kind_strings_stable ... ok
[INFO] [stdout] test segment::tests::parse_round_trips_segment_n ... ok
[INFO] [stdout] test sync_compat::tests::full_sync_on_empty_file ... ok
[INFO] [stdout] test sync_compat::tests::full_sync_after_write ... ok
[INFO] [stdout] 
[INFO] [stdout] test result: ok. 50 passed; 0 failed; 0 ignored; 0 measured; 0 filtered out; finished in 0.01s
[INFO] [stdout] 
[INFO] [stderr]      Running tests/checkpoint_anchor.rs (/opt/rustwide/target/release/deps/checkpoint_anchor-e6f98b72c9beb149)
[INFO] [stdout] 
[INFO] [stdout] running 9 tests
[INFO] [stdout] test python_parity_single_record_wrong_hmac_is_mismatch ... FAILED
[INFO] [stdout] test python_parity_single_record_matching_checkpoint_verifies ... FAILED
[INFO] [stdout] test checkpoint_from_a_different_log_is_refused ... ok
[INFO] [stdout] test earlier_violation_takes_precedence_over_truncation ... ok
[INFO] [stdout] test clean_log_verifies_against_its_own_checkpoint ... ok
[INFO] [stdout] test checkpoint_catches_truncated_history ... ok
[INFO] [stdout] test checkpoint_catches_rewritten_history ... ok
[INFO] [stdout] test checkpoint_still_matches_after_honest_appends ... ok
[INFO] [stdout] test verifies_rewritten_chain_without_checkpoint ... ok
[INFO] [stdout] 
[INFO] [stdout] failures:
[INFO] [stdout] 
[INFO] [stderr] error: test failed, to rerun pass `--test checkpoint_anchor`
[INFO] [stdout] ---- python_parity_single_record_wrong_hmac_is_mismatch stdout ----
[INFO] [stdout] 
[INFO] [stdout] thread 'python_parity_single_record_wrong_hmac_is_mismatch' (1733) panicked at tests/checkpoint_anchor.rs:291:81:
[INFO] [stdout] called `Result::unwrap()` on an `Err` value: Os { code: 2, kind: NotFound, message: "No such file or directory" }
[INFO] [stdout] stack backtrace:
[INFO] [stdout]    0:     0x5e888bbe3071 - <<std[70759c8f55707aa4]::sys::backtrace::BacktraceLock>::print::DisplayBacktrace as core[df12db4294e9bfd3]::fmt::Display>::fmt
[INFO] [stdout]    1:     0x5e888bbf849a - core[df12db4294e9bfd3]::fmt::write
[INFO] [stdout]    2:     0x5e888bbe78cc - <alloc[2182bb758b4b3781]::vec::Vec<u8> as core[df12db4294e9bfd3]::io::write::Write>::write_fmt
[INFO] [stdout]    3:     0x5e888bbbd456 - std[70759c8f55707aa4]::panicking::default_hook::{closure#0}
[INFO] [stdout]    4:     0x5e888bbda639 - std[70759c8f55707aa4]::panicking::default_hook
[INFO] [stdout]    5:     0x5e888bb44e00 - test[9d35eded1c95d3be]::test_main_inner::<test[9d35eded1c95d3be]::test_main_static::{closure#0}>::{closure#0}
[INFO] [stdout]    6:     0x5e888bbda7f2 - std[70759c8f55707aa4]::panicking::panic_with_hook
[INFO] [stdout]    7:     0x5e888bbbd502 - std[70759c8f55707aa4]::panicking::panic_handler::{closure#0}
[INFO] [stdout]    8:     0x5e888bbb5f39 - std[70759c8f55707aa4]::sys::backtrace::__rust_end_short_backtrace::<std[70759c8f55707aa4]::panicking::panic_handler::{closure#0}, !>
[INFO] [stdout]    9:     0x5e888bbbe0fd - __rustc[8fa7c3cbc660c2b3]::rust_begin_unwind
[INFO] [stdout]   10:     0x5e888bbf8bcc - core[df12db4294e9bfd3]::panicking::panic_fmt
[INFO] [stdout]   11:     0x5e888bbf89a2 - core[df12db4294e9bfd3]::result::unwrap_failed
[INFO] [stdout]   12:     0x5e888bb2d995 - checkpoint_anchor[2173fa9787a0f715]::checkpoint_from_chain
[INFO] [stdout]   13:     0x5e888bb30e69 - <checkpoint_anchor[2173fa9787a0f715]::python_parity_single_record_wrong_hmac_is_mismatch::{closure#0} as core[df12db4294e9bfd3]::ops::function::FnOnce<()>>::call_once
[INFO] [stdout]   14:     0x5e888bb380eb - test[9d35eded1c95d3be]::__rust_begin_short_backtrace::<core[df12db4294e9bfd3]::result::Result<(), alloc[2182bb758b4b3781]::string::String>, fn() -> core[df12db4294e9bfd3]::result::Result<(), alloc[2182bb758b4b3781]::string::String>>
[INFO] [stdout]   15:     0x5e888bb45755 - test[9d35eded1c95d3be]::run_test::{closure#0}
[INFO] [stdout]   16:     0x5e888bb3f014 - std[70759c8f55707aa4]::sys::backtrace::__rust_begin_short_backtrace::<test[9d35eded1c95d3be]::run_test::{closure#1}, ()>
[INFO] [stdout]   17:     0x5e888bb488b2 - <std[70759c8f55707aa4]::thread::lifecycle::spawn_unchecked<test[9d35eded1c95d3be]::run_test::{closure#1}, ()>::{closure#1} as core[df12db4294e9bfd3]::ops::function::FnOnce<()>>::call_once::{shim:vtable#0}
[INFO] [stdout]   18:     0x5e888bbe20c9 - <std[70759c8f55707aa4]::sys::thread::unix::Thread>::new::thread_start
[INFO] [stdout]   19:     0x7a1fb616cdfa - <unknown>
[INFO] [stdout]   20:     0x7a1fb62003d4 - clone
[INFO] [stdout]   21:                0x0 - <unknown>
[INFO] [stdout] 
[INFO] [stdout] ---- python_parity_single_record_matching_checkpoint_verifies stdout ----
[INFO] [stdout] 
[INFO] [stdout] thread 'python_parity_single_record_matching_checkpoint_verifies' (1732) panicked at tests/checkpoint_anchor.rs:291:81:
[INFO] [stdout] called `Result::unwrap()` on an `Err` value: Os { code: 2, kind: NotFound, message: "No such file or directory" }
[INFO] [stdout] stack backtrace:
[INFO] [stdout]    0:     0x5e888bbe3071 - <<std[70759c8f55707aa4]::sys::backtrace::BacktraceLock>::print::DisplayBacktrace as core[df12db4294e9bfd3]::fmt::Display>::fmt
[INFO] [stdout]    1:     0x5e888bbf849a - core[df12db4294e9bfd3]::fmt::write
[INFO] [stdout]    2:     0x5e888bbe78cc - <alloc[2182bb758b4b3781]::vec::Vec<u8> as core[df12db4294e9bfd3]::io::write::Write>::write_fmt
[INFO] [stdout]    3:     0x5e888bbbd456 - std[70759c8f55707aa4]::panicking::default_hook::{closure#0}
[INFO] [stdout]    4:     0x5e888bbda639 - std[70759c8f55707aa4]::panicking::default_hook
[INFO] [stdout]    5:     0x5e888bb44e00 - test[9d35eded1c95d3be]::test_main_inner::<test[9d35eded1c95d3be]::test_main_static::{closure#0}>::{closure#0}
[INFO] [stdout]    6:     0x5e888bbda7f2 - std[70759c8f55707aa4]::panicking::panic_with_hook
[INFO] [stdout]    7:     0x5e888bbbd502 - std[70759c8f55707aa4]::panicking::panic_handler::{closure#0}
[INFO] [stdout]    8:     0x5e888bbb5f39 - std[70759c8f55707aa4]::sys::backtrace::__rust_end_short_backtrace::<std[70759c8f55707aa4]::panicking::panic_handler::{closure#0}, !>
[INFO] [stdout]    9:     0x5e888bbbe0fd - __rustc[8fa7c3cbc660c2b3]::rust_begin_unwind
[INFO] [stdout]   10:     0x5e888bbf8bcc - core[df12db4294e9bfd3]::panicking::panic_fmt
[INFO] [stdout]   11:     0x5e888bbf89a2 - core[df12db4294e9bfd3]::result::unwrap_failed
[INFO] [stdout]   12:     0x5e888bb2d995 - checkpoint_anchor[2173fa9787a0f715]::checkpoint_from_chain
[INFO] [stdout]   13:     0x5e888bb313f7 - <checkpoint_anchor[2173fa9787a0f715]::python_parity_single_record_matching_checkpoint_verifies::{closure#0} as core[df12db4294e9bfd3]::ops::function::FnOnce<()>>::call_once
[INFO] [stdout]   14:     0x5e888bb380eb - test[9d35eded1c95d3be]::__rust_begin_short_backtrace::<core[df12db4294e9bfd3]::result::Result<(), alloc[2182bb758b4b3781]::string::String>, fn() -> core[df12db4294e9bfd3]::result::Result<(), alloc[2182bb758b4b3781]::string::String>>
[INFO] [stdout]   15:     0x5e888bb45755 - test[9d35eded1c95d3be]::run_test::{closure#0}
[INFO] [stdout]   16:     0x5e888bb3f014 - std[70759c8f55707aa4]::sys::backtrace::__rust_begin_short_backtrace::<test[9d35eded1c95d3be]::run_test::{closure#1}, ()>
[INFO] [stdout]   17:     0x5e888bb488b2 - <std[70759c8f55707aa4]::thread::lifecycle::spawn_unchecked<test[9d35eded1c95d3be]::run_test::{closure#1}, ()>::{closure#1} as core[df12db4294e9bfd3]::ops::function::FnOnce<()>>::call_once::{shim:vtable#0}
[INFO] [stdout]   18:     0x5e888bbe20c9 - <std[70759c8f55707aa4]::sys::thread::unix::Thread>::new::thread_start
[INFO] [stdout]   19:     0x7a1fb616cdfa - <unknown>
[INFO] [stdout]   20:     0x7a1fb62003d4 - clone
[INFO] [stdout]   21:                0x0 - <unknown>
[INFO] [stdout] 
[INFO] [stdout] 
[INFO] [stdout] failures:
[INFO] [stdout]     python_parity_single_record_matching_checkpoint_verifies
[INFO] [stdout]     python_parity_single_record_wrong_hmac_is_mismatch
[INFO] [stdout] 
[INFO] [stdout] test result: FAILED. 7 passed; 2 failed; 0 ignored; 0 measured; 0 filtered out; finished in 0.02s
[INFO] [stdout] 
[INFO] running `Command { std: "docker" "inspect" "739e06511c83caa269470ae00731c8e250b3dd6a25f3782d8d4c26c4039d580e", kill_on_drop: false }`
[INFO] running `Command { std: "docker" "rm" "-f" "739e06511c83caa269470ae00731c8e250b3dd6a25f3782d8d4c26c4039d580e", kill_on_drop: false }`
[INFO] [stdout] 739e06511c83caa269470ae00731c8e250b3dd6a25f3782d8d4c26c4039d580e
