[INFO] fetching crate ogenius 0.1.6...
[INFO] testing ogenius-0.1.6 against 1.100.0-beta.1+cargoflags=--release for beta-release-1.100-2
[INFO] extracting crate ogenius 0.1.6 into /workspace/builds/worker-0-tc2/source
[INFO] started tweaking crates.io crate ogenius 0.1.6
[INFO] removed 0 missing tests
[INFO] finished tweaking crates.io crate ogenius 0.1.6
[INFO] tweaked toml for crates.io crate ogenius 0.1.6 written to /workspace/builds/worker-0-tc2/source/Cargo.toml
[INFO] validating manifest of crates.io crate ogenius 0.1.6 on toolchain 1.100.0-beta.1
[INFO] running `Command { std: CARGO_HOME="/workspace/cargo-home" RUSTUP_HOME="/workspace/rustup-home" "/workspace/cargo-home/bin/cargo" "+1.100.0-beta.1" "metadata" "--manifest-path" "Cargo.toml" "--no-deps", kill_on_drop: false }`
[INFO] crate crates.io crate ogenius 0.1.6 already has a lockfile, it will not be regenerated
[INFO] running `Command { std: CARGO_HOME="/workspace/cargo-home" RUSTUP_HOME="/workspace/rustup-home" "/workspace/cargo-home/bin/cargo" "+1.100.0-beta.1" "fetch" "--manifest-path" "Cargo.toml", kill_on_drop: false }`
[INFO] running `Command { std: "docker" "create" "-v" "/var/lib/crater-agent-workspace/builds/worker-0-tc2/source:/opt/rustwide/workdir:ro,Z" "-v" "/var/lib/crater-agent-workspace/builds/worker-0-tc2/target:/opt/rustwide/target:rw,Z" "-v" "/var/lib/crater-agent-workspace/cargo-home:/opt/rustwide/cargo-home:ro,Z" "-v" "/var/lib/crater-agent-workspace/rustup-home:/opt/rustwide/rustup-home:ro,Z" "-m" "1610612736" "--network" "none" "ghcr.io/rust-lang/crates-build-env/linux@sha256:77db811e55d90add9212f6832c23229e3de5f1c1f9905e8cb07319ea15df73ac" "sleep" "infinity", kill_on_drop: false }`
[INFO] [stdout] 26a80e73eaa89c22075951bc024e6f49ad26125412ef4483509799a60cf56819
[INFO] running `Command { std: "docker" "start" "26a80e73eaa89c22075951bc024e6f49ad26125412ef4483509799a60cf56819", kill_on_drop: false }`
[INFO] running `Command { std: "docker" "inspect" "26a80e73eaa89c22075951bc024e6f49ad26125412ef4483509799a60cf56819", kill_on_drop: false }`
[INFO] running `Command { std: "docker" "exec" "-e" "SOURCE_DIR=/opt/rustwide/workdir" "-e" "CARGO_HOME=/opt/rustwide/cargo-home" "-e" "RUSTUP_HOME=/opt/rustwide/rustup-home" "-e" "CARGO_TARGET_DIR=/opt/rustwide/target" "-w" "/opt/rustwide/workdir" "--user" "0:0" "26a80e73eaa89c22075951bc024e6f49ad26125412ef4483509799a60cf56819" "/opt/rustwide/cargo-home/bin/cargo" "+1.100.0-beta.1" "metadata" "--no-deps" "--format-version=1", kill_on_drop: false }`
[INFO] running `Command { std: "docker" "inspect" "26a80e73eaa89c22075951bc024e6f49ad26125412ef4483509799a60cf56819", kill_on_drop: false }`
[INFO] running `Command { std: "docker" "exec" "-e" "SOURCE_DIR=/opt/rustwide/workdir" "-e" "CARGO_HOME=/opt/rustwide/cargo-home" "-e" "RUSTUP_HOME=/opt/rustwide/rustup-home" "-e" "CARGO_TARGET_DIR=/opt/rustwide/target" "-e" "CARGO_INCREMENTAL=0" "-e" "RUST_BACKTRACE=full" "-e" "RUSTFLAGS=--cap-lints=warn" "-e" "RUSTDOCFLAGS=--cap-lints=warn" "-w" "/opt/rustwide/workdir" "--user" "0:0" "26a80e73eaa89c22075951bc024e6f49ad26125412ef4483509799a60cf56819" "/opt/rustwide/cargo-home/bin/cargo" "+1.100.0-beta.1" "build" "--frozen" "--message-format=json" "--release", kill_on_drop: false }`
[INFO] [stderr]    Compiling unicode-ident v1.0.22
[INFO] [stderr]    Compiling libc v0.2.180
[INFO] [stderr]    Compiling futures-io v0.3.31
[INFO] [stderr]    Compiling serde v1.0.228
[INFO] [stderr]    Compiling typeid v1.0.3
[INFO] [stderr]    Compiling cc v1.2.55
[INFO] [stderr]    Compiling erased-serde v0.4.9
[INFO] [stderr]    Compiling memchr v2.7.6
[INFO] [stderr]    Compiling subtle v2.4.1
[INFO] [stderr]    Compiling zerocopy v0.8.37
[INFO] [stderr]    Compiling fastrand v2.3.0
[INFO] [stderr]    Compiling bitflags v2.10.0
[INFO] [stderr]    Compiling generic-array v0.14.9
[INFO] [stderr]    Compiling concurrent-queue v2.5.0
[INFO] [stderr]    Compiling serde_fmt v1.1.0
[INFO] [stderr]    Compiling rustix v1.1.3
[INFO] [stderr]    Compiling proc-macro2 v1.0.106
[INFO] [stderr]    Compiling syn v1.0.109
[INFO] [stderr]    Compiling linux-raw-sys v0.11.0
[INFO] [stderr]    Compiling event-listener v5.4.1
[INFO] [stderr]    Compiling futures-lite v2.6.1
[INFO] [stderr]    Compiling async-io v2.6.0
[INFO] [stderr]    Compiling event-listener v2.5.3
[INFO] [stderr]    Compiling async-task v4.7.1
[INFO] [stderr]    Compiling quote v1.0.44
[INFO] [stderr]    Compiling event-listener-strategy v0.5.4
[INFO] [stderr]    Compiling standback v0.2.17
[INFO] [stderr]    Compiling getrandom v0.1.16
[INFO] [stderr]    Compiling async-channel v2.5.0
[INFO] [stderr]    Compiling async-lock v3.4.2
[INFO] [stderr]    Compiling proc-macro-hack v0.5.20+deprecated
[INFO] [stderr]    Compiling syn v2.0.114
[INFO] [stderr]    Compiling digest v0.9.0
[INFO] [stderr]    Compiling block-buffer v0.9.0
[INFO] [stderr]    Compiling cipher v0.2.5
[INFO] [stderr]    Compiling piper v0.2.4
[INFO] [stderr]    Compiling async-channel v1.9.0
[INFO] [stderr]    Compiling zmij v1.0.19
[INFO] [stderr]    Compiling futures-sink v0.3.31
[INFO] [stderr]    Compiling universal-hash v0.4.1
[INFO] [stderr]    Compiling anyhow v1.0.100
[INFO] [stderr]    Compiling cpuid-bool v0.2.0
[INFO] [stderr]    Compiling wasm-bindgen-shared v0.2.108
[INFO] [stderr]    Compiling const_fn v0.4.11
[INFO] [stderr]    Compiling aes-soft v0.6.4
[INFO] [stderr]    Compiling polyval v0.4.5
[INFO] [stderr]    Compiling crypto-mac v0.10.1
[INFO] [stderr]    Compiling blocking v1.6.2
[INFO] [stderr]    Compiling async-executor v1.13.3
[INFO] [stderr]    Compiling value-bag-serde1 v1.12.0
[INFO] [stderr]    Compiling value-bag v1.12.0
[INFO] [stderr]    Compiling openssl-sys v0.9.111
[INFO] [stderr]    Compiling libnghttp2-sys v0.1.11+1.64.0
[INFO] [stderr]    Compiling libz-sys v1.1.23
[INFO] [stderr]    Compiling curl-sys v0.4.85+curl-8.18.0
[INFO] [stderr]    Compiling time v0.2.27
[INFO] [stderr]    Compiling waker-fn v1.2.0
[INFO] [stderr]    Compiling fastrand v1.9.0
[INFO] [stderr]    Compiling log v0.4.29
[INFO] [stderr]    Compiling serde_json v1.0.149
[INFO] [stderr]    Compiling ghash v0.3.1
[INFO] [stderr]    Compiling errno v0.3.14
[INFO] [stderr]    Compiling getrandom v0.2.17
[INFO] [stderr]    Compiling futures-lite v1.13.0
[INFO] [stderr]    Compiling rand_core v0.6.4
[INFO] [stderr]    Compiling signal-hook-registry v1.4.8
[INFO] [stderr]    Compiling kv-log-macro v1.0.7
[INFO] [stderr]    Compiling rand_core v0.5.1
[INFO] [stderr]    Compiling aes v0.6.0
[INFO] [stderr]    Compiling hmac v0.10.1
[INFO] [stderr]    Compiling ctr v0.6.0
[INFO] [stderr]    Compiling sha2 v0.9.9
[INFO] [stderr]    Compiling aead v0.3.2
[INFO] [stderr]    Compiling cookie v0.14.4
[INFO] [stderr]    Compiling bytes v1.11.0
[INFO] [stderr]    Compiling hkdf v0.10.0
[INFO] [stderr]    Compiling futures-channel v0.3.31
[INFO] [stderr]    Compiling aes-gcm v0.8.0
[INFO] [stderr]    Compiling ryu v1.0.22
[INFO] [stderr]    Compiling http-types v2.12.0
[INFO] [stderr]    Compiling futures-task v0.3.31
[INFO] [stderr]    Compiling tracing-core v0.1.36
[INFO] [stderr]    Compiling curl v0.4.49
[INFO] [stderr]    Compiling infer v0.2.3
[INFO] [stderr]    Compiling spinning_top v0.2.5
[INFO] [stderr]    Compiling socket2 v0.6.2
[INFO] [stderr]    Compiling bumpalo v3.19.1
[INFO] [stderr]    Compiling isahc v0.9.14
[INFO] [stderr]    Compiling wasm-bindgen v0.2.108
[INFO] [stderr]    Compiling flume v0.9.2
[INFO] [stderr]    Compiling sluice v0.5.5
[INFO] [stderr]    Compiling bytes v0.5.6
[INFO] [stderr]    Compiling mime_guess v2.0.5
[INFO] [stderr]    Compiling http v0.2.12
[INFO] [stderr]    Compiling io-lifetimes v1.0.11
[INFO] [stderr]    Compiling polling v2.8.0
[INFO] [stderr]    Compiling num-traits v0.2.19
[INFO] [stderr]    Compiling rustix v0.37.28
[INFO] [stderr]    Compiling toml_write v0.1.2
[INFO] [stderr]    Compiling dirs-sys v0.4.1
[INFO] [stderr]    Compiling blake3 v0.3.8
[INFO] [stderr]    Compiling crypto-mac v0.8.0
[INFO] [stderr]    Compiling async-io v1.13.0
[INFO] [stderr]    Compiling linux-raw-sys v0.3.8
[INFO] [stderr]    Compiling dirs v5.0.1
[INFO] [stderr]    Compiling async-attributes v1.1.2
[INFO] [stderr]    Compiling time-macros-impl v0.1.2
[INFO] [stderr]    Compiling socket2 v0.4.10
[INFO] [stderr]    Compiling async-lock v2.8.0
[INFO] [stderr]    Compiling cfg-if v0.1.10
[INFO] [stderr]    Compiling constant_time_eq v0.1.5
[INFO] [stderr]    Compiling arrayvec v0.5.2
[INFO] [stderr]    Compiling nix v0.30.1
[INFO] [stderr]    Compiling anstyle-parse v0.2.7
[INFO] [stderr]    Compiling synstructure v0.13.2
[INFO] [stderr]    Compiling wasm-bindgen-macro-support v0.2.108
[INFO] [stderr]    Compiling time-macros v0.1.1
[INFO] [stderr]    Compiling hmac v0.8.1
[INFO] [stderr]    Compiling input_buffer v0.4.0
[INFO] [stderr]    Compiling async-dup v1.2.4
[INFO] [stderr]    Compiling sha-1 v0.9.8
[INFO] [stderr]    Compiling anstyle v1.0.13
[INFO] [stderr]    Compiling colorchoice v1.0.4
[INFO] [stderr]    Compiling base64 v0.12.3
[INFO] [stderr]    Compiling pin-project-lite v0.1.12
[INFO] [stderr]    Compiling clap_lex v0.7.7
[INFO] [stderr]    Compiling route-recognizer v0.2.0
[INFO] [stderr]    Compiling anstream v0.6.21
[INFO] [stderr]    Compiling console v0.16.2
[INFO] [stderr]    Compiling ppv-lite86 v0.2.21
[INFO] [stderr]    Compiling clap_builder v4.5.57
[INFO] [stderr]    Compiling unit-prefix v0.5.2
[INFO] [stderr]    Compiling colored v2.2.0
[INFO] [stderr]    Compiling rand_chacha v0.3.1
[INFO] [stderr]    Compiling rand_chacha v0.2.2
[INFO] [stderr]    Compiling indicatif v0.18.3
[INFO] [stderr]    Compiling zerofrom-derive v0.1.6
[INFO] [stderr]    Compiling serde_derive v1.0.228
[INFO] [stderr]    Compiling yoke-derive v0.8.1
[INFO] [stderr]    Compiling zerovec-derive v0.11.2
[INFO] [stderr]    Compiling displaydoc v0.2.5
[INFO] [stderr]    Compiling polling v3.11.0
[INFO] [stderr]    Compiling thiserror-impl v1.0.69
[INFO] [stderr]    Compiling rand v0.8.5
[INFO] [stderr]    Compiling pin-project-internal v1.1.10
[INFO] [stderr]    Compiling futures-macro v0.3.31
[INFO] [stderr]    Compiling rand v0.7.3
[INFO] [stderr]    Compiling tracing-attributes v0.1.31
[INFO] [stderr]    Compiling async-signal v0.2.13
[INFO] [stderr]    Compiling async-global-executor v2.4.1
[INFO] [stderr]    Compiling zerofrom v0.1.6
[INFO] [stderr]    Compiling async-process v2.5.0
[INFO] [stderr]    Compiling yoke v0.8.1
[INFO] [stderr]    Compiling futures-util v0.3.31
[INFO] [stderr]    Compiling zerovec v0.11.5
[INFO] [stderr]    Compiling zerotrie v0.2.3
[INFO] [stderr]    Compiling async-std v1.13.2
[INFO] [stderr]    Compiling thiserror v1.0.69
[INFO] [stderr]    Compiling pin-project v1.1.10
[INFO] [stderr]    Compiling async-trait v0.1.89
[INFO] [stderr]    Compiling wasm-bindgen-macro v0.2.108
[INFO] [stderr]    Compiling tracing v0.1.44
[INFO] [stderr]    Compiling tinystr v0.8.2
[INFO] [stderr]    Compiling potential_utf v0.1.4
[INFO] [stderr]    Compiling icu_locale_core v2.1.1
[INFO] [stderr]    Compiling icu_collections v2.1.1
[INFO] [stderr]    Compiling tracing-futures v0.2.5
[INFO] [stderr]    Compiling clap_derive v4.5.55
[INFO] [stderr]    Compiling ctrlc v3.5.1
[INFO] [stderr]    Compiling js-sys v0.3.85
[INFO] [stderr]    Compiling icu_provider v2.1.1
[INFO] [stderr]    Compiling icu_properties v2.1.2
[INFO] [stderr]    Compiling icu_normalizer v2.1.1
[INFO] [stderr]    Compiling serde_urlencoded v0.7.1
[INFO] [stderr]    Compiling serde_qs v0.8.5
[INFO] [stderr]    Compiling serde_spanned v0.6.9
[INFO] [stderr]    Compiling toml_datetime v0.6.11
[INFO] [stderr]    Compiling rusty-genius-core v0.1.6
[INFO] [stderr]    Compiling bincode v1.3.3
[INFO] [stderr]    Compiling chrono v0.4.43
[INFO] [stderr]    Compiling femme v2.2.1
[INFO] [stderr]    Compiling toml_edit v0.22.27
[INFO] [stderr]    Compiling clap v4.5.57
[INFO] [stderr]    Compiling futures-executor v0.3.31
[INFO] [stderr]    Compiling futures v0.3.31
[INFO] [stderr]    Compiling rusty-genius-cortex v0.1.6
[INFO] [stderr]    Compiling idna_adapter v1.2.1
[INFO] [stderr]    Compiling idna v1.1.0
[INFO] [stderr]    Compiling url v2.5.8
[INFO] [stderr]    Compiling tungstenite v0.13.0
[INFO] [stderr]    Compiling async-session v2.0.1
[INFO] [stderr]    Compiling async-tungstenite v0.13.1
[INFO] [stderr]    Compiling web-sys v0.3.85
[INFO] [stderr]    Compiling toml v0.8.23
[INFO] [stderr]    Compiling http-client v6.5.3
[INFO] [stderr]    Compiling surf v2.3.2
[INFO] [stderr]    Compiling async-h1 v2.3.4
[INFO] [stderr]    Compiling async-sse v4.1.0
[INFO] [stderr]    Compiling facecrab v0.1.6
[INFO] [stderr]    Compiling tide v0.16.0
[INFO] [stderr]    Compiling rusty-genius-stem v0.1.6
[INFO] [stderr]    Compiling rusty-genius-cord v0.1.6
[INFO] [stderr]    Compiling tide-websockets v0.4.0
[INFO] [stderr]    Compiling rusty-genius v0.1.6
[INFO] [stderr]    Compiling ogenius v0.1.6 (/opt/rustwide/workdir)
[INFO] [stderr] warning: unused dependency `rusty-genius`
[INFO] [stderr]   --> Cargo.toml:39:15
[INFO] [stderr]    |
[INFO] [stderr] 39 | [dependencies.rusty-genius]
[INFO] [stderr]    |               ^^^^^^^^^^^^^
[INFO] [stderr]    |
[INFO] [stderr]    = note: `cargo::unused_dependencies` is set to `warn` by default
[INFO] [stderr] help: consider removing the dependency on `rusty-genius`
[INFO] [stderr] warning: `ogenius` (manifest) generated 1 warning
[INFO] [stderr]     Finished `release` profile [optimized] target(s) in 38.00s
[INFO] [stderr] warning: the following packages contain code that will be rejected by a future version of Rust: nix v0.30.1
[INFO] [stderr] note: to see what the problems were, use the option `--future-incompat-report`, or run `cargo report future-incompatibilities --id 5`
[INFO] running `Command { std: "docker" "inspect" "26a80e73eaa89c22075951bc024e6f49ad26125412ef4483509799a60cf56819", kill_on_drop: false }`
[INFO] running `Command { std: "docker" "exec" "-e" "SOURCE_DIR=/opt/rustwide/workdir" "-e" "CARGO_HOME=/opt/rustwide/cargo-home" "-e" "RUSTUP_HOME=/opt/rustwide/rustup-home" "-e" "CARGO_TARGET_DIR=/opt/rustwide/target" "-e" "CARGO_INCREMENTAL=0" "-e" "RUST_BACKTRACE=full" "-e" "RUSTFLAGS=--cap-lints=warn" "-e" "RUSTDOCFLAGS=--cap-lints=warn" "-w" "/opt/rustwide/workdir" "--user" "0:0" "26a80e73eaa89c22075951bc024e6f49ad26125412ef4483509799a60cf56819" "/opt/rustwide/cargo-home/bin/cargo" "+1.100.0-beta.1" "test" "--frozen" "--no-run" "--message-format=json" "--release", kill_on_drop: false }`
[INFO] [stderr]    Compiling ogenius v0.1.6 (/opt/rustwide/workdir)
[INFO] [stderr]     Finished `release` profile [optimized] target(s) in 2.10s
[INFO] [stderr] warning: the following packages contain code that will be rejected by a future version of Rust: nix v0.30.1
[INFO] [stderr] note: to see what the problems were, use the option `--future-incompat-report`, or run `cargo report future-incompatibilities --id 5`
[INFO] running `Command { std: "docker" "inspect" "26a80e73eaa89c22075951bc024e6f49ad26125412ef4483509799a60cf56819", kill_on_drop: false }`
[INFO] running `Command { std: "docker" "exec" "-e" "SOURCE_DIR=/opt/rustwide/workdir" "-e" "CARGO_HOME=/opt/rustwide/cargo-home" "-e" "RUSTUP_HOME=/opt/rustwide/rustup-home" "-e" "CARGO_TARGET_DIR=/opt/rustwide/target" "-e" "CARGO_INCREMENTAL=0" "-e" "RUST_BACKTRACE=full" "-e" "RUSTFLAGS=--cap-lints=warn" "-e" "RUSTDOCFLAGS=--cap-lints=warn" "-w" "/opt/rustwide/workdir" "--user" "0:0" "26a80e73eaa89c22075951bc024e6f49ad26125412ef4483509799a60cf56819" "/opt/rustwide/cargo-home/bin/cargo" "+1.100.0-beta.1" "test" "--frozen" "--release", kill_on_drop: false }`
[INFO] [stderr]     Finished `release` profile [optimized] target(s) in 0.29s
[INFO] [stderr] warning: the following packages contain code that will be rejected by a future version of Rust: nix v0.30.1
[INFO] [stderr] note: to see what the problems were, use the option `--future-incompat-report`, or run `cargo report future-incompatibilities --id 5`
[INFO] [stderr]      Running unittests src/lib.rs (/opt/rustwide/target/release/build/ogenius/8fe7809bcc8b5386/out/ogenius-8fe7809bcc8b5386)
[INFO] [stdout] 
[INFO] [stdout] running 0 tests
[INFO] [stdout] 
[INFO] [stdout] test result: ok. 0 passed; 0 failed; 0 ignored; 0 measured; 0 filtered out; finished in 0.00s
[INFO] [stdout] 
[INFO] [stderr]      Running unittests src/bin/embed_test.rs (/opt/rustwide/target/release/build/ogenius/c3413b1c414fa5b7/out/embed_test-c3413b1c414fa5b7)
[INFO] [stdout] 
[INFO] [stdout] running 0 tests
[INFO] [stdout] 
[INFO] [stdout] test result: ok. 0 passed; 0 failed; 0 ignored; 0 measured; 0 filtered out; finished in 0.00s
[INFO] [stdout] 
[INFO] [stderr]      Running unittests src/bin/inference_test.rs (/opt/rustwide/target/release/build/ogenius/3001aa13f3920cbe/out/inference_test-3001aa13f3920cbe)
[INFO] [stdout] 
[INFO] [stdout] running 0 tests
[INFO] [stdout] 
[INFO] [stdout] test result: ok. 0 passed; 0 failed; 0 ignored; 0 measured; 0 filtered out; finished in 0.00s
[INFO] [stdout] 
[INFO] [stderr]      Running unittests src/main.rs (/opt/rustwide/target/release/build/ogenius/22af4e5e21ab3b80/out/ogenius-22af4e5e21ab3b80)
[INFO] [stdout] 
[INFO] [stdout] running 0 tests
[INFO] [stdout] 
[INFO] [stdout] test result: ok. 0 passed; 0 failed; 0 ignored; 0 measured; 0 filtered out; finished in 0.00s
[INFO] [stdout] 
[INFO] [stderr]      Running tests/http_tests.rs (/opt/rustwide/target/release/build/ogenius/5bb844c26798f933/out/http_tests-5bb844c26798f933)
[INFO] [stdout] 
[INFO] [stdout] running 5 tests
[INFO] [stdout] test test_reset_engine ... FAILED
[INFO] [stdout] test test_embeddings ... FAILED
[INFO] [stdout] test test_config_endpoint ... FAILED
[INFO] [stdout] test test_chat_completions ... FAILED
[INFO] [stdout] test test_list_models ... FAILED
[INFO] [stdout] 
[INFO] [stdout] failures:
[INFO] [stdout] 
[INFO] [stdout] ---- test_reset_engine stdout ----
[INFO] [stdout] 
[INFO] [stdout] thread 'test_reset_engine' (4462) panicked at tests/http_tests.rs:36:14:
[INFO] [stdout] Failed to start ogenius: Os { code: 2, kind: NotFound, message: "No such file or directory" }
[INFO] [stdout] stack backtrace:
[INFO] [stdout]    0:     0x5fb090ecf2d1 - <<std[617be2ca0a6fd877]::sys::backtrace::BacktraceLock>::print::DisplayBacktrace as core[a373ad73a504971]::fmt::Display>::fmt
[INFO] [stdout]    1:     0x5fb090ee5bea - core[a373ad73a504971]::fmt::write
[INFO] [stdout]    2:     0x5fb090ed3ebc - <alloc[2e1b2a31b91974c5]::vec::Vec<u8> as core[a373ad73a504971]::io::write::Write>::write_fmt
[INFO] [stdout]    3:     0x5fb090ea9ad6 - std[617be2ca0a6fd877]::panicking::default_hook::{closure#0}
[INFO] [stdout]    4:     0x5fb090ec6fa9 - std[617be2ca0a6fd877]::panicking::default_hook
[INFO] [stdout]    5:     0x5fb090e37fe0 - test[aada8e7e76ba119b]::test_main_inner::{closure#0}
[INFO] [stdout]    6:     0x5fb090ec7162 - std[617be2ca0a6fd877]::panicking::panic_with_hook
[INFO] [stdout]    7:     0x5fb090ea9b82 - std[617be2ca0a6fd877]::panicking::panic_handler::{closure#0}
[INFO] [stdout]    8:     0x5fb090ea2229 - std[617be2ca0a6fd877]::sys::backtrace::__rust_end_short_backtrace::<std[617be2ca0a6fd877]::panicking::panic_handler::{closure#0}, !>
[INFO] [stdout]    9:     0x5fb090eaaa8d - __rustc[ea4f61d10b84890b]::rust_begin_unwind
[INFO] [stdout]   10:     0x5fb090ee63cc - core[a373ad73a504971]::panicking::panic_fmt
[INFO] [stdout]   11:     0x5fb090ee61a2 - core[a373ad73a504971]::result::unwrap_failed
[INFO] [stdout]   12:     0x5fb090d96772 - <http_tests[acf17cd68b21405f]::TestServer>::new::{closure#0}
[INFO] [stdout]   13:     0x5fb090d8c039 - <std[617be2ca0a6fd877]::thread::local::LocalKey<core[a373ad73a504971]::cell::Cell<*const async_std[c9c22500940136df]::task::task_locals_wrapper::TaskLocalsWrapper>>>::with::<<async_std[c9c22500940136df]::task::task_locals_wrapper::TaskLocalsWrapper>::set_current<<async_std[c9c22500940136df]::task::builder::SupportTaskLocals<http_tests[acf17cd68b21405f]::test_reset_engine::{closure#0}> as core[a373ad73a504971]::future::future::Future>::poll::{closure#0}, core[a373ad73a504971]::task::poll::Poll<()>>::{closure#0}, core[a373ad73a504971]::task::poll::Poll<()>>
[INFO] [stdout]   14:     0x5fb090d9b880 - <futures_lite[19ea45cac1ca77cf]::future::Or<async_std[c9c22500940136df]::task::builder::SupportTaskLocals<http_tests[acf17cd68b21405f]::test_reset_engine::{closure#0}>, <async_executor[11b2171ad5940f7e]::State>::run<(), async_std[c9c22500940136df]::task::builder::SupportTaskLocals<http_tests[acf17cd68b21405f]::test_reset_engine::{closure#0}>>::{closure#0}::{closure#0}> as core[a373ad73a504971]::future::future::Future>::poll
[INFO] [stdout]   15:     0x5fb090d8fe90 - <std[617be2ca0a6fd877]::thread::local::LocalKey<core[a373ad73a504971]::cell::RefCell<(parking[94520506948df958]::Parker, core[a373ad73a504971]::task::wake::Waker, alloc[2e1b2a31b91974c5]::sync::Arc<core[a373ad73a504971]::sync::atomic::Atomic<bool>>)>>>::with::<async_io[a3c5141592adb4bd]::driver::block_on<(), <async_executor[11b2171ad5940f7e]::LocalExecutor>::run<(), async_std[c9c22500940136df]::task::builder::SupportTaskLocals<http_tests[acf17cd68b21405f]::test_reset_engine::{closure#0}>>::{closure#0}>::{closure#1}, ()>
[INFO] [stdout]   16:     0x5fb090d8d729 - <std[617be2ca0a6fd877]::thread::local::LocalKey<core[a373ad73a504971]::cell::Cell<usize>>>::with::<<async_std[c9c22500940136df]::task::builder::Builder>::blocking<http_tests[acf17cd68b21405f]::test_reset_engine::{closure#0}, ()>::{closure#0}, ()>
[INFO] [stdout]   17:     0x5fb090da41ab - <async_std[c9c22500940136df]::task::builder::Builder>::blocking::<http_tests[acf17cd68b21405f]::test_reset_engine::{closure#0}, ()>
[INFO] [stdout]   18:     0x5fb090d9e798 - <http_tests[acf17cd68b21405f]::test_reset_engine::{closure#0} as core[a373ad73a504971]::ops::function::FnOnce<()>>::call_once
[INFO] [stdout]   19:     0x5fb090e2b42b - test[aada8e7e76ba119b]::__rust_begin_short_backtrace::<core[a373ad73a504971]::result::Result<(), alloc[2e1b2a31b91974c5]::string::String>, fn() -> core[a373ad73a504971]::result::Result<(), alloc[2e1b2a31b91974c5]::string::String>>
[INFO] [stdout]   20:     0x5fb090e38605 - test[aada8e7e76ba119b]::run_test::{closure#0}
[INFO] [stdout]   21:     0x5fb090e31ef4 - std[617be2ca0a6fd877]::sys::backtrace::__rust_begin_short_backtrace::<test[aada8e7e76ba119b]::run_test::{closure#1}, ()>
[INFO] [stdout]   22:     0x5fb090e3b692 - <std[617be2ca0a6fd877]::thread::lifecycle::spawn_unchecked<test[aada8e7e76ba119b]::run_test::{closure#1}, ()>::{closure#1} as core[a373ad73a504971]::ops::function::FnOnce<()>>::call_once::{shim:vtable#0}
[INFO] [stdout]   23:     0x5fb090ece50f - <std[617be2ca0a6fd877]::sys::thread::unix::Thread>::new::thread_start
[INFO] [stdout]   24:     0x71d29c01cdfa - <unknown>
[INFO] [stdout]   25:     0x71d29c0b03d4 - clone
[INFO] [stdout]   26:                0x0 - <unknown>
[INFO] [stdout] 
[INFO] [stdout] ---- test_embeddings stdout ----
[INFO] [stdout] 
[INFO] [stdout] thread 'test_embeddings' (4460) panicked at tests/http_tests.rs:36:14:
[INFO] [stdout] Failed to start ogenius: Os { code: 2, kind: NotFound, message: "No such file or directory" }
[INFO] [stdout] stack backtrace:
[INFO] [stdout]    0:     0x5fb090ecf2d1 - <<std[617be2ca0a6fd877]::sys::backtrace::BacktraceLock>::print::DisplayBacktrace as core[a373ad73a504971]::fmt::Display>::fmt
[INFO] [stdout]    1:     0x5fb090ee5bea - core[a373ad73a504971]::fmt::write
[INFO] [stdout]    2:     0x5fb090ed3ebc - <alloc[2e1b2a31b91974c5]::vec::Vec<u8> as core[a373ad73a504971]::io::write::Write>::write_fmt
[INFO] [stdout]    3:     0x5fb090ea9ad6 - std[617be2ca0a6fd877]::panicking::default_hook::{closure#0}
[INFO] [stdout]    4:     0x5fb090ec6fa9 - std[617be2ca0a6fd877]::panicking::default_hook
[INFO] [stdout]    5:     0x5fb090e37fe0 - test[aada8e7e76ba119b]::test_main_inner::{closure#0}
[INFO] [stdout]    6:     0x5fb090ec7162 - std[617be2ca0a6fd877]::panicking::panic_with_hook
[INFO] [stdout]    7:     0x5fb090ea9b82 - std[617be2ca0a6fd877]::panicking::panic_handler::{closure#0}
[INFO] [stdout]    8:     0x5fb090ea2229 - std[617be2ca0a6fd877]::sys::backtrace::__rust_end_short_backtrace::<std[617be2ca0a6fd877]::panicking::panic_handler::{closure#0}, !>
[INFO] [stdout]    9:     0x5fb090eaaa8d - __rustc[ea4f61d10b84890b]::rust_begin_unwind
[INFO] [stdout]   10:     0x5fb090ee63cc - core[a373ad73a504971]::panicking::panic_fmt
[INFO] [stdout]   11:     0x5fb090ee61a2 - core[a373ad73a504971]::result::unwrap_failed
[INFO] [stdout]   12:     0x5fb090d96772 - <http_tests[acf17cd68b21405f]::TestServer>::new::{closure#0}
[INFO] [stdout]   13:     0x5fb090d8b5a9 - <std[617be2ca0a6fd877]::thread::local::LocalKey<core[a373ad73a504971]::cell::Cell<*const async_std[c9c22500940136df]::task::task_locals_wrapper::TaskLocalsWrapper>>>::with::<<async_std[c9c22500940136df]::task::task_locals_wrapper::TaskLocalsWrapper>::set_current<<async_std[c9c22500940136df]::task::builder::SupportTaskLocals<http_tests[acf17cd68b21405f]::test_embeddings::{closure#0}> as core[a373ad73a504971]::future::future::Future>::poll::{closure#0}, core[a373ad73a504971]::task::poll::Poll<()>>::{closure#0}, core[a373ad73a504971]::task::poll::Poll<()>>
[INFO] [stdout]   14:     0x5fb090d9b640 - <futures_lite[19ea45cac1ca77cf]::future::Or<async_std[c9c22500940136df]::task::builder::SupportTaskLocals<http_tests[acf17cd68b21405f]::test_embeddings::{closure#0}>, <async_executor[11b2171ad5940f7e]::State>::run<(), async_std[c9c22500940136df]::task::builder::SupportTaskLocals<http_tests[acf17cd68b21405f]::test_embeddings::{closure#0}>>::{closure#0}::{closure#0}> as core[a373ad73a504971]::future::future::Future>::poll
[INFO] [stdout]   15:     0x5fb090d8e7f8 - <std[617be2ca0a6fd877]::thread::local::LocalKey<core[a373ad73a504971]::cell::RefCell<(parking[94520506948df958]::Parker, core[a373ad73a504971]::task::wake::Waker, alloc[2e1b2a31b91974c5]::sync::Arc<core[a373ad73a504971]::sync::atomic::Atomic<bool>>)>>>::with::<async_io[a3c5141592adb4bd]::driver::block_on<(), <async_executor[11b2171ad5940f7e]::LocalExecutor>::run<(), async_std[c9c22500940136df]::task::builder::SupportTaskLocals<http_tests[acf17cd68b21405f]::test_embeddings::{closure#0}>>::{closure#0}>::{closure#1}, ()>
[INFO] [stdout]   16:     0x5fb090d8d1dc - <std[617be2ca0a6fd877]::thread::local::LocalKey<core[a373ad73a504971]::cell::Cell<usize>>>::with::<<async_std[c9c22500940136df]::task::builder::Builder>::blocking<http_tests[acf17cd68b21405f]::test_embeddings::{closure#0}, ()>::{closure#0}, ()>
[INFO] [stdout]   17:     0x5fb090da3c9a - <async_std[c9c22500940136df]::task::builder::Builder>::blocking::<http_tests[acf17cd68b21405f]::test_embeddings::{closure#0}, ()>
[INFO] [stdout]   18:     0x5fb090d9e718 - <http_tests[acf17cd68b21405f]::test_embeddings::{closure#0} as core[a373ad73a504971]::ops::function::FnOnce<()>>::call_once
[INFO] [stdout]   19:     0x5fb090e2b42b - test[aada8e7e76ba119b]::__rust_begin_short_backtrace::<core[a373ad73a504971]::result::Result<(), alloc[2e1b2a31b91974c5]::string::String>, fn() -> core[a373ad73a504971]::result::Result<(), alloc[2e1b2a31b91974c5]::string::String>>
[INFO] [stdout]   20:     0x5fb090e38605 - test[aada8e7e76ba119b]::run_test::{closure#0}
[INFO] [stdout]   21:     0x5fb090e31ef4 - std[617be2ca0a6fd877]::sys::backtrace::__rust_begin_short_backtrace::<test[aada8e7e76ba119b]::run_test::{closure#1}, ()>
[INFO] [stdout]   22:     0x5fb090e3b692 - <std[617be2ca0a6fd877]::thread::lifecycle::spawn_unchecked<test[aada8e7e76ba119b]::run_test::{closure#1}, ()>::{closure#1} as core[a373ad73a504971]::ops::function::FnOnce<()>>::call_once::{shim:vtable#0}
[INFO] [stdout]   23:     0x5fb090ece50f - <std[617be2ca0a6fd877]::sys::thread::unix::Thread>::new::thread_start
[INFO] [stdout]   24:     0x71d29c01cdfa - <unknown>
[INFO] [stdout]   25:     0x71d29c0b03d4 - clone
[INFO] [stdout]   26:                0x0 - <unknown>
[INFO] [stdout] 
[INFO] [stdout] ---- test_config_endpoint stdout ----
[INFO] [stdout] 
[INFO] [stdout] thread 'test_config_endpoint' (4459) panicked at tests/http_tests.rs:36:14:
[INFO] [stdout] Failed to start ogenius: Os { code: 2, kind: NotFound, message: "No such file or directory" }
[INFO] [stdout] stack backtrace:
[INFO] [stdout]    0:     0x5fb090ecf2d1 - <<std[617be2ca0a6fd877]::sys::backtrace::BacktraceLock>::print::DisplayBacktrace as core[a373ad73a504971]::fmt::Display>::fmt
[INFO] [stdout]    1:     0x5fb090ee5bea - core[a373ad73a504971]::fmt::write
[INFO] [stdout]    2:     0x5fb090ed3ebc - <alloc[2e1b2a31b91974c5]::vec::Vec<u8> as core[a373ad73a504971]::io::write::Write>::write_fmt
[INFO] [stdout]    3:     0x5fb090ea9ad6 - std[617be2ca0a6fd877]::panicking::default_hook::{closure#0}
[INFO] [stdout]    4:     0x5fb090ec6fa9 - std[617be2ca0a6fd877]::panicking::default_hook
[INFO] [stdout]    5:     0x5fb090e37fe0 - test[aada8e7e76ba119b]::test_main_inner::{closure#0}
[INFO] [stdout]    6:     0x5fb090ec7162 - std[617be2ca0a6fd877]::panicking::panic_with_hook
[INFO] [stdout]    7:     0x5fb090ea9b82 - std[617be2ca0a6fd877]::panicking::panic_handler::{closure#0}
[INFO] [stdout]    8:     0x5fb090ea2229 - std[617be2ca0a6fd877]::sys::backtrace::__rust_end_short_backtrace::<std[617be2ca0a6fd877]::panicking::panic_handler::{closure#0}, !>
[INFO] [stdout]    9:     0x5fb090eaaa8d - __rustc[ea4f61d10b84890b]::rust_begin_unwind
[INFO] [stdout]   10:     0x5fb090ee63cc - core[a373ad73a504971]::panicking::panic_fmt
[INFO] [stdout]   11:     0x5fb090ee61a2 - core[a373ad73a504971]::result::unwrap_failed
[INFO] [stdout]   12:     0x5fb090d96772 - <http_tests[acf17cd68b21405f]::TestServer>::new::{closure#0}
[INFO] [stdout]   13:     0x5fb090d8c3a9 - <std[617be2ca0a6fd877]::thread::local::LocalKey<core[a373ad73a504971]::cell::Cell<*const async_std[c9c22500940136df]::task::task_locals_wrapper::TaskLocalsWrapper>>>::with::<<async_std[c9c22500940136df]::task::task_locals_wrapper::TaskLocalsWrapper>::set_current<<async_std[c9c22500940136df]::task::builder::SupportTaskLocals<http_tests[acf17cd68b21405f]::test_config_endpoint::{closure#0}> as core[a373ad73a504971]::future::future::Future>::poll::{closure#0}, core[a373ad73a504971]::task::poll::Poll<()>>::{closure#0}, core[a373ad73a504971]::task::poll::Poll<()>>
[INFO] [stdout]   14:     0x5fb090d9b9a0 - <futures_lite[19ea45cac1ca77cf]::future::Or<async_std[c9c22500940136df]::task::builder::SupportTaskLocals<http_tests[acf17cd68b21405f]::test_config_endpoint::{closure#0}>, <async_executor[11b2171ad5940f7e]::State>::run<(), async_std[c9c22500940136df]::task::builder::SupportTaskLocals<http_tests[acf17cd68b21405f]::test_config_endpoint::{closure#0}>>::{closure#0}::{closure#0}> as core[a373ad73a504971]::future::future::Future>::poll
[INFO] [stdout]   15:     0x5fb090d909f1 - <std[617be2ca0a6fd877]::thread::local::LocalKey<core[a373ad73a504971]::cell::RefCell<(parking[94520506948df958]::Parker, core[a373ad73a504971]::task::wake::Waker, alloc[2e1b2a31b91974c5]::sync::Arc<core[a373ad73a504971]::sync::atomic::Atomic<bool>>)>>>::with::<async_io[a3c5141592adb4bd]::driver::block_on<(), <async_executor[11b2171ad5940f7e]::LocalExecutor>::run<(), async_std[c9c22500940136df]::task::builder::SupportTaskLocals<http_tests[acf17cd68b21405f]::test_config_endpoint::{closure#0}>>::{closure#0}>::{closure#1}, ()>
[INFO] [stdout]   16:     0x5fb090d8d9d5 - <std[617be2ca0a6fd877]::thread::local::LocalKey<core[a373ad73a504971]::cell::Cell<usize>>>::with::<<async_std[c9c22500940136df]::task::builder::Builder>::blocking<http_tests[acf17cd68b21405f]::test_config_endpoint::{closure#0}, ()>::{closure#0}, ()>
[INFO] [stdout]   17:     0x5fb090da443a - <async_std[c9c22500940136df]::task::builder::Builder>::blocking::<http_tests[acf17cd68b21405f]::test_config_endpoint::{closure#0}, ()>
[INFO] [stdout]   18:     0x5fb090d9e7d8 - <http_tests[acf17cd68b21405f]::test_config_endpoint::{closure#0} as core[a373ad73a504971]::ops::function::FnOnce<()>>::call_once
[INFO] [stdout]   19:     0x5fb090e2b42b - test[aada8e7e76ba119b]::__rust_begin_short_backtrace::<core[a373ad73a504971]::result::Result<(), alloc[2e1b2a31b91974c5]::string::String>, fn() -> core[a373ad73a504971]::result::Result<(), alloc[2e1b2a31b91974c5]::string::String>>
[INFO] [stdout]   20:     0x5fb090e38605 - test[aada8e7e76ba119b]::run_test::{closure#0}
[INFO] [stdout]   21:     0x5fb090e31ef4 - std[617be2ca0a6fd877]::sys::backtrace::__rust_begin_short_backtrace::<test[aada8e7e76ba119b]::run_test::{closure#1}, ()>
[INFO] [stdout]   22:     0x5fb090e3b692 - <std[617be2ca0a6fd877]::thread::lifecycle::spawn_unchecked<test[aada8e7e76ba119b]::run_test::{closure#1}, ()>::{closure#1} as core[a373ad73a504971]::ops::function::FnOnce<()>>::call_once::{shim:vtable#0}
[INFO] [stdout]   23:     0x5fb090ece50f - <std[617be2ca0a6fd877]::sys::thread::unix::Thread>::new::thread_start
[INFO] [stdout]   24:     0x71d29c01cdfa - <unknown>
[INFO] [stdout]   25:     0x71d29c0b03d4 - clone
[INFO] [stdout]   26:                0x0 - <unknown>
[INFO] [stdout] 
[INFO] [stdout] ---- test_chat_completions stdout ----
[INFO] [stdout] 
[INFO] [stdout] thread 'test_chat_completions' (4458) panicked at tests/http_tests.rs:36:14:
[INFO] [stdout] Failed to start ogenius: Os { code: 2, kind: NotFound, message: "No such file or directory" }
[INFO] [stdout] stack backtrace:
[INFO] [stdout]    0:     0x5fb090ecf2d1 - <<std[617be2ca0a6fd877]::sys::backtrace::BacktraceLock>::print::DisplayBacktrace as core[a373ad73a504971]::fmt::Display>::fmt
[INFO] [stdout]    1:     0x5fb090ee5bea - core[a373ad73a504971]::fmt::write
[INFO] [stdout]    2:     0x5fb090ed3ebc - <alloc[2e1b2a31b91974c5]::vec::Vec<u8> as core[a373ad73a504971]::io::write::Write>::write_fmt
[INFO] [stdout]    3:     0x5fb090ea9ad6 - std[617be2ca0a6fd877]::panicking::default_hook::{closure#0}
[INFO] [stdout]    4:     0x5fb090ec6fa9 - std[617be2ca0a6fd877]::panicking::default_hook
[INFO] [stdout]    5:     0x5fb090e37fe0 - test[aada8e7e76ba119b]::test_main_inner::{closure#0}
[INFO] [stdout]    6:     0x5fb090ec7162 - std[617be2ca0a6fd877]::panicking::panic_with_hook
[INFO] [stdout]    7:     0x5fb090ea9b82 - std[617be2ca0a6fd877]::panicking::panic_handler::{closure#0}
[INFO] [stdout]    8:     0x5fb090ea2229 - std[617be2ca0a6fd877]::sys::backtrace::__rust_end_short_backtrace::<std[617be2ca0a6fd877]::panicking::panic_handler::{closure#0}, !>
[INFO] [stdout]    9:     0x5fb090eaaa8d - __rustc[ea4f61d10b84890b]::rust_begin_unwind
[INFO] [stdout]   10:     0x5fb090ee63cc - core[a373ad73a504971]::panicking::panic_fmt
[INFO] [stdout]   11:     0x5fb090ee61a2 - core[a373ad73a504971]::result::unwrap_failed
[INFO] [stdout]   12:     0x5fb090d96772 - <http_tests[acf17cd68b21405f]::TestServer>::new::{closure#0}
[INFO] [stdout]   13:     0x5fb090d8c6e1 - <std[617be2ca0a6fd877]::thread::local::LocalKey<core[a373ad73a504971]::cell::Cell<*const async_std[c9c22500940136df]::task::task_locals_wrapper::TaskLocalsWrapper>>>::with::<<async_std[c9c22500940136df]::task::task_locals_wrapper::TaskLocalsWrapper>::set_current<<async_std[c9c22500940136df]::task::builder::SupportTaskLocals<http_tests[acf17cd68b21405f]::test_chat_completions::{closure#0}> as core[a373ad73a504971]::future::future::Future>::poll::{closure#0}, core[a373ad73a504971]::task::poll::Poll<()>>::{closure#0}, core[a373ad73a504971]::task::poll::Poll<()>>
[INFO] [stdout]   14:     0x5fb090d9bac0 - <futures_lite[19ea45cac1ca77cf]::future::Or<async_std[c9c22500940136df]::task::builder::SupportTaskLocals<http_tests[acf17cd68b21405f]::test_chat_completions::{closure#0}>, <async_executor[11b2171ad5940f7e]::State>::run<(), async_std[c9c22500940136df]::task::builder::SupportTaskLocals<http_tests[acf17cd68b21405f]::test_chat_completions::{closure#0}>>::{closure#0}::{closure#0}> as core[a373ad73a504971]::future::future::Future>::poll
[INFO] [stdout]   15:     0x5fb090d91508 - <std[617be2ca0a6fd877]::thread::local::LocalKey<core[a373ad73a504971]::cell::RefCell<(parking[94520506948df958]::Parker, core[a373ad73a504971]::task::wake::Waker, alloc[2e1b2a31b91974c5]::sync::Arc<core[a373ad73a504971]::sync::atomic::Atomic<bool>>)>>>::with::<async_io[a3c5141592adb4bd]::driver::block_on<(), <async_executor[11b2171ad5940f7e]::LocalExecutor>::run<(), async_std[c9c22500940136df]::task::builder::SupportTaskLocals<http_tests[acf17cd68b21405f]::test_chat_completions::{closure#0}>>::{closure#0}>::{closure#1}, ()>
[INFO] [stdout]   16:     0x5fb090d8dc7c - <std[617be2ca0a6fd877]::thread::local::LocalKey<core[a373ad73a504971]::cell::Cell<usize>>>::with::<<async_std[c9c22500940136df]::task::builder::Builder>::blocking<http_tests[acf17cd68b21405f]::test_chat_completions::{closure#0}, ()>::{closure#0}, ()>
[INFO] [stdout]   17:     0x5fb090da46ca - <async_std[c9c22500940136df]::task::builder::Builder>::blocking::<http_tests[acf17cd68b21405f]::test_chat_completions::{closure#0}, ()>
[INFO] [stdout]   18:     0x5fb090d9e818 - <http_tests[acf17cd68b21405f]::test_chat_completions::{closure#0} as core[a373ad73a504971]::ops::function::FnOnce<()>>::call_once
[INFO] [stdout]   19:     0x5fb090e2b42b - test[aada8e7e76ba119b]::__rust_begin_short_backtrace::<core[a373ad73a504971]::result::Result<(), alloc[2e1b2a31b91974c5]::string::String>, fn() -> core[a373ad73a504971]::result::Result<(), alloc[2e1b2a31b91974c5]::string::String>>
[INFO] [stdout]   20:     0x5fb090e38605 - test[aada8e7e76ba119b]::run_test::{closure#0}
[INFO] [stdout]   21:     0x5fb090e31ef4 - std[617be2ca0a6fd877]::sys::backtrace::__rust_begin_short_backtrace::<test[aada8e7e76ba119b]::run_test::{closure#1}, ()>
[INFO] [stdout]   22:     0x5fb090e3b692 - <std[617be2ca0a6fd877]::thread::lifecycle::spawn_unchecked<test[aada8e7e76ba119b]::run_test::{closure#1}, ()>::{closure#1} as core[a373ad73a504971]::ops::function::FnOnce<()>>::call_once::{shim:vtable#0}
[INFO] [stdout]   23:     0x5fb090ece50f - <std[617be2ca0a6fd877]::sys::thread::unix::Thread>::new::thread_start
[INFO] [stdout]   24:     0x71d29c01cdfa - <unknown>
[INFO] [stdout]   25:     0x71d29c0b03d4 - clone
[INFO] [stdout]   26:                0x0 - <unknown>
[INFO] [stdout] 
[INFO] [stdout] ---- test_list_models stdout ----
[INFO] [stdout] 
[INFO] [stdout] thread 'test_list_models' (4461) panicked at tests/http_tests.rs:36:14:
[INFO] [stdout] Failed to start ogenius: Os { code: 2, kind: NotFound, message: "No such file or directory" }
[INFO] [stdout] stack backtrace:
[INFO] [stdout]    0:     0x5fb090ecf2d1 - <<std[617be2ca0a6fd877]::sys::backtrace::BacktraceLock>::print::DisplayBacktrace as core[a373ad73a504971]::fmt::Display>::fmt
[INFO] [stdout]    1:     0x5fb090ee5bea - core[a373ad73a504971]::fmt::write
[INFO] [stdout]    2:     0x5fb090ed3ebc - <alloc[2e1b2a31b91974c5]::vec::Vec<u8> as core[a373ad73a504971]::io::write::Write>::write_fmt
[INFO] [stdout]    3:     0x5fb090ea9ad6 - std[617be2ca0a6fd877]::panicking::default_hook::{closure#0}
[INFO] [stdout]    4:     0x5fb090ec6fa9 - std[617be2ca0a6fd877]::panicking::default_hook
[INFO] [stdout]    5:     0x5fb090e37fe0 - test[aada8e7e76ba119b]::test_main_inner::{closure#0}
[INFO] [stdout]    6:     0x5fb090ec7162 - std[617be2ca0a6fd877]::panicking::panic_with_hook
[INFO] [stdout]    7:     0x5fb090ea9b82 - std[617be2ca0a6fd877]::panicking::panic_handler::{closure#0}
[INFO] [stdout]    8:     0x5fb090ea2229 - std[617be2ca0a6fd877]::sys::backtrace::__rust_end_short_backtrace::<std[617be2ca0a6fd877]::panicking::panic_handler::{closure#0}, !>
[INFO] [stdout]    9:     0x5fb090eaaa8d - __rustc[ea4f61d10b84890b]::rust_begin_unwind
[INFO] [stdout]   10:     0x5fb090ee63cc - core[a373ad73a504971]::panicking::panic_fmt
[INFO] [stdout]   11:     0x5fb090ee61a2 - core[a373ad73a504971]::result::unwrap_failed
[INFO] [stdout]   12:     0x5fb090d96772 - <http_tests[acf17cd68b21405f]::TestServer>::new::{closure#0}
[INFO] [stdout]   13:     0x5fb090d8bc99 - <std[617be2ca0a6fd877]::thread::local::LocalKey<core[a373ad73a504971]::cell::Cell<*const async_std[c9c22500940136df]::task::task_locals_wrapper::TaskLocalsWrapper>>>::with::<<async_std[c9c22500940136df]::task::task_locals_wrapper::TaskLocalsWrapper>::set_current<<async_std[c9c22500940136df]::task::builder::SupportTaskLocals<http_tests[acf17cd68b21405f]::test_list_models::{closure#0}> as core[a373ad73a504971]::future::future::Future>::poll::{closure#0}, core[a373ad73a504971]::task::poll::Poll<()>>::{closure#0}, core[a373ad73a504971]::task::poll::Poll<()>>
[INFO] [stdout]   14:     0x5fb090d9b760 - <futures_lite[19ea45cac1ca77cf]::future::Or<async_std[c9c22500940136df]::task::builder::SupportTaskLocals<http_tests[acf17cd68b21405f]::test_list_models::{closure#0}>, <async_executor[11b2171ad5940f7e]::State>::run<(), async_std[c9c22500940136df]::task::builder::SupportTaskLocals<http_tests[acf17cd68b21405f]::test_list_models::{closure#0}>>::{closure#0}::{closure#0}> as core[a373ad73a504971]::future::future::Future>::poll
[INFO] [stdout]   15:     0x5fb090d8f321 - <std[617be2ca0a6fd877]::thread::local::LocalKey<core[a373ad73a504971]::cell::RefCell<(parking[94520506948df958]::Parker, core[a373ad73a504971]::task::wake::Waker, alloc[2e1b2a31b91974c5]::sync::Arc<core[a373ad73a504971]::sync::atomic::Atomic<bool>>)>>>::with::<async_io[a3c5141592adb4bd]::driver::block_on<(), <async_executor[11b2171ad5940f7e]::LocalExecutor>::run<(), async_std[c9c22500940136df]::task::builder::SupportTaskLocals<http_tests[acf17cd68b21405f]::test_list_models::{closure#0}>>::{closure#0}>::{closure#1}, ()>
[INFO] [stdout]   16:     0x5fb090d8d4b5 - <std[617be2ca0a6fd877]::thread::local::LocalKey<core[a373ad73a504971]::cell::Cell<usize>>>::with::<<async_std[c9c22500940136df]::task::builder::Builder>::blocking<http_tests[acf17cd68b21405f]::test_list_models::{closure#0}, ()>::{closure#0}, ()>
[INFO] [stdout]   17:     0x5fb090da3f2a - <async_std[c9c22500940136df]::task::builder::Builder>::blocking::<http_tests[acf17cd68b21405f]::test_list_models::{closure#0}, ()>
[INFO] [stdout]   18:     0x5fb090d9e758 - <http_tests[acf17cd68b21405f]::test_list_models::{closure#0} as core[a373ad73a504971]::ops::function::FnOnce<()>>::call_once
[INFO] [stdout]   19:     0x5fb090e2b42b - test[aada8e7e76ba119b]::__rust_begin_short_backtrace::<core[a373ad73a504971]::result::Result<(), alloc[2e1b2a31b91974c5]::string::String>, fn() -> core[a373ad73a504971]::result::Result<(), alloc[2e1b2a31b91974c5]::string::String>>
[INFO] [stdout]   20:     0x5fb090e38605 - test[aada8e7e76ba119b]::run_test::{closure#0}
[INFO] [stdout]   21:     0x5fb090e31ef4 - std[617be2ca0a6fd877]::sys::backtrace::__rust_begin_short_backtrace::<test[aada8e7e76ba119b]::run_test::{closure#1}, ()>
[INFO] [stdout]   22:     0x5fb090e3b692 - <std[617be2ca0a6fd877]::thread::lifecycle::spawn_unchecked<test[aada8e7e76ba119b]::run_test::{closure#1}, ()>::{closure#1} as core[a373ad73a504971]::ops::function::FnOnce<()>>::call_once::{shim:vtable#0}
[INFO] [stdout]   23:     0x5fb090ece50f - <std[617be2ca0a6fd877]::sys::thread::unix::Thread>::new::thread_start
[INFO] [stdout]   24:     0x71d29c01cdfa - <unknown>
[INFO] [stdout]   25:     0x71d29c0b03d4 - clone
[INFO] [stdout]   26:                0x0 - <unknown>
[INFO] [stdout] 
[INFO] [stdout] 
[INFO] [stdout] failures:
[INFO] [stdout]     test_chat_completions
[INFO] [stdout]     test_config_endpoint
[INFO] [stdout]     test_embeddings
[INFO] [stdout]     test_list_models
[INFO] [stdout]     test_reset_engine
[INFO] [stdout] 
[INFO] [stdout] test result: FAILED. 0 passed; 5 failed; 0 ignored; 0 measured; 0 filtered out; finished in 0.01s
[INFO] [stdout] 
[INFO] [stderr] error: test failed, to rerun pass `--test http_tests`
[INFO] running `Command { std: "docker" "inspect" "26a80e73eaa89c22075951bc024e6f49ad26125412ef4483509799a60cf56819", kill_on_drop: false }`
[INFO] running `Command { std: "docker" "rm" "-f" "26a80e73eaa89c22075951bc024e6f49ad26125412ef4483509799a60cf56819", kill_on_drop: false }`
[INFO] [stdout] 26a80e73eaa89c22075951bc024e6f49ad26125412ef4483509799a60cf56819
