[INFO] fetching crate ogcapi-proxy 0.2.0...
[INFO] testing ogcapi-proxy-0.2.0 against 1.99.0-beta.8+cargoflags=--release for beta-release-1.100-2
[INFO] extracting crate ogcapi-proxy 0.2.0 into /workspace/builds/worker-2-tc1/source
[INFO] started tweaking crates.io crate ogcapi-proxy 0.2.0
[INFO] removed 0 missing examples
[INFO] finished tweaking crates.io crate ogcapi-proxy 0.2.0
[INFO] tweaked toml for crates.io crate ogcapi-proxy 0.2.0 written to /workspace/builds/worker-2-tc1/source/Cargo.toml
[INFO] validating manifest of crates.io crate ogcapi-proxy 0.2.0 on toolchain 1.99.0-beta.8
[INFO] running `Command { std: CARGO_HOME="/workspace/cargo-home" RUSTUP_HOME="/workspace/rustup-home" "/workspace/cargo-home/bin/cargo" "+1.99.0-beta.8" "metadata" "--manifest-path" "Cargo.toml" "--no-deps", kill_on_drop: false }`
[INFO] crate crates.io crate ogcapi-proxy 0.2.0 already has a lockfile, it will not be regenerated
[INFO] running `Command { std: CARGO_HOME="/workspace/cargo-home" RUSTUP_HOME="/workspace/rustup-home" "/workspace/cargo-home/bin/cargo" "+1.99.0-beta.8" "fetch" "--manifest-path" "Cargo.toml", kill_on_drop: false }`
[INFO] [stderr]     Updating crates.io index
[INFO] [stderr]  Downloading crates ...
[INFO] [stderr]   Downloaded tokio-test v0.4.4
[INFO] [stderr]   Downloaded ogcapi-types v0.3.0
[INFO] [stderr]   Downloaded time-macros v0.2.23
[INFO] [stderr]   Downloaded serde_with_macros v3.14.0
[INFO] [stderr]   Downloaded ref-cast v1.0.24
[INFO] [stderr]   Downloaded ref-cast-impl v1.0.24
[INFO] [stderr]   Downloaded data-encoding v2.9.0
[INFO] [stderr]   Downloaded rustls-native-certs v0.8.1
[INFO] [stderr]   Downloaded geo-types v0.7.17
[INFO] [stderr]   Downloaded axum-extra v0.10.1
[INFO] [stderr]   Downloaded axum-reverse-proxy v1.0.3
[INFO] [stderr]   Downloaded security-framework v3.3.0
[INFO] [stderr]   Downloaded schemars v1.0.4
[INFO] [stderr]   Downloaded serde_with v3.14.0
[INFO] [stderr]   Downloaded geojson v0.24.2
[INFO] [stderr]   Downloaded aws-lc-rs v1.13.3
[INFO] [stderr]   Downloaded webpki-roots v1.0.3
[INFO] [stderr]   Downloaded aws-lc-sys v0.30.0
[INFO] running `Command { std: "docker" "create" "-v" "/var/lib/crater-agent-workspace/builds/worker-2-tc1/source:/opt/rustwide/workdir:ro,Z" "-v" "/var/lib/crater-agent-workspace/builds/worker-2-tc1/target:/opt/rustwide/target:rw,Z" "-v" "/var/lib/crater-agent-workspace/cargo-home:/opt/rustwide/cargo-home:ro,Z" "-v" "/var/lib/crater-agent-workspace/rustup-home:/opt/rustwide/rustup-home:ro,Z" "-m" "1610612736" "--network" "none" "ghcr.io/rust-lang/crates-build-env/linux@sha256:77db811e55d90add9212f6832c23229e3de5f1c1f9905e8cb07319ea15df73ac" "sleep" "infinity", kill_on_drop: false }`
[INFO] [stdout] 12ced0337ee309e055dac2c24d65a468b75da97103e8ba86bed25d6558c78637
[INFO] running `Command { std: "docker" "start" "12ced0337ee309e055dac2c24d65a468b75da97103e8ba86bed25d6558c78637", kill_on_drop: false }`
[INFO] running `Command { std: "docker" "inspect" "12ced0337ee309e055dac2c24d65a468b75da97103e8ba86bed25d6558c78637", kill_on_drop: false }`
[INFO] running `Command { std: "docker" "exec" "-e" "SOURCE_DIR=/opt/rustwide/workdir" "-e" "CARGO_HOME=/opt/rustwide/cargo-home" "-e" "RUSTUP_HOME=/opt/rustwide/rustup-home" "-e" "CARGO_TARGET_DIR=/opt/rustwide/target" "-w" "/opt/rustwide/workdir" "--user" "0:0" "12ced0337ee309e055dac2c24d65a468b75da97103e8ba86bed25d6558c78637" "/opt/rustwide/cargo-home/bin/cargo" "+1.99.0-beta.8" "metadata" "--no-deps" "--format-version=1", kill_on_drop: false }`
[INFO] running `Command { std: "docker" "inspect" "12ced0337ee309e055dac2c24d65a468b75da97103e8ba86bed25d6558c78637", kill_on_drop: false }`
[INFO] running `Command { std: "docker" "exec" "-e" "SOURCE_DIR=/opt/rustwide/workdir" "-e" "CARGO_HOME=/opt/rustwide/cargo-home" "-e" "RUSTUP_HOME=/opt/rustwide/rustup-home" "-e" "CARGO_TARGET_DIR=/opt/rustwide/target" "-e" "CARGO_INCREMENTAL=0" "-e" "RUST_BACKTRACE=full" "-e" "RUSTFLAGS=--cap-lints=warn" "-e" "RUSTDOCFLAGS=--cap-lints=warn" "-w" "/opt/rustwide/workdir" "--user" "0:0" "12ced0337ee309e055dac2c24d65a468b75da97103e8ba86bed25d6558c78637" "/opt/rustwide/cargo-home/bin/cargo" "+1.99.0-beta.8" "build" "--frozen" "--message-format=json" "--release", kill_on_drop: false }`
[INFO] [stderr]    Compiling log v0.4.27
[INFO] [stderr]    Compiling serde v1.0.219
[INFO] [stderr]    Compiling parking_lot_core v0.9.11
[INFO] [stderr]    Compiling lock_api v0.4.13
[INFO] [stderr]    Compiling libc v0.2.175
[INFO] [stderr]    Compiling typenum v1.18.0
[INFO] [stderr]    Compiling libm v0.2.15
[INFO] [stderr]    Compiling num-traits v0.2.19
[INFO] [stderr]    Compiling signal-hook-registry v1.4.6
[INFO] [stderr]    Compiling futures-macro v0.3.31
[INFO] [stderr]    Compiling zeroize v1.8.1
[INFO] [stderr]    Compiling thiserror v2.0.16
[INFO] [stderr]    Compiling futures-task v0.3.31
[INFO] [stderr]    Compiling getrandom v0.3.3
[INFO] [stderr]    Compiling thiserror-impl v2.0.16
[INFO] [stderr]    Compiling aws-lc-rs v1.13.3
[INFO] [stderr]    Compiling tracing v0.1.41
[INFO] [stderr]    Compiling serde_json v1.0.143
[INFO] [stderr]    Compiling rand_core v0.9.3
[INFO] [stderr]    Compiling rustls-pki-types v1.12.0
[INFO] [stderr]    Compiling data-encoding v2.9.0
[INFO] [stderr]    Compiling utf-8 v0.7.6
[INFO] [stderr]    Compiling darling_core v0.20.11
[INFO] [stderr]    Compiling rand_chacha v0.9.0
[INFO] [stderr]    Compiling parking_lot v0.12.4
[INFO] [stderr]    Compiling idna v1.1.0
[INFO] [stderr]    Compiling rustls v0.23.31
[INFO] [stderr]    Compiling thiserror-impl v1.0.69
[INFO] [stderr]    Compiling rand v0.9.2
[INFO] [stderr]    Compiling axum-core v0.5.2
[INFO] [stderr]    Compiling jobserver v0.1.34
[INFO] [stderr]    Compiling tokio v1.47.1
[INFO] [stderr]    Compiling futures-util v0.3.31
[INFO] [stderr]    Compiling cc v1.2.35
[INFO] [stderr]    Compiling generic-array v0.14.7
[INFO] [stderr]    Compiling rand v0.8.5
[INFO] [stderr]    Compiling openssl-probe v0.1.6
[INFO] [stderr]    Compiling rustls-native-certs v0.8.1
[INFO] [stderr]    Compiling webpki-roots v1.0.3
[INFO] [stderr]    Compiling iana-time-zone v0.1.63
[INFO] [stderr]    Compiling serde_repr v0.1.20
[INFO] [stderr]    Compiling crypto-common v0.1.6
[INFO] [stderr]    Compiling block-buffer v0.10.4
[INFO] [stderr]    Compiling thiserror v1.0.69
[INFO] [stderr]    Compiling digest v0.10.7
[INFO] [stderr]    Compiling cmake v0.1.54
[INFO] [stderr]    Compiling sha1 v0.10.6
[INFO] [stderr]    Compiling tungstenite v0.26.2
[INFO] [stderr]    Compiling hdrhistogram v7.5.4
[INFO] [stderr]    Compiling aws-lc-sys v0.30.0
[INFO] [stderr]    Compiling darling_macro v0.20.11
[INFO] [stderr]    Compiling darling v0.20.11
[INFO] [stderr]    Compiling serde_with_macros v3.14.0
[INFO] [stderr]    Compiling url v2.5.7
[INFO] [stderr]    Compiling serde_urlencoded v0.7.1
[INFO] [stderr]    Compiling serde_path_to_error v0.1.17
[INFO] [stderr]    Compiling geo-types v0.7.17
[INFO] [stderr]    Compiling chrono v0.4.41
[INFO] [stderr]    Compiling tungstenite v0.21.0
[INFO] [stderr]    Compiling geojson v0.24.2
[INFO] [stderr]    Compiling serde_with v3.14.0
[INFO] [stderr]    Compiling tokio-util v0.7.16
[INFO] [stderr]    Compiling tokio-tungstenite v0.26.2
[INFO] [stderr]    Compiling tokio-tungstenite v0.21.0
[INFO] [stderr]    Compiling ogcapi-types v0.3.0
[INFO] [stderr]    Compiling h2 v0.4.12
[INFO] [stderr]    Compiling tower v0.5.2
[INFO] [stderr]    Compiling hyper v1.7.0
[INFO] [stderr]    Compiling hyper-util v0.1.16
[INFO] [stderr]    Compiling axum v0.8.4
[INFO] [stderr]    Compiling axum-extra v0.10.1
[INFO] [stderr]    Compiling rustls-webpki v0.103.4
[INFO] [stderr]    Compiling tokio-rustls v0.26.2
[INFO] [stderr]    Compiling hyper-rustls v0.27.7
[INFO] [stderr]    Compiling axum-reverse-proxy v1.0.3
[INFO] [stderr]    Compiling ogcapi-proxy v0.2.0 (/opt/rustwide/workdir)
[INFO] [stderr]     Finished `release` profile [optimized] target(s) in 45.80s
[INFO] running `Command { std: "docker" "inspect" "12ced0337ee309e055dac2c24d65a468b75da97103e8ba86bed25d6558c78637", kill_on_drop: false }`
[INFO] running `Command { std: "docker" "exec" "-e" "SOURCE_DIR=/opt/rustwide/workdir" "-e" "CARGO_HOME=/opt/rustwide/cargo-home" "-e" "RUSTUP_HOME=/opt/rustwide/rustup-home" "-e" "CARGO_TARGET_DIR=/opt/rustwide/target" "-e" "CARGO_INCREMENTAL=0" "-e" "RUST_BACKTRACE=full" "-e" "RUSTFLAGS=--cap-lints=warn" "-e" "RUSTDOCFLAGS=--cap-lints=warn" "-w" "/opt/rustwide/workdir" "--user" "0:0" "12ced0337ee309e055dac2c24d65a468b75da97103e8ba86bed25d6558c78637" "/opt/rustwide/cargo-home/bin/cargo" "+1.99.0-beta.8" "test" "--frozen" "--no-run" "--message-format=json" "--release", kill_on_drop: false }`
[INFO] [stderr]    Compiling log v0.4.27
[INFO] [stderr]    Compiling tracing-core v0.1.34
[INFO] [stderr]    Compiling tokio v1.47.1
[INFO] [stderr]    Compiling regex-syntax v0.8.6
[INFO] [stderr]    Compiling async-stream-impl v0.3.6
[INFO] [stderr]    Compiling thread_local v1.1.9
[INFO] [stderr]    Compiling bitflags v2.9.3
[INFO] [stderr]    Compiling nu-ansi-term v0.50.1
[INFO] [stderr]    Compiling sharded-slab v0.1.7
[INFO] [stderr]    Compiling tungstenite v0.26.2
[INFO] [stderr]    Compiling rustls v0.23.31
[INFO] [stderr]    Compiling tungstenite v0.21.0
[INFO] [stderr]    Compiling geojson v0.24.2
[INFO] [stderr]    Compiling tracing v0.1.41
[INFO] [stderr]    Compiling tracing-log v0.2.0
[INFO] [stderr]    Compiling async-stream v0.3.6
[INFO] [stderr]    Compiling axum-core v0.5.2
[INFO] [stderr]    Compiling tower-http v0.6.6
[INFO] [stderr]    Compiling ogcapi-types v0.3.0
[INFO] [stderr]    Compiling regex-automata v0.4.10
[INFO] [stderr]    Compiling matchers v0.2.0
[INFO] [stderr]    Compiling tracing-subscriber v0.3.20
[INFO] [stderr]    Compiling tokio-util v0.7.16
[INFO] [stderr]    Compiling tokio-tungstenite v0.26.2
[INFO] [stderr]    Compiling tokio-rustls v0.26.2
[INFO] [stderr]    Compiling tokio-tungstenite v0.21.0
[INFO] [stderr]    Compiling tokio-stream v0.1.17
[INFO] [stderr]    Compiling h2 v0.4.12
[INFO] [stderr]    Compiling tower v0.5.2
[INFO] [stderr]    Compiling tokio-test v0.4.4
[INFO] [stderr]    Compiling hyper v1.7.0
[INFO] [stderr]    Compiling hyper-util v0.1.16
[INFO] [stderr]    Compiling axum v0.8.4
[INFO] [stderr]    Compiling hyper-rustls v0.27.7
[INFO] [stderr]    Compiling axum-extra v0.10.1
[INFO] [stderr]    Compiling axum-reverse-proxy v1.0.3
[INFO] [stderr]    Compiling ogcapi-proxy v0.2.0 (/opt/rustwide/workdir)
[INFO] [stderr]     Finished `release` profile [optimized] target(s) in 41.55s
[INFO] running `Command { std: "docker" "inspect" "12ced0337ee309e055dac2c24d65a468b75da97103e8ba86bed25d6558c78637", kill_on_drop: false }`
[INFO] running `Command { std: "docker" "exec" "-e" "SOURCE_DIR=/opt/rustwide/workdir" "-e" "CARGO_HOME=/opt/rustwide/cargo-home" "-e" "RUSTUP_HOME=/opt/rustwide/rustup-home" "-e" "CARGO_TARGET_DIR=/opt/rustwide/target" "-e" "CARGO_INCREMENTAL=0" "-e" "RUST_BACKTRACE=full" "-e" "RUSTFLAGS=--cap-lints=warn" "-e" "RUSTDOCFLAGS=--cap-lints=warn" "-w" "/opt/rustwide/workdir" "--user" "0:0" "12ced0337ee309e055dac2c24d65a468b75da97103e8ba86bed25d6558c78637" "/opt/rustwide/cargo-home/bin/cargo" "+1.99.0-beta.8" "test" "--frozen" "--release", kill_on_drop: false }`
[INFO] [stderr]     Finished `release` profile [optimized] target(s) in 0.12s
[INFO] [stderr]      Running unittests src/lib.rs (/opt/rustwide/target/release/deps/ogcapi_proxy-51f26726d18b156f)
[INFO] [stdout] 
[INFO] [stdout] running 0 tests
[INFO] [stdout] 
[INFO] [stdout] test result: ok. 0 passed; 0 failed; 0 ignored; 0 measured; 0 filtered out; finished in 0.00s
[INFO] [stdout] 
[INFO] [stderr]    Doc-tests ogcapi_proxy
[INFO] [stdout] 
[INFO] [stdout] running 2 tests
[INFO] [stdout] test src/../README.md - (line 12) - compile ... ok
[INFO] [stdout] test src/collection_proxy.rs - collection_proxy::CollectionProxy (line 32) ... FAILED
[INFO] [stdout] 
[INFO] [stdout] failures:
[INFO] [stdout] 
[INFO] [stdout] ---- src/collection_proxy.rs - collection_proxy::CollectionProxy (line 32) stdout ----
[INFO] [stdout] Test executable failed (exit status: 101).
[INFO] [stdout] 
[INFO] [stdout] stderr:
[INFO] [stdout] 
[INFO] [stdout] thread 'main' (3466) panicked at /tmp/rustdoctest8nKJpa/doctest_bundle_2024.rs:59:1:
[INFO] [stdout] assertion failed: res.status().is_success()
[INFO] [stdout] stack backtrace:
[INFO] [stdout]    0:     0x62a942478771 - std[70759c8f55707aa4]::backtrace_rs::backtrace::libunwind::trace
[INFO] [stdout]                                at /rustc/dfb0accb7f508ae8be965d8629557221c889dd98/library/std/src/../../backtrace/src/backtrace/libunwind.rs:117:9
[INFO] [stdout]    1:     0x62a942478771 - std[70759c8f55707aa4]::backtrace_rs::backtrace::trace_unsynchronized::<std[70759c8f55707aa4]::sys::backtrace::_print_fmt::{closure#1}>
[INFO] [stdout]                                at /rustc/dfb0accb7f508ae8be965d8629557221c889dd98/library/std/src/../../backtrace/src/backtrace/mod.rs:66:14
[INFO] [stdout]    2:     0x62a942478771 - std[70759c8f55707aa4]::sys::backtrace::_print_fmt
[INFO] [stdout]                                at /rustc/dfb0accb7f508ae8be965d8629557221c889dd98/library/std/src/sys/backtrace.rs:74:9
[INFO] [stdout]    3:     0x62a942478771 - <<std[70759c8f55707aa4]::sys::backtrace::BacktraceLock>::print::DisplayBacktrace as core[df12db4294e9bfd3]::fmt::Display>::fmt
[INFO] [stdout]                                at /rustc/dfb0accb7f508ae8be965d8629557221c889dd98/library/std/src/sys/backtrace.rs:44:26
[INFO] [stdout]    4:     0x62a94248fcda - <core[df12db4294e9bfd3]::fmt::rt::Argument>::fmt
[INFO] [stdout]                                at /rustc/dfb0accb7f508ae8be965d8629557221c889dd98/library/core/src/fmt/rt.rs:152:76
[INFO] [stdout]    5:     0x62a94248fcda - core[df12db4294e9bfd3]::fmt::write
[INFO] [stdout]    6:     0x62a94247e78c - core[df12db4294e9bfd3]::io::write::default_write_fmt::<std[70759c8f55707aa4]::sys::stdio::unix::Stderr>
[INFO] [stdout]                                at /rustc/dfb0accb7f508ae8be965d8629557221c889dd98/library/core/src/io/write.rs:402:11
[INFO] [stdout]    7:     0x62a94247e78c - <std[70759c8f55707aa4]::sys::stdio::unix::Stderr as core[df12db4294e9bfd3]::io::write::Write>::write_fmt
[INFO] [stdout]                                at /rustc/dfb0accb7f508ae8be965d8629557221c889dd98/library/core/src/io/write.rs:335:13
[INFO] [stdout]    8:     0x62a942453386 - <std[70759c8f55707aa4]::sys::backtrace::BacktraceLock>::print
[INFO] [stdout]                                at /rustc/dfb0accb7f508ae8be965d8629557221c889dd98/library/std/src/sys/backtrace.rs:47:9
[INFO] [stdout]    9:     0x62a942453386 - std[70759c8f55707aa4]::panicking::default_hook::{closure#0}
[INFO] [stdout]                                at /rustc/dfb0accb7f508ae8be965d8629557221c889dd98/library/std/src/panicking.rs:292:27
[INFO] [stdout]   10:     0x62a942470451 - std[70759c8f55707aa4]::panicking::default_hook
[INFO] [stdout]                                at /rustc/dfb0accb7f508ae8be965d8629557221c889dd98/library/std/src/panicking.rs:319:9
[INFO] [stdout]   11:     0x62a94247077b - std[70759c8f55707aa4]::panicking::panic_with_hook
[INFO] [stdout]                                at /rustc/dfb0accb7f508ae8be965d8629557221c889dd98/library/std/src/panicking.rs:815:13
[INFO] [stdout]   12:     0x62a942453464 - std[70759c8f55707aa4]::panicking::panic_handler::{closure#0}
[INFO] [stdout]                                at /rustc/dfb0accb7f508ae8be965d8629557221c889dd98/library/std/src/panicking.rs:681:13
[INFO] [stdout]   13:     0x62a94244bf89 - std[70759c8f55707aa4]::sys::backtrace::__rust_end_short_backtrace::<std[70759c8f55707aa4]::panicking::panic_handler::{closure#0}, !>
[INFO] [stdout]                                at /rustc/dfb0accb7f508ae8be965d8629557221c889dd98/library/std/src/sys/backtrace.rs:182:18
[INFO] [stdout]   14:     0x62a94245439d - __rustc[8fa7c3cbc660c2b3]::rust_begin_unwind
[INFO] [stdout]                                at /rustc/dfb0accb7f508ae8be965d8629557221c889dd98/library/std/src/panicking.rs:679:5
[INFO] [stdout]   15:     0x62a94249047c - core[df12db4294e9bfd3]::panicking::panic_fmt
[INFO] [stdout]                                at /rustc/dfb0accb7f508ae8be965d8629557221c889dd98/library/core/src/panicking.rs:80:14
[INFO] [stdout]   16:     0x62a942490442 - core[df12db4294e9bfd3]::panicking::panic
[INFO] [stdout]                                at /rustc/dfb0accb7f508ae8be965d8629557221c889dd98/library/core/src/panicking.rs:150:5
[INFO] [stdout]   17:     0x62a941fd0fce - doctest_bundle_2024[72c4b0461e1faad2]::__doctest_1::main::{closure#0}
[INFO] [stdout]   18:     0x62a942062d27 - <core[df12db4294e9bfd3]::pin::Pin<&mut doctest_bundle_2024[72c4b0461e1faad2]::__doctest_1::main::{closure#0}> as core[df12db4294e9bfd3]::future::future::Future>::poll
[INFO] [stdout]   19:     0x62a941f94c0a - <tokio[66ccea2b60d10304]::runtime::scheduler::current_thread::CoreGuard>::block_on::<core[df12db4294e9bfd3]::pin::Pin<&mut doctest_bundle_2024[72c4b0461e1faad2]::__doctest_1::main::{closure#0}>>::{closure#0}::{closure#0}::{closure#0}
[INFO] [stdout]   20:     0x62a941f9488a - <tokio[66ccea2b60d10304]::runtime::scheduler::current_thread::CoreGuard>::block_on::<core[df12db4294e9bfd3]::pin::Pin<&mut doctest_bundle_2024[72c4b0461e1faad2]::__doctest_1::main::{closure#0}>>::{closure#0}::{closure#0}
[INFO] [stdout]   21:     0x62a941f14ccd - <tokio[66ccea2b60d10304]::runtime::scheduler::current_thread::Context>::enter::<core[df12db4294e9bfd3]::task::poll::Poll<()>, <tokio[66ccea2b60d10304]::runtime::scheduler::current_thread::CoreGuard>::block_on<core[df12db4294e9bfd3]::pin::Pin<&mut doctest_bundle_2024[72c4b0461e1faad2]::__doctest_1::main::{closure#0}>>::{closure#0}::{closure#0}>
[INFO] [stdout]   22:     0x62a941f8acd8 - <tokio[66ccea2b60d10304]::runtime::scheduler::current_thread::CoreGuard>::block_on::<core[df12db4294e9bfd3]::pin::Pin<&mut doctest_bundle_2024[72c4b0461e1faad2]::__doctest_1::main::{closure#0}>>::{closure#0}
[INFO] [stdout]   23:     0x62a941f8ab58 - <tokio[66ccea2b60d10304]::runtime::scheduler::current_thread::CoreGuard>::enter::<<tokio[66ccea2b60d10304]::runtime::scheduler::current_thread::CoreGuard>::block_on<core[df12db4294e9bfd3]::pin::Pin<&mut doctest_bundle_2024[72c4b0461e1faad2]::__doctest_1::main::{closure#0}>>::{closure#0}, core[df12db4294e9bfd3]::option::Option<()>>::{closure#0}
[INFO] [stdout]   24:     0x62a941f00378 - <tokio[66ccea2b60d10304]::runtime::context::scoped::Scoped<tokio[66ccea2b60d10304]::runtime::scheduler::Context>>::set::<<tokio[66ccea2b60d10304]::runtime::scheduler::current_thread::CoreGuard>::enter<<tokio[66ccea2b60d10304]::runtime::scheduler::current_thread::CoreGuard>::block_on<core[df12db4294e9bfd3]::pin::Pin<&mut doctest_bundle_2024[72c4b0461e1faad2]::__doctest_1::main::{closure#0}>>::{closure#0}, core[df12db4294e9bfd3]::option::Option<()>>::{closure#0}, (alloc[2182bb758b4b3781]::boxed::Box<tokio[66ccea2b60d10304]::runtime::scheduler::current_thread::Core>, core[df12db4294e9bfd3]::option::Option<()>)>
[INFO] [stdout]   25:     0x62a941f90058 - tokio[66ccea2b60d10304]::runtime::context::set_scheduler::<(alloc[2182bb758b4b3781]::boxed::Box<tokio[66ccea2b60d10304]::runtime::scheduler::current_thread::Core>, core[df12db4294e9bfd3]::option::Option<()>), <tokio[66ccea2b60d10304]::runtime::scheduler::current_thread::CoreGuard>::enter<<tokio[66ccea2b60d10304]::runtime::scheduler::current_thread::CoreGuard>::block_on<core[df12db4294e9bfd3]::pin::Pin<&mut doctest_bundle_2024[72c4b0461e1faad2]::__doctest_1::main::{closure#0}>>::{closure#0}, core[df12db4294e9bfd3]::option::Option<()>>::{closure#0}>::{closure#0}
[INFO] [stdout]   26:     0x62a941f1d05b - <std[70759c8f55707aa4]::thread::local::LocalKey<tokio[66ccea2b60d10304]::runtime::context::Context>>::try_with::<tokio[66ccea2b60d10304]::runtime::context::set_scheduler<(alloc[2182bb758b4b3781]::boxed::Box<tokio[66ccea2b60d10304]::runtime::scheduler::current_thread::Core>, core[df12db4294e9bfd3]::option::Option<()>), <tokio[66ccea2b60d10304]::runtime::scheduler::current_thread::CoreGuard>::enter<<tokio[66ccea2b60d10304]::runtime::scheduler::current_thread::CoreGuard>::block_on<core[df12db4294e9bfd3]::pin::Pin<&mut doctest_bundle_2024[72c4b0461e1faad2]::__doctest_1::main::{closure#0}>>::{closure#0}, core[df12db4294e9bfd3]::option::Option<()>>::{closure#0}>::{closure#0}, (alloc[2182bb758b4b3781]::boxed::Box<tokio[66ccea2b60d10304]::runtime::scheduler::current_thread::Core>, core[df12db4294e9bfd3]::option::Option<()>)>
[INFO] [stdout]   27:     0x62a941f1ce7a - <std[70759c8f55707aa4]::thread::local::LocalKey<tokio[66ccea2b60d10304]::runtime::context::Context>>::with::<tokio[66ccea2b60d10304]::runtime::context::set_scheduler<(alloc[2182bb758b4b3781]::boxed::Box<tokio[66ccea2b60d10304]::runtime::scheduler::current_thread::Core>, core[df12db4294e9bfd3]::option::Option<()>), <tokio[66ccea2b60d10304]::runtime::scheduler::current_thread::CoreGuard>::enter<<tokio[66ccea2b60d10304]::runtime::scheduler::current_thread::CoreGuard>::block_on<core[df12db4294e9bfd3]::pin::Pin<&mut doctest_bundle_2024[72c4b0461e1faad2]::__doctest_1::main::{closure#0}>>::{closure#0}, core[df12db4294e9bfd3]::option::Option<()>>::{closure#0}>::{closure#0}, (alloc[2182bb758b4b3781]::boxed::Box<tokio[66ccea2b60d10304]::runtime::scheduler::current_thread::Core>, core[df12db4294e9bfd3]::option::Option<()>)>
[INFO] [stdout]   28:     0x62a941f25da0 - <tokio[66ccea2b60d10304]::runtime::scheduler::current_thread::CoreGuard>::enter::<<tokio[66ccea2b60d10304]::runtime::scheduler::current_thread::CoreGuard>::block_on<core[df12db4294e9bfd3]::pin::Pin<&mut doctest_bundle_2024[72c4b0461e1faad2]::__doctest_1::main::{closure#0}>>::{closure#0}, core[df12db4294e9bfd3]::option::Option<()>>
[INFO] [stdout]   29:     0x62a941f25f0f - <tokio[66ccea2b60d10304]::runtime::scheduler::current_thread::CoreGuard>::block_on::<core[df12db4294e9bfd3]::pin::Pin<&mut doctest_bundle_2024[72c4b0461e1faad2]::__doctest_1::main::{closure#0}>>
[INFO] [stdout]   30:     0x62a941f8489f - <tokio[66ccea2b60d10304]::runtime::scheduler::current_thread::CurrentThread>::block_on::<doctest_bundle_2024[72c4b0461e1faad2]::__doctest_1::main::{closure#0}>::{closure#0}
[INFO] [stdout]   31:     0x62a941f551da - tokio[66ccea2b60d10304]::runtime::context::runtime::enter_runtime::<<tokio[66ccea2b60d10304]::runtime::scheduler::current_thread::CurrentThread>::block_on<doctest_bundle_2024[72c4b0461e1faad2]::__doctest_1::main::{closure#0}>::{closure#0}, ()>
[INFO] [stdout]   32:     0x62a941f00448 - <tokio[66ccea2b60d10304]::runtime::scheduler::current_thread::CurrentThread>::block_on::<doctest_bundle_2024[72c4b0461e1faad2]::__doctest_1::main::{closure#0}>
[INFO] [stdout]   33:     0x62a941eeba6d - <tokio[66ccea2b60d10304]::runtime::runtime::Runtime>::block_on_inner::<doctest_bundle_2024[72c4b0461e1faad2]::__doctest_1::main::{closure#0}>
[INFO] [stdout]   34:     0x62a941eebb7c - <tokio[66ccea2b60d10304]::runtime::runtime::Runtime>::block_on::<doctest_bundle_2024[72c4b0461e1faad2]::__doctest_1::main::{closure#0}>
[INFO] [stdout]   35:     0x62a941ee16cd - tokio_test[dfe469c0bd152ef2]::block_on::<doctest_bundle_2024[72c4b0461e1faad2]::__doctest_1::main::{closure#0}>
[INFO] [stdout]   36:     0x62a942034f18 - doctest_bundle_2024[72c4b0461e1faad2]::__doctest_1::main
[INFO] [stdout]   37:     0x62a942034f26 - doctest_bundle_2024[72c4b0461e1faad2]::__doctest_1::__main_fn
[INFO] [stdout]   38:     0x62a941edda01 - doctest_runner_2024[37d7b32fe5ed358d]::__doctest_1::TEST::{closure#0}
[INFO] [stdout]   39:     0x62a941ee1356 - <doctest_runner_2024[37d7b32fe5ed358d]::__doctest_1::TEST::{closure#0} as core[df12db4294e9bfd3]::ops::function::FnOnce<()>>::call_once
[INFO] [stdout]   40:     0x62a941eddf4b - doctest_runner_2024[37d7b32fe5ed358d]::main
[INFO] [stdout]   41:     0x62a941ee12c3 - <fn() -> std[70759c8f55707aa4]::process::ExitCode as core[df12db4294e9bfd3]::ops::function::FnOnce<()>>::call_once
[INFO] [stdout]   42:     0x62a941edd2de - std[70759c8f55707aa4]::sys::backtrace::__rust_begin_short_backtrace::<fn() -> std[70759c8f55707aa4]::process::ExitCode, std[70759c8f55707aa4]::process::ExitCode>
[INFO] [stdout]   43:     0x62a941edd809 - std[70759c8f55707aa4]::rt::lang_start::<std[70759c8f55707aa4]::process::ExitCode>::{closure#0}
[INFO] [stdout]   44:     0x62a94246f3c9 - <&dyn core[df12db4294e9bfd3]::ops::function::Fn<(), Output = i32> + core[df12db4294e9bfd3]::panic::unwind_safe::RefUnwindSafe + core[df12db4294e9bfd3]::marker::Sync as core[df12db4294e9bfd3]::ops::function::FnOnce<()>>::call_once
[INFO] [stdout]                                at /rustc/dfb0accb7f508ae8be965d8629557221c889dd98/library/core/src/ops/function.rs:287:21
[INFO] [stdout]   45:     0x62a94246f3c9 - std[70759c8f55707aa4]::panicking::catch_unwind::do_call::<&dyn core[df12db4294e9bfd3]::ops::function::Fn<(), Output = i32> + core[df12db4294e9bfd3]::panic::unwind_safe::RefUnwindSafe + core[df12db4294e9bfd3]::marker::Sync, i32>
[INFO] [stdout]                                at /rustc/dfb0accb7f508ae8be965d8629557221c889dd98/library/std/src/panicking.rs:576:43
[INFO] [stdout]   46:     0x62a94246f3c9 - std[70759c8f55707aa4]::panicking::catch_unwind::<i32, &dyn core[df12db4294e9bfd3]::ops::function::Fn<(), Output = i32> + core[df12db4294e9bfd3]::panic::unwind_safe::RefUnwindSafe + core[df12db4294e9bfd3]::marker::Sync>
[INFO] [stdout]                                at /rustc/dfb0accb7f508ae8be965d8629557221c889dd98/library/std/src/panicking.rs:544:19
[INFO] [stdout]   47:     0x62a94246f3c9 - std[70759c8f55707aa4]::panic::catch_unwind::<&dyn core[df12db4294e9bfd3]::ops::function::Fn<(), Output = i32> + core[df12db4294e9bfd3]::panic::unwind_safe::RefUnwindSafe + core[df12db4294e9bfd3]::marker::Sync, i32>
[INFO] [stdout]                                at /rustc/dfb0accb7f508ae8be965d8629557221c889dd98/library/std/src/panic.rs:359:14
[INFO] [stdout]   48:     0x62a94246f3c9 - std[70759c8f55707aa4]::rt::lang_start_internal::{closure#0}
[INFO] [stdout]                                at /rustc/dfb0accb7f508ae8be965d8629557221c889dd98/library/std/src/rt.rs:175:24
[INFO] [stdout]   49:     0x62a94246f3c9 - std[70759c8f55707aa4]::panicking::catch_unwind::do_call::<std[70759c8f55707aa4]::rt::lang_start_internal::{closure#0}, isize>
[INFO] [stdout]                                at /rustc/dfb0accb7f508ae8be965d8629557221c889dd98/library/std/src/panicking.rs:576:43
[INFO] [stdout]   50:     0x62a94246f3c9 - std[70759c8f55707aa4]::panicking::catch_unwind::<isize, std[70759c8f55707aa4]::rt::lang_start_internal::{closure#0}>
[INFO] [stdout]                                at /rustc/dfb0accb7f508ae8be965d8629557221c889dd98/library/std/src/panicking.rs:544:19
[INFO] [stdout]   51:     0x62a94246f3c9 - std[70759c8f55707aa4]::panic::catch_unwind::<std[70759c8f55707aa4]::rt::lang_start_internal::{closure#0}, isize>
[INFO] [stdout]                                at /rustc/dfb0accb7f508ae8be965d8629557221c889dd98/library/std/src/panic.rs:359:14
[INFO] [stdout]   52:     0x62a94246f3c9 - std[70759c8f55707aa4]::rt::lang_start_internal
[INFO] [stdout]                                at /rustc/dfb0accb7f508ae8be965d8629557221c889dd98/library/std/src/rt.rs:171:5
[INFO] [stdout]   53:     0x62a941edc751 - std[70759c8f55707aa4]::rt::lang_start::<std[70759c8f55707aa4]::process::ExitCode>
[INFO] [stdout]   54:     0x62a941ee1435 - main
[INFO] [stdout]   55:     0x7df5813ce601 - <unknown>
[INFO] [stdout]   56:     0x7df5813ce718 - __libc_start_main
[INFO] [stdout]   57:     0x62a941edb8e5 - _start
[INFO] [stdout]   58:                0x0 - <unknown>
[INFO] [stdout] 
[INFO] [stdout] 
[INFO] [stdout] 
[INFO] [stdout] failures:
[INFO] [stdout]     src/collection_proxy.rs - collection_proxy::CollectionProxy (line 32)
[INFO] [stdout] 
[INFO] [stdout] test result: FAILED. 1 passed; 1 failed; 0 ignored; 0 measured; 0 filtered out; finished in 0.03s
[INFO] [stdout] 
[INFO] [stdout] all doctests ran in 3.19s; merged doctests compilation took 3.15s
[INFO] [stderr] error: doctest failed, to rerun pass `--doc`
[INFO] running `Command { std: "docker" "inspect" "12ced0337ee309e055dac2c24d65a468b75da97103e8ba86bed25d6558c78637", kill_on_drop: false }`
[INFO] running `Command { std: "docker" "rm" "-f" "12ced0337ee309e055dac2c24d65a468b75da97103e8ba86bed25d6558c78637", kill_on_drop: false }`
[INFO] [stdout] 12ced0337ee309e055dac2c24d65a468b75da97103e8ba86bed25d6558c78637
