[INFO] fetching crate ogc-cql2 0.7.4...
[INFO] testing ogc-cql2-0.7.4 against 1.100.0-beta.1+cargoflags=--release for beta-release-1.100-2
[INFO] extracting crate ogc-cql2 0.7.4 into /workspace/builds/worker-7-tc2/source
[INFO] started tweaking crates.io crate ogc-cql2 0.7.4
[INFO] removed 0 missing tests
[INFO] finished tweaking crates.io crate ogc-cql2 0.7.4
[INFO] tweaked toml for crates.io crate ogc-cql2 0.7.4 written to /workspace/builds/worker-7-tc2/source/Cargo.toml
[INFO] validating manifest of crates.io crate ogc-cql2 0.7.4 on toolchain 1.100.0-beta.1
[INFO] running `Command { std: CARGO_HOME="/workspace/cargo-home" RUSTUP_HOME="/workspace/rustup-home" "/workspace/cargo-home/bin/cargo" "+1.100.0-beta.1" "metadata" "--manifest-path" "Cargo.toml" "--no-deps", kill_on_drop: false }`
[INFO] crate crates.io crate ogc-cql2 0.7.4 already has a lockfile, it will not be regenerated
[INFO] running `Command { std: CARGO_HOME="/workspace/cargo-home" RUSTUP_HOME="/workspace/rustup-home" "/workspace/cargo-home/bin/cargo" "+1.100.0-beta.1" "fetch" "--manifest-path" "Cargo.toml", kill_on_drop: false }`
[INFO] running `Command { std: "docker" "create" "-v" "/var/lib/crater-agent-workspace/builds/worker-7-tc2/source:/opt/rustwide/workdir:ro,Z" "-v" "/var/lib/crater-agent-workspace/builds/worker-7-tc2/target:/opt/rustwide/target:rw,Z" "-v" "/var/lib/crater-agent-workspace/cargo-home:/opt/rustwide/cargo-home:ro,Z" "-v" "/var/lib/crater-agent-workspace/rustup-home:/opt/rustwide/rustup-home:ro,Z" "-m" "1610612736" "--network" "none" "ghcr.io/rust-lang/crates-build-env/linux@sha256:77db811e55d90add9212f6832c23229e3de5f1c1f9905e8cb07319ea15df73ac" "sleep" "infinity", kill_on_drop: false }`
[INFO] [stdout] 1bf221619433f6b7539c2b030949d1abc0a401fb2a820d9e1161ae78386f8556
[INFO] running `Command { std: "docker" "start" "1bf221619433f6b7539c2b030949d1abc0a401fb2a820d9e1161ae78386f8556", kill_on_drop: false }`
[INFO] running `Command { std: "docker" "inspect" "1bf221619433f6b7539c2b030949d1abc0a401fb2a820d9e1161ae78386f8556", kill_on_drop: false }`
[INFO] running `Command { std: "docker" "exec" "-e" "SOURCE_DIR=/opt/rustwide/workdir" "-e" "CARGO_HOME=/opt/rustwide/cargo-home" "-e" "RUSTUP_HOME=/opt/rustwide/rustup-home" "-e" "CARGO_TARGET_DIR=/opt/rustwide/target" "-w" "/opt/rustwide/workdir" "--user" "0:0" "1bf221619433f6b7539c2b030949d1abc0a401fb2a820d9e1161ae78386f8556" "/opt/rustwide/cargo-home/bin/cargo" "+1.100.0-beta.1" "metadata" "--no-deps" "--format-version=1", kill_on_drop: false }`
[INFO] running `Command { std: "docker" "inspect" "1bf221619433f6b7539c2b030949d1abc0a401fb2a820d9e1161ae78386f8556", kill_on_drop: false }`
[INFO] running `Command { std: "docker" "exec" "-e" "SOURCE_DIR=/opt/rustwide/workdir" "-e" "CARGO_HOME=/opt/rustwide/cargo-home" "-e" "RUSTUP_HOME=/opt/rustwide/rustup-home" "-e" "CARGO_TARGET_DIR=/opt/rustwide/target" "-e" "CARGO_INCREMENTAL=0" "-e" "RUST_BACKTRACE=full" "-e" "RUSTFLAGS=--cap-lints=warn" "-e" "RUSTDOCFLAGS=--cap-lints=warn" "-w" "/opt/rustwide/workdir" "--user" "0:0" "1bf221619433f6b7539c2b030949d1abc0a401fb2a820d9e1161ae78386f8556" "/opt/rustwide/cargo-home/bin/cargo" "+1.100.0-beta.1" "build" "--frozen" "--message-format=json" "--release", kill_on_drop: false }`
[INFO] [stderr]    Compiling rustix v1.1.5
[INFO] [stderr]    Compiling cfg-if v1.0.5
[INFO] [stderr]    Compiling crc32fast v1.5.2
[INFO] [stderr]    Compiling simd-adler32 v0.3.10
[INFO] [stderr]    Compiling adler2 v2.0.1
[INFO] [stderr]    Compiling libc v0.2.190
[INFO] [stderr]    Compiling libsqlite3-sys v0.35.0
[INFO] [stderr]    Compiling link-cplusplus v1.0.12
[INFO] [stderr]    Compiling cmake v0.1.58
[INFO] [stderr]    Compiling syn v3.0.6
[INFO] [stderr]    Compiling geos-sys v2.0.10
[INFO] [stderr]    Compiling parking_lot_core v0.9.12
[INFO] [stderr]    Compiling errno v0.3.14
[INFO] [stderr]    Compiling syn v2.0.119
[INFO] [stderr]    Compiling serde v1.0.229
[INFO] [stderr]    Compiling peg-runtime v0.8.6
[INFO] [stderr]    Compiling socket2 v0.6.5
[INFO] [stderr]    Compiling miniz_oxide v0.9.1
[INFO] [stderr]    Compiling signal-hook-registry v1.4.8
[INFO] [stderr]    Compiling mio v1.2.4
[INFO] [stderr]    Compiling peg-macros v0.8.6
[INFO] [stderr]    Compiling parking_lot v0.12.5
[INFO] [stderr]    Compiling jiff-core v0.1.1
[INFO] [stderr]    Compiling unicode-normalization v0.1.25
[INFO] [stderr]    Compiling geos v11.3.1
[INFO] [stderr]    Compiling regress v0.12.0
[INFO] [stderr]    Compiling dotenvy v0.15.7
[INFO] [stderr]    Compiling unicase v2.10.0
[INFO] [stderr]    Compiling flate2 v1.1.10
[INFO] [stderr]    Compiling jiff v0.2.38
[INFO] [stderr]    Compiling filetime v0.2.29
[INFO] [stderr]    Compiling peg v0.8.6
[INFO] [stderr]    Compiling xattr v1.6.1
[INFO] [stderr]    Compiling tar v0.4.46
[INFO] [stderr]    Compiling proj-sys v0.27.0
[INFO] [stderr]    Compiling darling_core v0.24.1
[INFO] [stderr]    Compiling futures-macro v0.3.34
[INFO] [stderr]    Compiling thiserror-impl v2.0.21
[INFO] [stderr]    Compiling tokio-macros v2.7.2
[INFO] [stderr]    Compiling serde_derive v1.0.229
[INFO] [stderr]    Compiling async-trait v0.1.92
[INFO] [stderr]    Compiling tracing-attributes v0.1.31
[INFO] [stderr]    Compiling futures-util v0.3.34
[INFO] [stderr]    Compiling tokio v1.53.2
[INFO] [stderr]    Compiling thiserror v2.0.21
[INFO] [stderr]    Compiling proj v0.31.0
[INFO] [stderr]    Compiling tracing v0.1.44
[INFO] [stderr]    Compiling darling_macro v0.24.1
[INFO] [stderr]    Compiling darling v0.24.1
[INFO] [stderr]    Compiling serde_with_macros v3.24.0
[INFO] [stderr]    Compiling serde_with v3.24.0
[INFO] [stderr]    Compiling futures-executor v0.3.34
[INFO] [stderr]    Compiling futures v0.3.34
[INFO] [stderr]    Compiling ogc-cql2 v0.7.4 (/opt/rustwide/workdir)
[INFO] [stderr] warning: unused dependency `tokio`
[INFO] [stderr]   --> Cargo.toml:78:15
[INFO] [stderr]    |
[INFO] [stderr] 78 | [dependencies.tokio]
[INFO] [stderr]    |               ^^^^^^
[INFO] [stderr]    |
[INFO] [stderr]    = note: `cargo::unused_dependencies` is set to `warn` by default
[INFO] [stderr] help: consider removing the dependency on `tokio`
[INFO] [stderr] warning: `ogc-cql2` (manifest) generated 1 warning
[INFO] [stderr]     Finished `release` profile [optimized] target(s) in 19.22s
[INFO] running `Command { std: "docker" "inspect" "1bf221619433f6b7539c2b030949d1abc0a401fb2a820d9e1161ae78386f8556", kill_on_drop: false }`
[INFO] running `Command { std: "docker" "exec" "-e" "SOURCE_DIR=/opt/rustwide/workdir" "-e" "CARGO_HOME=/opt/rustwide/cargo-home" "-e" "RUSTUP_HOME=/opt/rustwide/rustup-home" "-e" "CARGO_TARGET_DIR=/opt/rustwide/target" "-e" "CARGO_INCREMENTAL=0" "-e" "RUST_BACKTRACE=full" "-e" "RUSTFLAGS=--cap-lints=warn" "-e" "RUSTDOCFLAGS=--cap-lints=warn" "-w" "/opt/rustwide/workdir" "--user" "0:0" "1bf221619433f6b7539c2b030949d1abc0a401fb2a820d9e1161ae78386f8556" "/opt/rustwide/cargo-home/bin/cargo" "+1.100.0-beta.1" "test" "--frozen" "--no-run" "--message-format=json" "--release", kill_on_drop: false }`
[INFO] [stderr]    Compiling zerocopy v0.8.62
[INFO] [stderr]    Compiling zerocopy-derive v0.8.62
[INFO] [stderr]    Compiling serde v1.0.229
[INFO] [stderr]    Compiling regex-automata v0.4.18
[INFO] [stderr]    Compiling tracing v0.1.44
[INFO] [stderr]    Compiling sharded-slab v0.1.7
[INFO] [stderr]    Compiling thread_local v1.1.10
[INFO] [stderr]    Compiling getrandom v0.4.3
[INFO] [stderr]    Compiling chacha20 v0.10.2
[INFO] [stderr]    Compiling tracing-test-macro v0.2.6
[INFO] [stderr]    Compiling approx v0.5.1
[INFO] [stderr]    Compiling rand v0.10.3
[INFO] [stderr]    Compiling tinytemplate v1.2.1
[INFO] [stderr]    Compiling ogc-cql2 v0.7.4 (/opt/rustwide/workdir)
[INFO] [stderr]    Compiling matchers v0.2.0
[INFO] [stderr]    Compiling regex v1.13.1
[INFO] [stderr]    Compiling tracing-subscriber v0.3.23
[INFO] [stderr]    Compiling tracing-test v0.2.6
[INFO] [stderr]    Compiling half v2.7.1
[INFO] [stderr]    Compiling ciborium-ll v0.2.2
[INFO] [stderr]    Compiling ciborium v0.2.2
[INFO] [stderr]    Compiling criterion v0.8.2
[INFO] [stderr]     Finished `release` profile [optimized] target(s) in 16.94s
[INFO] running `Command { std: "docker" "inspect" "1bf221619433f6b7539c2b030949d1abc0a401fb2a820d9e1161ae78386f8556", kill_on_drop: false }`
[INFO] running `Command { std: "docker" "exec" "-e" "SOURCE_DIR=/opt/rustwide/workdir" "-e" "CARGO_HOME=/opt/rustwide/cargo-home" "-e" "RUSTUP_HOME=/opt/rustwide/rustup-home" "-e" "CARGO_TARGET_DIR=/opt/rustwide/target" "-e" "CARGO_INCREMENTAL=0" "-e" "RUST_BACKTRACE=full" "-e" "RUSTFLAGS=--cap-lints=warn" "-e" "RUSTDOCFLAGS=--cap-lints=warn" "-w" "/opt/rustwide/workdir" "--user" "0:0" "1bf221619433f6b7539c2b030949d1abc0a401fb2a820d9e1161ae78386f8556" "/opt/rustwide/cargo-home/bin/cargo" "+1.100.0-beta.1" "test" "--frozen" "--release", kill_on_drop: false }`
[INFO] [stderr]     Finished `release` profile [optimized] target(s) in 0.11s
[INFO] [stderr]      Running unittests src/lib.rs (/opt/rustwide/target/release/build/ogc-cql2/d2eba42ce3139653/out/ogc_cql2-d2eba42ce3139653)
[INFO] [stdout] 
[INFO] [stdout] running 87 tests
[INFO] [stdout] test bound::tests::test_bound ... ok
[INFO] [stdout] test expr::tests::test_c7_02 ... ok
[INFO] [stdout] test expr::tests::test_ex06a ... ok
[INFO] [stdout] test expr::tests::test_ex57 ... ok
[INFO] [stdout] test crs::tests::test_name ... ok
[INFO] [stdout] test config::tests::test_default_precision ... FAILED
[INFO] [stdout] test geom::bbox::tests::test ... ok
[INFO] [stdout] test geom::bbox::tests::test_precision ... ok
[INFO] [stdout] test config::tests::test_default_srid ... FAILED
[INFO] [stdout] test geom::line::tests::test ... ok
[INFO] [stdout] test geom::bbox::tests::test_to_polygon ... ok
[INFO] [stdout] test geom::line::tests::test_precision ... ok
[INFO] [stdout] test geom::bbox::tests::test_antimeridian ... ok
[INFO] [stdout] test geom::lines::tests::test ... ok
[INFO] [stdout] test geom::point::tests::test ... ok
[INFO] [stdout] test geom::point::tests::test_comparison ... ok
[INFO] [stdout] test geom::point::tests::test_equality ... ok
[INFO] [stdout] test geom::point::tests::test_precision ... ok
[INFO] [stdout] test geom::polygon::tests::test_2d ... ok
[INFO] [stdout] test geom::polygon::tests::test_3d ... ok
[INFO] [stdout] test geom::tests::test_geos_wkt ... ignored, GEOS possible bug
[INFO] [stdout] test geom::tests::test_geos_wkt_writer ... ignored, GEOS possible bug
[INFO] [stdout] test geom::tests::test_geos_envelope ... ok
[INFO] [stdout] test geom::polygon::tests::test_touches ... ok
[INFO] [stdout] test geom::tests::test_geos ... ok
[INFO] [stdout] test geom::tests::test_point_in_polygon ... ok
[INFO] [stdout] test geom::tests::test_new_from_wkt ... ok
[INFO] [stdout] test geom::tests::test_to_wkt ... ok
[INFO] [stdout] test qstring::tests::test_display ... ok
[INFO] [stdout] test geom::tests::test_to_geos ... ok
[INFO] [stdout] test qstring::tests::test_equality ... ok
[INFO] [stdout] test geom::tests::test_try_from_wkt ... ok
[INFO] [stdout] test qstring::tests::test_nfkd ... ok
[INFO] [stdout] test qstring::tests::test_unaccent ... ok
[INFO] [stdout] test queryable::tests::test_i128 ... ok
[INFO] [stdout] test queryable::tests::fuzz_test_u64 ... ok
[INFO] [stdout] test queryable::tests::fuzz_test_i64 ... ok
[INFO] [stdout] test queryable::tests::test_i128_max ... ok
[INFO] [stdout] test queryable::tests::test_i128_min ... ok
[INFO] [stdout] test queryable::tests::test_i64 ... ok
[INFO] [stdout] test qstring::tests::test_like_capital ... ok
[INFO] [stdout] test queryable::tests::test_i64_max ... ok
[INFO] [stdout] test qstring::tests::test_like_small ... ok
[INFO] [stdout] test queryable::tests::test_isize_max ... ok
[INFO] [stdout] test queryable::tests::test_isize_min ... ok
[INFO] [stdout] test queryable::tests::test_u128 ... ok
[INFO] [stdout] test queryable::tests::test_like ... ok
[INFO] [stdout] test queryable::tests::test_u128_max ... ok
[INFO] [stdout] test queryable::tests::test_u64 ... ok
[INFO] [stdout] test queryable::tests::test_u64_max ... ok
[INFO] [stdout] test queryable::tests::test_usize ... ok
[INFO] [stdout] test queryable::tests::test_usize_max ... ok
[INFO] [stdout] test queryable::tests::test_i64_min ... ok
[INFO] [stdout] test text::tests::test_character_expression ... ok
[INFO] [stdout] test text::tests::test_boolean ... ok
[INFO] [stdout] test queryable::tests::test_isize ... ok
[INFO] [stdout] test text::tests::test_combined2 ... ok
[INFO] [stdout] test text::tests::test_combined1 ... ok
[INFO] [stdout] test text::tests::test_escape_apostophe ... ok
[INFO] [stdout] test text::tests::test_date ... ok
[INFO] [stdout] test text::tests::test_is_like_predicate ... ok
[INFO] [stdout] test text::tests::test_identifier ... ok
[INFO] [stdout] test text::tests::test_modified_multipoint ... ok
[INFO] [stdout] test text::tests::test_is_not_like_predicate ... ok
[INFO] [stdout] test text::tests::test_numeric_literal ... ok
[INFO] [stdout] test text::tests::test_precedence ... ok
[INFO] [stdout] test text::tests::test_quoted_identifier ... ok
[INFO] [stdout] test text::tests::test_t_before ... ok
[INFO] [stdout] test text::tests::test_jiff_utc ... ok
[INFO] [stdout] test text::tests::test_timestamp ... ok
[INFO] [stdout] test qstring::tests::test_like_bench ... ok
[INFO] [stdout] test text::tests::fuzz_test_escape_apostrophe ... ok
[INFO] [stdout] test function::tests::test_str_builtins ... ok
[INFO] [stdout] test wkb::blob::tests::test_polygons ... ok
[INFO] [stdout] test function::tests::test_queryables ... ok
[INFO] [stdout] test function::tests::test_literals ... ok
[INFO] [stdout] test text::tests::test_current_precedence ... ok
[INFO] [stdout] test function::tests::test_unregistered ... ok
[INFO] [stdout] test wkb::blob::tests::test_point ... ok
[INFO] [stdout] test wkb::blob::tests::test_line ... ok
[INFO] [stdout] test function::tests::test_num_builtins ... ok
[INFO] [stdout] test wkb::ewkb::tests::test_pg_polygons ... ok
[INFO] [stdout] test geom::line::tests::test_invalid - should panic ... ok
[INFO] [stdout] test wkb::blob::tests::test_countries_fid_19 ... ok
[INFO] [stdout] test geom::point::tests::test_invalid - should panic ... ok
[INFO] [stdout] test function::tests::test_wrong_data_type ... ok
[INFO] [stdout] test function::tests::test_geom_builtins ... ok
[INFO] [stdout] 
[INFO] [stdout] failures:
[INFO] [stdout] 
[INFO] [stdout] ---- config::tests::test_default_precision stdout ----
[INFO] [stdout] Error: EnvVar(NotPresent)
[INFO] [stdout] 
[INFO] [stdout] ---- config::tests::test_default_srid stdout ----
[INFO] [stdout] Error: EnvVar(NotPresent)
[INFO] [stdout] 
[INFO] [stdout] 
[INFO] [stdout] failures:
[INFO] [stdout]     config::tests::test_default_precision
[INFO] [stdout]     config::tests::test_default_srid
[INFO] [stdout] 
[INFO] [stdout] test result: FAILED. 83 passed; 2 failed; 2 ignored; 0 measured; 0 filtered out; finished in 0.07s
[INFO] [stdout] 
[INFO] [stderr] error: test failed, to rerun pass `--lib`
[INFO] running `Command { std: "docker" "inspect" "1bf221619433f6b7539c2b030949d1abc0a401fb2a820d9e1161ae78386f8556", kill_on_drop: false }`
[INFO] running `Command { std: "docker" "rm" "-f" "1bf221619433f6b7539c2b030949d1abc0a401fb2a820d9e1161ae78386f8556", kill_on_drop: false }`
[INFO] [stdout] 1bf221619433f6b7539c2b030949d1abc0a401fb2a820d9e1161ae78386f8556
