[INFO] fetching crate ofsht 0.8.0...
[INFO] testing ofsht-0.8.0 against 1.100.0-beta.1+cargoflags=--release for beta-release-1.100-2
[INFO] extracting crate ofsht 0.8.0 into /workspace/builds/worker-2-tc2/source
[INFO] removed /workspace/builds/worker-2-tc2/source/rust-toolchain.toml
[INFO] started tweaking crates.io crate ofsht 0.8.0
[INFO] removed 0 missing tests
[INFO] finished tweaking crates.io crate ofsht 0.8.0
[INFO] tweaked toml for crates.io crate ofsht 0.8.0 written to /workspace/builds/worker-2-tc2/source/Cargo.toml
[INFO] validating manifest of crates.io crate ofsht 0.8.0 on toolchain 1.100.0-beta.1
[INFO] running `Command { std: CARGO_HOME="/workspace/cargo-home" RUSTUP_HOME="/workspace/rustup-home" "/workspace/cargo-home/bin/cargo" "+1.100.0-beta.1" "metadata" "--manifest-path" "Cargo.toml" "--no-deps", kill_on_drop: false }`
[INFO] crate crates.io crate ofsht 0.8.0 already has a lockfile, it will not be regenerated
[INFO] running `Command { std: CARGO_HOME="/workspace/cargo-home" RUSTUP_HOME="/workspace/rustup-home" "/workspace/cargo-home/bin/cargo" "+1.100.0-beta.1" "fetch" "--manifest-path" "Cargo.toml", kill_on_drop: false }`
[INFO] running `Command { std: "docker" "create" "-v" "/var/lib/crater-agent-workspace/builds/worker-2-tc2/source:/opt/rustwide/workdir:ro,Z" "-v" "/var/lib/crater-agent-workspace/builds/worker-2-tc2/target:/opt/rustwide/target:rw,Z" "-v" "/var/lib/crater-agent-workspace/cargo-home:/opt/rustwide/cargo-home:ro,Z" "-v" "/var/lib/crater-agent-workspace/rustup-home:/opt/rustwide/rustup-home:ro,Z" "-m" "1610612736" "--network" "none" "ghcr.io/rust-lang/crates-build-env/linux@sha256:77db811e55d90add9212f6832c23229e3de5f1c1f9905e8cb07319ea15df73ac" "sleep" "infinity", kill_on_drop: false }`
[INFO] [stdout] 9d036e1d27663c6a3396cedfe31cc975e19888d5d6e16dfb00f1226a55fb7751
[INFO] running `Command { std: "docker" "start" "9d036e1d27663c6a3396cedfe31cc975e19888d5d6e16dfb00f1226a55fb7751", kill_on_drop: false }`
[INFO] running `Command { std: "docker" "inspect" "9d036e1d27663c6a3396cedfe31cc975e19888d5d6e16dfb00f1226a55fb7751", kill_on_drop: false }`
[INFO] running `Command { std: "docker" "exec" "-e" "SOURCE_DIR=/opt/rustwide/workdir" "-e" "CARGO_HOME=/opt/rustwide/cargo-home" "-e" "RUSTUP_HOME=/opt/rustwide/rustup-home" "-e" "CARGO_TARGET_DIR=/opt/rustwide/target" "-w" "/opt/rustwide/workdir" "--user" "0:0" "9d036e1d27663c6a3396cedfe31cc975e19888d5d6e16dfb00f1226a55fb7751" "/opt/rustwide/cargo-home/bin/cargo" "+1.100.0-beta.1" "metadata" "--no-deps" "--format-version=1", kill_on_drop: false }`
[INFO] running `Command { std: "docker" "inspect" "9d036e1d27663c6a3396cedfe31cc975e19888d5d6e16dfb00f1226a55fb7751", kill_on_drop: false }`
[INFO] running `Command { std: "docker" "exec" "-e" "SOURCE_DIR=/opt/rustwide/workdir" "-e" "CARGO_HOME=/opt/rustwide/cargo-home" "-e" "RUSTUP_HOME=/opt/rustwide/rustup-home" "-e" "CARGO_TARGET_DIR=/opt/rustwide/target" "-e" "CARGO_INCREMENTAL=0" "-e" "RUST_BACKTRACE=full" "-e" "RUSTFLAGS=--cap-lints=warn" "-e" "RUSTDOCFLAGS=--cap-lints=warn" "-w" "/opt/rustwide/workdir" "--user" "0:0" "9d036e1d27663c6a3396cedfe31cc975e19888d5d6e16dfb00f1226a55fb7751" "/opt/rustwide/cargo-home/bin/cargo" "+1.100.0-beta.1" "build" "--frozen" "--message-format=json" "--release", kill_on_drop: false }`
[INFO] [stderr]    Compiling libc v0.2.185
[INFO] [stderr]    Compiling unicode-ident v1.0.22
[INFO] [stderr]    Compiling memchr v2.7.6
[INFO] [stderr]    Compiling is_ci v1.2.0
[INFO] [stderr]    Compiling winnow v1.0.2
[INFO] [stderr]    Compiling anstream v1.0.0
[INFO] [stderr]    Compiling iana-time-zone v0.1.64
[INFO] [stderr]    Compiling regex-syntax v0.8.8
[INFO] [stderr]    Compiling option-ext v0.2.0
[INFO] [stderr]    Compiling owo-colors v4.3.0
[INFO] [stderr]    Compiling toml_datetime v1.1.1+spec-1.1.0
[INFO] [stderr]    Compiling serde_spanned v1.1.1
[INFO] [stderr]    Compiling toml_writer v1.1.1+spec-1.1.0
[INFO] [stderr]    Compiling shlex v1.3.0
[INFO] [stderr]    Compiling log v0.4.28
[INFO] [stderr]    Compiling is_executable v1.0.5
[INFO] [stderr]    Compiling supports-color v3.0.2
[INFO] [stderr]    Compiling proc-macro2 v1.0.106
[INFO] [stderr]    Compiling chrono v0.4.44
[INFO] [stderr]    Compiling walkdir v2.5.0
[INFO] [stderr]    Compiling anyhow v1.0.102
[INFO] [stderr]    Compiling clap_builder v4.6.0
[INFO] [stderr]    Compiling toml_parser v1.1.2+spec-1.1.0
[INFO] [stderr]    Compiling aho-corasick v1.1.4
[INFO] [stderr]    Compiling bstr v1.12.1
[INFO] [stderr]    Compiling serde_json v1.0.149
[INFO] [stderr]    Compiling quote v1.0.45
[INFO] [stderr]    Compiling syn v2.0.117
[INFO] [stderr]    Compiling toml v1.1.2+spec-1.1.0
[INFO] [stderr]    Compiling is-terminal v0.4.17
[INFO] [stderr]    Compiling console v0.16.2
[INFO] [stderr]    Compiling dirs-sys v0.5.0
[INFO] [stderr]    Compiling supports-color v2.1.0
[INFO] [stderr]    Compiling dirs v6.0.0
[INFO] [stderr]    Compiling indicatif v0.18.4
[INFO] [stderr]    Compiling regex-automata v0.4.13
[INFO] [stderr]    Compiling chrono-humanize v0.2.3
[INFO] [stderr]    Compiling globset v0.4.18
[INFO] [stderr]    Compiling clap_derive v4.6.1
[INFO] [stderr]    Compiling serde_derive v1.0.228
[INFO] [stderr]    Compiling clap v4.6.1
[INFO] [stderr]    Compiling clap_complete v4.6.2
[INFO] [stderr]    Compiling serde v1.0.228
[INFO] [stderr]    Compiling ofsht v0.8.0 (/opt/rustwide/workdir)
[INFO] [stderr]     Finished `release` profile [optimized] target(s) in 23.80s
[INFO] running `Command { std: "docker" "inspect" "9d036e1d27663c6a3396cedfe31cc975e19888d5d6e16dfb00f1226a55fb7751", kill_on_drop: false }`
[INFO] running `Command { std: "docker" "exec" "-e" "SOURCE_DIR=/opt/rustwide/workdir" "-e" "CARGO_HOME=/opt/rustwide/cargo-home" "-e" "RUSTUP_HOME=/opt/rustwide/rustup-home" "-e" "CARGO_TARGET_DIR=/opt/rustwide/target" "-e" "CARGO_INCREMENTAL=0" "-e" "RUST_BACKTRACE=full" "-e" "RUSTFLAGS=--cap-lints=warn" "-e" "RUSTDOCFLAGS=--cap-lints=warn" "-w" "/opt/rustwide/workdir" "--user" "0:0" "9d036e1d27663c6a3396cedfe31cc975e19888d5d6e16dfb00f1226a55fb7751" "/opt/rustwide/cargo-home/bin/cargo" "+1.100.0-beta.1" "test" "--frozen" "--no-run" "--message-format=json" "--release", kill_on_drop: false }`
[INFO] [stderr]    Compiling memchr v2.7.6
[INFO] [stderr]    Compiling regex-syntax v0.8.8
[INFO] [stderr]    Compiling crossbeam-utils v0.8.21
[INFO] [stderr]    Compiling predicates-core v1.0.9
[INFO] [stderr]    Compiling bitflags v2.10.0
[INFO] [stderr]    Compiling float-cmp v0.10.0
[INFO] [stderr]    Compiling parking_lot_core v0.9.12
[INFO] [stderr]    Compiling doc-comment v0.3.4
[INFO] [stderr]    Compiling pin-utils v0.1.0
[INFO] [stderr]    Compiling normalize-line-endings v0.3.0
[INFO] [stderr]    Compiling slab v0.4.11
[INFO] [stderr]    Compiling futures-core v0.3.31
[INFO] [stderr]    Compiling termtree v0.5.1
[INFO] [stderr]    Compiling difflib v0.4.0
[INFO] [stderr]    Compiling futures-task v0.3.31
[INFO] [stderr]    Compiling getrandom v0.3.4
[INFO] [stderr]    Compiling sdd v3.0.10
[INFO] [stderr]    Compiling assert_cmd v2.2.1
[INFO] [stderr]    Compiling futures-util v0.3.31
[INFO] [stderr]    Compiling parking_lot v0.12.5
[INFO] [stderr]    Compiling predicates-tree v1.0.12
[INFO] [stderr]    Compiling rustix v1.1.4
[INFO] [stderr]    Compiling serial_test_derive v3.4.0
[INFO] [stderr]    Compiling wait-timeout v0.2.1
[INFO] [stderr]    Compiling scc v2.4.0
[INFO] [stderr]    Compiling temp-env v0.3.6
[INFO] [stderr]    Compiling aho-corasick v1.1.4
[INFO] [stderr]    Compiling crossbeam-epoch v0.9.18
[INFO] [stderr]    Compiling serde_json v1.0.149
[INFO] [stderr]    Compiling crossbeam-deque v0.8.6
[INFO] [stderr]    Compiling regex-automata v0.4.13
[INFO] [stderr]    Compiling tempfile v3.27.0
[INFO] [stderr]    Compiling futures-executor v0.3.31
[INFO] [stderr]    Compiling serial_test v3.4.0
[INFO] [stderr]    Compiling bstr v1.12.1
[INFO] [stderr]    Compiling regex v1.12.2
[INFO] [stderr]    Compiling predicates v3.1.4
[INFO] [stderr]    Compiling globset v0.4.18
[INFO] [stderr]    Compiling ignore v0.4.25
[INFO] [stderr]    Compiling ofsht v0.8.0 (/opt/rustwide/workdir)
[INFO] [stderr]    Compiling globwalk v0.9.1
[INFO] [stderr]    Compiling assert_fs v1.1.3
[INFO] [stderr]     Finished `release` profile [optimized] target(s) in 14.10s
[INFO] running `Command { std: "docker" "inspect" "9d036e1d27663c6a3396cedfe31cc975e19888d5d6e16dfb00f1226a55fb7751", kill_on_drop: false }`
[INFO] running `Command { std: "docker" "exec" "-e" "SOURCE_DIR=/opt/rustwide/workdir" "-e" "CARGO_HOME=/opt/rustwide/cargo-home" "-e" "RUSTUP_HOME=/opt/rustwide/rustup-home" "-e" "CARGO_TARGET_DIR=/opt/rustwide/target" "-e" "CARGO_INCREMENTAL=0" "-e" "RUST_BACKTRACE=full" "-e" "RUSTFLAGS=--cap-lints=warn" "-e" "RUSTDOCFLAGS=--cap-lints=warn" "-w" "/opt/rustwide/workdir" "--user" "0:0" "9d036e1d27663c6a3396cedfe31cc975e19888d5d6e16dfb00f1226a55fb7751" "/opt/rustwide/cargo-home/bin/cargo" "+1.100.0-beta.1" "test" "--frozen" "--release", kill_on_drop: false }`
[INFO] [stderr]     Finished `release` profile [optimized] target(s) in 0.10s
[INFO] [stderr]      Running unittests src/lib.rs (/opt/rustwide/target/release/build/ofsht/3bd1eb380ea1e233/out/ofsht-3bd1eb380ea1e233)
[INFO] [stdout] 
[INFO] [stdout] running 282 tests
[INFO] [stdout] test cli::tests::test_completion_excludes_main_branch_for_malformed_separator_missing ... ok
[INFO] [stdout] test cli::tests::test_worktree_list_branches_excludes_main ... ok
[INFO] [stdout] test color::tests::test_colorize_active_marker_always ... ok
[INFO] [stdout] test cli::tests::test_worktree_list_branches_multiple_worktrees ... ok
[INFO] [stdout] test cli::tests::test_worktree_list_branches_empty ... ok
[INFO] [stdout] test color::tests::test_colorize_branch_always ... ok
[INFO] [stdout] test cli::tests::verify_cli ... ok
[INFO] [stdout] test color::tests::test_colorize_active_marker_never ... ok
[INFO] [stdout] test color::tests::test_colorize_detached_always ... ok
[INFO] [stdout] test color::tests::test_colorize_secondary_never ... ok
[INFO] [stdout] test color::tests::test_dim_text_always ... ok
[INFO] [stdout] test color::tests::test_colorize_detached_never ... ok
[INFO] [stdout] test color::tests::test_colorize_branch_never ... ok
[INFO] [stdout] test color::tests::test_colorize_main_worktree_always ... ok
[INFO] [stdout] test color::tests::test_dim_text_never ... ok
[INFO] [stdout] test color::tests::test_from_str_case_insensitive ... ok
[INFO] [stdout] test cli::tests::test_list_git_branches_filters_by_prefix ... ok
[INFO] [stdout] test cli::tests::test_list_git_branches_returns_completion_candidates ... ok
[INFO] [stdout] test color::tests::test_resolve_from_cli_always ... ok
[INFO] [stdout] test color::tests::test_resolve_from_cli_auto ... ok
[INFO] [stdout] test color::tests::test_colorize_secondary_always ... ok
[INFO] [stdout] test color::tests::test_colorize_main_worktree_never ... ok
[INFO] [stdout] test color::tests::test_resolve_from_cli_never ... ok
[INFO] [stdout] test color::tests::test_resolve_cli_overrides_no_color ... ok
[INFO] [stdout] test color::tests::test_info_message_never ... ok
[INFO] [stdout] test color::tests::test_resolve_default_auto ... ok
[INFO] [stdout] test color::tests::test_resolve_no_color_env ... ok
[INFO] [stdout] test color::tests::test_resolve_term_dumb ... ok
[INFO] [stdout] test color::tests::test_should_colorize_always ... ok
[INFO] [stdout] test color::tests::test_should_colorize_auto ... ok
[INFO] [stdout] test color::tests::test_success_message_always ... ok
[INFO] [stdout] test color::tests::test_should_colorize_never ... ok
[INFO] [stdout] test color::tests::test_success_message_never ... ok
[INFO] [stdout] test color::tests::test_warn_message_never ... ok
[INFO] [stdout] test commands::add::tests::test_should_use_tmux_behavior_always ... ok
[INFO] [stdout] test commands::add::tests::test_should_use_tmux_behavior_auto ... ok
[INFO] [stdout] test commands::add::tests::test_should_use_tmux_behavior_never ... ok
[INFO] [stdout] test commands::add::tests::test_should_use_tmux_tmux_flag_priority ... ok
[INFO] [stdout] test commands::add::tests::test_should_use_tmux_no_tmux_flag_priority ... ok
[INFO] [stdout] test commands::list_display::tests::test_format_worktree_table_active_marker ... ok
[INFO] [stdout] test commands::list_display::tests::test_format_worktree_table_active_marker_with_path ... ok
[INFO] [stdout] test commands::list_display::tests::test_format_worktree_table_column_alignment ... ok
[INFO] [stdout] test commands::list_display::tests::test_format_worktree_table_default_no_path ... ok
[INFO] [stdout] test commands::list_display::tests::test_format_worktree_table_with_path ... ok
[INFO] [stdout] test commands::list_display::tests::test_format_worktree_table_multiple_entries ... ok
[INFO] [stdout] test cli::tests::test_list_git_branches_returns_branches_in_git_repo ... FAILED
[INFO] [stdout] test color::tests::test_from_str_invalid ... ok
[INFO] [stdout] test commands::list_display::tests::test_format_worktree_table_detached_head ... ok
[INFO] [stdout] test commands::open::tests::test_build_worktree_list_all_empty_after_skip ... ok
[INFO] [stdout] test commands::list_display::tests::test_format_worktree_table_with_relative_paths ... ok
[INFO] [stdout] test cli::tests::test_list_git_worktrees_filters_at_symbol ... FAILED
[INFO] [stdout] test commands::open::tests::test_build_worktree_list_skips_current ... ok
[INFO] [stdout] test commands::open::tests::test_main_branch_via_worktree_list_detached ... ok
[INFO] [stdout] test commands::open::tests::test_build_worktree_list_worktree_names_use_relative_paths ... ok
[INFO] [stdout] test commands::open::tests::test_main_branch_via_worktree_list_empty ... ok
[INFO] [stdout] test cli::tests::test_list_git_worktrees_includes_at_symbol ... FAILED
[INFO] [stdout] test commands::add::tests::test_resolve_github_ref_issue_path ... ok
[INFO] [stdout] test commands::open::tests::test_main_branch_via_worktree_list_normal ... ok
[INFO] [stdout] test commands::add::tests::test_resolve_github_ref_issue_path_with_start_point ... ok
[INFO] [stdout] test cli::tests::test_list_git_worktrees_excludes_at_with_different_prefix ... ok
[INFO] [stdout] test commands::add::tests::test_resolve_github_ref_both_fail ... ok
[INFO] [stdout] test commands::open::tests::test_build_worktree_list_skips_non_main_current ... ok
[INFO] [stdout] test commands::sync::tests::test_empty_config_no_flag ... ok
[INFO] [stdout] test commands::sync::tests::test_link_only_flag ... ok
[INFO] [stdout] test commands::open::tests::test_open_as_panes_all_split_fail_bails_and_skips_layout ... ok
[INFO] [stdout] test commands::sync::tests::test_no_flags_means_all_actions ... ok
[INFO] [stdout] test commands::open::tests::test_open_as_panes_all_success_calls_select_tiled_layout_once ... ok
[INFO] [stdout] test commands::sync::tests::test_run_copy_flags ... ok
[INFO] [stdout] test commands::sync::tests::test_run_only_config_with_link_flag_yields_empty ... ok
[INFO] [stdout] test commands::open::tests::test_open_as_panes_select_layout_failure_is_warn_only ... ok
[INFO] [stdout] test config::template_generator::tests::test_detect_all_tools_available ... ok
[INFO] [stdout] test config::template_generator::tests::test_detect_some_tools_unavailable ... ok
[INFO] [stdout] test config::template_generator::tests::test_generate_global_all_enabled ... ok
[INFO] [stdout] test commands::open::tests::test_resolve_mode_no_flags_uses_config_pane ... ok
[INFO] [stdout] test config::template_generator::tests::test_generate_global_gh_disabled ... ok
[INFO] [stdout] test commands::open::tests::test_resolve_mode_no_flags_uses_config_window ... ok
[INFO] [stdout] test config::template_generator::tests::test_generate_global_uses_claude_example ... ok
[INFO] [stdout] test commands::open::tests::test_resolve_mode_pane_flag ... ok
[INFO] [stdout] test config::template_generator::tests::test_generate_local_has_hooks_only ... ok
[INFO] [stdout] test commands::open::tests::test_resolve_mode_pane_flag_overrides_config ... ok
[INFO] [stdout] test commands::open::tests::test_resolve_mode_window_flag ... ok
[INFO] [stdout] test config::template_generator::tests::test_generate_local_no_worktree_section ... ok
[INFO] [stdout] test commands::open::tests::test_resolve_mode_window_flag_overrides_config ... ok
[INFO] [stdout] test config::template_generator::tests::test_generate_local_uses_claude_example ... ok
[INFO] [stdout] test commands::sync::tests::test_all_flags_same_as_no_flags ... ok
[INFO] [stdout] test config::tests::test_fzf_config_default ... ok
[INFO] [stdout] test config::tests::test_gh_config_enabled_by_default ... ok
[INFO] [stdout] test config::tests::test_fzf_config_from_toml ... ok
[INFO] [stdout] test config::tests::test_gh_config_from_toml ... ok
[INFO] [stdout] test config::tests::test_default_config ... ok
[INFO] [stdout] test config::tests::test_global_config_path_is_public ... ok
[INFO] [stdout] test config::tests::test_integrations_config_from_toml ... ok
[INFO] [stdout] test config::tests::test_integrations_default ... ok
[INFO] [stdout] test config::tests::test_gh_config_default ... ok
[INFO] [stdout] test config::tests::test_compose_project_and_user_uses_user_integrations ... ok
[INFO] [stdout] test config::tests::test_local_config_path ... ok
[INFO] [stdout] test config::tests::test_open_mode_default ... ok
[INFO] [stdout] test config::tests::test_open_mode_display ... ok
[INFO] [stdout] test config::tests::test_local_config_integration_gh_only_fails ... ok
[INFO] [stdout] test config::tests::test_local_config_integration_zoxide_only_fails ... ok
[INFO] [stdout] test config::tests::test_local_config_with_integration_section_fails_even_with_other_fields ... ok
[INFO] [stdout] test config::tests::test_project_config_denies_integration_section ... ok
[INFO] [stdout] test config::tests::test_project_config_accepts_hooks_and_worktree ... ok
[INFO] [stdout] test config::tests::test_local_config_with_integration_section_fails_to_load ... ok
[INFO] [stdout] test config::tests::test_template_global_contains_all_sections ... ok
[INFO] [stdout] test config::tests::test_local_config_path_from_repo_root ... ok
[INFO] [stdout] test config::tests::test_compose_user_only_uses_full_user_config ... ok
[INFO] [stdout] test config::tests::test_template_global_is_valid_toml ... ok
[INFO] [stdout] test config::tests::test_global_config_path_relative_xdg_ignored ... ok
[INFO] [stdout] test config::tests::test_template_local_contains_all_sections ... ok
[INFO] [stdout] test config::tests::test_template_global_has_explanatory_comments ... ok
[INFO] [stdout] test config::tests::test_template_local_is_valid_toml ... ok
[INFO] [stdout] test config::tests::test_tmux_behavior_invalid_value ... ok
[INFO] [stdout] test config::tests::test_global_config_path_with_xdg_env ... ok
[INFO] [stdout] test config::tests::test_tmux_config_behavior_always ... ok
[INFO] [stdout] test config::tests::test_tmux_config_behavior_auto ... ok
[INFO] [stdout] test config::tests::test_tmux_config_from_toml ... ok
[INFO] [stdout] test config::tests::test_tmux_config_default ... ok
[INFO] [stdout] test config::tests::test_tmux_config_missing_defaults_to_window ... ok
[INFO] [stdout] test config::tests::test_tmux_config_behavior_never ... ok
[INFO] [stdout] test config::tests::test_tmux_create_invalid_value ... ok
[INFO] [stdout] test config::tests::test_compose_project_only_uses_default_integrations ... ok
[INFO] [stdout] test config::tests::test_tmux_open_invalid_value ... ok
[INFO] [stdout] test config::tests::test_user_config_accepts_integration_alias ... ok
[INFO] [stdout] test config::tests::test_user_config_denies_unknown_top_level_field ... ok
[INFO] [stdout] test config::tests::test_zoxide_config_default ... ok
[INFO] [stdout] test config::tests::test_zoxide_config_from_toml ... ok
[INFO] [stdout] test config::tests::test_zoxide_config_missing_defaults_to_true ... ok
[INFO] [stdout] test domain::worktree::tests::test_calculate_branch_depth_mixed_separators ... ok
[INFO] [stdout] test domain::worktree::tests::test_calculate_branch_depth_nested ... ok
[INFO] [stdout] test domain::worktree::tests::test_calculate_branch_depth_simple ... ok
[INFO] [stdout] test domain::worktree::tests::test_calculate_relative_path_deeply_nested ... ok
[INFO] [stdout] test domain::worktree::tests::test_calculate_relative_path_nested ... ok
[INFO] [stdout] test config::tests::test_global_config_parse_error_propagates ... ok
[INFO] [stdout] test domain::worktree::tests::test_calculate_relative_path_outside_root ... ok
[INFO] [stdout] test config::tests::test_global_config_path_default ... ok
[INFO] [stdout] test domain::worktree::tests::test_calculate_relative_path_simple ... ok
[INFO] [stdout] test domain::worktree::tests::test_calculate_worktree_root_from_feature_branch ... ok
[INFO] [stdout] test domain::worktree::tests::test_calculate_worktree_root_insufficient_depth ... ok
[INFO] [stdout] test domain::worktree::tests::test_worktree_list_current_no_active_returns_none ... ok
[INFO] [stdout] test domain::worktree::tests::test_worktree_list_current_with_active_path_canonicalize ... ok
[INFO] [stdout] test domain::worktree::tests::test_worktree_list_current_with_active_path_string_fallback ... ok
[INFO] [stdout] test domain::worktree::tests::test_worktree_list_find_by_branch_first_match_wins_on_duplicate ... ok
[INFO] [stdout] test config::tests::test_load_from_specific_repo_root ... ok
[INFO] [stdout] test domain::worktree::tests::test_worktree_list_find_by_branch_hits ... ok
[INFO] [stdout] test domain::worktree::tests::test_worktree_list_find_by_branch_main_excluded ... ok
[INFO] [stdout] test domain::worktree::tests::test_worktree_list_find_by_branch_misses ... ok
[INFO] [stdout] test config::tests::test_load_from_repo_root_fallback_to_global ... ok
[INFO] [stdout] test domain::worktree::tests::test_worktree_list_find_by_path_canonicalize_match ... ok
[INFO] [stdout] test domain::worktree::tests::test_worktree_list_main_returns_first_entry_when_present ... ok
[INFO] [stdout] test domain::worktree::tests::test_worktree_list_find_by_path_string_fallback ... ok
[INFO] [stdout] test domain::worktree::tests::test_worktree_list_find_by_path_main_excluded ... ok
[INFO] [stdout] test config::tests::test_local_config_without_global_uses_defaults ... ok
[INFO] [stdout] test domain::worktree::tests::test_worktree_list_hash_none_when_head_line_missing ... ok
[INFO] [stdout] test domain::worktree::tests::test_worktree_list_hash_truncated_to_8_chars ... ok
[INFO] [stdout] test domain::worktree::tests::test_worktree_list_parse_basic ... ok
[INFO] [stdout] test domain::worktree::tests::test_worktree_list_main_returns_none_on_empty_list ... ok
[INFO] [stdout] test domain::worktree::tests::test_worktree_list_parse_branch_with_at_sign ... ok
[INFO] [stdout] test domain::worktree::tests::test_worktree_list_parse_branch_with_slash ... ok
[INFO] [stdout] test domain::worktree::tests::test_worktree_list_parse_detached_head_explicit_marker ... ok
[INFO] [stdout] test domain::worktree::tests::test_worktree_list_parse_detached_head_implicit ... ok
[INFO] [stdout] test domain::worktree::tests::test_worktree_list_non_main_excludes_first ... ok
[INFO] [stdout] test domain::worktree::tests::test_worktree_list_parse_empty_input ... ok
[INFO] [stdout] test domain::worktree::tests::test_worktree_list_parse_main_marker_at_index_0 ... ok
[INFO] [stdout] test domain::worktree::tests::test_worktree_list_parse_main_only_trailing_newline_missing ... ok
[INFO] [stdout] test domain::worktree::tests::test_worktree_list_parse_malformed_branch_before_worktree_panic_free ... ok
[INFO] [stdout] test domain::worktree::tests::test_worktree_list_parse_no_trim_required_on_canonical_git_output ... ok
[INFO] [stdout] test domain::worktree::tests::test_worktree_list_parse_single_entry ... ok
[INFO] [stdout] test domain::worktree::tests::test_worktree_list_parse_trailing_newline_missing ... ok
[INFO] [stdout] test hooks::executor::tests::test_execute_hooks_empty ... ok
[INFO] [stdout] test hooks::files::tests::test_copy_files_literal_not_exists ... ok
[INFO] [stdout] test hooks::files::tests::test_detect_pattern_kind_literal ... ok
[INFO] [stdout] test hooks::files::tests::test_copy_files_glob ... ok
[INFO] [stdout] test hooks::files::tests::test_expand_pattern_glob_multiple_matches ... ok
[INFO] [stdout] test hooks::files::tests::test_expand_pattern_glob_no_match ... ok
[INFO] [stdout] test hooks::files::tests::test_expand_pattern_glob_single_match ... ok
[INFO] [stdout] test hooks::executor::tests::test_execute_hooks_lenient_does_not_panic ... ok
[INFO] [stdout] test hooks::files::tests::test_expand_pattern_glob_double_star_matches_recursively ... ok
[INFO] [stdout] test hooks::files::tests::test_detect_pattern_kind_glob ... ok
[INFO] [stdout] test hooks::files::tests::test_expand_pattern_literal_not_exists ... ok
[INFO] [stdout] test hooks::files::tests::test_expand_pattern_literal_exists ... ok
[INFO] [stdout] test hooks::files::tests::test_expand_pattern_directory_match ... ok
[INFO] [stdout] test hooks::executor::tests::test_execute_hooks_strict_returns_err_on_failure ... ok
[INFO] [stdout] test hooks::files::tests::test_expand_pattern_glob_star_does_not_cross_path_separator ... ok
[INFO] [stdout] test hooks::symlink::tests::test_ensure_symlink_already_correct ... ok
[INFO] [stdout] test hooks::symlink::tests::test_ensure_symlink_regular_file_conflict ... ok
[INFO] [stdout] test hooks::symlink::tests::test_ensure_symlink_directory_conflict ... ok
[INFO] [stdout] test hooks::runner::tests::test_execute_command_with_stdout ... ok
[INFO] [stdout] test integrations::fzf::tests::test_build_worktree_items_basic ... ok
[INFO] [stdout] test hooks::symlink::tests::test_ensure_symlink_creates_new ... ok
[INFO] [stdout] test hooks::symlink::tests::test_create_symlinks_glob_directory_with_nested_files ... ok
[INFO] [stdout] test hooks::symlink::tests::test_ensure_symlink_dangling_replaced ... ok
[INFO] [stdout] test integrations::fzf::tests::test_build_worktree_items_detached ... ok
[INFO] [stdout] test hooks::runner::tests::test_execute_command_success ... ok
[INFO] [stdout] test integrations::fzf::tests::test_build_worktree_items_nested_branch ... ok
[INFO] [stdout] test hooks::symlink::tests::test_ensure_symlink_replaced_wrong_target ... ok
[INFO] [stdout] test integrations::fzf::tests::test_build_worktree_items_no_trailing_whitespace ... ok
[INFO] [stdout] test hooks::runner::tests::test_execute_command_failure ... ok
[INFO] [stdout] test integrations::fzf::tests::test_build_worktree_items_padding_alignment ... ok
[INFO] [stdout] test integrations::fzf::tests::test_build_worktree_items_no_trim_behavior_equivalent ... ok
[INFO] [stdout] test integrations::fzf::tests::test_build_worktree_items_single_main_only ... ok
[INFO] [stdout] test integrations::fzf::tests::test_fzf_item_creation ... ok
[INFO] [stdout] test integrations::fzf::tests::test_mock_fzf_picker_cancel ... ok
[INFO] [stdout] test integrations::fzf::tests::test_mock_fzf_picker_failure ... ok
[INFO] [stdout] test hooks::executor::tests::test_execute_hooks_returns_all_errors ... ok
[INFO] [stdout] test integrations::gh::client::tests::test_mock_client_with_issue ... ok
[INFO] [stdout] test integrations::fzf::tests::test_mock_fzf_picker_success ... ok
[INFO] [stdout] test integrations::gh::client::tests::test_mock_client_with_issue_error ... ok
[INFO] [stdout] test integrations::gh::client::tests::test_mock_client_unavailable ... ok
[INFO] [stdout] test integrations::gh::client::tests::test_mock_client_with_pr ... ok
[INFO] [stdout] test integrations::fzf::tests::test_is_fzf_available ... ok
[INFO] [stdout] test integrations::gh::input::tests::test_parse_branch_with_hash_in_middle ... ok
[INFO] [stdout] test integrations::gh::input::tests::test_parse_github_number ... ok
[INFO] [stdout] test integrations::gh::input::tests::test_parse_large_number ... ok
[INFO] [stdout] test integrations::gh::input::tests::test_parse_plain_branch ... ok
[INFO] [stdout] test integrations::gh::input::tests::test_parse_single_digit ... ok
[INFO] [stdout] test integrations::gh::tests::test_build_issue_branch ... ok
[INFO] [stdout] test integrations::gh::tests::test_build_issue_branch_large_number ... ok
[INFO] [stdout] test integrations::gh::tests::test_build_issue_branch_single_digit ... ok
[INFO] [stdout] test integrations::git::tests::test_mock_git_client_create_worktree_success ... ok
[INFO] [stdout] test integrations::git::tests::test_mock_git_client_create_worktree_with_start_point ... ok
[INFO] [stdout] test integrations::git::tests::test_mock_git_client_last_commit_time_returns_canned_value ... ok
[INFO] [stdout] test integrations::git::tests::test_mock_git_client_list_worktrees ... ok
[INFO] [stdout] test integrations::git::tests::test_mock_git_client_remove_branch_success ... ok
[INFO] [stdout] test integrations::git::tests::test_mock_git_client_remove_worktree_success ... ok
[INFO] [stdout] test integrations::tmux::tests::test_sanitize_window_name_empty ... ok
[INFO] [stdout] test integrations::tmux::tests::test_sanitize_window_name_long ... ok
[INFO] [stdout] test integrations::tmux::tests::test_sanitize_window_name_mixed ... ok
[INFO] [stdout] test integrations::tmux::tests::test_sanitize_window_name_only_special_chars ... ok
[INFO] [stdout] test integrations::tmux::tests::test_sanitize_window_name_simple ... ok
[INFO] [stdout] test integrations::tmux::tests::test_sanitize_window_name_with_space ... ok
[INFO] [stdout] test integrations::tmux::tests::test_sanitize_window_name_with_slash ... ok
[INFO] [stdout] test integrations::tmux::tests::test_select_tiled_layout_failure ... ok
[INFO] [stdout] test integrations::tmux::tests::test_select_tiled_layout_success ... ok
[INFO] [stdout] test integrations::tmux::tests::test_split_pane_failure ... ok
[INFO] [stdout] test integrations::tmux::tests::test_split_pane_success ... ok
[INFO] [stdout] test integrations::zoxide::tests::test_mock_zoxide_client_failure ... ok
[INFO] [stdout] test integrations::zoxide::tests::test_mock_zoxide_client_success ... ok
[INFO] [stdout] test integrations::zoxide::tests::test_is_zoxide_available ... ok
[INFO] [stdout] test path_utils::tests::test_canonicalize_allow_missing_deep_nonexistent ... ok
[INFO] [stdout] test integrations::git::tests::test_real_git_client_last_commit_time_nonexistent_path ... ok
[INFO] [stdout] test path_utils::tests::test_canonicalize_allow_missing_existing_path ... ok
[INFO] [stdout] test path_utils::tests::test_canonicalize_allow_missing_nonexistent_absolute ... ok
[INFO] [stdout] test path_utils::tests::test_canonicalize_allow_missing_parent_dots ... ok
[INFO] [stdout] test path_utils::tests::test_canonicalize_allow_missing_relative ... ok
[INFO] [stdout] test path_utils::tests::test_canonicalize_allow_missing_relative_nonexistent ... ok
[INFO] [stdout] test path_utils::tests::test_display_path_home_itself ... ok
[INFO] [stdout] test path_utils::tests::test_display_path_normalizes_home_relative_with_parent_dirs ... ok
[INFO] [stdout] test hooks::executor::tests::test_execute_hooks_continues_after_run_failure ... ok
[INFO] [stdout] test path_utils::tests::test_display_path_normalizes_parent_dirs ... ok
[INFO] [stdout] test path_utils::tests::test_display_path_outside_home ... ok
[INFO] [stdout] test integrations::git::tests::test_real_git_client_last_commit_time_current_repo ... FAILED
[INFO] [stdout] test path_utils::tests::test_display_path_outside_home_unix_exact ... ok
[INFO] [stdout] test path_utils::tests::test_display_path_under_home ... ok
[INFO] [stdout] test path_utils::tests::test_normalize_absolute_path_consistency_with_display_path ... ok
[INFO] [stdout] test path_utils::tests::test_normalize_absolute_path_handles_relative_paths ... ok
[INFO] [stdout] test path_utils::tests::test_normalize_absolute_path_outside_home ... ok
[INFO] [stdout] test path_utils::tests::test_normalize_absolute_path_removes_current_dirs ... ok
[INFO] [stdout] test path_utils::tests::test_normalize_absolute_path_resolves_parent_dirs ... ok
[INFO] [stdout] test path_utils::tests::test_normalize_path_lexically_preserves_symlinks ... ok
[INFO] [stdout] test path_utils::tests::test_normalize_path_lexically_removes_current_dirs ... ok
[INFO] [stdout] test path_utils::tests::test_normalize_path_lexically_removes_parent_dirs ... ok
[INFO] [stdout] test service::tests::test_create_callback_error_propagates_and_skips_zoxide ... ok
[INFO] [stdout] test service::tests::test_create_expands_absolute_template ... ok
[INFO] [stdout] test service::tests::test_create_expands_relative_template ... ok
[INFO] [stdout] test service::tests::test_create_git_failure_skips_callback_and_zoxide ... ok
[INFO] [stdout] test service::tests::test_create_success ... ok
[INFO] [stdout] test service::tests::test_create_with_start_point ... ok
[INFO] [stdout] test stdin::tests::read_first_from_blank_only ... ok
[INFO] [stdout] test service::tests::test_create_zoxide_disabled_skips_zoxide ... ok
[INFO] [stdout] test service::tests::test_create_zoxide_failure ... ok
[INFO] [stdout] test stdin::tests::read_first_from_empty ... ok
[INFO] [stdout] test stdin::tests::read_first_from_multiline_returns_first ... ok
[INFO] [stdout] test stdin::tests::read_first_from_short_circuits_before_eof ... ok
[INFO] [stdout] test stdin::tests::read_first_from_single_line ... ok
[INFO] [stdout] test stdin::tests::read_first_from_skips_leading_blank_lines ... ok
[INFO] [stdout] test stdin::tests::read_first_from_trims_whitespace ... ok
[INFO] [stdout] test stdin::tests::read_lines_from_blank_only ... ok
[INFO] [stdout] test stdin::tests::read_lines_from_empty ... ok
[INFO] [stdout] test stdin::tests::read_lines_from_trims_whitespace ... ok
[INFO] [stdout] test stdin::tests::read_lines_from_filters_blank_lines ... ok
[INFO] [stdout] test stdin::tests::read_lines_from_multiline ... ok
[INFO] [stdout] 
[INFO] [stdout] failures:
[INFO] [stdout] 
[INFO] [stdout] ---- cli::tests::test_list_git_branches_returns_branches_in_git_repo stdout ----
[INFO] [stdout] 
[INFO] [stdout] thread 'cli::tests::test_list_git_branches_returns_branches_in_git_repo' (2238) panicked at src/cli.rs:289:9:
[INFO] [stdout] Should return branches when in git repo
[INFO] [stdout] stack backtrace:
[INFO] [stdout]    0:     0x566fdbb25be1 - <<std[617be2ca0a6fd877]::sys::backtrace::BacktraceLock>::print::DisplayBacktrace as core[a373ad73a504971]::fmt::Display>::fmt
[INFO] [stdout]    1:     0x566fdbb3d2da - core[a373ad73a504971]::fmt::write
[INFO] [stdout]    2:     0x566fdbb2a92c - <alloc[2e1b2a31b91974c5]::vec::Vec<u8> as core[a373ad73a504971]::io::write::Write>::write_fmt
[INFO] [stdout]    3:     0x566fdbafd606 - std[617be2ca0a6fd877]::panicking::default_hook::{closure#0}
[INFO] [stdout]    4:     0x566fdbb1be39 - std[617be2ca0a6fd877]::panicking::default_hook
[INFO] [stdout]    5:     0x566fdb9a0a40 - test[aada8e7e76ba119b]::test_main_inner::{closure#0}
[INFO] [stdout]    6:     0x566fdbb1bff2 - std[617be2ca0a6fd877]::panicking::panic_with_hook
[INFO] [stdout]    7:     0x566fdbafd6e4 - std[617be2ca0a6fd877]::panicking::panic_handler::{closure#0}
[INFO] [stdout]    8:     0x566fdbaf58f9 - std[617be2ca0a6fd877]::sys::backtrace::__rust_end_short_backtrace::<std[617be2ca0a6fd877]::panicking::panic_handler::{closure#0}, !>
[INFO] [stdout]    9:     0x566fdbafe6dd - __rustc[ea4f61d10b84890b]::rust_begin_unwind
[INFO] [stdout]   10:     0x566fdbb3dafc - core[a373ad73a504971]::panicking::panic_fmt
[INFO] [stdout]   11:     0x566fdb8fb1ff - <ofsht[6826c8a8e555cadd]::cli::tests::test_list_git_branches_returns_branches_in_git_repo::{closure#0} as core[a373ad73a504971]::ops::function::FnOnce<()>>::call_once
[INFO] [stdout]   12:     0x566fdb993e8b - test[aada8e7e76ba119b]::__rust_begin_short_backtrace::<core[a373ad73a504971]::result::Result<(), alloc[2e1b2a31b91974c5]::string::String>, fn() -> core[a373ad73a504971]::result::Result<(), alloc[2e1b2a31b91974c5]::string::String>>
[INFO] [stdout]   13:     0x566fdb9a1065 - test[aada8e7e76ba119b]::run_test::{closure#0}
[INFO] [stdout]   14:     0x566fdb99a954 - std[617be2ca0a6fd877]::sys::backtrace::__rust_begin_short_backtrace::<test[aada8e7e76ba119b]::run_test::{closure#1}, ()>
[INFO] [stdout]   15:     0x566fdb9a40f2 - <std[617be2ca0a6fd877]::thread::lifecycle::spawn_unchecked<test[aada8e7e76ba119b]::run_test::{closure#1}, ()>::{closure#1} as core[a373ad73a504971]::ops::function::FnOnce<()>>::call_once::{shim:vtable#0}
[INFO] [stdout]   16:     0x566fdbb24e0f - <std[617be2ca0a6fd877]::sys::thread::unix::Thread>::new::thread_start
[INFO] [stdout]   17:     0x752fbd809dfa - <unknown>
[INFO] [stdout]   18:     0x752fbd89d3d4 - clone
[INFO] [stdout]   19:                0x0 - <unknown>
[INFO] [stdout] 
[INFO] [stdout] ---- cli::tests::test_list_git_worktrees_filters_at_symbol stdout ----
[INFO] [stdout] 
[INFO] [stdout] thread 'cli::tests::test_list_git_worktrees_filters_at_symbol' (2243) panicked at src/cli.rs:415:9:
[INFO] [stdout] Completion candidates should include @ when prefix is @
[INFO] [stdout] stack backtrace:
[INFO] [stdout]    0:     0x566fdbb25be1 - <<std[617be2ca0a6fd877]::sys::backtrace::BacktraceLock>::print::DisplayBacktrace as core[a373ad73a504971]::fmt::Display>::fmt
[INFO] [stdout]    1:     0x566fdbb3d2da - core[a373ad73a504971]::fmt::write
[INFO] [stdout]    2:     0x566fdbb2a92c - <alloc[2e1b2a31b91974c5]::vec::Vec<u8> as core[a373ad73a504971]::io::write::Write>::write_fmt
[INFO] [stdout]    3:     0x566fdbafd606 - std[617be2ca0a6fd877]::panicking::default_hook::{closure#0}
[INFO] [stdout]    4:     0x566fdbb1be39 - std[617be2ca0a6fd877]::panicking::default_hook
[INFO] [stdout]    5:     0x566fdb9a0a40 - test[aada8e7e76ba119b]::test_main_inner::{closure#0}
[INFO] [stdout]    6:     0x566fdbb1bff2 - std[617be2ca0a6fd877]::panicking::panic_with_hook
[INFO] [stdout]    7:     0x566fdbafd6e4 - std[617be2ca0a6fd877]::panicking::panic_handler::{closure#0}
[INFO] [stdout]    8:     0x566fdbaf58f9 - std[617be2ca0a6fd877]::sys::backtrace::__rust_end_short_backtrace::<std[617be2ca0a6fd877]::panicking::panic_handler::{closure#0}, !>
[INFO] [stdout]    9:     0x566fdbafe6dd - __rustc[ea4f61d10b84890b]::rust_begin_unwind
[INFO] [stdout]   10:     0x566fdbb3dafc - core[a373ad73a504971]::panicking::panic_fmt
[INFO] [stdout]   11:     0x566fdb8fabcf - <ofsht[6826c8a8e555cadd]::cli::tests::test_list_git_worktrees_filters_at_symbol::{closure#0} as core[a373ad73a504971]::ops::function::FnOnce<()>>::call_once
[INFO] [stdout]   12:     0x566fdb993e8b - test[aada8e7e76ba119b]::__rust_begin_short_backtrace::<core[a373ad73a504971]::result::Result<(), alloc[2e1b2a31b91974c5]::string::String>, fn() -> core[a373ad73a504971]::result::Result<(), alloc[2e1b2a31b91974c5]::string::String>>
[INFO] [stdout]   13:     0x566fdb9a1065 - test[aada8e7e76ba119b]::run_test::{closure#0}
[INFO] [stdout]   14:     0x566fdb99a954 - std[617be2ca0a6fd877]::sys::backtrace::__rust_begin_short_backtrace::<test[aada8e7e76ba119b]::run_test::{closure#1}, ()>
[INFO] [stdout]   15:     0x566fdb9a40f2 - <std[617be2ca0a6fd877]::thread::lifecycle::spawn_unchecked<test[aada8e7e76ba119b]::run_test::{closure#1}, ()>::{closure#1} as core[a373ad73a504971]::ops::function::FnOnce<()>>::call_once::{shim:vtable#0}
[INFO] [stdout]   16:     0x566fdbb24e0f - <std[617be2ca0a6fd877]::sys::thread::unix::Thread>::new::thread_start
[INFO] [stdout]   17:     0x752fbd809dfa - <unknown>
[INFO] [stdout]   18:     0x752fbd89d3d4 - clone
[INFO] [stdout]   19:                0x0 - <unknown>
[INFO] [stdout] 
[INFO] [stdout] ---- cli::tests::test_list_git_worktrees_includes_at_symbol stdout ----
[INFO] [stdout] 
[INFO] [stdout] thread 'cli::tests::test_list_git_worktrees_includes_at_symbol' (2244) panicked at src/cli.rs:406:9:
[INFO] [stdout] Completion candidates should include @
[INFO] [stdout] stack backtrace:
[INFO] [stdout]    0:     0x566fdbb25be1 - <<std[617be2ca0a6fd877]::sys::backtrace::BacktraceLock>::print::DisplayBacktrace as core[a373ad73a504971]::fmt::Display>::fmt
[INFO] [stdout]    1:     0x566fdbb3d2da - core[a373ad73a504971]::fmt::write
[INFO] [stdout]    2:     0x566fdbb2a92c - <alloc[2e1b2a31b91974c5]::vec::Vec<u8> as core[a373ad73a504971]::io::write::Write>::write_fmt
[INFO] [stdout]    3:     0x566fdbafd606 - std[617be2ca0a6fd877]::panicking::default_hook::{closure#0}
[INFO] [stdout]    4:     0x566fdbb1be39 - std[617be2ca0a6fd877]::panicking::default_hook
[INFO] [stdout]    5:     0x566fdb9a0a40 - test[aada8e7e76ba119b]::test_main_inner::{closure#0}
[INFO] [stdout]    6:     0x566fdbb1bff2 - std[617be2ca0a6fd877]::panicking::panic_with_hook
[INFO] [stdout]    7:     0x566fdbafd6e4 - std[617be2ca0a6fd877]::panicking::panic_handler::{closure#0}
[INFO] [stdout]    8:     0x566fdbaf58f9 - std[617be2ca0a6fd877]::sys::backtrace::__rust_end_short_backtrace::<std[617be2ca0a6fd877]::panicking::panic_handler::{closure#0}, !>
[INFO] [stdout]    9:     0x566fdbafe6dd - __rustc[ea4f61d10b84890b]::rust_begin_unwind
[INFO] [stdout]   10:     0x566fdbb3dafc - core[a373ad73a504971]::panicking::panic_fmt
[INFO] [stdout]   11:     0x566fdb8faecf - <ofsht[6826c8a8e555cadd]::cli::tests::test_list_git_worktrees_includes_at_symbol::{closure#0} as core[a373ad73a504971]::ops::function::FnOnce<()>>::call_once
[INFO] [stdout]   12:     0x566fdb993e8b - test[aada8e7e76ba119b]::__rust_begin_short_backtrace::<core[a373ad73a504971]::result::Result<(), alloc[2e1b2a31b91974c5]::string::String>, fn() -> core[a373ad73a504971]::result::Result<(), alloc[2e1b2a31b91974c5]::string::String>>
[INFO] [stdout]   13:     0x566fdb9a1065 - test[aada8e7e76ba119b]::run_test::{closure#0}
[INFO] [stdout]   14:     0x566fdb99a954 - std[617be2ca0a6fd877]::sys::backtrace::__rust_begin_short_backtrace::<test[aada8e7e76ba119b]::run_test::{closure#1}, ()>
[INFO] [stdout]   15:     0x566fdb9a40f2 - <std[617be2ca0a6fd877]::thread::lifecycle::spawn_unchecked<test[aada8e7e76ba119b]::run_test::{closure#1}, ()>::{closure#1} as core[a373ad73a504971]::ops::function::FnOnce<()>>::call_once::{shim:vtable#0}
[INFO] [stdout]   16:     0x566fdbb24e0f - <std[617be2ca0a6fd877]::sys::thread::unix::Thread>::new::thread_start
[INFO] [stdout]   17:     0x752fbd809dfa - <unknown>
[INFO] [stdout]   18:     0x752fbd89d3d4 - clone
[INFO] [stdout]   19:                0x0 - <unknown>
[INFO] [stdout] 
[INFO] [stdout] ---- integrations::git::tests::test_real_git_client_last_commit_time_current_repo stdout ----
[INFO] [stdout] 
[INFO] [stdout] thread 'integrations::git::tests::test_real_git_client_last_commit_time_current_repo' (2488) panicked at src/integrations/git.rs:346:9:
[INFO] [stdout] Current repository should have commits
[INFO] [stdout] stack backtrace:
[INFO] [stdout]    0:     0x566fdbb25be1 - <<std[617be2ca0a6fd877]::sys::backtrace::BacktraceLock>::print::DisplayBacktrace as core[a373ad73a504971]::fmt::Display>::fmt
[INFO] [stdout]    1:     0x566fdbb3d2da - core[a373ad73a504971]::fmt::write
[INFO] [stdout]    2:     0x566fdbb2a92c - <alloc[2e1b2a31b91974c5]::vec::Vec<u8> as core[a373ad73a504971]::io::write::Write>::write_fmt
[INFO] [stdout]    3:     0x566fdbafd606 - std[617be2ca0a6fd877]::panicking::default_hook::{closure#0}
[INFO] [stdout]    4:     0x566fdbb1be39 - std[617be2ca0a6fd877]::panicking::default_hook
[INFO] [stdout]    5:     0x566fdb9a0a40 - test[aada8e7e76ba119b]::test_main_inner::{closure#0}
[INFO] [stdout]    6:     0x566fdbb1bff2 - std[617be2ca0a6fd877]::panicking::panic_with_hook
[INFO] [stdout]    7:     0x566fdbafd6e4 - std[617be2ca0a6fd877]::panicking::panic_handler::{closure#0}
[INFO] [stdout]    8:     0x566fdbaf58f9 - std[617be2ca0a6fd877]::sys::backtrace::__rust_end_short_backtrace::<std[617be2ca0a6fd877]::panicking::panic_handler::{closure#0}, !>
[INFO] [stdout]    9:     0x566fdbafe6dd - __rustc[ea4f61d10b84890b]::rust_begin_unwind
[INFO] [stdout]   10:     0x566fdbb3dafc - core[a373ad73a504971]::panicking::panic_fmt
[INFO] [stdout]   11:     0x566fdb94f139 - <ofsht[6826c8a8e555cadd]::integrations::git::tests::test_real_git_client_last_commit_time_current_repo::{closure#0} as core[a373ad73a504971]::ops::function::FnOnce<()>>::call_once
[INFO] [stdout]   12:     0x566fdb993e8b - test[aada8e7e76ba119b]::__rust_begin_short_backtrace::<core[a373ad73a504971]::result::Result<(), alloc[2e1b2a31b91974c5]::string::String>, fn() -> core[a373ad73a504971]::result::Result<(), alloc[2e1b2a31b91974c5]::string::String>>
[INFO] [stdout]   13:     0x566fdb9a1065 - test[aada8e7e76ba119b]::run_test::{closure#0}
[INFO] [stdout]   14:     0x566fdb99a954 - std[617be2ca0a6fd877]::sys::backtrace::__rust_begin_short_backtrace::<test[aada8e7e76ba119b]::run_test::{closure#1}, ()>
[INFO] [stdout]   15:     0x566fdb9a40f2 - <std[617be2ca0a6fd877]::thread::lifecycle::spawn_unchecked<test[aada8e7e76ba119b]::run_test::{closure#1}, ()>::{closure#1} as core[a373ad73a504971]::ops::function::FnOnce<()>>::call_once::{shim:vtable#0}
[INFO] [stdout]   16:     0x566fdbb24e0f - <std[617be2ca0a6fd877]::sys::thread::unix::Thread>::new::thread_start
[INFO] [stdout]   17:     0x752fbd809dfa - <unknown>
[INFO] [stdout]   18:     0x752fbd89d3d4 - clone
[INFO] [stdout]   19:                0x0 - <unknown>
[INFO] [stdout] 
[INFO] [stdout] 
[INFO] [stdout] failures:
[INFO] [stdout]     cli::tests::test_list_git_branches_returns_branches_in_git_repo
[INFO] [stdout]     cli::tests::test_list_git_worktrees_filters_at_symbol
[INFO] [stdout]     cli::tests::test_list_git_worktrees_includes_at_symbol
[INFO] [stdout]     integrations::git::tests::test_real_git_client_last_commit_time_current_repo
[INFO] [stdout] 
[INFO] [stdout] test result: FAILED. 278 passed; 4 failed; 0 ignored; 0 measured; 0 filtered out; finished in 0.02s
[INFO] [stdout] 
[INFO] [stderr] error: test failed, to rerun pass `--lib`
[INFO] running `Command { std: "docker" "inspect" "9d036e1d27663c6a3396cedfe31cc975e19888d5d6e16dfb00f1226a55fb7751", kill_on_drop: false }`
[INFO] running `Command { std: "docker" "rm" "-f" "9d036e1d27663c6a3396cedfe31cc975e19888d5d6e16dfb00f1226a55fb7751", kill_on_drop: false }`
[INFO] [stdout] 9d036e1d27663c6a3396cedfe31cc975e19888d5d6e16dfb00f1226a55fb7751
