[INFO] fetching crate odox-pdf 0.7.0...
[INFO] testing odox-pdf-0.7.0 against 1.100.0-beta.1+cargoflags=--release for beta-release-1.100-2
[INFO] extracting crate odox-pdf 0.7.0 into /workspace/builds/worker-0-tc2/source
[INFO] started tweaking crates.io crate odox-pdf 0.7.0
[INFO] removed 0 missing examples
[INFO] removed 0 missing tests
[INFO] finished tweaking crates.io crate odox-pdf 0.7.0
[INFO] tweaked toml for crates.io crate odox-pdf 0.7.0 written to /workspace/builds/worker-0-tc2/source/Cargo.toml
[INFO] validating manifest of crates.io crate odox-pdf 0.7.0 on toolchain 1.100.0-beta.1
[INFO] running `Command { std: CARGO_HOME="/workspace/cargo-home" RUSTUP_HOME="/workspace/rustup-home" "/workspace/cargo-home/bin/cargo" "+1.100.0-beta.1" "metadata" "--manifest-path" "Cargo.toml" "--no-deps", kill_on_drop: false }`
[INFO] crate crates.io crate odox-pdf 0.7.0 already has a lockfile, it will not be regenerated
[INFO] running `Command { std: CARGO_HOME="/workspace/cargo-home" RUSTUP_HOME="/workspace/rustup-home" "/workspace/cargo-home/bin/cargo" "+1.100.0-beta.1" "fetch" "--manifest-path" "Cargo.toml", kill_on_drop: false }`
[INFO] running `Command { std: "docker" "create" "-v" "/var/lib/crater-agent-workspace/builds/worker-0-tc2/source:/opt/rustwide/workdir:ro,Z" "-v" "/var/lib/crater-agent-workspace/builds/worker-0-tc2/target:/opt/rustwide/target:rw,Z" "-v" "/var/lib/crater-agent-workspace/cargo-home:/opt/rustwide/cargo-home:ro,Z" "-v" "/var/lib/crater-agent-workspace/rustup-home:/opt/rustwide/rustup-home:ro,Z" "-m" "1610612736" "--network" "none" "ghcr.io/rust-lang/crates-build-env/linux@sha256:77db811e55d90add9212f6832c23229e3de5f1c1f9905e8cb07319ea15df73ac" "sleep" "infinity", kill_on_drop: false }`
[INFO] [stdout] 0d1a59bb50b10bf4e48fccd591d4fbd51c16788a5c081f96fc3979903b2cae2f
[INFO] running `Command { std: "docker" "start" "0d1a59bb50b10bf4e48fccd591d4fbd51c16788a5c081f96fc3979903b2cae2f", kill_on_drop: false }`
[INFO] running `Command { std: "docker" "inspect" "0d1a59bb50b10bf4e48fccd591d4fbd51c16788a5c081f96fc3979903b2cae2f", kill_on_drop: false }`
[INFO] running `Command { std: "docker" "exec" "-e" "SOURCE_DIR=/opt/rustwide/workdir" "-e" "CARGO_HOME=/opt/rustwide/cargo-home" "-e" "RUSTUP_HOME=/opt/rustwide/rustup-home" "-e" "CARGO_TARGET_DIR=/opt/rustwide/target" "-w" "/opt/rustwide/workdir" "--user" "0:0" "0d1a59bb50b10bf4e48fccd591d4fbd51c16788a5c081f96fc3979903b2cae2f" "/opt/rustwide/cargo-home/bin/cargo" "+1.100.0-beta.1" "metadata" "--no-deps" "--format-version=1", kill_on_drop: false }`
[INFO] running `Command { std: "docker" "inspect" "0d1a59bb50b10bf4e48fccd591d4fbd51c16788a5c081f96fc3979903b2cae2f", kill_on_drop: false }`
[INFO] running `Command { std: "docker" "exec" "-e" "SOURCE_DIR=/opt/rustwide/workdir" "-e" "CARGO_HOME=/opt/rustwide/cargo-home" "-e" "RUSTUP_HOME=/opt/rustwide/rustup-home" "-e" "CARGO_TARGET_DIR=/opt/rustwide/target" "-e" "CARGO_INCREMENTAL=0" "-e" "RUST_BACKTRACE=full" "-e" "RUSTFLAGS=--cap-lints=warn" "-e" "RUSTDOCFLAGS=--cap-lints=warn" "-w" "/opt/rustwide/workdir" "--user" "0:0" "0d1a59bb50b10bf4e48fccd591d4fbd51c16788a5c081f96fc3979903b2cae2f" "/opt/rustwide/cargo-home/bin/cargo" "+1.100.0-beta.1" "build" "--frozen" "--message-format=json" "--release", kill_on_drop: false }`
[INFO] [stderr]    Compiling simd-adler32 v0.3.10
[INFO] [stderr]    Compiling zlib-rs v0.6.8
[INFO] [stderr]    Compiling smallvec v1.16.2
[INFO] [stderr]    Compiling arrayvec v0.7.8
[INFO] [stderr]    Compiling bitflags v2.13.2
[INFO] [stderr]    Compiling roxmltree v0.20.0
[INFO] [stderr]    Compiling syn v3.0.6
[INFO] [stderr]    Compiling slotmap v1.1.1
[INFO] [stderr]    Compiling unicode-properties v0.1.4
[INFO] [stderr]    Compiling core_maths v0.1.1
[INFO] [stderr]    Compiling arrayref v0.3.9
[INFO] [stderr]    Compiling unicode-bidi-mirroring v0.4.0
[INFO] [stderr]    Compiling memmap2 v0.9.11
[INFO] [stderr]    Compiling zune-core v0.5.3
[INFO] [stderr]    Compiling strict-num v0.1.1
[INFO] [stderr]    Compiling unicode-script v0.5.8
[INFO] [stderr]    Compiling stable_deref_trait v1.2.1
[INFO] [stderr]    Compiling unicode-ccc v0.4.0
[INFO] [stderr]    Compiling miniz_oxide v0.9.1
[INFO] [stderr]    Compiling ttf-parser v0.25.1
[INFO] [stderr]    Compiling fdeflate v0.3.7
[INFO] [stderr]    Compiling miniz_oxide v0.8.9
[INFO] [stderr]    Compiling rustc-hash v2.1.3
[INFO] [stderr]    Compiling pdf-writer v0.15.0
[INFO] [stderr]    Compiling polycool v0.4.0
[INFO] [stderr]    Compiling zune-jpeg v0.5.15
[INFO] [stderr]    Compiling gif v0.14.2
[INFO] [stderr]    Compiling float-cmp v0.9.0
[INFO] [stderr]    Compiling quick-xml v0.42.0
[INFO] [stderr]    Compiling xmp-writer v0.3.3
[INFO] [stderr]    Compiling siphasher v1.0.4
[INFO] [stderr]    Compiling kurbo v0.13.1
[INFO] [stderr]    Compiling fontconfig-parser v0.5.8
[INFO] [stderr]    Compiling imagesize v0.14.0
[INFO] [stderr]    Compiling fontdb v0.24.0
[INFO] [stderr]    Compiling synstructure v0.14.0
[INFO] [stderr]    Compiling odox-fonts v0.7.0
[INFO] [stderr]    Compiling bytemuck_derive v1.12.1
[INFO] [stderr]    Compiling zerofrom-derive v0.1.8
[INFO] [stderr]    Compiling yoke-derive v0.8.4
[INFO] [stderr]    Compiling flate2 v1.1.10
[INFO] [stderr]    Compiling png v0.18.1
[INFO] [stderr]    Compiling zip v8.6.0
[INFO] [stderr]    Compiling zerofrom v0.1.8
[INFO] [stderr]    Compiling bytemuck v1.25.2
[INFO] [stderr]    Compiling yoke v0.8.3
[INFO] [stderr]    Compiling font-types v0.11.3
[INFO] [stderr]    Compiling tiny-skia-path v0.12.0
[INFO] [stderr]    Compiling rustybuzz v0.20.1
[INFO] [stderr]    Compiling read-fonts v0.39.2
[INFO] [stderr]    Compiling odox-core v0.7.0
[INFO] [stderr]    Compiling skrifa v0.42.1
[INFO] [stderr]    Compiling write-fonts v0.48.1
[INFO] [stderr]    Compiling subsetter v0.2.6
[INFO] [stderr]    Compiling krilla v0.8.2
[INFO] [stderr]    Compiling odox-pdf v0.7.0 (/opt/rustwide/workdir)
[INFO] [stderr]     Finished `release` profile [optimized] target(s) in 57.11s
[INFO] running `Command { std: "docker" "inspect" "0d1a59bb50b10bf4e48fccd591d4fbd51c16788a5c081f96fc3979903b2cae2f", kill_on_drop: false }`
[INFO] running `Command { std: "docker" "exec" "-e" "SOURCE_DIR=/opt/rustwide/workdir" "-e" "CARGO_HOME=/opt/rustwide/cargo-home" "-e" "RUSTUP_HOME=/opt/rustwide/rustup-home" "-e" "CARGO_TARGET_DIR=/opt/rustwide/target" "-e" "CARGO_INCREMENTAL=0" "-e" "RUST_BACKTRACE=full" "-e" "RUSTFLAGS=--cap-lints=warn" "-e" "RUSTDOCFLAGS=--cap-lints=warn" "-w" "/opt/rustwide/workdir" "--user" "0:0" "0d1a59bb50b10bf4e48fccd591d4fbd51c16788a5c081f96fc3979903b2cae2f" "/opt/rustwide/cargo-home/bin/cargo" "+1.100.0-beta.1" "test" "--frozen" "--no-run" "--message-format=json" "--release", kill_on_drop: false }`
[INFO] [stderr]    Compiling odox-pdf v0.7.0 (/opt/rustwide/workdir)
[INFO] [stderr]     Finished `release` profile [optimized] target(s) in 0.79s
[INFO] running `Command { std: "docker" "inspect" "0d1a59bb50b10bf4e48fccd591d4fbd51c16788a5c081f96fc3979903b2cae2f", kill_on_drop: false }`
[INFO] running `Command { std: "docker" "exec" "-e" "SOURCE_DIR=/opt/rustwide/workdir" "-e" "CARGO_HOME=/opt/rustwide/cargo-home" "-e" "RUSTUP_HOME=/opt/rustwide/rustup-home" "-e" "CARGO_TARGET_DIR=/opt/rustwide/target" "-e" "CARGO_INCREMENTAL=0" "-e" "RUST_BACKTRACE=full" "-e" "RUSTFLAGS=--cap-lints=warn" "-e" "RUSTDOCFLAGS=--cap-lints=warn" "-w" "/opt/rustwide/workdir" "--user" "0:0" "0d1a59bb50b10bf4e48fccd591d4fbd51c16788a5c081f96fc3979903b2cae2f" "/opt/rustwide/cargo-home/bin/cargo" "+1.100.0-beta.1" "test" "--frozen" "--release", kill_on_drop: false }`
[INFO] [stderr]     Finished `release` profile [optimized] target(s) in 0.05s
[INFO] [stderr]      Running unittests src/lib.rs (/opt/rustwide/target/release/build/odox-pdf/4b52b97c690df08b/out/odox_pdf-4b52b97c690df08b)
[INFO] [stdout] 
[INFO] [stdout] running 14 tests
[INFO] [stdout] test layout::tests::a_document_that_begins_below_level_one_or_skips_a_level_is_read_without_the_gap ... ok
[INFO] [stdout] test layout::tests::declared_columns_wider_than_the_page_are_scaled_and_the_rest_share_what_is_left ... ok
[INFO] [stdout] test tests::a_page_break_asked_for_is_taken_but_never_makes_a_blank_page ... ok
[INFO] [stdout] test tests::a_heading_does_not_end_a_page_without_the_line_after_it ... ok
[INFO] [stdout] test tests::a_piece_taller_than_a_page_is_cut_across_pages ... ok
[INFO] [stdout] test layout::tests::headings_numbered_without_gaps_keep_their_numbers ... ok
[INFO] [stdout] test tests::pieces_fill_a_page_and_the_next_begins_where_one_does_not_fit ... ok
[INFO] [stdout] test tests::a_table_that_runs_onto_a_new_page_draws_its_header_again ... ok
[INFO] [stdout] test tests::space_above_a_piece_is_dropped_at_the_top_of_a_page ... ok
[INFO] [stdout] test text::tests::a_line_break_in_the_text_ends_the_line ... ok
[INFO] [stdout] test text::tests::a_word_wider_than_the_line_is_cut_where_it_has_to_be ... ok
[INFO] [stdout] test text::tests::an_empty_paragraph_is_one_empty_line ... ok
[INFO] [stdout] test text::tests::lines_break_between_words_and_the_trailing_space_does_not_count ... ok
[INFO] [stdout] test text::tests::the_first_line_has_its_own_width ... ok
[INFO] [stdout] 
[INFO] [stdout] test result: ok. 14 passed; 0 failed; 0 ignored; 0 measured; 0 filtered out; finished in 0.00s
[INFO] [stdout] 
[INFO] [stderr]      Running tests/conformance.rs (/opt/rustwide/target/release/build/odox-pdf/750958cbb690967f/out/conformance-750958cbb690967f)
[INFO] [stdout] 
[INFO] [stdout] running 2 tests
[INFO] [stdout] test a_figure_with_nothing_to_say_is_refused_until_it_is_described ... FAILED
[INFO] [stdout] test every_text_document_in_the_corpus_exports_as_pdf_ua ... FAILED
[INFO] [stdout] 
[INFO] [stdout] failures:
[INFO] [stdout] 
[INFO] [stdout] ---- a_figure_with_nothing_to_say_is_refused_until_it_is_described stdout ----
[INFO] [stdout] 
[INFO] [stdout] thread 'a_figure_with_nothing_to_say_is_refused_until_it_is_described' (1280) panicked at tests/conformance.rs:97:6:
[INFO] [stdout] the export fixture: Os { code: 2, kind: NotFound, message: "No such file or directory" }
[INFO] [stdout] stack backtrace:
[INFO] [stdout]    0:     0x56b6d72f5151 - <<std[617be2ca0a6fd877]::sys::backtrace::BacktraceLock>::print::DisplayBacktrace as core[a373ad73a504971]::fmt::Display>::fmt
[INFO] [stdout]    1:     0x56b6d730ccaa - core[a373ad73a504971]::fmt::write
[INFO] [stdout]    2:     0x56b6d72f965c - <alloc[2e1b2a31b91974c5]::vec::Vec<u8> as core[a373ad73a504971]::io::write::Write>::write_fmt
[INFO] [stdout]    3:     0x56b6d72cf436 - std[617be2ca0a6fd877]::panicking::default_hook::{closure#0}
[INFO] [stdout]    4:     0x56b6d72eccc9 - std[617be2ca0a6fd877]::panicking::default_hook
[INFO] [stdout]    5:     0x56b6d6f40140 - test[aada8e7e76ba119b]::test_main_inner::{closure#0}
[INFO] [stdout]    6:     0x56b6d72ece82 - std[617be2ca0a6fd877]::panicking::panic_with_hook
[INFO] [stdout]    7:     0x56b6d72cf4e2 - std[617be2ca0a6fd877]::panicking::panic_handler::{closure#0}
[INFO] [stdout]    8:     0x56b6d72c7ea9 - std[617be2ca0a6fd877]::sys::backtrace::__rust_end_short_backtrace::<std[617be2ca0a6fd877]::panicking::panic_handler::{closure#0}, !>
[INFO] [stdout]    9:     0x56b6d72d00ed - __rustc[ea4f61d10b84890b]::rust_begin_unwind
[INFO] [stdout]   10:     0x56b6d730d40c - core[a373ad73a504971]::panicking::panic_fmt
[INFO] [stdout]   11:     0x56b6d730d1e2 - core[a373ad73a504971]::result::unwrap_failed
[INFO] [stdout]   12:     0x56b6d6f329ed - <conformance[24349dad8d72188d]::a_figure_with_nothing_to_say_is_refused_until_it_is_described::{closure#0} as core[a373ad73a504971]::ops::function::FnOnce<()>>::call_once
[INFO] [stdout]   13:     0x56b6d6f3358b - test[aada8e7e76ba119b]::__rust_begin_short_backtrace::<core[a373ad73a504971]::result::Result<(), alloc[2e1b2a31b91974c5]::string::String>, fn() -> core[a373ad73a504971]::result::Result<(), alloc[2e1b2a31b91974c5]::string::String>>
[INFO] [stdout]   14:     0x56b6d6f40765 - test[aada8e7e76ba119b]::run_test::{closure#0}
[INFO] [stdout]   15:     0x56b6d6f3a054 - std[617be2ca0a6fd877]::sys::backtrace::__rust_begin_short_backtrace::<test[aada8e7e76ba119b]::run_test::{closure#1}, ()>
[INFO] [stdout]   16:     0x56b6d6f437f2 - <std[617be2ca0a6fd877]::thread::lifecycle::spawn_unchecked<test[aada8e7e76ba119b]::run_test::{closure#1}, ()>::{closure#1} as core[a373ad73a504971]::ops::function::FnOnce<()>>::call_once::{shim:vtable#0}
[INFO] [stdout]   17:     0x56b6d72f415f - <std[617be2ca0a6fd877]::sys::thread::unix::Thread>::new::thread_start
[INFO] [stdout]   18:     0x748cee222dfa - <unknown>
[INFO] [stdout]   19:     0x748cee2b63d4 - clone
[INFO] [stdout]   20:                0x0 - <unknown>
[INFO] [stdout] 
[INFO] [stdout] ---- every_text_document_in_the_corpus_exports_as_pdf_ua stdout ----
[INFO] [stdout] 
[INFO] [stdout] thread 'every_text_document_in_the_corpus_exports_as_pdf_ua' (1281) panicked at tests/conformance.rs:59:5:
[INFO] [stdout] the corpus is where it was
[INFO] [stdout] stack backtrace:
[INFO] [stdout]    0:     0x56b6d72f5151 - <<std[617be2ca0a6fd877]::sys::backtrace::BacktraceLock>::print::DisplayBacktrace as core[a373ad73a504971]::fmt::Display>::fmt
[INFO] [stdout]    1:     0x56b6d730ccaa - core[a373ad73a504971]::fmt::write
[INFO] [stdout]    2:     0x56b6d72f965c - <alloc[2e1b2a31b91974c5]::vec::Vec<u8> as core[a373ad73a504971]::io::write::Write>::write_fmt
[INFO] [stdout]    3:     0x56b6d72cf436 - std[617be2ca0a6fd877]::panicking::default_hook::{closure#0}
[INFO] [stdout]    4:     0x56b6d72eccc9 - std[617be2ca0a6fd877]::panicking::default_hook
[INFO] [stdout]    5:     0x56b6d6f40140 - test[aada8e7e76ba119b]::test_main_inner::{closure#0}
[INFO] [stdout]    6:     0x56b6d72ece82 - std[617be2ca0a6fd877]::panicking::panic_with_hook
[INFO] [stdout]    7:     0x56b6d72cf514 - std[617be2ca0a6fd877]::panicking::panic_handler::{closure#0}
[INFO] [stdout]    8:     0x56b6d72c7ea9 - std[617be2ca0a6fd877]::sys::backtrace::__rust_end_short_backtrace::<std[617be2ca0a6fd877]::panicking::panic_handler::{closure#0}, !>
[INFO] [stdout]    9:     0x56b6d72d00ed - __rustc[ea4f61d10b84890b]::rust_begin_unwind
[INFO] [stdout]   10:     0x56b6d730d40c - core[a373ad73a504971]::panicking::panic_fmt
[INFO] [stdout]   11:     0x56b6d6f31e0d - <conformance[24349dad8d72188d]::every_text_document_in_the_corpus_exports_as_pdf_ua::{closure#0} as core[a373ad73a504971]::ops::function::FnOnce<()>>::call_once
[INFO] [stdout]   12:     0x56b6d6f3358b - test[aada8e7e76ba119b]::__rust_begin_short_backtrace::<core[a373ad73a504971]::result::Result<(), alloc[2e1b2a31b91974c5]::string::String>, fn() -> core[a373ad73a504971]::result::Result<(), alloc[2e1b2a31b91974c5]::string::String>>
[INFO] [stdout]   13:     0x56b6d6f40765 - test[aada8e7e76ba119b]::run_test::{closure#0}
[INFO] [stdout]   14:     0x56b6d6f3a054 - std[617be2ca0a6fd877]::sys::backtrace::__rust_begin_short_backtrace::<test[aada8e7e76ba119b]::run_test::{closure#1}, ()>
[INFO] [stdout]   15:     0x56b6d6f437f2 - <std[617be2ca0a6fd877]::thread::lifecycle::spawn_unchecked<test[aada8e7e76ba119b]::run_test::{closure#1}, ()>::{closure#1} as core[a373ad73a504971]::ops::function::FnOnce<()>>::call_once::{shim:vtable#0}
[INFO] [stdout]   16:     0x56b6d72f415f - <std[617be2ca0a6fd877]::sys::thread::unix::Thread>::new::thread_start
[INFO] [stdout]   17:     0x748cee222dfa - <unknown>
[INFO] [stdout]   18:     0x748cee2b63d4 - clone
[INFO] [stdout]   19:                0x0 - <unknown>
[INFO] [stdout] 
[INFO] [stdout] 
[INFO] [stdout] failures:
[INFO] [stdout]     a_figure_with_nothing_to_say_is_refused_until_it_is_described
[INFO] [stdout]     every_text_document_in_the_corpus_exports_as_pdf_ua
[INFO] [stdout] 
[INFO] [stdout] test result: FAILED. 0 passed; 2 failed; 0 ignored; 0 measured; 0 filtered out; finished in 0.00s
[INFO] [stdout] 
[INFO] [stderr] error: test failed, to rerun pass `--test conformance`
[INFO] running `Command { std: "docker" "inspect" "0d1a59bb50b10bf4e48fccd591d4fbd51c16788a5c081f96fc3979903b2cae2f", kill_on_drop: false }`
[INFO] running `Command { std: "docker" "rm" "-f" "0d1a59bb50b10bf4e48fccd591d4fbd51c16788a5c081f96fc3979903b2cae2f", kill_on_drop: false }`
[INFO] [stdout] 0d1a59bb50b10bf4e48fccd591d4fbd51c16788a5c081f96fc3979903b2cae2f
