[INFO] fetching crate odox-core 0.7.0...
[INFO] testing odox-core-0.7.0 against 1.99.0-beta.8+cargoflags=--release for beta-release-1.100-2
[INFO] extracting crate odox-core 0.7.0 into /workspace/builds/worker-1-tc1/source
[INFO] started tweaking crates.io crate odox-core 0.7.0
[INFO] removed 0 missing tests
[INFO] finished tweaking crates.io crate odox-core 0.7.0
[INFO] tweaked toml for crates.io crate odox-core 0.7.0 written to /workspace/builds/worker-1-tc1/source/Cargo.toml
[INFO] validating manifest of crates.io crate odox-core 0.7.0 on toolchain 1.99.0-beta.8
[INFO] running `Command { std: CARGO_HOME="/workspace/cargo-home" RUSTUP_HOME="/workspace/rustup-home" "/workspace/cargo-home/bin/cargo" "+1.99.0-beta.8" "metadata" "--manifest-path" "Cargo.toml" "--no-deps", kill_on_drop: false }`
[INFO] crate crates.io crate odox-core 0.7.0 already has a lockfile, it will not be regenerated
[INFO] running `Command { std: CARGO_HOME="/workspace/cargo-home" RUSTUP_HOME="/workspace/rustup-home" "/workspace/cargo-home/bin/cargo" "+1.99.0-beta.8" "fetch" "--manifest-path" "Cargo.toml", kill_on_drop: false }`
[INFO] running `Command { std: "docker" "create" "-v" "/var/lib/crater-agent-workspace/builds/worker-1-tc1/source:/opt/rustwide/workdir:ro,Z" "-v" "/var/lib/crater-agent-workspace/builds/worker-1-tc1/target:/opt/rustwide/target:rw,Z" "-v" "/var/lib/crater-agent-workspace/cargo-home:/opt/rustwide/cargo-home:ro,Z" "-v" "/var/lib/crater-agent-workspace/rustup-home:/opt/rustwide/rustup-home:ro,Z" "-m" "1610612736" "--network" "none" "ghcr.io/rust-lang/crates-build-env/linux@sha256:77db811e55d90add9212f6832c23229e3de5f1c1f9905e8cb07319ea15df73ac" "sleep" "infinity", kill_on_drop: false }`
[INFO] [stdout] 8cd1b48e0a871f8734e67c99adefb71d6fb1ffd6772499ec07e8b8ba4376cbae
[INFO] running `Command { std: "docker" "start" "8cd1b48e0a871f8734e67c99adefb71d6fb1ffd6772499ec07e8b8ba4376cbae", kill_on_drop: false }`
[INFO] running `Command { std: "docker" "inspect" "8cd1b48e0a871f8734e67c99adefb71d6fb1ffd6772499ec07e8b8ba4376cbae", kill_on_drop: false }`
[INFO] running `Command { std: "docker" "exec" "-e" "SOURCE_DIR=/opt/rustwide/workdir" "-e" "CARGO_HOME=/opt/rustwide/cargo-home" "-e" "RUSTUP_HOME=/opt/rustwide/rustup-home" "-e" "CARGO_TARGET_DIR=/opt/rustwide/target" "-w" "/opt/rustwide/workdir" "--user" "0:0" "8cd1b48e0a871f8734e67c99adefb71d6fb1ffd6772499ec07e8b8ba4376cbae" "/opt/rustwide/cargo-home/bin/cargo" "+1.99.0-beta.8" "metadata" "--no-deps" "--format-version=1", kill_on_drop: false }`
[INFO] running `Command { std: "docker" "inspect" "8cd1b48e0a871f8734e67c99adefb71d6fb1ffd6772499ec07e8b8ba4376cbae", kill_on_drop: false }`
[INFO] running `Command { std: "docker" "exec" "-e" "SOURCE_DIR=/opt/rustwide/workdir" "-e" "CARGO_HOME=/opt/rustwide/cargo-home" "-e" "RUSTUP_HOME=/opt/rustwide/rustup-home" "-e" "CARGO_TARGET_DIR=/opt/rustwide/target" "-e" "CARGO_INCREMENTAL=0" "-e" "RUST_BACKTRACE=full" "-e" "RUSTFLAGS=--cap-lints=warn" "-e" "RUSTDOCFLAGS=--cap-lints=warn" "-w" "/opt/rustwide/workdir" "--user" "0:0" "8cd1b48e0a871f8734e67c99adefb71d6fb1ffd6772499ec07e8b8ba4376cbae" "/opt/rustwide/cargo-home/bin/cargo" "+1.99.0-beta.8" "build" "--frozen" "--message-format=json" "--release", kill_on_drop: false }`
[INFO] [stderr]    Compiling zlib-rs v0.6.8
[INFO] [stderr]    Compiling typed-path v0.12.3
[INFO] [stderr]    Compiling quick-xml v0.42.0
[INFO] [stderr]    Compiling flate2 v1.1.10
[INFO] [stderr]    Compiling zip v8.6.0
[INFO] [stderr]    Compiling odox-core v0.7.0 (/opt/rustwide/workdir)
[INFO] [stderr]     Finished `release` profile [optimized] target(s) in 7.81s
[INFO] running `Command { std: "docker" "inspect" "8cd1b48e0a871f8734e67c99adefb71d6fb1ffd6772499ec07e8b8ba4376cbae", kill_on_drop: false }`
[INFO] running `Command { std: "docker" "exec" "-e" "SOURCE_DIR=/opt/rustwide/workdir" "-e" "CARGO_HOME=/opt/rustwide/cargo-home" "-e" "RUSTUP_HOME=/opt/rustwide/rustup-home" "-e" "CARGO_TARGET_DIR=/opt/rustwide/target" "-e" "CARGO_INCREMENTAL=0" "-e" "RUST_BACKTRACE=full" "-e" "RUSTFLAGS=--cap-lints=warn" "-e" "RUSTDOCFLAGS=--cap-lints=warn" "-w" "/opt/rustwide/workdir" "--user" "0:0" "8cd1b48e0a871f8734e67c99adefb71d6fb1ffd6772499ec07e8b8ba4376cbae" "/opt/rustwide/cargo-home/bin/cargo" "+1.99.0-beta.8" "test" "--frozen" "--no-run" "--message-format=json" "--release", kill_on_drop: false }`
[INFO] [stderr]    Compiling odox-core v0.7.0 (/opt/rustwide/workdir)
[INFO] [stderr]     Finished `release` profile [optimized] target(s) in 2.18s
[INFO] running `Command { std: "docker" "inspect" "8cd1b48e0a871f8734e67c99adefb71d6fb1ffd6772499ec07e8b8ba4376cbae", kill_on_drop: false }`
[INFO] running `Command { std: "docker" "exec" "-e" "SOURCE_DIR=/opt/rustwide/workdir" "-e" "CARGO_HOME=/opt/rustwide/cargo-home" "-e" "RUSTUP_HOME=/opt/rustwide/rustup-home" "-e" "CARGO_TARGET_DIR=/opt/rustwide/target" "-e" "CARGO_INCREMENTAL=0" "-e" "RUST_BACKTRACE=full" "-e" "RUSTFLAGS=--cap-lints=warn" "-e" "RUSTDOCFLAGS=--cap-lints=warn" "-w" "/opt/rustwide/workdir" "--user" "0:0" "8cd1b48e0a871f8734e67c99adefb71d6fb1ffd6772499ec07e8b8ba4376cbae" "/opt/rustwide/cargo-home/bin/cargo" "+1.99.0-beta.8" "test" "--frozen" "--release", kill_on_drop: false }`
[INFO] [stderr]     Finished `release` profile [optimized] target(s) in 0.01s
[INFO] [stderr]      Running unittests src/lib.rs (/opt/rustwide/target/release/deps/odox_core-c39620b8df20671c)
[INFO] [stdout] 
[INFO] [stdout] running 24 tests
[INFO] [stdout] test doc::refs::tests::a_delete_moves_what_follows_up_and_shrinks_a_range_around_it ... ok
[INFO] [stdout] test doc::refs::tests::a_reference_that_is_already_an_error_is_left_as_it_is ... ok
[INFO] [stdout] test doc::refs::tests::a_reference_to_a_deleted_cell_or_a_wholly_deleted_range_is_refused ... ok
[INFO] [stdout] test doc::refs::tests::a_standalone_address_shifts_and_names_its_sheet ... ok
[INFO] [stdout] test doc::refs::tests::an_insert_inside_a_range_grows_it_and_one_below_does_not ... ok
[INFO] [stdout] test doc::refs::tests::an_insert_moves_what_is_at_or_after_it_and_keeps_the_dollars ... ok
[INFO] [stdout] test doc::refs::tests::column_letters_and_numbers_agree ... ok
[INFO] [stdout] test doc::refs::tests::columns_move_the_letters_and_leave_the_rows ... ok
[INFO] [stdout] test doc::refs::tests::only_references_to_the_changed_sheet_move ... ok
[INFO] [stdout] test doc::refs::tests::quoted_sheet_names_with_spaces_and_quotes_are_read ... ok
[INFO] [stdout] test doc::refs::tests::strings_and_text_outside_the_brackets_are_left_alone ... ok
[INFO] [stdout] test doc::refs::tests::what_cannot_be_read_is_refused ... ok
[INFO] [stdout] test doc::refs::tests::whole_columns_and_rows_move_on_the_axis_that_has_numbers ... ok
[INFO] [stdout] test doc::sheet::restructure::tests::a_repeated_run_is_split_for_an_insert_and_shortened_for_a_delete ... ok
[INFO] [stdout] test doc::sheet::restructure::tests::what_names_a_range_of_cells_is_found_and_empty_containers_are_not ... ok
[INFO] [stdout] test place::tests::a_half_turn_puts_the_far_corner_where_the_near_one_was ... ok
[INFO] [stdout] test place::tests::a_quarter_turn_lays_a_tall_bar_along_the_bottom ... ok
[INFO] [stdout] test place::tests::an_operation_with_no_name_this_knows_leaves_the_others_standing ... ok
[INFO] [stdout] test place::tests::a_translation_alone_is_upright_and_a_turn_is_not ... ok
[INFO] [stdout] test value::tests::a_length_is_written_back_in_its_unit ... ok
[INFO] [stdout] test value::tests::a_length_needs_a_unit ... ok
[INFO] [stdout] test value::tests::a_multibyte_tail_is_not_split_through ... ok
[INFO] [stdout] test value::tests::colours_and_percentages ... ok
[INFO] [stdout] test value::tests::lengths_convert_to_points ... ok
[INFO] [stdout] 
[INFO] [stdout] test result: ok. 24 passed; 0 failed; 0 ignored; 0 measured; 0 filtered out; finished in 0.00s
[INFO] [stdout] 
[INFO] [stderr]      Running tests/block.rs (/opt/rustwide/target/release/deps/block-40930c2fa9756497)
[INFO] [stdout] 
[INFO] [stdout] running 16 tests
[INFO] [stdout] test a_heading_takes_the_style_the_document_gives_its_level ... ok
[INFO] [stdout] test a_document_without_the_namespaces_is_refused_and_unchanged ... ok
[INFO] [stdout] test a_heading_in_a_document_with_no_heading_style_gets_an_automatic_one ... ok
[INFO] [stdout] test a_bulleted_list_reuses_the_style_the_document_has ... ok
[INFO] [stdout] test a_list_of_the_other_kind_is_given_the_requested_style ... ok
[INFO] [stdout] test a_heading_keeps_what_is_inside_the_paragraph ... ok
[INFO] [stdout] test a_paragraph_that_is_already_what_is_asked_for_is_left_alone ... ok
[INFO] [stdout] test a_second_heading_of_the_same_level_shares_the_style ... ok
[INFO] [stdout] test a_list_written_into_a_document_with_nowhere_to_keep_styles_moves_the_body ... ok
[INFO] [stdout] test paragraphs_with_layout_whitespace_between_them_are_still_one_list ... ok
[INFO] [stdout] test a_path_that_is_not_a_paragraph_is_refused ... ok
[INFO] [stdout] test paragraphs_side_by_side_become_one_list_and_come_back ... ok
[INFO] [stdout] test an_item_that_holds_a_nested_list_leaves_it_beside_the_paragraph ... ok
[INFO] [stdout] test taking_a_heading_off_gives_the_style_most_paragraphs_have ... ok
[INFO] [stdout] test taking_a_middle_item_out_splits_the_list_around_it ... ok
[INFO] [stdout] test a_document_edited_into_headings_and_lists_saves_and_reads_back ... FAILED
[INFO] [stdout] 
[INFO] [stdout] failures:
[INFO] [stdout] 
[INFO] [stdout] ---- a_document_edited_into_headings_and_lists_saves_and_reads_back stdout ----
[INFO] [stdout] 
[INFO] [stdout] thread 'a_document_edited_into_headings_and_lists_saves_and_reads_back' (643) panicked at tests/block.rs:321:6:
[INFO] [stdout] the corpus document: Os { code: 2, kind: NotFound, message: "No such file or directory" }
[INFO] [stdout] stack backtrace:
[INFO] [stdout]    0:     0x629d73293861 - <<std[70759c8f55707aa4]::sys::backtrace::BacktraceLock>::print::DisplayBacktrace as core[df12db4294e9bfd3]::fmt::Display>::fmt
[INFO] [stdout]    1:     0x629d732a95fa - core[df12db4294e9bfd3]::fmt::write
[INFO] [stdout]    2:     0x629d73297d6c - <alloc[2182bb758b4b3781]::vec::Vec<u8> as core[df12db4294e9bfd3]::io::write::Write>::write_fmt
[INFO] [stdout]    3:     0x629d7326f9a6 - std[70759c8f55707aa4]::panicking::default_hook::{closure#0}
[INFO] [stdout]    4:     0x629d7328bca9 - std[70759c8f55707aa4]::panicking::default_hook
[INFO] [stdout]    5:     0x629d731d15b0 - test[9d35eded1c95d3be]::test_main_inner::<test[9d35eded1c95d3be]::test_main_static::{closure#0}>::{closure#0}
[INFO] [stdout]    6:     0x629d7328be62 - std[70759c8f55707aa4]::panicking::panic_with_hook
[INFO] [stdout]    7:     0x629d7326fa52 - std[70759c8f55707aa4]::panicking::panic_handler::{closure#0}
[INFO] [stdout]    8:     0x629d73268649 - std[70759c8f55707aa4]::sys::backtrace::__rust_end_short_backtrace::<std[70759c8f55707aa4]::panicking::panic_handler::{closure#0}, !>
[INFO] [stdout]    9:     0x629d7327064d - __rustc[8fa7c3cbc660c2b3]::rust_begin_unwind
[INFO] [stdout]   10:     0x629d732a9d2c - core[df12db4294e9bfd3]::panicking::panic_fmt
[INFO] [stdout]   11:     0x629d732a9b02 - core[df12db4294e9bfd3]::result::unwrap_failed
[INFO] [stdout]   12:     0x629d731c0115 - <block[44482e6273797253]::a_document_edited_into_headings_and_lists_saves_and_reads_back::{closure#0} as core[df12db4294e9bfd3]::ops::function::FnOnce<()>>::call_once
[INFO] [stdout]   13:     0x629d731c489b - test[9d35eded1c95d3be]::__rust_begin_short_backtrace::<core[df12db4294e9bfd3]::result::Result<(), alloc[2182bb758b4b3781]::string::String>, fn() -> core[df12db4294e9bfd3]::result::Result<(), alloc[2182bb758b4b3781]::string::String>>
[INFO] [stdout]   14:     0x629d731d1f05 - test[9d35eded1c95d3be]::run_test::{closure#0}
[INFO] [stdout]   15:     0x629d731cb7c4 - std[70759c8f55707aa4]::sys::backtrace::__rust_begin_short_backtrace::<test[9d35eded1c95d3be]::run_test::{closure#1}, ()>
[INFO] [stdout]   16:     0x629d731d5062 - <std[70759c8f55707aa4]::thread::lifecycle::spawn_unchecked<test[9d35eded1c95d3be]::run_test::{closure#1}, ()>::{closure#1} as core[df12db4294e9bfd3]::ops::function::FnOnce<()>>::call_once::{shim:vtable#0}
[INFO] [stdout]   17:     0x629d73292e19 - <std[70759c8f55707aa4]::sys::thread::unix::Thread>::new::thread_start
[INFO] [stdout]   18:     0x7e3ac40acdfa - <unknown>
[INFO] [stdout]   19:     0x7e3ac41403d4 - clone
[INFO] [stdout]   20:                0x0 - <unknown>
[INFO] [stdout] 
[INFO] [stdout] 
[INFO] [stdout] failures:
[INFO] [stdout]     a_document_edited_into_headings_and_lists_saves_and_reads_back
[INFO] [stdout] 
[INFO] [stdout] test result: FAILED. 15 passed; 1 failed; 0 ignored; 0 measured; 0 filtered out; finished in 0.00s
[INFO] [stdout] 
[INFO] [stderr] error: test failed, to rerun pass `--test block`
[INFO] running `Command { std: "docker" "inspect" "8cd1b48e0a871f8734e67c99adefb71d6fb1ffd6772499ec07e8b8ba4376cbae", kill_on_drop: false }`
[INFO] running `Command { std: "docker" "rm" "-f" "8cd1b48e0a871f8734e67c99adefb71d6fb1ffd6772499ec07e8b8ba4376cbae", kill_on_drop: false }`
[INFO] [stdout] 8cd1b48e0a871f8734e67c99adefb71d6fb1ffd6772499ec07e8b8ba4376cbae
