[INFO] fetching crate odata_client_codegen 0.1.0...
[INFO] testing odata_client_codegen-0.1.0 against 1.99.0-beta.8+cargoflags=--release for beta-release-1.100-2
[INFO] extracting crate odata_client_codegen 0.1.0 into /workspace/builds/worker-6-tc1/source
[INFO] started tweaking crates.io crate odata_client_codegen 0.1.0
[INFO] finished tweaking crates.io crate odata_client_codegen 0.1.0
[INFO] tweaked toml for crates.io crate odata_client_codegen 0.1.0 written to /workspace/builds/worker-6-tc1/source/Cargo.toml
[INFO] validating manifest of crates.io crate odata_client_codegen 0.1.0 on toolchain 1.99.0-beta.8
[INFO] running `Command { std: CARGO_HOME="/workspace/cargo-home" RUSTUP_HOME="/workspace/rustup-home" "/workspace/cargo-home/bin/cargo" "+1.99.0-beta.8" "metadata" "--manifest-path" "Cargo.toml" "--no-deps", kill_on_drop: false }`
[INFO] running `Command { std: CARGO_HOME="/workspace/cargo-home" RUSTUP_HOME="/workspace/rustup-home" "/workspace/cargo-home/bin/cargo" "+1.99.0-beta.8" "generate-lockfile" "--manifest-path" "Cargo.toml", kill_on_drop: false }`
[INFO] [stderr]     Updating crates.io index
[INFO] [stderr]      Locking 92 packages to highest compatible versions
[INFO] [stderr]       Adding base64 v0.13.1 (available: v0.23.1)
[INFO] [stderr]       Adding derive_more v0.99.20 (available: v2.1.1)
[INFO] [stderr]       Adding iso8601 v0.4.2 (available: v0.6.6)
[INFO] [stderr]       Adding syn v1.0.109 (available: v3.0.9)
[INFO] [stderr]       Adding uuid v0.8.2 (available: v1.28.0)
[INFO] [stderr]       Adding which v4.4.2 (available: v8.0.6)
[INFO] [stderr]       Adding xml-rs v0.8.29 (available: v1.0.0)
[INFO] running `Command { std: CARGO_HOME="/workspace/cargo-home" RUSTUP_HOME="/workspace/rustup-home" "/workspace/cargo-home/bin/cargo" "+1.99.0-beta.8" "fetch" "--manifest-path" "Cargo.toml", kill_on_drop: false }`
[INFO] [stderr]  Downloading crates ...
[INFO] [stderr]   Downloaded fixedbitset v0.3.2
[INFO] [stderr]   Downloaded tobz1000-serde-xml-rs v0.4.1-tobz1000-1
[INFO] [stderr]   Downloaded odata_client_util v0.1.0
[INFO] [stderr]   Downloaded iso8601 v0.4.2
[INFO] [stderr]   Downloaded tobz1000-petgraph v0.5.1-tobz1000
[INFO] running `Command { std: "docker" "create" "-v" "/var/lib/crater-agent-workspace/builds/worker-6-tc1/source:/opt/rustwide/workdir:ro,Z" "-v" "/var/lib/crater-agent-workspace/builds/worker-6-tc1/target:/opt/rustwide/target:rw,Z" "-v" "/var/lib/crater-agent-workspace/cargo-home:/opt/rustwide/cargo-home:ro,Z" "-v" "/var/lib/crater-agent-workspace/rustup-home:/opt/rustwide/rustup-home:ro,Z" "-m" "1610612736" "--network" "none" "ghcr.io/rust-lang/crates-build-env/linux@sha256:77db811e55d90add9212f6832c23229e3de5f1c1f9905e8cb07319ea15df73ac" "sleep" "infinity", kill_on_drop: false }`
[INFO] [stdout] 9efd90acae63a04e8ecb12fc6936009c986ef3ea8628a88cff8c123117345813
[INFO] running `Command { std: "docker" "start" "9efd90acae63a04e8ecb12fc6936009c986ef3ea8628a88cff8c123117345813", kill_on_drop: false }`
[INFO] running `Command { std: "docker" "inspect" "9efd90acae63a04e8ecb12fc6936009c986ef3ea8628a88cff8c123117345813", kill_on_drop: false }`
[INFO] running `Command { std: "docker" "exec" "-e" "SOURCE_DIR=/opt/rustwide/workdir" "-e" "CARGO_HOME=/opt/rustwide/cargo-home" "-e" "RUSTUP_HOME=/opt/rustwide/rustup-home" "-e" "CARGO_TARGET_DIR=/opt/rustwide/target" "-w" "/opt/rustwide/workdir" "--user" "0:0" "9efd90acae63a04e8ecb12fc6936009c986ef3ea8628a88cff8c123117345813" "/opt/rustwide/cargo-home/bin/cargo" "+1.99.0-beta.8" "metadata" "--no-deps" "--format-version=1", kill_on_drop: false }`
[INFO] running `Command { std: "docker" "inspect" "9efd90acae63a04e8ecb12fc6936009c986ef3ea8628a88cff8c123117345813", kill_on_drop: false }`
[INFO] running `Command { std: "docker" "exec" "-e" "SOURCE_DIR=/opt/rustwide/workdir" "-e" "CARGO_HOME=/opt/rustwide/cargo-home" "-e" "RUSTUP_HOME=/opt/rustwide/rustup-home" "-e" "CARGO_TARGET_DIR=/opt/rustwide/target" "-e" "CARGO_INCREMENTAL=0" "-e" "RUST_BACKTRACE=full" "-e" "RUSTFLAGS=--cap-lints=warn" "-e" "RUSTDOCFLAGS=--cap-lints=warn" "-w" "/opt/rustwide/workdir" "--user" "0:0" "9efd90acae63a04e8ecb12fc6936009c986ef3ea8628a88cff8c123117345813" "/opt/rustwide/cargo-home/bin/cargo" "+1.99.0-beta.8" "build" "--frozen" "--message-format=json" "--release", kill_on_drop: false }`
[INFO] [stderr]    Compiling proc-macro2 v1.0.107
[INFO] [stderr]    Compiling unicode-ident v1.0.27
[INFO] [stderr]    Compiling quote v1.0.47
[INFO] [stderr]    Compiling nom v7.1.3
[INFO] [stderr]    Compiling rustix v0.38.44
[INFO] [stderr]    Compiling syn v2.0.119
[INFO] [stderr]    Compiling syn v1.0.109
[INFO] [stderr]    Compiling convert_case v0.4.0
[INFO] [stderr]    Compiling darling_core v0.13.4
[INFO] [stderr]    Compiling home v0.5.12
[INFO] [stderr]    Compiling fixedbitset v0.3.2
[INFO] [stderr]    Compiling either v1.19.0
[INFO] [stderr]    Compiling serde v1.0.229
[INFO] [stderr]    Compiling tobz1000-petgraph v0.5.1-tobz1000
[INFO] [stderr]    Compiling uuid v0.8.2
[INFO] [stderr]    Compiling darling_macro v0.13.4
[INFO] [stderr]    Compiling darling v0.13.4
[INFO] [stderr]    Compiling serde_with_macros v1.5.2
[INFO] [stderr]    Compiling which v4.4.2
[INFO] [stderr]    Compiling iso8601 v0.4.2
[INFO] [stderr]    Compiling serde_with v1.14.0
[INFO] [stderr]    Compiling odata_client_util v0.1.0
[INFO] [stderr]    Compiling thiserror-impl v1.0.69
[INFO] [stderr]    Compiling derive_more v0.99.20
[INFO] [stderr]    Compiling thiserror v1.0.69
[INFO] [stderr]    Compiling tobz1000-serde-xml-rs v0.4.1-tobz1000-1
[INFO] [stderr]    Compiling odata_client_codegen v0.1.0 (/opt/rustwide/workdir)
[INFO] [stdout] warning: unreachable pattern
[INFO] [stdout]    --> src/entity_data_model_parse.rs:656:26
[INFO] [stdout]     |
[INFO] [stdout] 654 |         #[serde(rename = "Annotation", default)]
[INFO] [stdout]     |                          ------------ matches all the relevant values
[INFO] [stdout] 655 |         pub annotations: Vec<Annotation>,
[INFO] [stdout] 656 |         #[serde(rename = "Annotation", default)]
[INFO] [stdout]     |                          ^^^^^^^^^^^^ no value can reach this
[INFO] [stdout]     |
[INFO] [stdout]     = note: `#[warn(unreachable_patterns)]` (part of `#[warn(unused)]`) on by default
[INFO] [stdout] 
[INFO] [stdout] 
[INFO] [stdout] warning: struct `Token` is never constructed
[INFO] [stdout]   --> src/entity_data_model_parse.rs:48:16
[INFO] [stdout]    |
[INFO] [stdout] 48 |     pub struct Token(pub std::string::String);
[INFO] [stdout]    |                ^^^^^
[INFO] [stdout]    |
[INFO] [stdout]    = note: `#[warn(dead_code)]` (part of `#[warn(unused)]`) on by default
[INFO] [stdout] 
[INFO] [stdout] 
[INFO] [stdout] warning: struct `GInlineExpressions` is never constructed
[INFO] [stdout]    --> src/entity_data_model_parse.rs:481:16
[INFO] [stdout]     |
[INFO] [stdout] 481 |     pub struct GInlineExpressions {
[INFO] [stdout]     |                ^^^^^^^^^^^^^^^^^^
[INFO] [stdout] 
[INFO] [stdout] 
[INFO] [stderr]     Finished `release` profile [optimized] target(s) in 13.96s
[INFO] running `Command { std: "docker" "inspect" "9efd90acae63a04e8ecb12fc6936009c986ef3ea8628a88cff8c123117345813", kill_on_drop: false }`
[INFO] running `Command { std: "docker" "exec" "-e" "SOURCE_DIR=/opt/rustwide/workdir" "-e" "CARGO_HOME=/opt/rustwide/cargo-home" "-e" "RUSTUP_HOME=/opt/rustwide/rustup-home" "-e" "CARGO_TARGET_DIR=/opt/rustwide/target" "-e" "CARGO_INCREMENTAL=0" "-e" "RUST_BACKTRACE=full" "-e" "RUSTFLAGS=--cap-lints=warn" "-e" "RUSTDOCFLAGS=--cap-lints=warn" "-w" "/opt/rustwide/workdir" "--user" "0:0" "9efd90acae63a04e8ecb12fc6936009c986ef3ea8628a88cff8c123117345813" "/opt/rustwide/cargo-home/bin/cargo" "+1.99.0-beta.8" "test" "--frozen" "--no-run" "--message-format=json" "--release", kill_on_drop: false }`
[INFO] [stdout] warning: unreachable pattern
[INFO] [stdout]    --> src/entity_data_model_parse.rs:656:26
[INFO] [stdout]     |
[INFO] [stdout] 654 |         #[serde(rename = "Annotation", default)]
[INFO] [stdout]     |                          ------------ matches all the relevant values
[INFO] [stdout] 655 |         pub annotations: Vec<Annotation>,
[INFO] [stdout] 656 |         #[serde(rename = "Annotation", default)]
[INFO] [stdout]     |                          ^^^^^^^^^^^^ no value can reach this
[INFO] [stdout]     |
[INFO] [stdout]     = note: `#[warn(unreachable_patterns)]` (part of `#[warn(unused)]`) on by default
[INFO] [stdout] 
[INFO] [stdout] 
[INFO] [stdout] warning: struct `Token` is never constructed
[INFO] [stdout]   --> src/entity_data_model_parse.rs:48:16
[INFO] [stdout]    |
[INFO] [stdout] 48 |     pub struct Token(pub std::string::String);
[INFO] [stdout]    |                ^^^^^
[INFO] [stdout]    |
[INFO] [stdout]    = note: `#[warn(dead_code)]` (part of `#[warn(unused)]`) on by default
[INFO] [stdout] 
[INFO] [stdout] 
[INFO] [stderr]    Compiling odata_client_codegen v0.1.0 (/opt/rustwide/workdir)
[INFO] [stdout] warning: struct `GInlineExpressions` is never constructed
[INFO] [stdout]    --> src/entity_data_model_parse.rs:481:16
[INFO] [stdout]     |
[INFO] [stdout] 481 |     pub struct GInlineExpressions {
[INFO] [stdout]     |                ^^^^^^^^^^^^^^^^^^
[INFO] [stdout] 
[INFO] [stdout] 
[INFO] [stdout] warning: unreachable pattern
[INFO] [stdout]    --> src/entity_data_model_parse.rs:656:26
[INFO] [stdout]     |
[INFO] [stdout] 654 |         #[serde(rename = "Annotation", default)]
[INFO] [stdout]     |                          ------------ matches all the relevant values
[INFO] [stdout] 655 |         pub annotations: Vec<Annotation>,
[INFO] [stdout] 656 |         #[serde(rename = "Annotation", default)]
[INFO] [stdout]     |                          ^^^^^^^^^^^^ no value can reach this
[INFO] [stdout]     |
[INFO] [stdout]     = note: `#[warn(unreachable_patterns)]` (part of `#[warn(unused)]`) on by default
[INFO] [stdout] 
[INFO] [stdout] 
[INFO] [stdout] warning: struct `Token` is never constructed
[INFO] [stdout]   --> src/entity_data_model_parse.rs:48:16
[INFO] [stdout]    |
[INFO] [stdout] 48 |     pub struct Token(pub std::string::String);
[INFO] [stdout]    |                ^^^^^
[INFO] [stdout]    |
[INFO] [stdout]    = note: `#[warn(dead_code)]` (part of `#[warn(unused)]`) on by default
[INFO] [stdout] 
[INFO] [stdout] 
[INFO] [stdout] warning: struct `GInlineExpressions` is never constructed
[INFO] [stdout]    --> src/entity_data_model_parse.rs:481:16
[INFO] [stdout]     |
[INFO] [stdout] 481 |     pub struct GInlineExpressions {
[INFO] [stdout]     |                ^^^^^^^^^^^^^^^^^^
[INFO] [stdout] 
[INFO] [stdout] 
[INFO] [stdout] warning: unused return value of `must_use` that must be used
[INFO] [stdout]    --> src/entity_model/test.rs:119:13
[INFO] [stdout]     |
[INFO] [stdout] 119 |             format!("{:?}", entity_model);
[INFO] [stdout]     |             ^^^^^^^^^^^^^^^^^^^^^^^^^^^^^
[INFO] [stdout]     |
[INFO] [stdout]     = note: `#[warn(unused_must_use)]` (part of `#[warn(unused)]`) on by default
[INFO] [stdout] help: use `let _ = ...` to ignore the resulting value
[INFO] [stdout]     |
[INFO] [stdout] 119 |             let _ = format!("{:?}", entity_model);
[INFO] [stdout]     |             +++++++
[INFO] [stdout] 
[INFO] [stdout] 
[INFO] [stderr]     Finished `release` profile [optimized] target(s) in 7.77s
[INFO] running `Command { std: "docker" "inspect" "9efd90acae63a04e8ecb12fc6936009c986ef3ea8628a88cff8c123117345813", kill_on_drop: false }`
[INFO] running `Command { std: "docker" "exec" "-e" "SOURCE_DIR=/opt/rustwide/workdir" "-e" "CARGO_HOME=/opt/rustwide/cargo-home" "-e" "RUSTUP_HOME=/opt/rustwide/rustup-home" "-e" "CARGO_TARGET_DIR=/opt/rustwide/target" "-e" "CARGO_INCREMENTAL=0" "-e" "RUST_BACKTRACE=full" "-e" "RUSTFLAGS=--cap-lints=warn" "-e" "RUSTDOCFLAGS=--cap-lints=warn" "-w" "/opt/rustwide/workdir" "--user" "0:0" "9efd90acae63a04e8ecb12fc6936009c986ef3ea8628a88cff8c123117345813" "/opt/rustwide/cargo-home/bin/cargo" "+1.99.0-beta.8" "test" "--frozen" "--release", kill_on_drop: false }`
[INFO] [stderr] warning: unreachable pattern
[INFO] [stderr]    --> src/entity_data_model_parse.rs:656:26
[INFO] [stderr]     |
[INFO] [stderr] 654 |         #[serde(rename = "Annotation", default)]
[INFO] [stderr]     |                          ------------ matches all the relevant values
[INFO] [stderr] 655 |         pub annotations: Vec<Annotation>,
[INFO] [stderr] 656 |         #[serde(rename = "Annotation", default)]
[INFO] [stderr]     |                          ^^^^^^^^^^^^ no value can reach this
[INFO] [stderr]     |
[INFO] [stderr]     = note: `#[warn(unreachable_patterns)]` (part of `#[warn(unused)]`) on by default
[INFO] [stderr] 
[INFO] [stderr] warning: struct `Token` is never constructed
[INFO] [stderr]   --> src/entity_data_model_parse.rs:48:16
[INFO] [stderr]    |
[INFO] [stderr] 48 |     pub struct Token(pub std::string::String);
[INFO] [stderr]    |                ^^^^^
[INFO] [stderr]    |
[INFO] [stderr]    = note: `#[warn(dead_code)]` (part of `#[warn(unused)]`) on by default
[INFO] [stderr] 
[INFO] [stderr] warning: struct `GInlineExpressions` is never constructed
[INFO] [stderr]    --> src/entity_data_model_parse.rs:481:16
[INFO] [stderr]     |
[INFO] [stderr] 481 |     pub struct GInlineExpressions {
[INFO] [stderr]     |                ^^^^^^^^^^^^^^^^^^
[INFO] [stderr] 
[INFO] [stderr] warning: unused return value of `must_use` that must be used
[INFO] [stderr]    --> src/entity_model/test.rs:119:13
[INFO] [stderr]     |
[INFO] [stderr] 119 |             format!("{:?}", entity_model);
[INFO] [stderr]     |             ^^^^^^^^^^^^^^^^^^^^^^^^^^^^^
[INFO] [stderr]     |
[INFO] [stderr]     = note: `#[warn(unused_must_use)]` (part of `#[warn(unused)]`) on by default
[INFO] [stderr] help: use `let _ = ...` to ignore the resulting value
[INFO] [stderr]     |
[INFO] [stderr] 119 |             let _ = format!("{:?}", entity_model);
[INFO] [stderr]     |             +++++++
[INFO] [stderr] 
[INFO] [stderr] warning: `odata_client_codegen` (lib) generated 3 warnings
[INFO] [stderr] warning: `odata_client_codegen` (lib test) generated 4 warnings (3 duplicates)
[INFO] [stderr]     Finished `release` profile [optimized] target(s) in 0.04s
[INFO] [stderr]      Running unittests src/lib.rs (/opt/rustwide/target/release/deps/odata_client_codegen-4cc3839f2c46a4cb)
[INFO] [stdout] 
[INFO] [stdout] running 24 tests
[INFO] [stdout] test entity_data_model_parse::test::parse_xs_list ... ok
[INFO] [stdout] test entity_data_model_parse::test::parse_full_document ... FAILED
[INFO] [stdout] test entity_data_model_parse::test::parse_g_expression ... FAILED
[INFO] [stdout] test entity_data_model_parse::test::parse_annotation ... FAILED
[INFO] [stdout] test entity_data_model_parse::test::parse_t_entity_set ... FAILED
[INFO] [stdout] test codegen::test::codegen_filter_people_entity_set_only ... FAILED
[INFO] [stdout] test entity_data_model_parse::test::parse_t_entity_type ... FAILED
[INFO] [stdout] test entity_model::test::enum_no_values_assigned_consecutively ... FAILED
[INFO] [stdout] test entity_model::test::trippin_builds ... FAILED
[INFO] [stdout] test entity_data_model_parse::test::parse_t_type_name_collection_qualified ... ok
[INFO] [stdout] test entity_model::test::entity_type_no_key_in_collection_nav_prop_errors ... ok
[INFO] [stdout] test entity_model::test::entity_type_no_key_in_entity_set_errors ... ok
[INFO] [stdout] test entity_model::test::namespace_and_alias_references_builds ... ok
[INFO] [stdout] test entity_model::test::overloaded_differing_key_errors ... ok
[INFO] [stdout] test entity_model::test::key_from_base_type_builds ... ok
[INFO] [stdout] test entity_model::test::overloaded_identical_key_builds ... ok
[INFO] [stdout] test entity_data_model_parse::test::parse_t_type_name_qualified ... ok
[INFO] [stdout] test entity_model::test::inheritance_cycle_detected ... ok
[INFO] [stdout] test entity_model::test::entity_model_debug_output_terminates ... ok
[INFO] [stdout] test entity_model::test::entity_type_no_key_not_in_collection_builds ... ok
[INFO] [stdout] test entity_model::test::invalid_nav_prop_binding_ignored_builds ... ok
[INFO] [stdout] test codegen::test::codegen_namespaces ... FAILED
[INFO] [stdout] test codegen::test::codegen_entity_container ... FAILED
[INFO] [stdout] test codegen::test::codegen_type_definitions ... FAILED
[INFO] [stdout] 
[INFO] [stdout] failures:
[INFO] [stdout] 
[INFO] [stdout] ---- entity_data_model_parse::test::parse_full_document stdout ----
[INFO] [stdout] 
[INFO] [stdout] thread 'entity_data_model_parse::test::parse_full_document' (640) panicked at src/input_file_test.rs:139:10:
[INFO] [stdout] Couldn't read test data dir: Os { code: 2, kind: NotFound, message: "No such file or directory" }
[INFO] [stdout] stack backtrace:
[INFO] [stdout]    0:     0x5851669fab71 - <<std[70759c8f55707aa4]::sys::backtrace::BacktraceLock>::print::DisplayBacktrace as core[df12db4294e9bfd3]::fmt::Display>::fmt
[INFO] [stdout]    1:     0x585166a1282a - core[df12db4294e9bfd3]::fmt::write
[INFO] [stdout]    2:     0x5851669ffa0c - <alloc[2182bb758b4b3781]::vec::Vec<u8> as core[df12db4294e9bfd3]::io::write::Write>::write_fmt
[INFO] [stdout]    3:     0x5851669d58e6 - std[70759c8f55707aa4]::panicking::default_hook::{closure#0}
[INFO] [stdout]    4:     0x5851669f2989 - std[70759c8f55707aa4]::panicking::default_hook
[INFO] [stdout]    5:     0x5851667d98a0 - test[9d35eded1c95d3be]::test_main_inner::<test[9d35eded1c95d3be]::test_main_static::{closure#0}>::{closure#0}
[INFO] [stdout]    6:     0x5851669f2cb2 - std[70759c8f55707aa4]::panicking::panic_with_hook
[INFO] [stdout]    7:     0x5851669d5992 - std[70759c8f55707aa4]::panicking::panic_handler::{closure#0}
[INFO] [stdout]    8:     0x5851669cdf29 - std[70759c8f55707aa4]::sys::backtrace::__rust_end_short_backtrace::<std[70759c8f55707aa4]::panicking::panic_handler::{closure#0}, !>
[INFO] [stdout]    9:     0x5851669d669d - __rustc[8fa7c3cbc660c2b3]::rust_begin_unwind
[INFO] [stdout]   10:     0x585166a1300c - core[df12db4294e9bfd3]::panicking::panic_fmt
[INFO] [stdout]   11:     0x585166a12de2 - core[df12db4294e9bfd3]::result::unwrap_failed
[INFO] [stdout]   12:     0x585166740fdf - odata_client_codegen[bb7b7bcee69579be]::input_file_test::run_file_parse_tests::<odata_client_codegen[bb7b7bcee69579be]::entity_data_model_parse::test::TestEntityDataModelParse<odata_client_codegen[bb7b7bcee69579be]::entity_data_model_parse::edmx::TEdmx>>
[INFO] [stdout]   13:     0x5851667a884c - <odata_client_codegen[bb7b7bcee69579be]::entity_data_model_parse::test::parse_full_document::{closure#0} as core[df12db4294e9bfd3]::ops::function::FnOnce<()>>::call_once
[INFO] [stdout]   14:     0x5851667ccb8b - test[9d35eded1c95d3be]::__rust_begin_short_backtrace::<core[df12db4294e9bfd3]::result::Result<(), alloc[2182bb758b4b3781]::string::String>, fn() -> core[df12db4294e9bfd3]::result::Result<(), alloc[2182bb758b4b3781]::string::String>>
[INFO] [stdout]   15:     0x5851667da1f5 - test[9d35eded1c95d3be]::run_test::{closure#0}
[INFO] [stdout]   16:     0x5851667d3ab4 - std[70759c8f55707aa4]::sys::backtrace::__rust_begin_short_backtrace::<test[9d35eded1c95d3be]::run_test::{closure#1}, ()>
[INFO] [stdout]   17:     0x5851667dd352 - <std[70759c8f55707aa4]::thread::lifecycle::spawn_unchecked<test[9d35eded1c95d3be]::run_test::{closure#1}, ()>::{closure#1} as core[df12db4294e9bfd3]::ops::function::FnOnce<()>>::call_once::{shim:vtable#0}
[INFO] [stdout]   18:     0x5851669f9ed9 - <std[70759c8f55707aa4]::sys::thread::unix::Thread>::new::thread_start
[INFO] [stdout]   19:     0x7463bb998dfa - <unknown>
[INFO] [stdout]   20:     0x7463bba2c3d4 - clone
[INFO] [stdout]   21:                0x0 - <unknown>
[INFO] [stdout] 
[INFO] [stdout] ---- entity_data_model_parse::test::parse_g_expression stdout ----
[INFO] [stdout] 
[INFO] [stdout] thread 'entity_data_model_parse::test::parse_g_expression' (641) panicked at src/input_file_test.rs:139:10:
[INFO] [stdout] Couldn't read test data dir: Os { code: 2, kind: NotFound, message: "No such file or directory" }
[INFO] [stdout] stack backtrace:
[INFO] [stdout]    0:     0x5851669fab71 - <<std[70759c8f55707aa4]::sys::backtrace::BacktraceLock>::print::DisplayBacktrace as core[df12db4294e9bfd3]::fmt::Display>::fmt
[INFO] [stdout]    1:     0x585166a1282a - core[df12db4294e9bfd3]::fmt::write
[INFO] [stdout]    2:     0x5851669ffa0c - <alloc[2182bb758b4b3781]::vec::Vec<u8> as core[df12db4294e9bfd3]::io::write::Write>::write_fmt
[INFO] [stdout]    3:     0x5851669d58e6 - std[70759c8f55707aa4]::panicking::default_hook::{closure#0}
[INFO] [stdout]    4:     0x5851669f2989 - std[70759c8f55707aa4]::panicking::default_hook
[INFO] [stdout]    5:     0x5851667d98a0 - test[9d35eded1c95d3be]::test_main_inner::<test[9d35eded1c95d3be]::test_main_static::{closure#0}>::{closure#0}
[INFO] [stdout]    6:     0x5851669f2cb2 - std[70759c8f55707aa4]::panicking::panic_with_hook
[INFO] [stdout]    7:     0x5851669d5992 - std[70759c8f55707aa4]::panicking::panic_handler::{closure#0}
[INFO] [stdout]    8:     0x5851669cdf29 - std[70759c8f55707aa4]::sys::backtrace::__rust_end_short_backtrace::<std[70759c8f55707aa4]::panicking::panic_handler::{closure#0}, !>
[INFO] [stdout]    9:     0x5851669d669d - __rustc[8fa7c3cbc660c2b3]::rust_begin_unwind
[INFO] [stdout]   10:     0x585166a1300c - core[df12db4294e9bfd3]::panicking::panic_fmt
[INFO] [stdout]   11:     0x585166a12de2 - core[df12db4294e9bfd3]::result::unwrap_failed
[INFO] [stdout]   12:     0x58516673e7e0 - odata_client_codegen[bb7b7bcee69579be]::input_file_test::run_file_parse_tests::<odata_client_codegen[bb7b7bcee69579be]::entity_data_model_parse::test::TestEntityDataModelParse<odata_client_codegen[bb7b7bcee69579be]::entity_data_model_parse::edm::GExpression>>
[INFO] [stdout]   13:     0x5851667a86ac - <odata_client_codegen[bb7b7bcee69579be]::entity_data_model_parse::test::parse_g_expression::{closure#0} as core[df12db4294e9bfd3]::ops::function::FnOnce<()>>::call_once
[INFO] [stdout]   14:     0x5851667ccb8b - test[9d35eded1c95d3be]::__rust_begin_short_backtrace::<core[df12db4294e9bfd3]::result::Result<(), alloc[2182bb758b4b3781]::string::String>, fn() -> core[df12db4294e9bfd3]::result::Result<(), alloc[2182bb758b4b3781]::string::String>>
[INFO] [stdout]   15:     0x5851667da1f5 - test[9d35eded1c95d3be]::run_test::{closure#0}
[INFO] [stdout]   16:     0x5851667d3ab4 - std[70759c8f55707aa4]::sys::backtrace::__rust_begin_short_backtrace::<test[9d35eded1c95d3be]::run_test::{closure#1}, ()>
[INFO] [stdout]   17:     0x5851667dd352 - <std[70759c8f55707aa4]::thread::lifecycle::spawn_unchecked<test[9d35eded1c95d3be]::run_test::{closure#1}, ()>::{closure#1} as core[df12db4294e9bfd3]::ops::function::FnOnce<()>>::call_once::{shim:vtable#0}
[INFO] [stdout]   18:     0x5851669f9ed9 - <std[70759c8f55707aa4]::sys::thread::unix::Thread>::new::thread_start
[INFO] [stdout]   19:     0x7463bb998dfa - <unknown>
[INFO] [stdout]   20:     0x7463bba2c3d4 - clone
[INFO] [stdout]   21:                0x0 - <unknown>
[INFO] [stdout] 
[INFO] [stdout] ---- entity_data_model_parse::test::parse_annotation stdout ----
[INFO] [stdout] 
[INFO] [stdout] thread 'entity_data_model_parse::test::parse_annotation' (639) panicked at src/input_file_test.rs:139:10:
[INFO] [stdout] Couldn't read test data dir: Os { code: 2, kind: NotFound, message: "No such file or directory" }
[INFO] [stdout] stack backtrace:
[INFO] [stdout]    0:     0x5851669fab71 - <<std[70759c8f55707aa4]::sys::backtrace::BacktraceLock>::print::DisplayBacktrace as core[df12db4294e9bfd3]::fmt::Display>::fmt
[INFO] [stdout]    1:     0x585166a1282a - core[df12db4294e9bfd3]::fmt::write
[INFO] [stdout]    2:     0x5851669ffa0c - <alloc[2182bb758b4b3781]::vec::Vec<u8> as core[df12db4294e9bfd3]::io::write::Write>::write_fmt
[INFO] [stdout]    3:     0x5851669d58e6 - std[70759c8f55707aa4]::panicking::default_hook::{closure#0}
[INFO] [stdout]    4:     0x5851669f2989 - std[70759c8f55707aa4]::panicking::default_hook
[INFO] [stdout]    5:     0x5851667d98a0 - test[9d35eded1c95d3be]::test_main_inner::<test[9d35eded1c95d3be]::test_main_static::{closure#0}>::{closure#0}
[INFO] [stdout]    6:     0x5851669f2cb2 - std[70759c8f55707aa4]::panicking::panic_with_hook
[INFO] [stdout]    7:     0x5851669d5992 - std[70759c8f55707aa4]::panicking::panic_handler::{closure#0}
[INFO] [stdout]    8:     0x5851669cdf29 - std[70759c8f55707aa4]::sys::backtrace::__rust_end_short_backtrace::<std[70759c8f55707aa4]::panicking::panic_handler::{closure#0}, !>
[INFO] [stdout]    9:     0x5851669d669d - __rustc[8fa7c3cbc660c2b3]::rust_begin_unwind
[INFO] [stdout]   10:     0x585166a1300c - core[df12db4294e9bfd3]::panicking::panic_fmt
[INFO] [stdout]   11:     0x585166a12de2 - core[df12db4294e9bfd3]::result::unwrap_failed
[INFO] [stdout]   12:     0x58516673bf80 - odata_client_codegen[bb7b7bcee69579be]::input_file_test::run_file_parse_tests::<odata_client_codegen[bb7b7bcee69579be]::entity_data_model_parse::test::TestEntityDataModelParse<odata_client_codegen[bb7b7bcee69579be]::entity_data_model_parse::edm::Annotation>>
[INFO] [stdout]   13:     0x5851667a85dc - <odata_client_codegen[bb7b7bcee69579be]::entity_data_model_parse::test::parse_annotation::{closure#0} as core[df12db4294e9bfd3]::ops::function::FnOnce<()>>::call_once
[INFO] [stdout]   14:     0x5851667ccb8b - test[9d35eded1c95d3be]::__rust_begin_short_backtrace::<core[df12db4294e9bfd3]::result::Result<(), alloc[2182bb758b4b3781]::string::String>, fn() -> core[df12db4294e9bfd3]::result::Result<(), alloc[2182bb758b4b3781]::string::String>>
[INFO] [stdout]   15:     0x5851667da1f5 - test[9d35eded1c95d3be]::run_test::{closure#0}
[INFO] [stdout]   16:     0x5851667d3ab4 - std[70759c8f55707aa4]::sys::backtrace::__rust_begin_short_backtrace::<test[9d35eded1c95d3be]::run_test::{closure#1}, ()>
[INFO] [stdout]   17:     0x5851667dd352 - <std[70759c8f55707aa4]::thread::lifecycle::spawn_unchecked<test[9d35eded1c95d3be]::run_test::{closure#1}, ()>::{closure#1} as core[df12db4294e9bfd3]::ops::function::FnOnce<()>>::call_once::{shim:vtable#0}
[INFO] [stdout]   18:     0x5851669f9ed9 - <std[70759c8f55707aa4]::sys::thread::unix::Thread>::new::thread_start
[INFO] [stdout]   19:     0x7463bb998dfa - <unknown>
[INFO] [stdout]   20:     0x7463bba2c3d4 - clone
[INFO] [stdout]   21:                0x0 - <unknown>
[INFO] [stdout] 
[INFO] [stdout] ---- entity_data_model_parse::test::parse_t_entity_set stdout ----
[INFO] [stdout] 
[INFO] [stdout] thread 'entity_data_model_parse::test::parse_t_entity_set' (642) panicked at src/input_file_test.rs:139:10:
[INFO] [stdout] Couldn't read test data dir: Os { code: 2, kind: NotFound, message: "No such file or directory" }
[INFO] [stdout] stack backtrace:
[INFO] [stdout]    0:     0x5851669fab71 - <<std[70759c8f55707aa4]::sys::backtrace::BacktraceLock>::print::DisplayBacktrace as core[df12db4294e9bfd3]::fmt::Display>::fmt
[INFO] [stdout]    1:     0x585166a1282a - core[df12db4294e9bfd3]::fmt::write
[INFO] [stdout]    2:     0x5851669ffa0c - <alloc[2182bb758b4b3781]::vec::Vec<u8> as core[df12db4294e9bfd3]::io::write::Write>::write_fmt
[INFO] [stdout]    3:     0x5851669d58e6 - std[70759c8f55707aa4]::panicking::default_hook::{closure#0}
[INFO] [stdout]    4:     0x5851669f2989 - std[70759c8f55707aa4]::panicking::default_hook
[INFO] [stdout]    5:     0x5851667d98a0 - test[9d35eded1c95d3be]::test_main_inner::<test[9d35eded1c95d3be]::test_main_static::{closure#0}>::{closure#0}
[INFO] [stdout]    6:     0x5851669f2cb2 - std[70759c8f55707aa4]::panicking::panic_with_hook
[INFO] [stdout]    7:     0x5851669d5992 - std[70759c8f55707aa4]::panicking::panic_handler::{closure#0}
[INFO] [stdout]    8:     0x5851669cdf29 - std[70759c8f55707aa4]::sys::backtrace::__rust_end_short_backtrace::<std[70759c8f55707aa4]::panicking::panic_handler::{closure#0}, !>
[INFO] [stdout]    9:     0x5851669d669d - __rustc[8fa7c3cbc660c2b3]::rust_begin_unwind
[INFO] [stdout]   10:     0x585166a1300c - core[df12db4294e9bfd3]::panicking::panic_fmt
[INFO] [stdout]   11:     0x585166a12de2 - core[df12db4294e9bfd3]::result::unwrap_failed
[INFO] [stdout]   12:     0x58516673d3db - odata_client_codegen[bb7b7bcee69579be]::input_file_test::run_file_parse_tests::<odata_client_codegen[bb7b7bcee69579be]::entity_data_model_parse::test::TestEntityDataModelParse<odata_client_codegen[bb7b7bcee69579be]::entity_data_model_parse::edm::TEntitySet>>
[INFO] [stdout]   13:     0x5851667a877c - <odata_client_codegen[bb7b7bcee69579be]::entity_data_model_parse::test::parse_t_entity_set::{closure#0} as core[df12db4294e9bfd3]::ops::function::FnOnce<()>>::call_once
[INFO] [stdout]   14:     0x5851667ccb8b - test[9d35eded1c95d3be]::__rust_begin_short_backtrace::<core[df12db4294e9bfd3]::result::Result<(), alloc[2182bb758b4b3781]::string::String>, fn() -> core[df12db4294e9bfd3]::result::Result<(), alloc[2182bb758b4b3781]::string::String>>
[INFO] [stdout]   15:     0x5851667da1f5 - test[9d35eded1c95d3be]::run_test::{closure#0}
[INFO] [stdout]   16:     0x5851667d3ab4 - std[70759c8f55707aa4]::sys::backtrace::__rust_begin_short_backtrace::<test[9d35eded1c95d3be]::run_test::{closure#1}, ()>
[INFO] [stdout]   17:     0x5851667dd352 - <std[70759c8f55707aa4]::thread::lifecycle::spawn_unchecked<test[9d35eded1c95d3be]::run_test::{closure#1}, ()>::{closure#1} as core[df12db4294e9bfd3]::ops::function::FnOnce<()>>::call_once::{shim:vtable#0}
[INFO] [stdout]   18:     0x5851669f9ed9 - <std[70759c8f55707aa4]::sys::thread::unix::Thread>::new::thread_start
[INFO] [stdout]   19:     0x7463bb998dfa - <unknown>
[INFO] [stdout]   20:     0x7463bba2c3d4 - clone
[INFO] [stdout]   21:                0x0 - <unknown>
[INFO] [stdout] 
[INFO] [stdout] ---- codegen::test::codegen_filter_people_entity_set_only stdout ----
[INFO] [stdout] [src/codegen/test.rs:92:40] ItemNameWhitelist::new().with_entity_sets(vec!["People"]) = ItemNameWhitelist {
[INFO] [stdout]     entity_sets: {
[INFO] [stdout]         "People",
[INFO] [stdout]     },
[INFO] [stdout]     singletons: {},
[INFO] [stdout]     entity_types: {},
[INFO] [stdout]     complex_types: {},
[INFO] [stdout]     primitive_aliases: {},
[INFO] [stdout]     enum_types: {},
[INFO] [stdout] }
[INFO] [stdout] "src/codegen/test/filter_entity_set_people.xml": Failed to parse:
[INFO] [stdout] Syntax: 2:6 Invalid processing instruction: <?xml
[INFO] [stdout] The XML spec only allows "<?xml" at the very beginning of the file, with no whitespace, comments, or any elements before it
[INFO] [stdout] 
[INFO] [stdout] thread 'codegen::test::codegen_filter_people_entity_set_only' (636) panicked at src/input_file_test.rs:103:17:
[INFO] [stdout] Parse test failed
[INFO] [stdout] stack backtrace:
[INFO] [stdout]    0:     0x5851669fab71 - <<std[70759c8f55707aa4]::sys::backtrace::BacktraceLock>::print::DisplayBacktrace as core[df12db4294e9bfd3]::fmt::Display>::fmt
[INFO] [stdout]    1:     0x585166a1282a - core[df12db4294e9bfd3]::fmt::write
[INFO] [stdout]    2:     0x5851669ffa0c - <alloc[2182bb758b4b3781]::vec::Vec<u8> as core[df12db4294e9bfd3]::io::write::Write>::write_fmt
[INFO] [stdout]    3:     0x5851669d58e6 - std[70759c8f55707aa4]::panicking::default_hook::{closure#0}
[INFO] [stdout]    4:     0x5851669f2989 - std[70759c8f55707aa4]::panicking::default_hook
[INFO] [stdout]    5:     0x5851667d98a0 - test[9d35eded1c95d3be]::test_main_inner::<test[9d35eded1c95d3be]::test_main_static::{closure#0}>::{closure#0}
[INFO] [stdout]    6:     0x5851669f2cb2 - std[70759c8f55707aa4]::panicking::panic_with_hook
[INFO] [stdout]    7:     0x5851669d4bac - std[70759c8f55707aa4]::panicking::begin_panic::<&str>::{closure#0}
[INFO] [stdout]    8:     0x5851669cdf09 - std[70759c8f55707aa4]::sys::backtrace::__rust_end_short_backtrace::<std[70759c8f55707aa4]::panicking::begin_panic<&str>::{closure#0}, !>
[INFO] [stdout]    9:     0x5851669ca6ab - std[70759c8f55707aa4]::panicking::begin_panic::<&str>
[INFO] [stdout]   10:     0x5851667423c7 - odata_client_codegen[bb7b7bcee69579be]::input_file_test::run_file_parse_test_single::<odata_client_codegen[bb7b7bcee69579be]::codegen::test::TestCodegen>
[INFO] [stdout]   11:     0x5851667b6229 - odata_client_codegen[bb7b7bcee69579be]::codegen::test::codegen_filter_people_entity_set_only
[INFO] [stdout]   12:     0x5851667a8ca9 - <odata_client_codegen[bb7b7bcee69579be]::codegen::test::codegen_filter_people_entity_set_only::{closure#0} as core[df12db4294e9bfd3]::ops::function::FnOnce<()>>::call_once
[INFO] [stdout]   13:     0x5851667ccb8b - test[9d35eded1c95d3be]::__rust_begin_short_backtrace::<core[df12db4294e9bfd3]::result::Result<(), alloc[2182bb758b4b3781]::string::String>, fn() -> core[df12db4294e9bfd3]::result::Result<(), alloc[2182bb758b4b3781]::string::String>>
[INFO] [stdout]   14:     0x5851667da1f5 - test[9d35eded1c95d3be]::run_test::{closure#0}
[INFO] [stdout]   15:     0x5851667d3ab4 - std[70759c8f55707aa4]::sys::backtrace::__rust_begin_short_backtrace::<test[9d35eded1c95d3be]::run_test::{closure#1}, ()>
[INFO] [stdout]   16:     0x5851667dd352 - <std[70759c8f55707aa4]::thread::lifecycle::spawn_unchecked<test[9d35eded1c95d3be]::run_test::{closure#1}, ()>::{closure#1} as core[df12db4294e9bfd3]::ops::function::FnOnce<()>>::call_once::{shim:vtable#0}
[INFO] [stdout]   17:     0x5851669f9ed9 - <std[70759c8f55707aa4]::sys::thread::unix::Thread>::new::thread_start
[INFO] [stdout]   18:     0x7463bb998dfa - <unknown>
[INFO] [stdout]   19:     0x7463bba2c3d4 - clone
[INFO] [stdout]   20:                0x0 - <unknown>
[INFO] [stdout] 
[INFO] [stdout] ---- entity_data_model_parse::test::parse_t_entity_type stdout ----
[INFO] [stdout] 
[INFO] [stdout] thread 'entity_data_model_parse::test::parse_t_entity_type' (643) panicked at src/input_file_test.rs:139:10:
[INFO] [stdout] Couldn't read test data dir: Os { code: 2, kind: NotFound, message: "No such file or directory" }
[INFO] [stdout] stack backtrace:
[INFO] [stdout]    0:     0x5851669fab71 - <<std[70759c8f55707aa4]::sys::backtrace::BacktraceLock>::print::DisplayBacktrace as core[df12db4294e9bfd3]::fmt::Display>::fmt
[INFO] [stdout]    1:     0x585166a1282a - core[df12db4294e9bfd3]::fmt::write
[INFO] [stdout]    2:     0x5851669ffa0c - <alloc[2182bb758b4b3781]::vec::Vec<u8> as core[df12db4294e9bfd3]::io::write::Write>::write_fmt
[INFO] [stdout]    3:     0x5851669d58e6 - std[70759c8f55707aa4]::panicking::default_hook::{closure#0}
[INFO] [stdout]    4:     0x5851669f2989 - std[70759c8f55707aa4]::panicking::default_hook
[INFO] [stdout]    5:     0x5851667d98a0 - test[9d35eded1c95d3be]::test_main_inner::<test[9d35eded1c95d3be]::test_main_static::{closure#0}>::{closure#0}
[INFO] [stdout]    6:     0x5851669f2cb2 - std[70759c8f55707aa4]::panicking::panic_with_hook
[INFO] [stdout]    7:     0x5851669d5992 - std[70759c8f55707aa4]::panicking::panic_handler::{closure#0}
[INFO] [stdout]    8:     0x5851669cdf29 - std[70759c8f55707aa4]::sys::backtrace::__rust_end_short_backtrace::<std[70759c8f55707aa4]::panicking::panic_handler::{closure#0}, !>
[INFO] [stdout]    9:     0x5851669d669d - __rustc[8fa7c3cbc660c2b3]::rust_begin_unwind
[INFO] [stdout]   10:     0x585166a1300c - core[df12db4294e9bfd3]::panicking::panic_fmt
[INFO] [stdout]   11:     0x585166a12de2 - core[df12db4294e9bfd3]::result::unwrap_failed
[INFO] [stdout]   12:     0x58516673fbd0 - odata_client_codegen[bb7b7bcee69579be]::input_file_test::run_file_parse_tests::<odata_client_codegen[bb7b7bcee69579be]::entity_data_model_parse::test::TestEntityDataModelParse<odata_client_codegen[bb7b7bcee69579be]::entity_data_model_parse::edm::TEntityType>>
[INFO] [stdout]   13:     0x5851667a891c - <odata_client_codegen[bb7b7bcee69579be]::entity_data_model_parse::test::parse_t_entity_type::{closure#0} as core[df12db4294e9bfd3]::ops::function::FnOnce<()>>::call_once
[INFO] [stdout]   14:     0x5851667ccb8b - test[9d35eded1c95d3be]::__rust_begin_short_backtrace::<core[df12db4294e9bfd3]::result::Result<(), alloc[2182bb758b4b3781]::string::String>, fn() -> core[df12db4294e9bfd3]::result::Result<(), alloc[2182bb758b4b3781]::string::String>>
[INFO] [stdout]   15:     0x5851667da1f5 - test[9d35eded1c95d3be]::run_test::{closure#0}
[INFO] [stdout]   16:     0x5851667d3ab4 - std[70759c8f55707aa4]::sys::backtrace::__rust_begin_short_backtrace::<test[9d35eded1c95d3be]::run_test::{closure#1}, ()>
[INFO] [stdout]   17:     0x5851667dd352 - <std[70759c8f55707aa4]::thread::lifecycle::spawn_unchecked<test[9d35eded1c95d3be]::run_test::{closure#1}, ()>::{closure#1} as core[df12db4294e9bfd3]::ops::function::FnOnce<()>>::call_once::{shim:vtable#0}
[INFO] [stdout]   18:     0x5851669f9ed9 - <std[70759c8f55707aa4]::sys::thread::unix::Thread>::new::thread_start
[INFO] [stdout]   19:     0x7463bb998dfa - <unknown>
[INFO] [stdout]   20:     0x7463bba2c3d4 - clone
[INFO] [stdout]   21:                0x0 - <unknown>
[INFO] [stdout] 
[INFO] [stdout] ---- entity_model::test::enum_no_values_assigned_consecutively stdout ----
[INFO] [stdout] 
[INFO] [stdout] thread 'entity_model::test::enum_no_values_assigned_consecutively' (651) panicked at src/entity_model/test.rs:229:52:
[INFO] [stdout] called `Result::unwrap()` on an `Err` value: Syntax { source: Error { pos: 2:6, kind: Syntax("Invalid processing instruction: <?xml\nThe XML spec only allows \"<?xml\" at the very beginning of the file, with no whitespace, comments, or any elements before it") } }
[INFO] [stdout] stack backtrace:
[INFO] [stdout]    0:     0x5851669fab71 - <<std[70759c8f55707aa4]::sys::backtrace::BacktraceLock>::print::DisplayBacktrace as core[df12db4294e9bfd3]::fmt::Display>::fmt
[INFO] [stdout]    1:     0x585166a1282a - core[df12db4294e9bfd3]::fmt::write
[INFO] [stdout]    2:     0x5851669ffa0c - <alloc[2182bb758b4b3781]::vec::Vec<u8> as core[df12db4294e9bfd3]::io::write::Write>::write_fmt
[INFO] [stdout]    3:     0x5851669d58e6 - std[70759c8f55707aa4]::panicking::default_hook::{closure#0}
[INFO] [stdout]    4:     0x5851669f2989 - std[70759c8f55707aa4]::panicking::default_hook
[INFO] [stdout]    5:     0x5851667d98a0 - test[9d35eded1c95d3be]::test_main_inner::<test[9d35eded1c95d3be]::test_main_static::{closure#0}>::{closure#0}
[INFO] [stdout]    6:     0x5851669f2cb2 - std[70759c8f55707aa4]::panicking::panic_with_hook
[INFO] [stdout]    7:     0x5851669d5992 - std[70759c8f55707aa4]::panicking::panic_handler::{closure#0}
[INFO] [stdout]    8:     0x5851669cdf29 - std[70759c8f55707aa4]::sys::backtrace::__rust_end_short_backtrace::<std[70759c8f55707aa4]::panicking::panic_handler::{closure#0}, !>
[INFO] [stdout]    9:     0x5851669d669d - __rustc[8fa7c3cbc660c2b3]::rust_begin_unwind
[INFO] [stdout]   10:     0x585166a1300c - core[df12db4294e9bfd3]::panicking::panic_fmt
[INFO] [stdout]   11:     0x585166a12de2 - core[df12db4294e9bfd3]::result::unwrap_failed
[INFO] [stdout]   12:     0x58516676a066 - odata_client_codegen[bb7b7bcee69579be]::entity_model::test::construct_from_xml_file
[INFO] [stdout]   13:     0x58516676bece - odata_client_codegen[bb7b7bcee69579be]::entity_model::test::enum_no_values_assigned_consecutively
[INFO] [stdout]   14:     0x5851667a8359 - <odata_client_codegen[bb7b7bcee69579be]::entity_model::test::enum_no_values_assigned_consecutively::{closure#0} as core[df12db4294e9bfd3]::ops::function::FnOnce<()>>::call_once
[INFO] [stdout]   15:     0x5851667ccb8b - test[9d35eded1c95d3be]::__rust_begin_short_backtrace::<core[df12db4294e9bfd3]::result::Result<(), alloc[2182bb758b4b3781]::string::String>, fn() -> core[df12db4294e9bfd3]::result::Result<(), alloc[2182bb758b4b3781]::string::String>>
[INFO] [stdout]   16:     0x5851667da1f5 - test[9d35eded1c95d3be]::run_test::{closure#0}
[INFO] [stdout]   17:     0x5851667d3ab4 - std[70759c8f55707aa4]::sys::backtrace::__rust_begin_short_backtrace::<test[9d35eded1c95d3be]::run_test::{closure#1}, ()>
[INFO] [stdout]   18:     0x5851667dd352 - <std[70759c8f55707aa4]::thread::lifecycle::spawn_unchecked<test[9d35eded1c95d3be]::run_test::{closure#1}, ()>::{closure#1} as core[df12db4294e9bfd3]::ops::function::FnOnce<()>>::call_once::{shim:vtable#0}
[INFO] [stdout]   19:     0x5851669f9ed9 - <std[70759c8f55707aa4]::sys::thread::unix::Thread>::new::thread_start
[INFO] [stdout]   20:     0x7463bb998dfa - <unknown>
[INFO] [stdout]   21:     0x7463bba2c3d4 - clone
[INFO] [stdout]   22:                0x0 - <unknown>
[INFO] [stdout] 
[INFO] [stdout] ---- entity_model::test::trippin_builds stdout ----
[INFO] [stdout] 
[INFO] [stdout] thread 'entity_model::test::trippin_builds' (659) panicked at src/entity_model/test.rs:229:52:
[INFO] [stdout] called `Result::unwrap()` on an `Err` value: Syntax { source: Error { pos: 2:6, kind: Syntax("Invalid processing instruction: <?xml\nThe XML spec only allows \"<?xml\" at the very beginning of the file, with no whitespace, comments, or any elements before it") } }
[INFO] [stdout] stack backtrace:
[INFO] [stdout]    0:     0x5851669fab71 - <<std[70759c8f55707aa4]::sys::backtrace::BacktraceLock>::print::DisplayBacktrace as core[df12db4294e9bfd3]::fmt::Display>::fmt
[INFO] [stdout]    1:     0x585166a1282a - core[df12db4294e9bfd3]::fmt::write
[INFO] [stdout]    2:     0x5851669ffa0c - <alloc[2182bb758b4b3781]::vec::Vec<u8> as core[df12db4294e9bfd3]::io::write::Write>::write_fmt
[INFO] [stdout]    3:     0x5851669d58e6 - std[70759c8f55707aa4]::panicking::default_hook::{closure#0}
[INFO] [stdout]    4:     0x5851669f2989 - std[70759c8f55707aa4]::panicking::default_hook
[INFO] [stdout]    5:     0x5851667d98a0 - test[9d35eded1c95d3be]::test_main_inner::<test[9d35eded1c95d3be]::test_main_static::{closure#0}>::{closure#0}
[INFO] [stdout]    6:     0x5851669f2cb2 - std[70759c8f55707aa4]::panicking::panic_with_hook
[INFO] [stdout]    7:     0x5851669d5992 - std[70759c8f55707aa4]::panicking::panic_handler::{closure#0}
[INFO] [stdout]    8:     0x5851669cdf29 - std[70759c8f55707aa4]::sys::backtrace::__rust_end_short_backtrace::<std[70759c8f55707aa4]::panicking::panic_handler::{closure#0}, !>
[INFO] [stdout]    9:     0x5851669d669d - __rustc[8fa7c3cbc660c2b3]::rust_begin_unwind
[INFO] [stdout]   10:     0x585166a1300c - core[df12db4294e9bfd3]::panicking::panic_fmt
[INFO] [stdout]   11:     0x585166a12de2 - core[df12db4294e9bfd3]::result::unwrap_failed
[INFO] [stdout]   12:     0x58516676a066 - odata_client_codegen[bb7b7bcee69579be]::entity_model::test::construct_from_xml_file
[INFO] [stdout]   13:     0x58516676a155 - odata_client_codegen[bb7b7bcee69579be]::entity_model::test::trippin_builds
[INFO] [stdout]   14:     0x5851667a8299 - <odata_client_codegen[bb7b7bcee69579be]::entity_model::test::trippin_builds::{closure#0} as core[df12db4294e9bfd3]::ops::function::FnOnce<()>>::call_once
[INFO] [stdout]   15:     0x5851667ccb8b - test[9d35eded1c95d3be]::__rust_begin_short_backtrace::<core[df12db4294e9bfd3]::result::Result<(), alloc[2182bb758b4b3781]::string::String>, fn() -> core[df12db4294e9bfd3]::result::Result<(), alloc[2182bb758b4b3781]::string::String>>
[INFO] [stdout]   16:     0x5851667da1f5 - test[9d35eded1c95d3be]::run_test::{closure#0}
[INFO] [stdout]   17:     0x5851667d3ab4 - std[70759c8f55707aa4]::sys::backtrace::__rust_begin_short_backtrace::<test[9d35eded1c95d3be]::run_test::{closure#1}, ()>
[INFO] [stdout]   18:     0x5851667dd352 - <std[70759c8f55707aa4]::thread::lifecycle::spawn_unchecked<test[9d35eded1c95d3be]::run_test::{closure#1}, ()>::{closure#1} as core[df12db4294e9bfd3]::ops::function::FnOnce<()>>::call_once::{shim:vtable#0}
[INFO] [stdout]   19:     0x5851669f9ed9 - <std[70759c8f55707aa4]::sys::thread::unix::Thread>::new::thread_start
[INFO] [stdout]   20:     0x7463bb998dfa - <unknown>
[INFO] [stdout]   21:     0x7463bba2c3d4 - clone
[INFO] [stdout]   22:                0x0 - <unknown>
[INFO] [stdout] 
[INFO] [stdout] ---- codegen::test::codegen_namespaces stdout ----
[INFO] [stdout] "src/codegen/test/namespaces/multiple_schemas_common_namespace_root.xml": Failed to parse:
[INFO] [stdout] Syntax: 2:6 Invalid processing instruction: <?xml
[INFO] [stdout] The XML spec only allows "<?xml" at the very beginning of the file, with no whitespace, comments, or any elements before it
[INFO] [stdout] "src/codegen/test/namespaces/multiple_schemas_one_aliased.xml": Failed to parse:
[INFO] [stdout] Syntax: 2:6 Invalid processing instruction: <?xml
[INFO] [stdout] The XML spec only allows "<?xml" at the very beginning of the file, with no whitespace, comments, or any elements before it
[INFO] [stdout] "src/codegen/test/namespaces/namespace_collision.xml": Failed to parse:
[INFO] [stdout] Syntax error in token stream:
[INFO] [stdout] error: 'rustfmt' is not installed for the toolchain '1.99.0-beta.8-x86_64-unknown-linux-gnu'.
[INFO] [stdout] help: run `rustup component add --toolchain 1.99.0-beta.8-x86_64-unknown-linux-gnu rustfmt` to install it
[INFO] [stdout] 
[INFO] [stdout] "src/codegen/test/namespaces/repeated_type_name_multiple_namespaces.xml": Failed to parse:
[INFO] [stdout] Syntax error in token stream:
[INFO] [stdout] error: 'rustfmt' is not installed for the toolchain '1.99.0-beta.8-x86_64-unknown-linux-gnu'.
[INFO] [stdout] help: run `rustup component add --toolchain 1.99.0-beta.8-x86_64-unknown-linux-gnu rustfmt` to install it
[INFO] [stdout] 
[INFO] [stdout] 
[INFO] [stdout] thread 'codegen::test::codegen_namespaces' (637) panicked at src/input_file_test.rs:78:13:
[INFO] [stdout] 4 parse tests failed
[INFO] [stdout] stack backtrace:
[INFO] [stdout]    0:     0x5851669fab71 - <<std[70759c8f55707aa4]::sys::backtrace::BacktraceLock>::print::DisplayBacktrace as core[df12db4294e9bfd3]::fmt::Display>::fmt
[INFO] [stdout]    1:     0x585166a1282a - core[df12db4294e9bfd3]::fmt::write
[INFO] [stdout]    2:     0x5851669ffa0c - <alloc[2182bb758b4b3781]::vec::Vec<u8> as core[df12db4294e9bfd3]::io::write::Write>::write_fmt
[INFO] [stdout]    3:     0x5851669d58e6 - std[70759c8f55707aa4]::panicking::default_hook::{closure#0}
[INFO] [stdout]    4:     0x5851669f2989 - std[70759c8f55707aa4]::panicking::default_hook
[INFO] [stdout]    5:     0x5851667d98a0 - test[9d35eded1c95d3be]::test_main_inner::<test[9d35eded1c95d3be]::test_main_static::{closure#0}>::{closure#0}
[INFO] [stdout]    6:     0x5851669f2cb2 - std[70759c8f55707aa4]::panicking::panic_with_hook
[INFO] [stdout]    7:     0x5851669d5992 - std[70759c8f55707aa4]::panicking::panic_handler::{closure#0}
[INFO] [stdout]    8:     0x5851669cdf29 - std[70759c8f55707aa4]::sys::backtrace::__rust_end_short_backtrace::<std[70759c8f55707aa4]::panicking::panic_handler::{closure#0}, !>
[INFO] [stdout]    9:     0x5851669d669d - __rustc[8fa7c3cbc660c2b3]::rust_begin_unwind
[INFO] [stdout]   10:     0x585166a1300c - core[df12db4294e9bfd3]::panicking::panic_fmt
[INFO] [stdout]   11:     0x585166741bfb - odata_client_codegen[bb7b7bcee69579be]::input_file_test::run_file_parse_tests::<odata_client_codegen[bb7b7bcee69579be]::codegen::test::TestCodegen>
[INFO] [stdout]   12:     0x5851667b5e6b - odata_client_codegen[bb7b7bcee69579be]::codegen::test::codegen_namespaces
[INFO] [stdout]   13:     0x5851667a8c49 - <odata_client_codegen[bb7b7bcee69579be]::codegen::test::codegen_namespaces::{closure#0} as core[df12db4294e9bfd3]::ops::function::FnOnce<()>>::call_once
[INFO] [stdout]   14:     0x5851667ccb8b - test[9d35eded1c95d3be]::__rust_begin_short_backtrace::<core[df12db4294e9bfd3]::result::Result<(), alloc[2182bb758b4b3781]::string::String>, fn() -> core[df12db4294e9bfd3]::result::Result<(), alloc[2182bb758b4b3781]::string::String>>
[INFO] [stdout]   15:     0x5851667da1f5 - test[9d35eded1c95d3be]::run_test::{closure#0}
[INFO] [stdout]   16:     0x5851667d3ab4 - std[70759c8f55707aa4]::sys::backtrace::__rust_begin_short_backtrace::<test[9d35eded1c95d3be]::run_test::{closure#1}, ()>
[INFO] [stdout]   17:     0x5851667dd352 - <std[70759c8f55707aa4]::thread::lifecycle::spawn_unchecked<test[9d35eded1c95d3be]::run_test::{closure#1}, ()>::{closure#1} as core[df12db4294e9bfd3]::ops::function::FnOnce<()>>::call_once::{shim:vtable#0}
[INFO] [stdout]   18:     0x5851669f9ed9 - <std[70759c8f55707aa4]::sys::thread::unix::Thread>::new::thread_start
[INFO] [stdout]   19:     0x7463bb998dfa - <unknown>
[INFO] [stdout]   20:     0x7463bba2c3d4 - clone
[INFO] [stdout]   21:                0x0 - <unknown>
[INFO] [stdout] 
[INFO] [stdout] ---- codegen::test::codegen_entity_container stdout ----
[INFO] [stdout] "src/codegen/test/entity_container/entity_sets_singletons.xml": Failed to parse:
[INFO] [stdout] Syntax: 2:6 Invalid processing instruction: <?xml
[INFO] [stdout] The XML spec only allows "<?xml" at the very beginning of the file, with no whitespace, comments, or any elements before it
[INFO] [stdout] "src/codegen/test/entity_container/entity_set_name_matches_entity_type.xml": Failed to parse:
[INFO] [stdout] Syntax error in token stream:
[INFO] [stderr] error: test failed, to rerun pass `--lib`
[INFO] [stdout] error: 'rustfmt' is not installed for the toolchain '1.99.0-beta.8-x86_64-unknown-linux-gnu'.
[INFO] [stdout] help: run `rustup component add --toolchain 1.99.0-beta.8-x86_64-unknown-linux-gnu rustfmt` to install it
[INFO] [stdout] 
[INFO] [stdout] "src/codegen/test/entity_container/singleton_name_collision.xml": Failed to parse:
[INFO] [stdout] Syntax error in token stream:
[INFO] [stdout] error: 'rustfmt' is not installed for the toolchain '1.99.0-beta.8-x86_64-unknown-linux-gnu'.
[INFO] [stdout] help: run `rustup component add --toolchain 1.99.0-beta.8-x86_64-unknown-linux-gnu rustfmt` to install it
[INFO] [stdout] 
[INFO] [stdout] "src/codegen/test/entity_container/entity_set_name_collision.xml": Failed to parse:
[INFO] [stdout] Syntax error in token stream:
[INFO] [stdout] error: 'rustfmt' is not installed for the toolchain '1.99.0-beta.8-x86_64-unknown-linux-gnu'.
[INFO] [stdout] help: run `rustup component add --toolchain 1.99.0-beta.8-x86_64-unknown-linux-gnu rustfmt` to install it
[INFO] [stdout] 
[INFO] [stdout] 
[INFO] [stdout] thread 'codegen::test::codegen_entity_container' (635) panicked at src/input_file_test.rs:78:13:
[INFO] [stdout] 4 parse tests failed
[INFO] [stdout] stack backtrace:
[INFO] [stdout]    0:     0x5851669fab71 - <<std[70759c8f55707aa4]::sys::backtrace::BacktraceLock>::print::DisplayBacktrace as core[df12db4294e9bfd3]::fmt::Display>::fmt
[INFO] [stdout]    1:     0x585166a1282a - core[df12db4294e9bfd3]::fmt::write
[INFO] [stdout]    2:     0x5851669ffa0c - <alloc[2182bb758b4b3781]::vec::Vec<u8> as core[df12db4294e9bfd3]::io::write::Write>::write_fmt
[INFO] [stdout]    3:     0x5851669d58e6 - std[70759c8f55707aa4]::panicking::default_hook::{closure#0}
[INFO] [stdout]    4:     0x5851669f2989 - std[70759c8f55707aa4]::panicking::default_hook
[INFO] [stdout]    5:     0x5851667d98a0 - test[9d35eded1c95d3be]::test_main_inner::<test[9d35eded1c95d3be]::test_main_static::{closure#0}>::{closure#0}
[INFO] [stdout]    6:     0x5851669f2cb2 - std[70759c8f55707aa4]::panicking::panic_with_hook
[INFO] [stdout]    7:     0x5851669d5992 - std[70759c8f55707aa4]::panicking::panic_handler::{closure#0}
[INFO] [stdout]    8:     0x5851669cdf29 - std[70759c8f55707aa4]::sys::backtrace::__rust_end_short_backtrace::<std[70759c8f55707aa4]::panicking::panic_handler::{closure#0}, !>
[INFO] [stdout]    9:     0x5851669d669d - __rustc[8fa7c3cbc660c2b3]::rust_begin_unwind
[INFO] [stdout]   10:     0x585166a1300c - core[df12db4294e9bfd3]::panicking::panic_fmt
[INFO] [stdout]   11:     0x585166741bfb - odata_client_codegen[bb7b7bcee69579be]::input_file_test::run_file_parse_tests::<odata_client_codegen[bb7b7bcee69579be]::codegen::test::TestCodegen>
[INFO] [stdout]   12:     0x5851667b5f6b - odata_client_codegen[bb7b7bcee69579be]::codegen::test::codegen_entity_container
[INFO] [stdout]   13:     0x5851667a8c69 - <odata_client_codegen[bb7b7bcee69579be]::codegen::test::codegen_entity_container::{closure#0} as core[df12db4294e9bfd3]::ops::function::FnOnce<()>>::call_once
[INFO] [stdout]   14:     0x5851667ccb8b - test[9d35eded1c95d3be]::__rust_begin_short_backtrace::<core[df12db4294e9bfd3]::result::Result<(), alloc[2182bb758b4b3781]::string::String>, fn() -> core[df12db4294e9bfd3]::result::Result<(), alloc[2182bb758b4b3781]::string::String>>
[INFO] [stdout]   15:     0x5851667da1f5 - test[9d35eded1c95d3be]::run_test::{closure#0}
[INFO] [stdout]   16:     0x5851667d3ab4 - std[70759c8f55707aa4]::sys::backtrace::__rust_begin_short_backtrace::<test[9d35eded1c95d3be]::run_test::{closure#1}, ()>
[INFO] [stdout]   17:     0x5851667dd352 - <std[70759c8f55707aa4]::thread::lifecycle::spawn_unchecked<test[9d35eded1c95d3be]::run_test::{closure#1}, ()>::{closure#1} as core[df12db4294e9bfd3]::ops::function::FnOnce<()>>::call_once::{shim:vtable#0}
[INFO] [stdout]   18:     0x5851669f9ed9 - <std[70759c8f55707aa4]::sys::thread::unix::Thread>::new::thread_start
[INFO] [stdout]   19:     0x7463bb998dfa - <unknown>
[INFO] [stdout]   20:     0x7463bba2c3d4 - clone
[INFO] [stdout]   21:                0x0 - <unknown>
[INFO] [stdout] 
[INFO] [stdout] ---- codegen::test::codegen_type_definitions stdout ----
[INFO] [stdout] "src/codegen/test/type_definitions/type_name_collision.xml": Failed to parse:
[INFO] [stdout] Syntax error in token stream:
[INFO] [stdout] error: 'rustfmt' is not installed for the toolchain '1.99.0-beta.8-x86_64-unknown-linux-gnu'.
[INFO] [stdout] help: run `rustup component add --toolchain 1.99.0-beta.8-x86_64-unknown-linux-gnu rustfmt` to install it
[INFO] [stdout] 
[INFO] [stdout] "src/codegen/test/type_definitions/field_name_collision.xml": Failed to parse:
[INFO] [stdout] Syntax error in token stream:
[INFO] [stdout] error: 'rustfmt' is not installed for the toolchain '1.99.0-beta.8-x86_64-unknown-linux-gnu'.
[INFO] [stdout] help: run `rustup component add --toolchain 1.99.0-beta.8-x86_64-unknown-linux-gnu rustfmt` to install it
[INFO] [stdout] 
[INFO] [stdout] "src/codegen/test/type_definitions/complex_types.xml": Failed to parse:
[INFO] [stdout] Syntax: 2:6 Invalid processing instruction: <?xml
[INFO] [stdout] The XML spec only allows "<?xml" at the very beginning of the file, with no whitespace, comments, or any elements before it
[INFO] [stdout] "src/codegen/test/type_definitions/keyword_field_name.xml": Failed to parse:
[INFO] [stdout] Syntax error in token stream:
[INFO] [stdout] error: 'rustfmt' is not installed for the toolchain '1.99.0-beta.8-x86_64-unknown-linux-gnu'.
[INFO] [stdout] help: run `rustup component add --toolchain 1.99.0-beta.8-x86_64-unknown-linux-gnu rustfmt` to install it
[INFO] [stdout] 
[INFO] [stdout] "src/codegen/test/type_definitions/complex_entity_enum_types.xml": Failed to parse:
[INFO] [stdout] Syntax: 2:6 Invalid processing instruction: <?xml
[INFO] [stdout] The XML spec only allows "<?xml" at the very beginning of the file, with no whitespace, comments, or any elements before it
[INFO] [stdout] "src/codegen/test/type_definitions/keyword_type_name.xml": Failed to parse:
[INFO] [stdout] Syntax error in token stream:
[INFO] [stdout] error: 'rustfmt' is not installed for the toolchain '1.99.0-beta.8-x86_64-unknown-linux-gnu'.
[INFO] [stdout] help: run `rustup component add --toolchain 1.99.0-beta.8-x86_64-unknown-linux-gnu rustfmt` to install it
[INFO] [stdout] 
[INFO] [stdout] "src/codegen/test/type_definitions/primitive_fields_minimal_facet_attibutes.xml": Failed to parse:
[INFO] [stdout] Syntax: 2:6 Invalid processing instruction: <?xml
[INFO] [stdout] The XML spec only allows "<?xml" at the very beginning of the file, with no whitespace, comments, or any elements before it
[INFO] [stdout] "src/codegen/test/type_definitions/primitive_alias.xml": Failed to parse:
[INFO] [stdout] Syntax error in token stream:
[INFO] [stdout] error: 'rustfmt' is not installed for the toolchain '1.99.0-beta.8-x86_64-unknown-linux-gnu'.
[INFO] [stdout] help: run `rustup component add --toolchain 1.99.0-beta.8-x86_64-unknown-linux-gnu rustfmt` to install it
[INFO] [stdout] 
[INFO] [stdout] "src/codegen/test/type_definitions/snake_case_items.xml": Failed to parse:
[INFO] [stdout] Syntax error in token stream:
[INFO] [stdout] error: 'rustfmt' is not installed for the toolchain '1.99.0-beta.8-x86_64-unknown-linux-gnu'.
[INFO] [stdout] help: run `rustup component add --toolchain 1.99.0-beta.8-x86_64-unknown-linux-gnu rustfmt` to install it
[INFO] [stdout] 
[INFO] [stdout] 
[INFO] [stdout] thread 'codegen::test::codegen_type_definitions' (638) panicked at src/input_file_test.rs:78:13:
[INFO] [stdout] 9 parse tests failed
[INFO] [stdout] stack backtrace:
[INFO] [stdout]    0:     0x5851669fab71 - <<std[70759c8f55707aa4]::sys::backtrace::BacktraceLock>::print::DisplayBacktrace as core[df12db4294e9bfd3]::fmt::Display>::fmt
[INFO] [stdout]    1:     0x585166a1282a - core[df12db4294e9bfd3]::fmt::write
[INFO] [stdout]    2:     0x5851669ffa0c - <alloc[2182bb758b4b3781]::vec::Vec<u8> as core[df12db4294e9bfd3]::io::write::Write>::write_fmt
[INFO] [stdout]    3:     0x5851669d58e6 - std[70759c8f55707aa4]::panicking::default_hook::{closure#0}
[INFO] [stdout]    4:     0x5851669f2989 - std[70759c8f55707aa4]::panicking::default_hook
[INFO] [stdout]    5:     0x5851667d98a0 - test[9d35eded1c95d3be]::test_main_inner::<test[9d35eded1c95d3be]::test_main_static::{closure#0}>::{closure#0}
[INFO] [stdout]    6:     0x5851669f2cb2 - std[70759c8f55707aa4]::panicking::panic_with_hook
[INFO] [stdout]    7:     0x5851669d5992 - std[70759c8f55707aa4]::panicking::panic_handler::{closure#0}
[INFO] [stdout]    8:     0x5851669cdf29 - std[70759c8f55707aa4]::sys::backtrace::__rust_end_short_backtrace::<std[70759c8f55707aa4]::panicking::panic_handler::{closure#0}, !>
[INFO] [stdout]    9:     0x5851669d669d - __rustc[8fa7c3cbc660c2b3]::rust_begin_unwind
[INFO] [stdout]   10:     0x585166a1300c - core[df12db4294e9bfd3]::panicking::panic_fmt
[INFO] [stdout]   11:     0x585166741bfb - odata_client_codegen[bb7b7bcee69579be]::input_file_test::run_file_parse_tests::<odata_client_codegen[bb7b7bcee69579be]::codegen::test::TestCodegen>
[INFO] [stdout]   12:     0x5851667b606b - odata_client_codegen[bb7b7bcee69579be]::codegen::test::codegen_type_definitions
[INFO] [stdout]   13:     0x5851667a8c89 - <odata_client_codegen[bb7b7bcee69579be]::codegen::test::codegen_type_definitions::{closure#0} as core[df12db4294e9bfd3]::ops::function::FnOnce<()>>::call_once
[INFO] [stdout]   14:     0x5851667ccb8b - test[9d35eded1c95d3be]::__rust_begin_short_backtrace::<core[df12db4294e9bfd3]::result::Result<(), alloc[2182bb758b4b3781]::string::String>, fn() -> core[df12db4294e9bfd3]::result::Result<(), alloc[2182bb758b4b3781]::string::String>>
[INFO] [stdout]   15:     0x5851667da1f5 - test[9d35eded1c95d3be]::run_test::{closure#0}
[INFO] [stdout]   16:     0x5851667d3ab4 - std[70759c8f55707aa4]::sys::backtrace::__rust_begin_short_backtrace::<test[9d35eded1c95d3be]::run_test::{closure#1}, ()>
[INFO] [stdout]   17:     0x5851667dd352 - <std[70759c8f55707aa4]::thread::lifecycle::spawn_unchecked<test[9d35eded1c95d3be]::run_test::{closure#1}, ()>::{closure#1} as core[df12db4294e9bfd3]::ops::function::FnOnce<()>>::call_once::{shim:vtable#0}
[INFO] [stdout]   18:     0x5851669f9ed9 - <std[70759c8f55707aa4]::sys::thread::unix::Thread>::new::thread_start
[INFO] [stdout]   19:     0x7463bb998dfa - <unknown>
[INFO] [stdout]   20:     0x7463bba2c3d4 - clone
[INFO] [stdout]   21:                0x0 - <unknown>
[INFO] [stdout] 
[INFO] [stdout] 
[INFO] [stdout] failures:
[INFO] [stdout]     codegen::test::codegen_entity_container
[INFO] [stdout]     codegen::test::codegen_filter_people_entity_set_only
[INFO] [stdout]     codegen::test::codegen_namespaces
[INFO] [stdout]     codegen::test::codegen_type_definitions
[INFO] [stdout]     entity_data_model_parse::test::parse_annotation
[INFO] [stdout]     entity_data_model_parse::test::parse_full_document
[INFO] [stdout]     entity_data_model_parse::test::parse_g_expression
[INFO] [stdout]     entity_data_model_parse::test::parse_t_entity_set
[INFO] [stdout]     entity_data_model_parse::test::parse_t_entity_type
[INFO] [stdout]     entity_model::test::enum_no_values_assigned_consecutively
[INFO] [stdout]     entity_model::test::trippin_builds
[INFO] [stdout] 
[INFO] [stdout] test result: FAILED. 13 passed; 11 failed; 0 ignored; 0 measured; 0 filtered out; finished in 0.73s
[INFO] [stdout] 
[INFO] running `Command { std: "docker" "inspect" "9efd90acae63a04e8ecb12fc6936009c986ef3ea8628a88cff8c123117345813", kill_on_drop: false }`
[INFO] running `Command { std: "docker" "rm" "-f" "9efd90acae63a04e8ecb12fc6936009c986ef3ea8628a88cff8c123117345813", kill_on_drop: false }`
[INFO] [stdout] 9efd90acae63a04e8ecb12fc6936009c986ef3ea8628a88cff8c123117345813
