[INFO] fetching crate ocular 1.0.0-beta-0.0.1...
[INFO] testing ocular-1.0.0-beta-0.0.1 against 1.99.0-beta.8+cargoflags=--release for beta-release-1.100-2
[INFO] extracting crate ocular 1.0.0-beta-0.0.1 into /workspace/builds/worker-1-tc1/source
[INFO] started tweaking crates.io crate ocular 1.0.0-beta-0.0.1
[INFO] finished tweaking crates.io crate ocular 1.0.0-beta-0.0.1
[INFO] tweaked toml for crates.io crate ocular 1.0.0-beta-0.0.1 written to /workspace/builds/worker-1-tc1/source/Cargo.toml
[INFO] validating manifest of crates.io crate ocular 1.0.0-beta-0.0.1 on toolchain 1.99.0-beta.8
[INFO] running `Command { std: CARGO_HOME="/workspace/cargo-home" RUSTUP_HOME="/workspace/rustup-home" "/workspace/cargo-home/bin/cargo" "+1.99.0-beta.8" "metadata" "--manifest-path" "Cargo.toml" "--no-deps", kill_on_drop: false }`
[INFO] running `Command { std: CARGO_HOME="/workspace/cargo-home" RUSTUP_HOME="/workspace/rustup-home" "/workspace/cargo-home/bin/cargo" "+1.99.0-beta.8" "generate-lockfile" "--manifest-path" "Cargo.toml", kill_on_drop: false }`
[INFO] [stderr]     Updating crates.io index
[INFO] [stderr]      Locking 272 packages to highest compatible versions
[INFO] [stderr]       Adding cosmrs v0.9.0 (available: v0.22.0)
[INFO] [stderr]       Adding curve25519-dalek v3.2.0 (available: v3.2.1)
[INFO] [stderr]       Adding generic-array v0.14.7 (available: v0.14.9)
[INFO] [stderr]       Adding k256 v0.11.6 (available: v0.14.0)
[INFO] [stderr]       Adding pkcs8 v0.9.0 (available: v0.11.0)
[INFO] [stderr]       Adding prost v0.11.9 (available: v0.14.4)
[INFO] [stderr]       Adding rand_core v0.6.4 (available: v0.10.1)
[INFO] [stderr]       Adding tendermint-rpc v0.23.9 (available: v0.40.4)
[INFO] [stderr]       Adding time v0.3.11 (available: v0.3.55)
[INFO] [stderr]       Adding time-macros v0.2.4 (available: v0.2.32)
[INFO] [stderr]       Adding tonic v0.8.3 (available: v0.14.6)
[INFO] running `Command { std: CARGO_HOME="/workspace/cargo-home" RUSTUP_HOME="/workspace/rustup-home" "/workspace/cargo-home/bin/cargo" "+1.99.0-beta.8" "fetch" "--manifest-path" "Cargo.toml", kill_on_drop: false }`
[INFO] [stderr]  Downloading crates ...
[INFO] [stderr]   Downloaded axum-core v0.3.4
[INFO] [stderr]   Downloaded prost v0.11.9
[INFO] [stderr]   Downloaded prost-derive v0.11.9
[INFO] [stderr]   Downloaded peg-runtime v0.7.0
[INFO] [stderr]   Downloaded peg v0.7.0
[INFO] [stderr]   Downloaded prost-types v0.11.9
[INFO] [stderr]   Downloaded pkcs5 v0.5.0
[INFO] [stderr]   Downloaded peg-macros v0.7.0
[INFO] [stderr]   Downloaded axum v0.6.20
[INFO] [stderr]   Downloaded tendermint-proto v0.23.9
[INFO] [stderr]   Downloaded tendermint-config v0.23.9
[INFO] [stderr]   Downloaded tendermint v0.23.9
[INFO] [stderr]   Downloaded tendermint-rpc v0.23.9
[INFO] [stderr]   Downloaded k256 v0.11.6
[INFO] [stderr]   Downloaded assay v0.1.1
[INFO] [stderr]   Downloaded time v0.3.11
[INFO] [stderr]   Downloaded tungstenite v0.17.3
[INFO] [stderr]   Downloaded sha-1 v0.10.1
[INFO] [stderr]   Downloaded cosmrs v0.9.0
[INFO] [stderr]   Downloaded async-tungstenite v0.17.2
[INFO] [stderr]   Downloaded bip32 v0.4.0
[INFO] [stderr]   Downloaded assay-proc-macro v0.1.1
[INFO] [stderr]   Downloaded cosmos-sdk-proto v0.14.0
[INFO] running `Command { std: "docker" "create" "-v" "/var/lib/crater-agent-workspace/builds/worker-1-tc1/source:/opt/rustwide/workdir:ro,Z" "-v" "/var/lib/crater-agent-workspace/builds/worker-1-tc1/target:/opt/rustwide/target:rw,Z" "-v" "/var/lib/crater-agent-workspace/cargo-home:/opt/rustwide/cargo-home:ro,Z" "-v" "/var/lib/crater-agent-workspace/rustup-home:/opt/rustwide/rustup-home:ro,Z" "-m" "1610612736" "--network" "none" "ghcr.io/rust-lang/crates-build-env/linux@sha256:77db811e55d90add9212f6832c23229e3de5f1c1f9905e8cb07319ea15df73ac" "sleep" "infinity", kill_on_drop: false }`
[INFO] [stdout] 0c4bac22f32e2605c6b8d083512fdeac34b08c086c4555d2b24cd526406f1e0f
[INFO] running `Command { std: "docker" "start" "0c4bac22f32e2605c6b8d083512fdeac34b08c086c4555d2b24cd526406f1e0f", kill_on_drop: false }`
[INFO] running `Command { std: "docker" "inspect" "0c4bac22f32e2605c6b8d083512fdeac34b08c086c4555d2b24cd526406f1e0f", kill_on_drop: false }`
[INFO] running `Command { std: "docker" "exec" "-e" "SOURCE_DIR=/opt/rustwide/workdir" "-e" "CARGO_HOME=/opt/rustwide/cargo-home" "-e" "RUSTUP_HOME=/opt/rustwide/rustup-home" "-e" "CARGO_TARGET_DIR=/opt/rustwide/target" "-w" "/opt/rustwide/workdir" "--user" "0:0" "0c4bac22f32e2605c6b8d083512fdeac34b08c086c4555d2b24cd526406f1e0f" "/opt/rustwide/cargo-home/bin/cargo" "+1.99.0-beta.8" "metadata" "--no-deps" "--format-version=1", kill_on_drop: false }`
[INFO] running `Command { std: "docker" "inspect" "0c4bac22f32e2605c6b8d083512fdeac34b08c086c4555d2b24cd526406f1e0f", kill_on_drop: false }`
[INFO] running `Command { std: "docker" "exec" "-e" "SOURCE_DIR=/opt/rustwide/workdir" "-e" "CARGO_HOME=/opt/rustwide/cargo-home" "-e" "RUSTUP_HOME=/opt/rustwide/rustup-home" "-e" "CARGO_TARGET_DIR=/opt/rustwide/target" "-e" "CARGO_INCREMENTAL=0" "-e" "RUST_BACKTRACE=full" "-e" "RUSTFLAGS=--cap-lints=warn" "-e" "RUSTDOCFLAGS=--cap-lints=warn" "-w" "/opt/rustwide/workdir" "--user" "0:0" "0c4bac22f32e2605c6b8d083512fdeac34b08c086c4555d2b24cd526406f1e0f" "/opt/rustwide/cargo-home/bin/cargo" "+1.99.0-beta.8" "build" "--frozen" "--message-format=json" "--release", kill_on_drop: false }`
[INFO] [stderr]    Compiling subtle v2.6.1
[INFO] [stderr]    Compiling syn v3.0.9
[INFO] [stderr]    Compiling syn v2.0.119
[INFO] [stderr]    Compiling http v0.2.12
[INFO] [stderr]    Compiling getrandom v0.2.17
[INFO] [stderr]    Compiling socket2 v0.6.5
[INFO] [stderr]    Compiling mio v1.2.4
[INFO] [stderr]    Compiling pem-rfc7468 v0.6.0
[INFO] [stderr]    Compiling ring v0.16.20
[INFO] [stderr]    Compiling block-padding v0.3.3
[INFO] [stderr]    Compiling either v1.19.0
[INFO] [stderr]    Compiling digest v0.9.0
[INFO] [stderr]    Compiling want v0.3.2
[INFO] [stderr]    Compiling block-buffer v0.9.0
[INFO] [stderr]    Compiling eyre v0.6.14
[INFO] [stderr]    Compiling base16ct v0.1.1
[INFO] [stderr]    Compiling inout v0.1.4
[INFO] [stderr]    Compiling indenter v0.3.4
[INFO] [stderr]    Compiling sha2 v0.9.9
[INFO] [stderr]    Compiling digest v0.10.7
[INFO] [stderr]    Compiling indexmap v1.9.3
[INFO] [stderr]    Compiling smallvec v1.16.3
[INFO] [stderr]    Compiling rand_core v0.6.4
[INFO] [stderr]    Compiling time-macros v0.2.4
[INFO] [stderr]    Compiling hmac v0.12.1
[INFO] [stderr]    Compiling sha2 v0.10.9
[INFO] [stderr]    Compiling cipher v0.4.4
[INFO] [stderr]    Compiling pbkdf2 v0.11.0
[INFO] [stderr]    Compiling itertools v0.10.5
[INFO] [stderr]    Compiling ff v0.12.1
[INFO] [stderr]    Compiling signature v1.6.4
[INFO] [stderr]    Compiling rand_chacha v0.3.1
[INFO] [stderr]    Compiling group v0.12.1
[INFO] [stderr]    Compiling sha3 v0.10.9
[INFO] [stderr]    Compiling salsa20 v0.10.2
[INFO] [stderr]    Compiling cbc v0.1.2
[INFO] [stderr]    Compiling scrypt v0.10.0
[INFO] [stderr]    Compiling aes v0.8.4
[INFO] [stderr]    Compiling axum-core v0.3.4
[INFO] [stderr]    Compiling serde_bytes v0.11.19
[INFO] [stderr]    Compiling flex-error v0.4.4
[INFO] [stderr]    Compiling num-derive v0.3.3
[INFO] [stderr]    Compiling rand_core v0.5.1
[INFO] [stderr]    Compiling serde_json v1.0.154
[INFO] [stderr]    Compiling byteorder v1.5.0
[INFO] [stderr]    Compiling hashbrown v0.12.3
[INFO] [stderr]    Compiling rand v0.8.8
[INFO] [stderr]    Compiling ed25519 v1.5.3
[INFO] [stderr]    Compiling axum v0.6.20
[INFO] [stderr]    Compiling openssl-probe v0.1.6
[INFO] [stderr]    Compiling sha1 v0.10.7
[INFO] [stderr]    Compiling form_urlencoded v1.2.2
[INFO] [stderr]    Compiling ripemd160 v0.9.1
[INFO] [stderr]    Compiling matchit v0.7.3
[INFO] [stderr]    Compiling time v0.3.11
[INFO] [stderr]    Compiling http-body v0.4.6
[INFO] [stderr]    Compiling headers-core v0.2.0
[INFO] [stderr]    Compiling peg-runtime v0.7.0
[INFO] [stderr]    Compiling sync_wrapper v0.1.2
[INFO] [stderr]    Compiling prost-derive v0.11.9
[INFO] [stderr]    Compiling headers v0.3.9
[INFO] [stderr]    Compiling peg-macros v0.7.0
[INFO] [stderr]    Compiling tempfile v3.27.0
[INFO] [stderr]    Compiling bs58 v0.4.0
[INFO] [stderr]    Compiling ripemd v0.1.3
[INFO] [stderr]    Compiling quick-error v1.2.3
[INFO] [stderr]    Compiling uuid v0.8.2
[INFO] [stderr]    Compiling assay-proc-macro v0.1.1
[INFO] [stderr]    Compiling rusty-fork v0.3.1
[INFO] [stderr]    Compiling peg v0.7.0
[INFO] [stderr]    Compiling prost v0.11.9
[INFO] [stderr]    Compiling prost-types v0.11.9
[INFO] [stderr]    Compiling zeroize_derive v1.5.0
[INFO] [stderr]    Compiling tracing-attributes v0.1.31
[INFO] [stderr]    Compiling pin-project-internal v1.1.13
[INFO] [stderr]    Compiling async-stream-impl v0.3.6
[INFO] [stderr]    Compiling thiserror-impl v1.0.69
[INFO] [stderr]    Compiling synstructure v0.14.0
[INFO] [stderr]    Compiling async-stream v0.3.6
[INFO] [stderr]    Compiling zeroize v1.9.1
[INFO] [stderr]    Compiling zerofrom-derive v0.1.8
[INFO] [stderr]    Compiling futures-macro v0.3.34
[INFO] [stderr]    Compiling tokio-macros v2.7.2
[INFO] [stderr]    Compiling yoke-derive v0.8.4
[INFO] [stderr]    Compiling zerovec-derive v0.11.6
[INFO] [stderr]    Compiling displaydoc v0.2.7
[INFO] [stderr]    Compiling der v0.6.1
[INFO] [stderr]    Compiling serde_derive v1.0.229
[INFO] [stderr]    Compiling crypto-bigint v0.4.9
[INFO] [stderr]    Compiling async-trait v0.1.92
[INFO] [stderr]    Compiling subtle-encoding v0.5.1
[INFO] [stderr]    Compiling curve25519-dalek v3.2.0
[INFO] [stderr]    Compiling pin-project v1.1.13
[INFO] [stderr]    Compiling tracing v0.1.44
[INFO] [stderr]    Compiling serde_repr v0.1.21
[INFO] [stderr]    Compiling tokio v1.53.3
[INFO] [stderr]    Compiling thiserror v1.0.69
[INFO] [stderr]    Compiling ed25519-dalek v1.0.1
[INFO] [stderr]    Compiling tracing-futures v0.2.5
[INFO] [stderr]    Compiling rfc6979 v0.3.1
[INFO] [stderr]    Compiling futures-util v0.3.34
[INFO] [stderr]    Compiling spki v0.6.0
[INFO] [stderr]    Compiling pkcs5 v0.5.0
[INFO] [stderr]    Compiling zerofrom v0.1.8
[INFO] [stderr]    Compiling yoke v0.8.3
[INFO] [stderr]    Compiling zerovec v0.11.8
[INFO] [stderr]    Compiling zerotrie v0.2.5
[INFO] [stderr]    Compiling pkcs8 v0.9.0
[INFO] [stderr]    Compiling sec1 v0.3.0
[INFO] [stderr]    Compiling tinystr v0.8.4
[INFO] [stderr]    Compiling potential_utf v0.1.6
[INFO] [stderr]    Compiling icu_collections v2.3.0
[INFO] [stderr]    Compiling icu_locale_core v2.3.0
[INFO] [stderr]    Compiling elliptic-curve v0.12.3
[INFO] [stderr]    Compiling serde v1.0.229
[INFO] [stderr]    Compiling ecdsa v0.14.8
[INFO] [stderr]    Compiling tendermint-proto v0.23.9
[INFO] [stderr]    Compiling toml v0.5.11
[INFO] [stderr]    Compiling k256 v0.11.6
[INFO] [stderr]    Compiling webpki v0.21.4
[INFO] [stderr]    Compiling sct v0.6.1
[INFO] [stderr]    Compiling ct-logs v0.8.0
[INFO] [stderr]    Compiling rustls v0.19.1
[INFO] [stderr]    Compiling webpki-roots v0.21.1
[INFO] [stderr]    Compiling bip32 v0.4.0
[INFO] [stderr]    Compiling icu_provider v2.3.1
[INFO] [stderr]    Compiling icu_properties v2.3.0
[INFO] [stderr]    Compiling icu_normalizer v2.3.0
[INFO] [stderr]    Compiling futures-executor v0.3.34
[INFO] [stderr]    Compiling futures v0.3.34
[INFO] [stderr]    Compiling idna_adapter v1.2.2
[INFO] [stderr]    Compiling idna v1.1.0
[INFO] [stderr]    Compiling rustls-native-certs v0.5.0
[INFO] [stderr]    Compiling url v2.5.8
[INFO] [stderr]    Compiling tokio-util v0.7.20
[INFO] [stderr]    Compiling tokio-rustls v0.22.0
[INFO] [stderr]    Compiling tokio-io-timeout v1.2.1
[INFO] [stderr]    Compiling tokio-stream v0.1.19
[INFO] [stderr]    Compiling assay v0.1.1
[INFO] [stderr]    Compiling h2 v0.3.27
[INFO] [stderr]    Compiling tower v0.4.13
[INFO] [stderr]    Compiling tendermint v0.23.9
[INFO] [stderr]    Compiling hyper v0.14.32
[INFO] [stderr]    Compiling tendermint-config v0.23.9
[INFO] [stderr]    Compiling hyper-rustls v0.22.1
[INFO] [stderr]    Compiling hyper-timeout v0.4.1
[INFO] [stderr]    Compiling hyper-proxy v0.9.1
[INFO] [stderr]    Compiling tendermint-rpc v0.23.9
[INFO] [stderr]    Compiling tonic v0.8.3
[INFO] [stderr]    Compiling cosmos-sdk-proto v0.14.0
[INFO] [stderr]    Compiling cosmrs v0.9.0
[INFO] [stderr]    Compiling ocular v1.0.0-beta-0.0.1 (/opt/rustwide/workdir)
[INFO] [stdout] warning: ambiguous glob re-exports
[INFO] [stdout]   --> src/prelude.rs:6:9
[INFO] [stdout]    |
[INFO] [stdout]  6 | pub use query::*;
[INFO] [stdout]    |         ^^^^^^^^ the name `authz` in the type namespace is first re-exported here
[INFO] [stdout] ...
[INFO] [stdout] 20 | pub use tx::*;
[INFO] [stdout]    |         ----- but the name `authz` in the type namespace is also re-exported here
[INFO] [stdout]    |
[INFO] [stdout]    = note: `#[warn(ambiguous_glob_reexports)]` on by default
[INFO] [stdout] 
[INFO] [stdout] 
[INFO] [stdout] warning: ambiguous glob re-exports
[INFO] [stdout]   --> src/prelude.rs:6:9
[INFO] [stdout]    |
[INFO] [stdout]  6 | pub use query::*;
[INFO] [stdout]    |         ^^^^^^^^ the name `bank` in the type namespace is first re-exported here
[INFO] [stdout] ...
[INFO] [stdout] 20 | pub use tx::*;
[INFO] [stdout]    |         ----- but the name `bank` in the type namespace is also re-exported here
[INFO] [stdout] 
[INFO] [stdout] 
[INFO] [stdout] warning: ambiguous glob re-exports
[INFO] [stdout]   --> src/prelude.rs:6:9
[INFO] [stdout]    |
[INFO] [stdout]  6 | pub use query::*;
[INFO] [stdout]    |         ^^^^^^^^ the name `distribution` in the type namespace is first re-exported here
[INFO] [stdout] ...
[INFO] [stdout] 20 | pub use tx::*;
[INFO] [stdout]    |         ----- but the name `distribution` in the type namespace is also re-exported here
[INFO] [stdout] 
[INFO] [stdout] 
[INFO] [stdout] warning: ambiguous glob re-exports
[INFO] [stdout]   --> src/prelude.rs:6:9
[INFO] [stdout]    |
[INFO] [stdout]  6 | pub use query::*;
[INFO] [stdout]    |         ^^^^^^^^ the name `evidence` in the type namespace is first re-exported here
[INFO] [stdout] ...
[INFO] [stdout] 20 | pub use tx::*;
[INFO] [stdout]    |         ----- but the name `evidence` in the type namespace is also re-exported here
[INFO] [stdout] 
[INFO] [stdout] 
[INFO] [stdout] warning: ambiguous glob re-exports
[INFO] [stdout]   --> src/prelude.rs:6:9
[INFO] [stdout]    |
[INFO] [stdout]  6 | pub use query::*;
[INFO] [stdout]    |         ^^^^^^^^ the name `feegrant` in the type namespace is first re-exported here
[INFO] [stdout] ...
[INFO] [stdout] 20 | pub use tx::*;
[INFO] [stdout]    |         ----- but the name `feegrant` in the type namespace is also re-exported here
[INFO] [stdout] 
[INFO] [stdout] 
[INFO] [stdout] warning: ambiguous glob re-exports
[INFO] [stdout]   --> src/prelude.rs:6:9
[INFO] [stdout]    |
[INFO] [stdout]  6 | pub use query::*;
[INFO] [stdout]    |         ^^^^^^^^ the name `gov` in the type namespace is first re-exported here
[INFO] [stdout] ...
[INFO] [stdout] 20 | pub use tx::*;
[INFO] [stdout]    |         ----- but the name `gov` in the type namespace is also re-exported here
[INFO] [stdout] 
[INFO] [stdout] 
[INFO] [stdout] warning: ambiguous glob re-exports
[INFO] [stdout]   --> src/prelude.rs:6:9
[INFO] [stdout]    |
[INFO] [stdout]  6 | pub use query::*;
[INFO] [stdout]    |         ^^^^^^^^ the name `slashing` in the type namespace is first re-exported here
[INFO] [stdout] ...
[INFO] [stdout] 20 | pub use tx::*;
[INFO] [stdout]    |         ----- but the name `slashing` in the type namespace is also re-exported here
[INFO] [stdout] 
[INFO] [stdout] 
[INFO] [stdout] warning: ambiguous glob re-exports
[INFO] [stdout]   --> src/prelude.rs:6:9
[INFO] [stdout]    |
[INFO] [stdout]  6 | pub use query::*;
[INFO] [stdout]    |         ^^^^^^^^ the name `staking` in the type namespace is first re-exported here
[INFO] [stdout] ...
[INFO] [stdout] 20 | pub use tx::*;
[INFO] [stdout]    |         ----- but the name `staking` in the type namespace is also re-exported here
[INFO] [stdout] 
[INFO] [stdout] 
[INFO] [stdout] warning: ambiguous glob re-exports
[INFO] [stdout]   --> src/prelude.rs:27:13
[INFO] [stdout]    |
[INFO] [stdout] 27 |       pub use crate::tx::{
[INFO] [stdout]    |  _____________^
[INFO] [stdout] 28 | |         authz::*, bank::*, crisis::*, distribution::*, evidence::*, feegrant::*, gov::*,
[INFO] [stdout] 29 | |         slashing::*, staking::*, *,
[INFO] [stdout]    | |         ----------- but the name `WrappedMsgVerifyInvariant` in the type namespace is also re-exported here
[INFO] [stdout] 30 | |     };
[INFO] [stdout]    | |_____^ the name `WrappedMsgVerifyInvariant` in the type namespace is first re-exported here
[INFO] [stdout] 
[INFO] [stdout] 
[INFO] [stdout] warning: unnecessary qualification
[INFO] [stdout]   --> src/query/authz.rs:11:29
[INFO] [stdout]    |
[INFO] [stdout] 11 | pub type AuthzQueryClient = authz::query_client::QueryClient<Channel>;
[INFO] [stdout]    |                             ^^^^^^^^^^^^^^^^^^^^^^^^^^^^^^^^^^^^^^^^^
[INFO] [stdout]    |
[INFO] [stdout] note: the lint level is defined here
[INFO] [stdout]   --> src/query.rs:1:9
[INFO] [stdout]    |
[INFO] [stdout]  1 | #![warn(unused_qualifications)]
[INFO] [stdout]    |         ^^^^^^^^^^^^^^^^^^^^^
[INFO] [stdout] help: remove the unnecessary path segments
[INFO] [stdout]    |
[INFO] [stdout] 11 - pub type AuthzQueryClient = authz::query_client::QueryClient<Channel>;
[INFO] [stdout] 11 + pub type AuthzQueryClient = query_client::QueryClient<Channel>;
[INFO] [stdout]    |
[INFO] [stdout] 
[INFO] [stdout] 
[INFO] [stdout] warning: unnecessary qualification
[INFO] [stdout]   --> src/query/tendermint.rs:16:5
[INFO] [stdout]    |
[INFO] [stdout] 16 |     crate::cosmrs::proto::cosmos::base::tendermint::v1beta1::service_client::ServiceClient<Channel>;
[INFO] [stdout]    |     ^^^^^^^^^^^^^^^^^^^^^^^^^^^^^^^^^^^^^^^^^^^^^^^^^^^^^^^^^^^^^^^^^^^^^^^^^^^^^^^^^^^^^^^^^^^^^^^
[INFO] [stdout]    |
[INFO] [stdout] help: remove the unnecessary path segments
[INFO] [stdout]    |
[INFO] [stdout] 16 -     crate::cosmrs::proto::cosmos::base::tendermint::v1beta1::service_client::ServiceClient<Channel>;
[INFO] [stdout] 16 +     cosmrs::proto::cosmos::base::tendermint::v1beta1::service_client::ServiceClient<Channel>;
[INFO] [stdout]    |
[INFO] [stdout] 
[INFO] [stdout] 
[INFO] [stdout] warning: unnecessary qualification
[INFO] [stdout]   --> src/query.rs:64:24
[INFO] [stdout]    |
[INFO] [stdout] 64 | pub type PageRequest = crate::cosmrs::proto::cosmos::base::query::v1beta1::PageRequest;
[INFO] [stdout]    |                        ^^^^^^^^^^^^^^^^^^^^^^^^^^^^^^^^^^^^^^^^^^^^^^^^^^^^^^^^^^^^^^^
[INFO] [stdout]    |
[INFO] [stdout] help: remove the unnecessary path segments
[INFO] [stdout]    |
[INFO] [stdout] 64 - pub type PageRequest = crate::cosmrs::proto::cosmos::base::query::v1beta1::PageRequest;
[INFO] [stdout] 64 + pub type PageRequest = cosmrs::proto::cosmos::base::query::v1beta1::PageRequest;
[INFO] [stdout]    |
[INFO] [stdout] 
[INFO] [stdout] 
[INFO] [stdout] warning: unnecessary qualification
[INFO] [stdout]   --> src/query.rs:66:25
[INFO] [stdout]    |
[INFO] [stdout] 66 | pub type PageResponse = crate::cosmrs::proto::cosmos::base::query::v1beta1::PageResponse;
[INFO] [stdout]    |                         ^^^^^^^^^^^^^^^^^^^^^^^^^^^^^^^^^^^^^^^^^^^^^^^^^^^^^^^^^^^^^^^^
[INFO] [stdout]    |
[INFO] [stdout] help: remove the unnecessary path segments
[INFO] [stdout]    |
[INFO] [stdout] 66 - pub type PageResponse = crate::cosmrs::proto::cosmos::base::query::v1beta1::PageResponse;
[INFO] [stdout] 66 + pub type PageResponse = cosmrs::proto::cosmos::base::query::v1beta1::PageResponse;
[INFO] [stdout]    |
[INFO] [stdout] 
[INFO] [stdout] 
[INFO] [stderr]     Finished `release` profile [optimized] target(s) in 1m 06s
[INFO] running `Command { std: "docker" "inspect" "0c4bac22f32e2605c6b8d083512fdeac34b08c086c4555d2b24cd526406f1e0f", kill_on_drop: false }`
[INFO] running `Command { std: "docker" "exec" "-e" "SOURCE_DIR=/opt/rustwide/workdir" "-e" "CARGO_HOME=/opt/rustwide/cargo-home" "-e" "RUSTUP_HOME=/opt/rustwide/rustup-home" "-e" "CARGO_TARGET_DIR=/opt/rustwide/target" "-e" "CARGO_INCREMENTAL=0" "-e" "RUST_BACKTRACE=full" "-e" "RUSTFLAGS=--cap-lints=warn" "-e" "RUSTDOCFLAGS=--cap-lints=warn" "-w" "/opt/rustwide/workdir" "--user" "0:0" "0c4bac22f32e2605c6b8d083512fdeac34b08c086c4555d2b24cd526406f1e0f" "/opt/rustwide/cargo-home/bin/cargo" "+1.99.0-beta.8" "test" "--frozen" "--no-run" "--message-format=json" "--release", kill_on_drop: false }`
[INFO] [stderr]    Compiling sec1 v0.3.0
[INFO] [stderr]    Compiling elliptic-curve v0.12.3
[INFO] [stderr]    Compiling ecdsa v0.14.8
[INFO] [stderr]    Compiling k256 v0.11.6
[INFO] [stderr]    Compiling tendermint v0.23.9
[INFO] [stderr]    Compiling bip32 v0.4.0
[INFO] [stderr]    Compiling tendermint-config v0.23.9
[INFO] [stderr]    Compiling tendermint-rpc v0.23.9
[INFO] [stderr]    Compiling cosmrs v0.9.0
[INFO] [stderr]    Compiling ocular v1.0.0-beta-0.0.1 (/opt/rustwide/workdir)
[INFO] [stdout] warning: ambiguous glob re-exports
[INFO] [stdout]   --> src/prelude.rs:6:9
[INFO] [stdout]    |
[INFO] [stdout]  6 | pub use query::*;
[INFO] [stdout]    |         ^^^^^^^^ the name `authz` in the type namespace is first re-exported here
[INFO] [stdout] ...
[INFO] [stdout] 20 | pub use tx::*;
[INFO] [stdout]    |         ----- but the name `authz` in the type namespace is also re-exported here
[INFO] [stdout]    |
[INFO] [stdout]    = note: `#[warn(ambiguous_glob_reexports)]` on by default
[INFO] [stdout] 
[INFO] [stdout] 
[INFO] [stdout] warning: ambiguous glob re-exports
[INFO] [stdout]   --> src/prelude.rs:6:9
[INFO] [stdout]    |
[INFO] [stdout]  6 | pub use query::*;
[INFO] [stdout]    |         ^^^^^^^^ the name `bank` in the type namespace is first re-exported here
[INFO] [stdout] ...
[INFO] [stdout] 20 | pub use tx::*;
[INFO] [stdout]    |         ----- but the name `bank` in the type namespace is also re-exported here
[INFO] [stdout] 
[INFO] [stdout] 
[INFO] [stdout] warning: ambiguous glob re-exports
[INFO] [stdout]   --> src/prelude.rs:6:9
[INFO] [stdout]    |
[INFO] [stdout]  6 | pub use query::*;
[INFO] [stdout]    |         ^^^^^^^^ the name `distribution` in the type namespace is first re-exported here
[INFO] [stdout] ...
[INFO] [stdout] 20 | pub use tx::*;
[INFO] [stdout]    |         ----- but the name `distribution` in the type namespace is also re-exported here
[INFO] [stdout] 
[INFO] [stdout] 
[INFO] [stdout] warning: ambiguous glob re-exports
[INFO] [stdout]   --> src/prelude.rs:6:9
[INFO] [stdout]    |
[INFO] [stdout]  6 | pub use query::*;
[INFO] [stdout]    |         ^^^^^^^^ the name `evidence` in the type namespace is first re-exported here
[INFO] [stdout] ...
[INFO] [stdout] 20 | pub use tx::*;
[INFO] [stdout]    |         ----- but the name `evidence` in the type namespace is also re-exported here
[INFO] [stdout] 
[INFO] [stdout] 
[INFO] [stdout] warning: ambiguous glob re-exports
[INFO] [stdout]   --> src/prelude.rs:6:9
[INFO] [stdout]    |
[INFO] [stdout]  6 | pub use query::*;
[INFO] [stdout]    |         ^^^^^^^^ the name `feegrant` in the type namespace is first re-exported here
[INFO] [stdout] ...
[INFO] [stdout] 20 | pub use tx::*;
[INFO] [stdout]    |         ----- but the name `feegrant` in the type namespace is also re-exported here
[INFO] [stdout] 
[INFO] [stdout] 
[INFO] [stdout] warning: ambiguous glob re-exports
[INFO] [stdout]   --> src/prelude.rs:6:9
[INFO] [stdout]    |
[INFO] [stdout]  6 | pub use query::*;
[INFO] [stdout]    |         ^^^^^^^^ the name `gov` in the type namespace is first re-exported here
[INFO] [stdout] ...
[INFO] [stdout] 20 | pub use tx::*;
[INFO] [stdout]    |         ----- but the name `gov` in the type namespace is also re-exported here
[INFO] [stdout] 
[INFO] [stdout] 
[INFO] [stdout] warning: ambiguous glob re-exports
[INFO] [stdout]   --> src/prelude.rs:6:9
[INFO] [stdout]    |
[INFO] [stdout]  6 | pub use query::*;
[INFO] [stdout]    |         ^^^^^^^^ the name `slashing` in the type namespace is first re-exported here
[INFO] [stdout] ...
[INFO] [stdout] 20 | pub use tx::*;
[INFO] [stdout]    |         ----- but the name `slashing` in the type namespace is also re-exported here
[INFO] [stdout] 
[INFO] [stdout] 
[INFO] [stdout] warning: ambiguous glob re-exports
[INFO] [stdout]   --> src/prelude.rs:6:9
[INFO] [stdout]    |
[INFO] [stdout]  6 | pub use query::*;
[INFO] [stdout]    |         ^^^^^^^^ the name `staking` in the type namespace is first re-exported here
[INFO] [stdout] ...
[INFO] [stdout] 20 | pub use tx::*;
[INFO] [stdout]    |         ----- but the name `staking` in the type namespace is also re-exported here
[INFO] [stdout] 
[INFO] [stdout] 
[INFO] [stdout] warning: ambiguous glob re-exports
[INFO] [stdout]   --> src/prelude.rs:27:13
[INFO] [stdout]    |
[INFO] [stdout] 27 |       pub use crate::tx::{
[INFO] [stdout]    |  _____________^
[INFO] [stdout] 28 | |         authz::*, bank::*, crisis::*, distribution::*, evidence::*, feegrant::*, gov::*,
[INFO] [stdout] 29 | |         slashing::*, staking::*, *,
[INFO] [stdout]    | |         ----------- but the name `WrappedMsgVerifyInvariant` in the type namespace is also re-exported here
[INFO] [stdout] 30 | |     };
[INFO] [stdout]    | |_____^ the name `WrappedMsgVerifyInvariant` in the type namespace is first re-exported here
[INFO] [stdout] 
[INFO] [stdout] 
[INFO] [stdout] warning: unnecessary qualification
[INFO] [stdout]   --> src/query/authz.rs:11:29
[INFO] [stdout]    |
[INFO] [stdout] 11 | pub type AuthzQueryClient = authz::query_client::QueryClient<Channel>;
[INFO] [stdout]    |                             ^^^^^^^^^^^^^^^^^^^^^^^^^^^^^^^^^^^^^^^^^
[INFO] [stdout]    |
[INFO] [stdout] note: the lint level is defined here
[INFO] [stdout]   --> src/query.rs:1:9
[INFO] [stdout]    |
[INFO] [stdout]  1 | #![warn(unused_qualifications)]
[INFO] [stdout]    |         ^^^^^^^^^^^^^^^^^^^^^
[INFO] [stdout] help: remove the unnecessary path segments
[INFO] [stdout]    |
[INFO] [stdout] 11 - pub type AuthzQueryClient = authz::query_client::QueryClient<Channel>;
[INFO] [stdout] 11 + pub type AuthzQueryClient = query_client::QueryClient<Channel>;
[INFO] [stdout]    |
[INFO] [stdout] 
[INFO] [stdout] 
[INFO] [stdout] warning: unnecessary qualification
[INFO] [stdout]   --> src/query/tendermint.rs:16:5
[INFO] [stdout]    |
[INFO] [stdout] 16 |     crate::cosmrs::proto::cosmos::base::tendermint::v1beta1::service_client::ServiceClient<Channel>;
[INFO] [stdout]    |     ^^^^^^^^^^^^^^^^^^^^^^^^^^^^^^^^^^^^^^^^^^^^^^^^^^^^^^^^^^^^^^^^^^^^^^^^^^^^^^^^^^^^^^^^^^^^^^^
[INFO] [stdout]    |
[INFO] [stdout] help: remove the unnecessary path segments
[INFO] [stdout]    |
[INFO] [stdout] 16 -     crate::cosmrs::proto::cosmos::base::tendermint::v1beta1::service_client::ServiceClient<Channel>;
[INFO] [stdout] 16 +     cosmrs::proto::cosmos::base::tendermint::v1beta1::service_client::ServiceClient<Channel>;
[INFO] [stdout]    |
[INFO] [stdout] 
[INFO] [stdout] 
[INFO] [stdout] warning: unnecessary qualification
[INFO] [stdout]   --> src/query.rs:64:24
[INFO] [stdout]    |
[INFO] [stdout] 64 | pub type PageRequest = crate::cosmrs::proto::cosmos::base::query::v1beta1::PageRequest;
[INFO] [stdout]    |                        ^^^^^^^^^^^^^^^^^^^^^^^^^^^^^^^^^^^^^^^^^^^^^^^^^^^^^^^^^^^^^^^
[INFO] [stdout]    |
[INFO] [stdout] help: remove the unnecessary path segments
[INFO] [stdout]    |
[INFO] [stdout] 64 - pub type PageRequest = crate::cosmrs::proto::cosmos::base::query::v1beta1::PageRequest;
[INFO] [stdout] 64 + pub type PageRequest = cosmrs::proto::cosmos::base::query::v1beta1::PageRequest;
[INFO] [stdout]    |
[INFO] [stdout] 
[INFO] [stdout] 
[INFO] [stdout] warning: unnecessary qualification
[INFO] [stdout]   --> src/query.rs:66:25
[INFO] [stdout]    |
[INFO] [stdout] 66 | pub type PageResponse = crate::cosmrs::proto::cosmos::base::query::v1beta1::PageResponse;
[INFO] [stdout]    |                         ^^^^^^^^^^^^^^^^^^^^^^^^^^^^^^^^^^^^^^^^^^^^^^^^^^^^^^^^^^^^^^^^
[INFO] [stdout]    |
[INFO] [stdout] help: remove the unnecessary path segments
[INFO] [stdout]    |
[INFO] [stdout] 66 - pub type PageResponse = crate::cosmrs::proto::cosmos::base::query::v1beta1::PageResponse;
[INFO] [stdout] 66 + pub type PageResponse = cosmrs::proto::cosmos::base::query::v1beta1::PageResponse;
[INFO] [stdout]    |
[INFO] [stdout] 
[INFO] [stdout] 
[INFO] [stdout] warning: ambiguous glob re-exports
[INFO] [stdout]   --> src/prelude.rs:6:9
[INFO] [stdout]    |
[INFO] [stdout]  6 | pub use query::*;
[INFO] [stdout]    |         ^^^^^^^^ the name `authz` in the type namespace is first re-exported here
[INFO] [stdout] ...
[INFO] [stdout] 20 | pub use tx::*;
[INFO] [stdout]    |         ----- but the name `authz` in the type namespace is also re-exported here
[INFO] [stdout]    |
[INFO] [stdout]    = note: `#[warn(ambiguous_glob_reexports)]` on by default
[INFO] [stdout] 
[INFO] [stdout] 
[INFO] [stdout] warning: ambiguous glob re-exports
[INFO] [stdout]   --> src/prelude.rs:6:9
[INFO] [stdout]    |
[INFO] [stdout]  6 | pub use query::*;
[INFO] [stdout]    |         ^^^^^^^^ the name `bank` in the type namespace is first re-exported here
[INFO] [stdout] ...
[INFO] [stdout] 20 | pub use tx::*;
[INFO] [stdout]    |         ----- but the name `bank` in the type namespace is also re-exported here
[INFO] [stdout] 
[INFO] [stdout] 
[INFO] [stdout] warning: ambiguous glob re-exports
[INFO] [stdout]   --> src/prelude.rs:6:9
[INFO] [stdout]    |
[INFO] [stdout]  6 | pub use query::*;
[INFO] [stdout]    |         ^^^^^^^^ the name `distribution` in the type namespace is first re-exported here
[INFO] [stdout] ...
[INFO] [stdout] 20 | pub use tx::*;
[INFO] [stdout]    |         ----- but the name `distribution` in the type namespace is also re-exported here
[INFO] [stdout] 
[INFO] [stdout] 
[INFO] [stdout] warning: ambiguous glob re-exports
[INFO] [stdout]   --> src/prelude.rs:6:9
[INFO] [stdout]    |
[INFO] [stdout]  6 | pub use query::*;
[INFO] [stdout]    |         ^^^^^^^^ the name `evidence` in the type namespace is first re-exported here
[INFO] [stdout] ...
[INFO] [stdout] 20 | pub use tx::*;
[INFO] [stdout]    |         ----- but the name `evidence` in the type namespace is also re-exported here
[INFO] [stdout] 
[INFO] [stdout] 
[INFO] [stdout] warning: ambiguous glob re-exports
[INFO] [stdout]   --> src/prelude.rs:6:9
[INFO] [stdout]    |
[INFO] [stdout]  6 | pub use query::*;
[INFO] [stdout]    |         ^^^^^^^^ the name `feegrant` in the type namespace is first re-exported here
[INFO] [stdout] ...
[INFO] [stdout] 20 | pub use tx::*;
[INFO] [stdout]    |         ----- but the name `feegrant` in the type namespace is also re-exported here
[INFO] [stdout] 
[INFO] [stdout] 
[INFO] [stdout] warning: ambiguous glob re-exports
[INFO] [stdout]   --> src/prelude.rs:6:9
[INFO] [stdout]    |
[INFO] [stdout]  6 | pub use query::*;
[INFO] [stdout]    |         ^^^^^^^^ the name `gov` in the type namespace is first re-exported here
[INFO] [stdout] ...
[INFO] [stdout] 20 | pub use tx::*;
[INFO] [stdout]    |         ----- but the name `gov` in the type namespace is also re-exported here
[INFO] [stdout] 
[INFO] [stdout] 
[INFO] [stdout] warning: ambiguous glob re-exports
[INFO] [stdout]   --> src/prelude.rs:6:9
[INFO] [stdout]    |
[INFO] [stdout]  6 | pub use query::*;
[INFO] [stdout]    |         ^^^^^^^^ the name `slashing` in the type namespace is first re-exported here
[INFO] [stdout] ...
[INFO] [stdout] 20 | pub use tx::*;
[INFO] [stdout]    |         ----- but the name `slashing` in the type namespace is also re-exported here
[INFO] [stdout] 
[INFO] [stdout] 
[INFO] [stdout] warning: ambiguous glob re-exports
[INFO] [stdout]   --> src/prelude.rs:6:9
[INFO] [stdout]    |
[INFO] [stdout]  6 | pub use query::*;
[INFO] [stdout]    |         ^^^^^^^^ the name `staking` in the type namespace is first re-exported here
[INFO] [stdout] ...
[INFO] [stdout] 20 | pub use tx::*;
[INFO] [stdout]    |         ----- but the name `staking` in the type namespace is also re-exported here
[INFO] [stdout] 
[INFO] [stdout] 
[INFO] [stdout] warning: ambiguous glob re-exports
[INFO] [stdout]   --> src/prelude.rs:27:13
[INFO] [stdout]    |
[INFO] [stdout] 27 |       pub use crate::tx::{
[INFO] [stdout]    |  _____________^
[INFO] [stdout] 28 | |         authz::*, bank::*, crisis::*, distribution::*, evidence::*, feegrant::*, gov::*,
[INFO] [stdout] 29 | |         slashing::*, staking::*, *,
[INFO] [stdout]    | |         ----------- but the name `WrappedMsgVerifyInvariant` in the type namespace is also re-exported here
[INFO] [stdout] 30 | |     };
[INFO] [stdout]    | |_____^ the name `WrappedMsgVerifyInvariant` in the type namespace is first re-exported here
[INFO] [stdout] 
[INFO] [stdout] 
[INFO] [stdout] warning: unnecessary qualification
[INFO] [stdout]   --> src/query/authz.rs:11:29
[INFO] [stdout]    |
[INFO] [stdout] 11 | pub type AuthzQueryClient = authz::query_client::QueryClient<Channel>;
[INFO] [stdout]    |                             ^^^^^^^^^^^^^^^^^^^^^^^^^^^^^^^^^^^^^^^^^
[INFO] [stdout]    |
[INFO] [stdout] note: the lint level is defined here
[INFO] [stdout]   --> src/query.rs:1:9
[INFO] [stdout]    |
[INFO] [stdout]  1 | #![warn(unused_qualifications)]
[INFO] [stdout]    |         ^^^^^^^^^^^^^^^^^^^^^
[INFO] [stdout] help: remove the unnecessary path segments
[INFO] [stdout]    |
[INFO] [stdout] 11 - pub type AuthzQueryClient = authz::query_client::QueryClient<Channel>;
[INFO] [stdout] 11 + pub type AuthzQueryClient = query_client::QueryClient<Channel>;
[INFO] [stdout]    |
[INFO] [stdout] 
[INFO] [stdout] 
[INFO] [stdout] warning: unnecessary qualification
[INFO] [stdout]   --> src/query/tendermint.rs:16:5
[INFO] [stdout]    |
[INFO] [stdout] 16 |     crate::cosmrs::proto::cosmos::base::tendermint::v1beta1::service_client::ServiceClient<Channel>;
[INFO] [stdout]    |     ^^^^^^^^^^^^^^^^^^^^^^^^^^^^^^^^^^^^^^^^^^^^^^^^^^^^^^^^^^^^^^^^^^^^^^^^^^^^^^^^^^^^^^^^^^^^^^^
[INFO] [stdout]    |
[INFO] [stdout] help: remove the unnecessary path segments
[INFO] [stdout]    |
[INFO] [stdout] 16 -     crate::cosmrs::proto::cosmos::base::tendermint::v1beta1::service_client::ServiceClient<Channel>;
[INFO] [stdout] 16 +     cosmrs::proto::cosmos::base::tendermint::v1beta1::service_client::ServiceClient<Channel>;
[INFO] [stdout]    |
[INFO] [stdout] 
[INFO] [stdout] 
[INFO] [stdout] warning: unnecessary qualification
[INFO] [stdout]   --> src/query.rs:64:24
[INFO] [stdout]    |
[INFO] [stdout] 64 | pub type PageRequest = crate::cosmrs::proto::cosmos::base::query::v1beta1::PageRequest;
[INFO] [stdout]    |                        ^^^^^^^^^^^^^^^^^^^^^^^^^^^^^^^^^^^^^^^^^^^^^^^^^^^^^^^^^^^^^^^
[INFO] [stdout]    |
[INFO] [stdout] help: remove the unnecessary path segments
[INFO] [stdout]    |
[INFO] [stdout] 64 - pub type PageRequest = crate::cosmrs::proto::cosmos::base::query::v1beta1::PageRequest;
[INFO] [stdout] 64 + pub type PageRequest = cosmrs::proto::cosmos::base::query::v1beta1::PageRequest;
[INFO] [stdout]    |
[INFO] [stdout] 
[INFO] [stdout] 
[INFO] [stdout] warning: unnecessary qualification
[INFO] [stdout]   --> src/query.rs:66:25
[INFO] [stdout]    |
[INFO] [stdout] 66 | pub type PageResponse = crate::cosmrs::proto::cosmos::base::query::v1beta1::PageResponse;
[INFO] [stdout]    |                         ^^^^^^^^^^^^^^^^^^^^^^^^^^^^^^^^^^^^^^^^^^^^^^^^^^^^^^^^^^^^^^^^
[INFO] [stdout]    |
[INFO] [stdout] help: remove the unnecessary path segments
[INFO] [stdout]    |
[INFO] [stdout] 66 - pub type PageResponse = crate::cosmrs::proto::cosmos::base::query::v1beta1::PageResponse;
[INFO] [stdout] 66 + pub type PageResponse = cosmrs::proto::cosmos::base::query::v1beta1::PageResponse;
[INFO] [stdout]    |
[INFO] [stdout] 
[INFO] [stdout] 
[INFO] [stderr]     Finished `release` profile [optimized] target(s) in 19.39s
[INFO] running `Command { std: "docker" "inspect" "0c4bac22f32e2605c6b8d083512fdeac34b08c086c4555d2b24cd526406f1e0f", kill_on_drop: false }`
[INFO] running `Command { std: "docker" "exec" "-e" "SOURCE_DIR=/opt/rustwide/workdir" "-e" "CARGO_HOME=/opt/rustwide/cargo-home" "-e" "RUSTUP_HOME=/opt/rustwide/rustup-home" "-e" "CARGO_TARGET_DIR=/opt/rustwide/target" "-e" "CARGO_INCREMENTAL=0" "-e" "RUST_BACKTRACE=full" "-e" "RUSTFLAGS=--cap-lints=warn" "-e" "RUSTDOCFLAGS=--cap-lints=warn" "-w" "/opt/rustwide/workdir" "--user" "0:0" "0c4bac22f32e2605c6b8d083512fdeac34b08c086c4555d2b24cd526406f1e0f" "/opt/rustwide/cargo-home/bin/cargo" "+1.99.0-beta.8" "test" "--frozen" "--release", kill_on_drop: false }`
[INFO] [stderr] warning: ambiguous glob re-exports
[INFO] [stderr]   --> src/prelude.rs:6:9
[INFO] [stderr]    |
[INFO] [stderr]  6 | pub use query::*;
[INFO] [stderr]    |         ^^^^^^^^ the name `authz` in the type namespace is first re-exported here
[INFO] [stderr] ...
[INFO] [stderr] 20 | pub use tx::*;
[INFO] [stderr]    |         ----- but the name `authz` in the type namespace is also re-exported here
[INFO] [stderr]    |
[INFO] [stderr]    = note: `#[warn(ambiguous_glob_reexports)]` on by default
[INFO] [stderr] 
[INFO] [stderr] warning: ambiguous glob re-exports
[INFO] [stderr]   --> src/prelude.rs:6:9
[INFO] [stderr]    |
[INFO] [stderr]  6 | pub use query::*;
[INFO] [stderr]    |         ^^^^^^^^ the name `bank` in the type namespace is first re-exported here
[INFO] [stderr] ...
[INFO] [stderr] 20 | pub use tx::*;
[INFO] [stderr]    |         ----- but the name `bank` in the type namespace is also re-exported here
[INFO] [stderr] 
[INFO] [stderr] warning: ambiguous glob re-exports
[INFO] [stderr]   --> src/prelude.rs:6:9
[INFO] [stderr]    |
[INFO] [stderr]  6 | pub use query::*;
[INFO] [stderr]    |         ^^^^^^^^ the name `distribution` in the type namespace is first re-exported here
[INFO] [stderr] ...
[INFO] [stderr] 20 | pub use tx::*;
[INFO] [stderr]    |         ----- but the name `distribution` in the type namespace is also re-exported here
[INFO] [stderr] 
[INFO] [stderr] warning: ambiguous glob re-exports
[INFO] [stderr]   --> src/prelude.rs:6:9
[INFO] [stderr]    |
[INFO] [stderr]  6 | pub use query::*;
[INFO] [stderr]    |         ^^^^^^^^ the name `evidence` in the type namespace is first re-exported here
[INFO] [stderr] ...
[INFO] [stderr] 20 | pub use tx::*;
[INFO] [stderr]    |         ----- but the name `evidence` in the type namespace is also re-exported here
[INFO] [stderr] 
[INFO] [stderr] warning: ambiguous glob re-exports
[INFO] [stderr]   --> src/prelude.rs:6:9
[INFO] [stderr]    |
[INFO] [stderr]  6 | pub use query::*;
[INFO] [stderr]    |         ^^^^^^^^ the name `feegrant` in the type namespace is first re-exported here
[INFO] [stderr] ...
[INFO] [stderr] 20 | pub use tx::*;
[INFO] [stderr]    |         ----- but the name `feegrant` in the type namespace is also re-exported here
[INFO] [stderr] 
[INFO] [stderr] warning: ambiguous glob re-exports
[INFO] [stderr]   --> src/prelude.rs:6:9
[INFO] [stderr]    |
[INFO] [stderr]  6 | pub use query::*;
[INFO] [stderr]    |         ^^^^^^^^ the name `gov` in the type namespace is first re-exported here
[INFO] [stderr] ...
[INFO] [stderr] 20 | pub use tx::*;
[INFO] [stderr]    |         ----- but the name `gov` in the type namespace is also re-exported here
[INFO] [stderr] 
[INFO] [stderr] warning: ambiguous glob re-exports
[INFO] [stderr]   --> src/prelude.rs:6:9
[INFO] [stderr]    |
[INFO] [stderr]  6 | pub use query::*;
[INFO] [stderr]    |         ^^^^^^^^ the name `slashing` in the type namespace is first re-exported here
[INFO] [stderr] ...
[INFO] [stderr] 20 | pub use tx::*;
[INFO] [stderr]    |         ----- but the name `slashing` in the type namespace is also re-exported here
[INFO] [stderr] 
[INFO] [stderr] warning: ambiguous glob re-exports
[INFO] [stderr]   --> src/prelude.rs:6:9
[INFO] [stderr]    |
[INFO] [stderr]  6 | pub use query::*;
[INFO] [stderr]    |         ^^^^^^^^ the name `staking` in the type namespace is first re-exported here
[INFO] [stderr] ...
[INFO] [stderr] 20 | pub use tx::*;
[INFO] [stderr]    |         ----- but the name `staking` in the type namespace is also re-exported here
[INFO] [stderr] 
[INFO] [stderr] warning: ambiguous glob re-exports
[INFO] [stderr]   --> src/prelude.rs:27:13
[INFO] [stderr]    |
[INFO] [stderr] 27 |       pub use crate::tx::{
[INFO] [stderr]    |  _____________^
[INFO] [stderr] 28 | |         authz::*, bank::*, crisis::*, distribution::*, evidence::*, feegrant::*, gov::*,
[INFO] [stderr] 29 | |         slashing::*, staking::*, *,
[INFO] [stderr]    | |         ----------- but the name `WrappedMsgVerifyInvariant` in the type namespace is also re-exported here
[INFO] [stderr] 30 | |     };
[INFO] [stderr]    | |_____^ the name `WrappedMsgVerifyInvariant` in the type namespace is first re-exported here
[INFO] [stderr] 
[INFO] [stderr] warning: unnecessary qualification
[INFO] [stderr]   --> src/query/authz.rs:11:29
[INFO] [stderr]    |
[INFO] [stderr] 11 | pub type AuthzQueryClient = authz::query_client::QueryClient<Channel>;
[INFO] [stderr]    |                             ^^^^^^^^^^^^^^^^^^^^^^^^^^^^^^^^^^^^^^^^^
[INFO] [stderr]    |
[INFO] [stderr] note: the lint level is defined here
[INFO] [stderr]   --> src/query.rs:1:9
[INFO] [stderr]    |
[INFO] [stderr]  1 | #![warn(unused_qualifications)]
[INFO] [stderr]    |         ^^^^^^^^^^^^^^^^^^^^^
[INFO] [stderr] help: remove the unnecessary path segments
[INFO] [stderr]    |
[INFO] [stderr] 11 - pub type AuthzQueryClient = authz::query_client::QueryClient<Channel>;
[INFO] [stderr] 11 + pub type AuthzQueryClient = query_client::QueryClient<Channel>;
[INFO] [stderr]    |
[INFO] [stderr] 
[INFO] [stderr] warning: unnecessary qualification
[INFO] [stderr]   --> src/query/tendermint.rs:16:5
[INFO] [stderr]    |
[INFO] [stderr] 16 |     crate::cosmrs::proto::cosmos::base::tendermint::v1beta1::service_client::ServiceClient<Channel>;
[INFO] [stderr]    |     ^^^^^^^^^^^^^^^^^^^^^^^^^^^^^^^^^^^^^^^^^^^^^^^^^^^^^^^^^^^^^^^^^^^^^^^^^^^^^^^^^^^^^^^^^^^^^^^
[INFO] [stderr]    |
[INFO] [stderr] help: remove the unnecessary path segments
[INFO] [stderr]    |
[INFO] [stderr] 16 -     crate::cosmrs::proto::cosmos::base::tendermint::v1beta1::service_client::ServiceClient<Channel>;
[INFO] [stderr] 16 +     cosmrs::proto::cosmos::base::tendermint::v1beta1::service_client::ServiceClient<Channel>;
[INFO] [stderr]    |
[INFO] [stderr] 
[INFO] [stderr] warning: unnecessary qualification
[INFO] [stderr]   --> src/query.rs:64:24
[INFO] [stderr]    |
[INFO] [stderr] 64 | pub type PageRequest = crate::cosmrs::proto::cosmos::base::query::v1beta1::PageRequest;
[INFO] [stderr]    |                        ^^^^^^^^^^^^^^^^^^^^^^^^^^^^^^^^^^^^^^^^^^^^^^^^^^^^^^^^^^^^^^^
[INFO] [stderr]    |
[INFO] [stderr] help: remove the unnecessary path segments
[INFO] [stderr]    |
[INFO] [stderr] 64 - pub type PageRequest = crate::cosmrs::proto::cosmos::base::query::v1beta1::PageRequest;
[INFO] [stderr] 64 + pub type PageRequest = cosmrs::proto::cosmos::base::query::v1beta1::PageRequest;
[INFO] [stderr]    |
[INFO] [stderr] 
[INFO] [stderr] warning: unnecessary qualification
[INFO] [stderr]   --> src/query.rs:66:25
[INFO] [stderr]    |
[INFO] [stderr] 66 | pub type PageResponse = crate::cosmrs::proto::cosmos::base::query::v1beta1::PageResponse;
[INFO] [stderr]    |                         ^^^^^^^^^^^^^^^^^^^^^^^^^^^^^^^^^^^^^^^^^^^^^^^^^^^^^^^^^^^^^^^^
[INFO] [stderr]    |
[INFO] [stderr] help: remove the unnecessary path segments
[INFO] [stderr]    |
[INFO] [stderr] 66 - pub type PageResponse = crate::cosmrs::proto::cosmos::base::query::v1beta1::PageResponse;
[INFO] [stderr] 66 + pub type PageResponse = cosmrs::proto::cosmos::base::query::v1beta1::PageResponse;
[INFO] [stderr]    |
[INFO] [stderr] 
[INFO] [stderr] warning: `ocular` (lib) generated 13 warnings (run `cargo fix --lib -p ocular` to apply 4 suggestions)
[INFO] [stderr] warning: `ocular` (lib test) generated 13 warnings (13 duplicates)
[INFO] [stderr]     Finished `release` profile [optimized] target(s) in 0.13s
[INFO] [stderr]      Running unittests src/lib.rs (/opt/rustwide/target/release/deps/ocular-89b9b242d8cdfb59)
[INFO] [stdout] 
[INFO] [stdout] running 9 tests
[INFO] [stdout] test tx::authz::tests::construct_txs ... ok
[INFO] [stdout] test tx::bank::tests::construct_txs ... ok
[INFO] [stdout] test tx::crisis::tests::construct_txs ... ok
[INFO] [stdout] test tx::distribution::tests::construct_txs ... ok
[INFO] [stdout] test tx::evidence::tests::construct_txs ... ok
[INFO] [stdout] test tx::feegrant::tests::construct_txs ... ok
[INFO] [stdout] test tx::gov::tests::construct_txs ... ok
[INFO] [stdout] test tx::slashing::tests::construct_txs ... ok
[INFO] [stdout] test tx::staking::tests::construct_txs ... ok
[INFO] [stdout] 
[INFO] [stdout] test result: ok. 9 passed; 0 failed; 0 ignored; 0 measured; 0 filtered out; finished in 0.00s
[INFO] [stdout] 
[INFO] [stderr]      Running tests/client.rs (/opt/rustwide/target/release/deps/client-c16b51128c35c02c)
[INFO] [stdout] 
[INFO] [stdout] running 4 tests
[INFO] [stdout] test chain_client_construction ... ok
[INFO] [stdout] test grpc_pool ... FAILED
[INFO] [stdout] test bank_queries ... FAILED
[INFO] [stdout] test auth_queries ... FAILED
[INFO] [stdout] 
[INFO] [stdout] failures:
[INFO] [stdout] 
[INFO] [stdout] ---- grpc_pool stdout ----
[INFO] [stdout] 
[INFO] [stdout] thread 'grpc_pool' (3214) panicked at tests/client.rs:69:1:
[INFO] [stdout] Assay test failed
[INFO] [stdout] stack backtrace:
[INFO] [stdout]    0:     0x55f88e250bf1 - <<std[70759c8f55707aa4]::sys::backtrace::BacktraceLock>::print::DisplayBacktrace as core[df12db4294e9bfd3]::fmt::Display>::fmt
[INFO] [stdout]    1:     0x55f88e267b6a - core[df12db4294e9bfd3]::fmt::write
[INFO] [stdout]    2:     0x55f88e255e2c - <alloc[2182bb758b4b3781]::vec::Vec<u8> as core[df12db4294e9bfd3]::io::write::Write>::write_fmt
[INFO] [stdout]    3:     0x55f88e22a556 - std[70759c8f55707aa4]::panicking::default_hook::{closure#0}
[INFO] [stdout]    4:     0x55f88e248369 - std[70759c8f55707aa4]::panicking::default_hook
[INFO] [stdout]    5:     0x55f88e0c4a30 - test[9d35eded1c95d3be]::test_main_inner::<test[9d35eded1c95d3be]::test_main_static::{closure#0}>::{closure#0}
[INFO] [stdout]    6:     0x55f88e248692 - std[70759c8f55707aa4]::panicking::panic_with_hook
[INFO] [stdout]    7:     0x55f88e22a634 - std[70759c8f55707aa4]::panicking::panic_handler::{closure#0}
[INFO] [stdout]    8:     0x55f88e222b69 - std[70759c8f55707aa4]::sys::backtrace::__rust_end_short_backtrace::<std[70759c8f55707aa4]::panicking::panic_handler::{closure#0}, !>
[INFO] [stdout]    9:     0x55f88e22b4fd - __rustc[8fa7c3cbc660c2b3]::rust_begin_unwind
[INFO] [stdout]   10:     0x55f88e2682cc - core[df12db4294e9bfd3]::panicking::panic_fmt
[INFO] [stdout]   11:     0x55f88e0b0d53 - rusty_fork[d285a74bccbab77e]::fork::fork::<rusty_fork[d285a74bccbab77e]::sugar::RustyForkId, client[4e24ad8e0a0f6848]::grpc_pool::modify, client[4e24ad8e0a0f6848]::grpc_pool::parent, client[4e24ad8e0a0f6848]::grpc_pool::child, ()>::{closure#1}
[INFO] [stdout]   12:     0x55f88e2115b2 - rusty_fork[d285a74bccbab77e]::fork::fork_impl
[INFO] [stdout]   13:     0x55f88e0ae81b - rusty_fork[d285a74bccbab77e]::fork::fork::<rusty_fork[d285a74bccbab77e]::sugar::RustyForkId, client[4e24ad8e0a0f6848]::grpc_pool::modify, client[4e24ad8e0a0f6848]::grpc_pool::parent, client[4e24ad8e0a0f6848]::grpc_pool::child, ()>
[INFO] [stdout]   14:     0x55f88e0a7dbf - <client[4e24ad8e0a0f6848]::grpc_pool::{closure#0} as core[df12db4294e9bfd3]::ops::function::FnOnce<()>>::call_once
[INFO] [stdout]   15:     0x55f88e0b7d1b - test[9d35eded1c95d3be]::__rust_begin_short_backtrace::<core[df12db4294e9bfd3]::result::Result<(), alloc[2182bb758b4b3781]::string::String>, fn() -> core[df12db4294e9bfd3]::result::Result<(), alloc[2182bb758b4b3781]::string::String>>
[INFO] [stdout]   16:     0x55f88e0c5385 - test[9d35eded1c95d3be]::run_test::{closure#0}
[INFO] [stdout]   17:     0x55f88e0bec44 - std[70759c8f55707aa4]::sys::backtrace::__rust_begin_short_backtrace::<test[9d35eded1c95d3be]::run_test::{closure#1}, ()>
[INFO] [stdout]   18:     0x55f88e0c84e2 - <std[70759c8f55707aa4]::thread::lifecycle::spawn_unchecked<test[9d35eded1c95d3be]::run_test::{closure#1}, ()>::{closure#1} as core[df12db4294e9bfd3]::ops::function::FnOnce<()>>::call_once::{shim:vtable#0}
[INFO] [stdout]   19:     0x55f88e250119 - <std[70759c8f55707aa4]::sys::thread::unix::Thread>::new::thread_start
[INFO] [stdout]   20:     0x7695da114dfa - <unknown>
[INFO] [stdout]   21:     0x7695da1a83d4 - clone
[INFO] [stdout]   22:                0x0 - <unknown>
[INFO] [stdout] 
[INFO] [stdout] running 1 test
[INFO] [stdout] 
[INFO] [stdout] thread 'grpc_pool' (3231) panicked at tests/client.rs:76:10:
[INFO] [stdout] failed to query account: Failed to make gRPC connection
[INFO] [stdout] 
[INFO] [stdout] Caused by:
[INFO] [stdout]    0: transport error
[INFO] [stdout]    1: error trying to connect: dns error: failed to lookup address information: Temporary failure in name resolution
[INFO] [stdout]    2: dns error: failed to lookup address information: Temporary failure in name resolution
[INFO] [stdout]    3: failed to lookup address information: Temporary failure in name resolution
[INFO] [stdout] 
[INFO] [stdout] Location:
[INFO] [stdout]     src/query/auth.rs:25:14
[INFO] [stdout] 
[INFO] [stdout] Stack backtrace:
[INFO] [stdout]    0: <<eyre::DefaultHandler>::default_with as core::ops::function::Fn<(&dyn core::error::Error,)>>::call
[INFO] [stdout]    1: eyre::capture_handler
[INFO] [stdout]    2: <tonic::transport::error::Error as eyre::context::ext::StdError>::ext_report::<&str>
[INFO] [stdout]    3: <cosmos_sdk_proto::cosmos::auth::v1beta1::query_client::QueryClient<tonic::transport::channel::Channel> as ocular::query::GrpcClient>::make_client::{closure#0}
[INFO] [stdout]    4: <ocular::query::QueryClient>::get_grpc_query_client::<cosmos_sdk_proto::cosmos::auth::v1beta1::query_client::QueryClient<tonic::transport::channel::Channel>>::{closure#0}
[INFO] [stdout]    5: <ocular::query::QueryClient>::account::{closure#0}
[INFO] [stdout]    6: <tokio::runtime::park::CachedParkThread>::block_on::<client::grpc_pool::child::{closure#0}::inner_async::{closure#0}>
[INFO] [stdout]    7: tokio::runtime::context::runtime::enter_runtime::<<tokio::runtime::scheduler::multi_thread::MultiThread>::block_on<client::grpc_pool::child::{closure#0}::inner_async::{closure#0}>::{closure#0}, core::result::Result<(), alloc::boxed::Box<dyn core::error::Error>>>
[INFO] [stdout]    8: <tokio::runtime::runtime::Runtime>::block_on::<client::grpc_pool::child::{closure#0}::inner_async::{closure#0}>
[INFO] [stdout]    9: client::grpc_pool::child
[INFO] [stdout]   10: __rust_try
[INFO] [stdout]   11: rusty_fork::fork::fork_impl
[INFO] [stdout]   12: rusty_fork::fork::fork::<rusty_fork::sugar::RustyForkId, client::grpc_pool::modify, client::grpc_pool::parent, client::grpc_pool::child, ()>
[INFO] [stdout]   13: <client::grpc_pool::{closure#0} as core::ops::function::FnOnce<()>>::call_once
[INFO] [stdout]   14: test::__rust_begin_short_backtrace::<core::result::Result<(), alloc::string::String>, fn() -> core::result::Result<(), alloc::string::String>>
[INFO] [stdout]   15: test::run_test::{closure#0}
[INFO] [stdout]   16: std::sys::backtrace::__rust_begin_short_backtrace::<test::run_test::{closure#1}, ()>
[INFO] [stdout]   17: <std::thread::lifecycle::spawn_unchecked<test::run_test::{closure#1}, ()>::{closure#1} as core::ops::function::FnOnce<()>>::call_once::{shim:vtable#0}
[INFO] [stdout]   18: <std::sys::thread::unix::Thread>::new::thread_start
[INFO] [stdout]   19: <unknown>
[INFO] [stdout]   20: clone
[INFO] [stdout] 
[INFO] [stdout] stack backtrace:
[INFO] [stdout]    0:     0x56489801bbf1 - <<std[70759c8f55707aa4]::sys::backtrace::BacktraceLock>::print::DisplayBacktrace as core[df12db4294e9bfd3]::fmt::Display>::fmt
[INFO] [stdout]    1:     0x564898032b6a - core[df12db4294e9bfd3]::fmt::write
[INFO] [stdout]    2:     0x564898021d3c - <std[70759c8f55707aa4]::sys::stdio::unix::Stderr as core[df12db4294e9bfd3]::io::write::Write>::write_fmt
[INFO] [stdout]    3:     0x564897ff5556 - std[70759c8f55707aa4]::panicking::default_hook::{closure#0}
[INFO] [stdout]    4:     0x564898013331 - std[70759c8f55707aa4]::panicking::default_hook
[INFO] [stdout]    5:     0x56489801365b - std[70759c8f55707aa4]::panicking::panic_with_hook
[INFO] [stdout]    6:     0x564897ff5602 - std[70759c8f55707aa4]::panicking::panic_handler::{closure#0}
[INFO] [stdout]    7:     0x564897fedb69 - std[70759c8f55707aa4]::sys::backtrace::__rust_end_short_backtrace::<std[70759c8f55707aa4]::panicking::panic_handler::{closure#0}, !>
[INFO] [stdout]    8:     0x564897ff64fd - __rustc[8fa7c3cbc660c2b3]::rust_begin_unwind
[INFO] [stdout]    9:     0x5648980332cc - core[df12db4294e9bfd3]::panicking::panic_fmt
[INFO] [stdout]   10:     0x5648980330a2 - core[df12db4294e9bfd3]::result::unwrap_failed
[INFO] [stdout]   11:     0x564897dfc575 - <tokio[45400ae7093c28d2]::runtime::park::CachedParkThread>::block_on::<client[4e24ad8e0a0f6848]::grpc_pool::child::{closure#0}::inner_async::{closure#0}>
[INFO] [stdout]   12:     0x564897e64ebd - tokio[45400ae7093c28d2]::runtime::context::runtime::enter_runtime::<<tokio[45400ae7093c28d2]::runtime::scheduler::multi_thread::MultiThread>::block_on<client[4e24ad8e0a0f6848]::grpc_pool::child::{closure#0}::inner_async::{closure#0}>::{closure#0}, core[df12db4294e9bfd3]::result::Result<(), alloc[2182bb758b4b3781]::boxed::Box<dyn core[df12db4294e9bfd3]::error::Error>>>
[INFO] [stdout]   13:     0x564897e6661e - <tokio[45400ae7093c28d2]::runtime::runtime::Runtime>::block_on::<client[4e24ad8e0a0f6848]::grpc_pool::child::{closure#0}::inner_async::{closure#0}>
[INFO] [stdout]   14:     0x564897e71aaa - client[4e24ad8e0a0f6848]::grpc_pool::child
[INFO] [stdout]   15:     0x564897fdd21e - __rust_try
[INFO] [stdout]   16:     0x564897fdcbc8 - rusty_fork[d285a74bccbab77e]::fork::fork_impl
[INFO] [stdout]   17:     0x564897e7981b - rusty_fork[d285a74bccbab77e]::fork::fork::<rusty_fork[d285a74bccbab77e]::sugar::RustyForkId, client[4e24ad8e0a0f6848]::grpc_pool::modify, client[4e24ad8e0a0f6848]::grpc_pool::parent, client[4e24ad8e0a0f6848]::grpc_pool::child, ()>
[INFO] [stdout]   18:     0x564897e72dbf - <client[4e24ad8e0a0f6848]::grpc_pool::{closure#0} as core[df12db4294e9bfd3]::ops::function::FnOnce<()>>::call_once
[INFO] [stdout]   19:     0x564897e82d1b - test[9d35eded1c95d3be]::__rust_begin_short_backtrace::<core[df12db4294e9bfd3]::result::Result<(), alloc[2182bb758b4b3781]::string::String>, fn() -> core[df12db4294e9bfd3]::result::Result<(), alloc[2182bb758b4b3781]::string::String>>
[INFO] [stdout]   20:     0x564897e90385 - test[9d35eded1c95d3be]::run_test::{closure#0}
[INFO] [stdout]   21:     0x564897e89c44 - std[70759c8f55707aa4]::sys::backtrace::__rust_begin_short_backtrace::<test[9d35eded1c95d3be]::run_test::{closure#1}, ()>
[INFO] [stdout]   22:     0x564897e934e2 - <std[70759c8f55707aa4]::thread::lifecycle::spawn_unchecked<test[9d35eded1c95d3be]::run_test::{closure#1}, ()>::{closure#1} as core[df12db4294e9bfd3]::ops::function::FnOnce<()>>::call_once::{shim:vtable#0}
[INFO] [stdout]   23:     0x56489801b119 - <std[70759c8f55707aa4]::sys::thread::unix::Thread>::new::thread_start
[INFO] [stdout]   24:     0x786d9180adfa - <unknown>
[INFO] [stdout]   25:     0x786d9189e3d4 - clone
[INFO] [stdout]   26:                0x0 - <unknown>
[INFO] [stdout] 
[INFO] [stdout] ---- bank_queries stdout ----
[INFO] [stdout] 
[INFO] [stdout] thread 'bank_queries' (3212) panicked at tests/client.rs:35:1:
[INFO] [stdout] Assay test failed
[INFO] [stdout] stack backtrace:
[INFO] [stdout]    0:     0x55f88e250bf1 - <<std[70759c8f55707aa4]::sys::backtrace::BacktraceLock>::print::DisplayBacktrace as core[df12db4294e9bfd3]::fmt::Display>::fmt
[INFO] [stdout]    1:     0x55f88e267b6a - core[df12db4294e9bfd3]::fmt::write
[INFO] [stdout]    2:     0x55f88e255e2c - <alloc[2182bb758b4b3781]::vec::Vec<u8> as core[df12db4294e9bfd3]::io::write::Write>::write_fmt
[INFO] [stdout]    3:     0x55f88e22a556 - std[70759c8f55707aa4]::panicking::default_hook::{closure#0}
[INFO] [stdout]    4:     0x55f88e248369 - std[70759c8f55707aa4]::panicking::default_hook
[INFO] [stdout]    5:     0x55f88e0c4a30 - test[9d35eded1c95d3be]::test_main_inner::<test[9d35eded1c95d3be]::test_main_static::{closure#0}>::{closure#0}
[INFO] [stdout]    6:     0x55f88e248692 - std[70759c8f55707aa4]::panicking::panic_with_hook
[INFO] [stdout]    7:     0x55f88e22a634 - std[70759c8f55707aa4]::panicking::panic_handler::{closure#0}
[INFO] [stdout]    8:     0x55f88e222b69 - std[70759c8f55707aa4]::sys::backtrace::__rust_end_short_backtrace::<std[70759c8f55707aa4]::panicking::panic_handler::{closure#0}, !>
[INFO] [stdout]    9:     0x55f88e22b4fd - __rustc[8fa7c3cbc660c2b3]::rust_begin_unwind
[INFO] [stdout]   10:     0x55f88e2682cc - core[df12db4294e9bfd3]::panicking::panic_fmt
[INFO] [stdout]   11:     0x55f88e0b0b93 - rusty_fork[d285a74bccbab77e]::fork::fork::<rusty_fork[d285a74bccbab77e]::sugar::RustyForkId, client[4e24ad8e0a0f6848]::bank_queries::modify, client[4e24ad8e0a0f6848]::bank_queries::parent, client[4e24ad8e0a0f6848]::bank_queries::child, ()>::{closure#1}
[INFO] [stdout]   12:     0x55f88e2115b2 - rusty_fork[d285a74bccbab77e]::fork::fork_impl
[INFO] [stdout]   13:     0x55f88e0ae4db - rusty_fork[d285a74bccbab77e]::fork::fork::<rusty_fork[d285a74bccbab77e]::sugar::RustyForkId, client[4e24ad8e0a0f6848]::bank_queries::modify, client[4e24ad8e0a0f6848]::bank_queries::parent, client[4e24ad8e0a0f6848]::bank_queries::child, ()>
[INFO] [stdout]   14:     0x55f88e0a78df - <client[4e24ad8e0a0f6848]::bank_queries::{closure#0} as core[df12db4294e9bfd3]::ops::function::FnOnce<()>>::call_once
[INFO] [stdout]   15:     0x55f88e0b7d1b - test[9d35eded1c95d3be]::__rust_begin_short_backtrace::<core[df12db4294e9bfd3]::result::Result<(), alloc[2182bb758b4b3781]::string::String>, fn() -> core[df12db4294e9bfd3]::result::Result<(), alloc[2182bb758b4b3781]::string::String>>
[INFO] [stdout]   16:     0x55f88e0c5385 - test[9d35eded1c95d3be]::run_test::{closure#0}
[INFO] [stdout]   17:     0x55f88e0bec44 - std[70759c8f55707aa4]::sys::backtrace::__rust_begin_short_backtrace::<test[9d35eded1c95d3be]::run_test::{closure#1}, ()>
[INFO] [stdout]   18:     0x55f88e0c84e2 - <std[70759c8f55707aa4]::thread::lifecycle::spawn_unchecked<test[9d35eded1c95d3be]::run_test::{closure#1}, ()>::{closure#1} as core[df12db4294e9bfd3]::ops::function::FnOnce<()>>::call_once::{shim:vtable#0}
[INFO] [stdout]   19:     0x55f88e250119 - <std[70759c8f55707aa4]::sys::thread::unix::Thread>::new::thread_start
[INFO] [stdout]   20:     0x7695da114dfa - <unknown>
[INFO] [stdout]   21:     0x7695da1a83d4 - clone
[INFO] [stdout]   22:                0x0 - <unknown>
[INFO] [stdout] 
[INFO] [stderr] error: test failed, to rerun pass `--test client`
[INFO] [stdout] running 1 test
[INFO] [stdout] 
[INFO] [stdout] thread 'bank_queries' (3221) panicked at tests/client.rs:43:10:
[INFO] [stdout] failed to query balance: Failed to make gRPC connection
[INFO] [stdout] 
[INFO] [stdout] Caused by:
[INFO] [stdout]    0: transport error
[INFO] [stdout]    1: error trying to connect: dns error: failed to lookup address information: Temporary failure in name resolution
[INFO] [stdout]    2: dns error: failed to lookup address information: Temporary failure in name resolution
[INFO] [stdout]    3: failed to lookup address information: Temporary failure in name resolution
[INFO] [stdout] 
[INFO] [stdout] Location:
[INFO] [stdout]     src/query/bank.rs:24:14
[INFO] [stdout] 
[INFO] [stdout] Stack backtrace:
[INFO] [stdout]    0: <<eyre::DefaultHandler>::default_with as core::ops::function::Fn<(&dyn core::error::Error,)>>::call
[INFO] [stdout]    1: eyre::capture_handler
[INFO] [stdout]    2: <tonic::transport::error::Error as eyre::context::ext::StdError>::ext_report::<&str>
[INFO] [stdout]    3: <cosmos_sdk_proto::cosmos::bank::v1beta1::query_client::QueryClient<tonic::transport::channel::Channel> as ocular::query::GrpcClient>::make_client::{closure#0}
[INFO] [stdout]    4: <ocular::query::QueryClient>::get_grpc_query_client::<cosmos_sdk_proto::cosmos::bank::v1beta1::query_client::QueryClient<tonic::transport::channel::Channel>>::{closure#0}
[INFO] [stdout]    5: <ocular::query::QueryClient>::balance::{closure#0}
[INFO] [stdout]    6: client::bank_queries::child::{closure#0}::inner_async::{closure#0}
[INFO] [stdout]    7: <tokio::runtime::park::CachedParkThread>::block_on::<client::bank_queries::child::{closure#0}::inner_async::{closure#0}>
[INFO] [stdout]    8: tokio::runtime::context::runtime::enter_runtime::<<tokio::runtime::scheduler::multi_thread::MultiThread>::block_on<client::bank_queries::child::{closure#0}::inner_async::{closure#0}>::{closure#0}, core::result::Result<(), alloc::boxed::Box<dyn core::error::Error>>>
[INFO] [stdout]    9: <tokio::runtime::runtime::Runtime>::block_on::<client::bank_queries::child::{closure#0}::inner_async::{closure#0}>
[INFO] [stdout]   10: client::bank_queries::child
[INFO] [stdout]   11: __rust_try
[INFO] [stdout]   12: rusty_fork::fork::fork_impl
[INFO] [stdout]   13: rusty_fork::fork::fork::<rusty_fork::sugar::RustyForkId, client::bank_queries::modify, client::bank_queries::parent, client::bank_queries::child, ()>
[INFO] [stdout]   14: <client::bank_queries::{closure#0} as core::ops::function::FnOnce<()>>::call_once
[INFO] [stdout]   15: test::__rust_begin_short_backtrace::<core::result::Result<(), alloc::string::String>, fn() -> core::result::Result<(), alloc::string::String>>
[INFO] [stdout]   16: test::run_test::{closure#0}
[INFO] [stdout]   17: std::sys::backtrace::__rust_begin_short_backtrace::<test::run_test::{closure#1}, ()>
[INFO] [stdout]   18: <std::thread::lifecycle::spawn_unchecked<test::run_test::{closure#1}, ()>::{closure#1} as core::ops::function::FnOnce<()>>::call_once::{shim:vtable#0}
[INFO] [stdout]   19: <std::sys::thread::unix::Thread>::new::thread_start
[INFO] [stdout]   20: <unknown>
[INFO] [stdout]   21: clone
[INFO] [stdout] 
[INFO] [stdout] stack backtrace:
[INFO] [stdout]    0:     0x5cff62041bf1 - <<std[70759c8f55707aa4]::sys::backtrace::BacktraceLock>::print::DisplayBacktrace as core[df12db4294e9bfd3]::fmt::Display>::fmt
[INFO] [stdout]    1:     0x5cff62058b6a - core[df12db4294e9bfd3]::fmt::write
[INFO] [stdout]    2:     0x5cff62047d3c - <std[70759c8f55707aa4]::sys::stdio::unix::Stderr as core[df12db4294e9bfd3]::io::write::Write>::write_fmt
[INFO] [stdout]    3:     0x5cff6201b556 - std[70759c8f55707aa4]::panicking::default_hook::{closure#0}
[INFO] [stdout]    4:     0x5cff62039331 - std[70759c8f55707aa4]::panicking::default_hook
[INFO] [stdout]    5:     0x5cff6203965b - std[70759c8f55707aa4]::panicking::panic_with_hook
[INFO] [stdout]    6:     0x5cff6201b602 - std[70759c8f55707aa4]::panicking::panic_handler::{closure#0}
[INFO] [stdout]    7:     0x5cff62013b69 - std[70759c8f55707aa4]::sys::backtrace::__rust_end_short_backtrace::<std[70759c8f55707aa4]::panicking::panic_handler::{closure#0}, !>
[INFO] [stdout]    8:     0x5cff6201c4fd - __rustc[8fa7c3cbc660c2b3]::rust_begin_unwind
[INFO] [stdout]    9:     0x5cff620592cc - core[df12db4294e9bfd3]::panicking::panic_fmt
[INFO] [stdout]   10:     0x5cff620590a2 - core[df12db4294e9bfd3]::result::unwrap_failed
[INFO] [stdout]   11:     0x5cff61e336b7 - client[4e24ad8e0a0f6848]::bank_queries::child::{closure#0}::inner_async::{closure#0}
[INFO] [stdout]   12:     0x5cff61e21bf0 - <tokio[45400ae7093c28d2]::runtime::park::CachedParkThread>::block_on::<client[4e24ad8e0a0f6848]::bank_queries::child::{closure#0}::inner_async::{closure#0}>
[INFO] [stdout]   13:     0x5cff61e8aaaa - tokio[45400ae7093c28d2]::runtime::context::runtime::enter_runtime::<<tokio[45400ae7093c28d2]::runtime::scheduler::multi_thread::MultiThread>::block_on<client[4e24ad8e0a0f6848]::bank_queries::child::{closure#0}::inner_async::{closure#0}>::{closure#0}, core[df12db4294e9bfd3]::result::Result<(), alloc[2182bb758b4b3781]::boxed::Box<dyn core[df12db4294e9bfd3]::error::Error>>>
[INFO] [stdout]   14:     0x5cff61e8c3ae - <tokio[45400ae7093c28d2]::runtime::runtime::Runtime>::block_on::<client[4e24ad8e0a0f6848]::bank_queries::child::{closure#0}::inner_async::{closure#0}>
[INFO] [stdout]   15:     0x5cff61e975d9 - client[4e24ad8e0a0f6848]::bank_queries::child
[INFO] [stdout]   16:     0x5cff6200321e - __rust_try
[INFO] [stdout]   17:     0x5cff62002bc8 - rusty_fork[d285a74bccbab77e]::fork::fork_impl
[INFO] [stdout]   18:     0x5cff61e9f4db - rusty_fork[d285a74bccbab77e]::fork::fork::<rusty_fork[d285a74bccbab77e]::sugar::RustyForkId, client[4e24ad8e0a0f6848]::bank_queries::modify, client[4e24ad8e0a0f6848]::bank_queries::parent, client[4e24ad8e0a0f6848]::bank_queries::child, ()>
[INFO] [stdout]   19:     0x5cff61e988df - <client[4e24ad8e0a0f6848]::bank_queries::{closure#0} as core[df12db4294e9bfd3]::ops::function::FnOnce<()>>::call_once
[INFO] [stdout]   20:     0x5cff61ea8d1b - test[9d35eded1c95d3be]::__rust_begin_short_backtrace::<core[df12db4294e9bfd3]::result::Result<(), alloc[2182bb758b4b3781]::string::String>, fn() -> core[df12db4294e9bfd3]::result::Result<(), alloc[2182bb758b4b3781]::string::String>>
[INFO] [stdout]   21:     0x5cff61eb6385 - test[9d35eded1c95d3be]::run_test::{closure#0}
[INFO] [stdout]   22:     0x5cff61eafc44 - std[70759c8f55707aa4]::sys::backtrace::__rust_begin_short_backtrace::<test[9d35eded1c95d3be]::run_test::{closure#1}, ()>
[INFO] [stdout]   23:     0x5cff61eb94e2 - <std[70759c8f55707aa4]::thread::lifecycle::spawn_unchecked<test[9d35eded1c95d3be]::run_test::{closure#1}, ()>::{closure#1} as core[df12db4294e9bfd3]::ops::function::FnOnce<()>>::call_once::{shim:vtable#0}
[INFO] [stdout]   24:     0x5cff62041119 - <std[70759c8f55707aa4]::sys::thread::unix::Thread>::new::thread_start
[INFO] [stdout]   25:     0x751cde352dfa - <unknown>
[INFO] [stdout]   26:     0x751cde3e63d4 - clone
[INFO] [stdout]   27:                0x0 - <unknown>
[INFO] [stdout] 
[INFO] [stdout] ---- auth_queries stdout ----
[INFO] [stdout] 
[INFO] [stdout] thread 'auth_queries' (3211) panicked at tests/client.rs:14:1:
[INFO] [stdout] Assay test failed
[INFO] [stdout] stack backtrace:
[INFO] [stdout]    0:     0x55f88e250bf1 - <<std[70759c8f55707aa4]::sys::backtrace::BacktraceLock>::print::DisplayBacktrace as core[df12db4294e9bfd3]::fmt::Display>::fmt
[INFO] [stdout]    1:     0x55f88e267b6a - core[df12db4294e9bfd3]::fmt::write
[INFO] [stdout]    2:     0x55f88e255e2c - <alloc[2182bb758b4b3781]::vec::Vec<u8> as core[df12db4294e9bfd3]::io::write::Write>::write_fmt
[INFO] [stdout]    3:     0x55f88e22a556 - std[70759c8f55707aa4]::panicking::default_hook::{closure#0}
[INFO] [stdout]    4:     0x55f88e248369 - std[70759c8f55707aa4]::panicking::default_hook
[INFO] [stdout]    5:     0x55f88e0c4a30 - test[9d35eded1c95d3be]::test_main_inner::<test[9d35eded1c95d3be]::test_main_static::{closure#0}>::{closure#0}
[INFO] [stdout]    6:     0x55f88e248692 - std[70759c8f55707aa4]::panicking::panic_with_hook
[INFO] [stdout]    7:     0x55f88e22a634 - std[70759c8f55707aa4]::panicking::panic_handler::{closure#0}
[INFO] [stdout]    8:     0x55f88e222b69 - std[70759c8f55707aa4]::sys::backtrace::__rust_end_short_backtrace::<std[70759c8f55707aa4]::panicking::panic_handler::{closure#0}, !>
[INFO] [stdout]    9:     0x55f88e22b4fd - __rustc[8fa7c3cbc660c2b3]::rust_begin_unwind
[INFO] [stdout]   10:     0x55f88e2682cc - core[df12db4294e9bfd3]::panicking::panic_fmt
[INFO] [stdout]   11:     0x55f88e0b0ab3 - rusty_fork[d285a74bccbab77e]::fork::fork::<rusty_fork[d285a74bccbab77e]::sugar::RustyForkId, client[4e24ad8e0a0f6848]::auth_queries::modify, client[4e24ad8e0a0f6848]::auth_queries::parent, client[4e24ad8e0a0f6848]::auth_queries::child, ()>::{closure#1}
[INFO] [stdout]   12:     0x55f88e2115b2 - rusty_fork[d285a74bccbab77e]::fork::fork_impl
[INFO] [stdout]   13:     0x55f88e0ae33b - rusty_fork[d285a74bccbab77e]::fork::fork::<rusty_fork[d285a74bccbab77e]::sugar::RustyForkId, client[4e24ad8e0a0f6848]::auth_queries::modify, client[4e24ad8e0a0f6848]::auth_queries::parent, client[4e24ad8e0a0f6848]::auth_queries::child, ()>
[INFO] [stdout]   14:     0x55f88e0a767f - <client[4e24ad8e0a0f6848]::auth_queries::{closure#0} as core[df12db4294e9bfd3]::ops::function::FnOnce<()>>::call_once
[INFO] [stdout]   15:     0x55f88e0b7d1b - test[9d35eded1c95d3be]::__rust_begin_short_backtrace::<core[df12db4294e9bfd3]::result::Result<(), alloc[2182bb758b4b3781]::string::String>, fn() -> core[df12db4294e9bfd3]::result::Result<(), alloc[2182bb758b4b3781]::string::String>>
[INFO] [stdout]   16:     0x55f88e0c5385 - test[9d35eded1c95d3be]::run_test::{closure#0}
[INFO] [stdout]   17:     0x55f88e0bec44 - std[70759c8f55707aa4]::sys::backtrace::__rust_begin_short_backtrace::<test[9d35eded1c95d3be]::run_test::{closure#1}, ()>
[INFO] [stdout]   18:     0x55f88e0c84e2 - <std[70759c8f55707aa4]::thread::lifecycle::spawn_unchecked<test[9d35eded1c95d3be]::run_test::{closure#1}, ()>::{closure#1} as core[df12db4294e9bfd3]::ops::function::FnOnce<()>>::call_once::{shim:vtable#0}
[INFO] [stdout]   19:     0x55f88e250119 - <std[70759c8f55707aa4]::sys::thread::unix::Thread>::new::thread_start
[INFO] [stdout]   20:     0x7695da114dfa - <unknown>
[INFO] [stdout]   21:     0x7695da1a83d4 - clone
[INFO] [stdout]   22:                0x0 - <unknown>
[INFO] [stdout] 
[INFO] [stdout] running 1 test
[INFO] [stdout] 
[INFO] [stdout] thread 'auth_queries' (3219) panicked at tests/client.rs:21:10:
[INFO] [stdout] failed to query account: Failed to make gRPC connection
[INFO] [stdout] 
[INFO] [stdout] Caused by:
[INFO] [stdout]    0: transport error
[INFO] [stdout]    1: error trying to connect: dns error: failed to lookup address information: Temporary failure in name resolution
[INFO] [stdout]    2: dns error: failed to lookup address information: Temporary failure in name resolution
[INFO] [stdout]    3: failed to lookup address information: Temporary failure in name resolution
[INFO] [stdout] 
[INFO] [stdout] Location:
[INFO] [stdout]     src/query/auth.rs:25:14
[INFO] [stdout] 
[INFO] [stdout] Stack backtrace:
[INFO] [stdout]    0: <<eyre::DefaultHandler>::default_with as core::ops::function::Fn<(&dyn core::error::Error,)>>::call
[INFO] [stdout]    1: eyre::capture_handler
[INFO] [stdout]    2: <tonic::transport::error::Error as eyre::context::ext::StdError>::ext_report::<&str>
[INFO] [stdout]    3: <cosmos_sdk_proto::cosmos::auth::v1beta1::query_client::QueryClient<tonic::transport::channel::Channel> as ocular::query::GrpcClient>::make_client::{closure#0}
[INFO] [stdout]    4: <ocular::query::QueryClient>::get_grpc_query_client::<cosmos_sdk_proto::cosmos::auth::v1beta1::query_client::QueryClient<tonic::transport::channel::Channel>>::{closure#0}
[INFO] [stdout]    5: <ocular::query::QueryClient>::account::{closure#0}
[INFO] [stdout]    6: <tokio::runtime::park::CachedParkThread>::block_on::<client::auth_queries::child::{closure#0}::inner_async::{closure#0}>
[INFO] [stdout]    7: tokio::runtime::context::runtime::enter_runtime::<<tokio::runtime::scheduler::multi_thread::MultiThread>::block_on<client::auth_queries::child::{closure#0}::inner_async::{closure#0}>::{closure#0}, core::result::Result<(), alloc::boxed::Box<dyn core::error::Error>>>
[INFO] [stdout]    8: <tokio::runtime::runtime::Runtime>::block_on::<client::auth_queries::child::{closure#0}::inner_async::{closure#0}>
[INFO] [stdout]    9: client::auth_queries::child
[INFO] [stdout]   10: __rust_try
[INFO] [stdout]   11: rusty_fork::fork::fork_impl
[INFO] [stdout]   12: rusty_fork::fork::fork::<rusty_fork::sugar::RustyForkId, client::auth_queries::modify, client::auth_queries::parent, client::auth_queries::child, ()>
[INFO] [stdout]   13: <client::auth_queries::{closure#0} as core::ops::function::FnOnce<()>>::call_once
[INFO] [stdout]   14: test::__rust_begin_short_backtrace::<core::result::Result<(), alloc::string::String>, fn() -> core::result::Result<(), alloc::string::String>>
[INFO] [stdout]   15: test::run_test::{closure#0}
[INFO] [stdout]   16: std::sys::backtrace::__rust_begin_short_backtrace::<test::run_test::{closure#1}, ()>
[INFO] [stdout]   17: <std::thread::lifecycle::spawn_unchecked<test::run_test::{closure#1}, ()>::{closure#1} as core::ops::function::FnOnce<()>>::call_once::{shim:vtable#0}
[INFO] [stdout]   18: <std::sys::thread::unix::Thread>::new::thread_start
[INFO] [stdout]   19: <unknown>
[INFO] [stdout]   20: clone
[INFO] [stdout] 
[INFO] [stdout] stack backtrace:
[INFO] [stdout]    0:     0x5a1363a73bf1 - <<std[70759c8f55707aa4]::sys::backtrace::BacktraceLock>::print::DisplayBacktrace as core[df12db4294e9bfd3]::fmt::Display>::fmt
[INFO] [stdout]    1:     0x5a1363a8ab6a - core[df12db4294e9bfd3]::fmt::write
[INFO] [stdout]    2:     0x5a1363a79d3c - <std[70759c8f55707aa4]::sys::stdio::unix::Stderr as core[df12db4294e9bfd3]::io::write::Write>::write_fmt
[INFO] [stdout]    3:     0x5a1363a4d556 - std[70759c8f55707aa4]::panicking::default_hook::{closure#0}
[INFO] [stdout]    4:     0x5a1363a6b331 - std[70759c8f55707aa4]::panicking::default_hook
[INFO] [stdout]    5:     0x5a1363a6b65b - std[70759c8f55707aa4]::panicking::panic_with_hook
[INFO] [stdout]    6:     0x5a1363a4d602 - std[70759c8f55707aa4]::panicking::panic_handler::{closure#0}
[INFO] [stdout]    7:     0x5a1363a45b69 - std[70759c8f55707aa4]::sys::backtrace::__rust_end_short_backtrace::<std[70759c8f55707aa4]::panicking::panic_handler::{closure#0}, !>
[INFO] [stdout]    8:     0x5a1363a4e4fd - __rustc[8fa7c3cbc660c2b3]::rust_begin_unwind
[INFO] [stdout]    9:     0x5a1363a8b2cc - core[df12db4294e9bfd3]::panicking::panic_fmt
[INFO] [stdout]   10:     0x5a1363a8b0a2 - core[df12db4294e9bfd3]::result::unwrap_failed
[INFO] [stdout]   11:     0x5a13638532ac - <tokio[45400ae7093c28d2]::runtime::park::CachedParkThread>::block_on::<client[4e24ad8e0a0f6848]::auth_queries::child::{closure#0}::inner_async::{closure#0}>
[INFO] [stdout]   12:     0x5a13638bc88d - tokio[45400ae7093c28d2]::runtime::context::runtime::enter_runtime::<<tokio[45400ae7093c28d2]::runtime::scheduler::multi_thread::MultiThread>::block_on<client[4e24ad8e0a0f6848]::auth_queries::child::{closure#0}::inner_async::{closure#0}>::{closure#0}, core[df12db4294e9bfd3]::result::Result<(), alloc[2182bb758b4b3781]::boxed::Box<dyn core[df12db4294e9bfd3]::error::Error>>>
[INFO] [stdout]   13:     0x5a13638be23e - <tokio[45400ae7093c28d2]::runtime::runtime::Runtime>::block_on::<client[4e24ad8e0a0f6848]::auth_queries::child::{closure#0}::inner_async::{closure#0}>
[INFO] [stdout]   14:     0x5a13638c936a - client[4e24ad8e0a0f6848]::auth_queries::child
[INFO] [stdout]   15:     0x5a1363a3521e - __rust_try
[INFO] [stdout]   16:     0x5a1363a34bc8 - rusty_fork[d285a74bccbab77e]::fork::fork_impl
[INFO] [stdout]   17:     0x5a13638d133b - rusty_fork[d285a74bccbab77e]::fork::fork::<rusty_fork[d285a74bccbab77e]::sugar::RustyForkId, client[4e24ad8e0a0f6848]::auth_queries::modify, client[4e24ad8e0a0f6848]::auth_queries::parent, client[4e24ad8e0a0f6848]::auth_queries::child, ()>
[INFO] [stdout]   18:     0x5a13638ca67f - <client[4e24ad8e0a0f6848]::auth_queries::{closure#0} as core[df12db4294e9bfd3]::ops::function::FnOnce<()>>::call_once
[INFO] [stdout]   19:     0x5a13638dad1b - test[9d35eded1c95d3be]::__rust_begin_short_backtrace::<core[df12db4294e9bfd3]::result::Result<(), alloc[2182bb758b4b3781]::string::String>, fn() -> core[df12db4294e9bfd3]::result::Result<(), alloc[2182bb758b4b3781]::string::String>>
[INFO] [stdout]   20:     0x5a13638e8385 - test[9d35eded1c95d3be]::run_test::{closure#0}
[INFO] [stdout]   21:     0x5a13638e1c44 - std[70759c8f55707aa4]::sys::backtrace::__rust_begin_short_backtrace::<test[9d35eded1c95d3be]::run_test::{closure#1}, ()>
[INFO] [stdout]   22:     0x5a13638eb4e2 - <std[70759c8f55707aa4]::thread::lifecycle::spawn_unchecked<test[9d35eded1c95d3be]::run_test::{closure#1}, ()>::{closure#1} as core[df12db4294e9bfd3]::ops::function::FnOnce<()>>::call_once::{shim:vtable#0}
[INFO] [stdout]   23:     0x5a1363a73119 - <std[70759c8f55707aa4]::sys::thread::unix::Thread>::new::thread_start
[INFO] [stdout]   24:     0x7c24ba383dfa - <unknown>
[INFO] [stdout]   25:     0x7c24ba4173d4 - clone
[INFO] [stdout]   26:                0x0 - <unknown>
[INFO] [stdout] 
[INFO] [stdout] 
[INFO] [stdout] failures:
[INFO] [stdout]     auth_queries
[INFO] [stdout]     bank_queries
[INFO] [stdout]     grpc_pool
[INFO] [stdout] 
[INFO] [stdout] test result: FAILED. 1 passed; 3 failed; 0 ignored; 0 measured; 0 filtered out; finished in 0.01s
[INFO] [stdout] 
[INFO] running `Command { std: "docker" "inspect" "0c4bac22f32e2605c6b8d083512fdeac34b08c086c4555d2b24cd526406f1e0f", kill_on_drop: false }`
[INFO] running `Command { std: "docker" "rm" "-f" "0c4bac22f32e2605c6b8d083512fdeac34b08c086c4555d2b24cd526406f1e0f", kill_on_drop: false }`
[INFO] [stdout] 0c4bac22f32e2605c6b8d083512fdeac34b08c086c4555d2b24cd526406f1e0f
