[INFO] fetching crate octri-monitoring 1.2.0...
[INFO] testing octri-monitoring-1.2.0 against 1.99.0-beta.8+cargoflags=--release for beta-release-1.100-2
[INFO] extracting crate octri-monitoring 1.2.0 into /workspace/builds/worker-1-tc1/source
[INFO] started tweaking crates.io crate octri-monitoring 1.2.0
[INFO] finished tweaking crates.io crate octri-monitoring 1.2.0
[INFO] tweaked toml for crates.io crate octri-monitoring 1.2.0 written to /workspace/builds/worker-1-tc1/source/Cargo.toml
[INFO] validating manifest of crates.io crate octri-monitoring 1.2.0 on toolchain 1.99.0-beta.8
[INFO] running `Command { std: CARGO_HOME="/workspace/cargo-home" RUSTUP_HOME="/workspace/rustup-home" "/workspace/cargo-home/bin/cargo" "+1.99.0-beta.8" "metadata" "--manifest-path" "Cargo.toml" "--no-deps", kill_on_drop: false }`
[INFO] crate crates.io crate octri-monitoring 1.2.0 already has a lockfile, it will not be regenerated
[INFO] running `Command { std: CARGO_HOME="/workspace/cargo-home" RUSTUP_HOME="/workspace/rustup-home" "/workspace/cargo-home/bin/cargo" "+1.99.0-beta.8" "fetch" "--manifest-path" "Cargo.toml", kill_on_drop: false }`
[INFO] running `Command { std: "docker" "create" "-v" "/var/lib/crater-agent-workspace/builds/worker-1-tc1/source:/opt/rustwide/workdir:ro,Z" "-v" "/var/lib/crater-agent-workspace/builds/worker-1-tc1/target:/opt/rustwide/target:rw,Z" "-v" "/var/lib/crater-agent-workspace/cargo-home:/opt/rustwide/cargo-home:ro,Z" "-v" "/var/lib/crater-agent-workspace/rustup-home:/opt/rustwide/rustup-home:ro,Z" "-m" "1610612736" "--network" "none" "ghcr.io/rust-lang/crates-build-env/linux@sha256:77db811e55d90add9212f6832c23229e3de5f1c1f9905e8cb07319ea15df73ac" "sleep" "infinity", kill_on_drop: false }`
[INFO] [stdout] 424bfe534d5548028f18407e995b7a4d4f40f71ca29fb60411af79e3fc2dd8cb
[INFO] running `Command { std: "docker" "start" "424bfe534d5548028f18407e995b7a4d4f40f71ca29fb60411af79e3fc2dd8cb", kill_on_drop: false }`
[INFO] running `Command { std: "docker" "inspect" "424bfe534d5548028f18407e995b7a4d4f40f71ca29fb60411af79e3fc2dd8cb", kill_on_drop: false }`
[INFO] running `Command { std: "docker" "exec" "-e" "SOURCE_DIR=/opt/rustwide/workdir" "-e" "CARGO_HOME=/opt/rustwide/cargo-home" "-e" "RUSTUP_HOME=/opt/rustwide/rustup-home" "-e" "CARGO_TARGET_DIR=/opt/rustwide/target" "-w" "/opt/rustwide/workdir" "--user" "0:0" "424bfe534d5548028f18407e995b7a4d4f40f71ca29fb60411af79e3fc2dd8cb" "/opt/rustwide/cargo-home/bin/cargo" "+1.99.0-beta.8" "metadata" "--no-deps" "--format-version=1", kill_on_drop: false }`
[INFO] running `Command { std: "docker" "inspect" "424bfe534d5548028f18407e995b7a4d4f40f71ca29fb60411af79e3fc2dd8cb", kill_on_drop: false }`
[INFO] running `Command { std: "docker" "exec" "-e" "SOURCE_DIR=/opt/rustwide/workdir" "-e" "CARGO_HOME=/opt/rustwide/cargo-home" "-e" "RUSTUP_HOME=/opt/rustwide/rustup-home" "-e" "CARGO_TARGET_DIR=/opt/rustwide/target" "-e" "CARGO_INCREMENTAL=0" "-e" "RUST_BACKTRACE=full" "-e" "RUSTFLAGS=--cap-lints=warn" "-e" "RUSTDOCFLAGS=--cap-lints=warn" "-w" "/opt/rustwide/workdir" "--user" "0:0" "424bfe534d5548028f18407e995b7a4d4f40f71ca29fb60411af79e3fc2dd8cb" "/opt/rustwide/cargo-home/bin/cargo" "+1.99.0-beta.8" "build" "--frozen" "--message-format=json" "--release", kill_on_drop: false }`
[INFO] [stderr]    Compiling zerocopy v0.8.57
[INFO] [stderr]    Compiling getrandom v0.2.17
[INFO] [stderr]    Compiling chrono v0.4.45
[INFO] [stderr]    Compiling ring v0.17.14
[INFO] [stderr]    Compiling rand_core v0.6.4
[INFO] [stderr]    Compiling rustls-webpki v0.103.15
[INFO] [stderr]    Compiling rustls v0.23.45
[INFO] [stderr]    Compiling ppv-lite86 v0.2.21
[INFO] [stderr]    Compiling rand_chacha v0.3.1
[INFO] [stderr]    Compiling rand v0.8.8
[INFO] [stderr]    Compiling ureq v2.12.1
[INFO] [stderr]    Compiling octri-monitoring v1.2.0 (/opt/rustwide/workdir)
[INFO] [stderr]     Finished `release` profile [optimized] target(s) in 37.60s
[INFO] running `Command { std: "docker" "inspect" "424bfe534d5548028f18407e995b7a4d4f40f71ca29fb60411af79e3fc2dd8cb", kill_on_drop: false }`
[INFO] running `Command { std: "docker" "exec" "-e" "SOURCE_DIR=/opt/rustwide/workdir" "-e" "CARGO_HOME=/opt/rustwide/cargo-home" "-e" "RUSTUP_HOME=/opt/rustwide/rustup-home" "-e" "CARGO_TARGET_DIR=/opt/rustwide/target" "-e" "CARGO_INCREMENTAL=0" "-e" "RUST_BACKTRACE=full" "-e" "RUSTFLAGS=--cap-lints=warn" "-e" "RUSTDOCFLAGS=--cap-lints=warn" "-w" "/opt/rustwide/workdir" "--user" "0:0" "424bfe534d5548028f18407e995b7a4d4f40f71ca29fb60411af79e3fc2dd8cb" "/opt/rustwide/cargo-home/bin/cargo" "+1.99.0-beta.8" "test" "--frozen" "--no-run" "--message-format=json" "--release", kill_on_drop: false }`
[INFO] [stderr]    Compiling octri-monitoring v1.2.0 (/opt/rustwide/workdir)
[INFO] [stderr]     Finished `release` profile [optimized] target(s) in 2.17s
[INFO] running `Command { std: "docker" "inspect" "424bfe534d5548028f18407e995b7a4d4f40f71ca29fb60411af79e3fc2dd8cb", kill_on_drop: false }`
[INFO] running `Command { std: "docker" "exec" "-e" "SOURCE_DIR=/opt/rustwide/workdir" "-e" "CARGO_HOME=/opt/rustwide/cargo-home" "-e" "RUSTUP_HOME=/opt/rustwide/rustup-home" "-e" "CARGO_TARGET_DIR=/opt/rustwide/target" "-e" "CARGO_INCREMENTAL=0" "-e" "RUST_BACKTRACE=full" "-e" "RUSTFLAGS=--cap-lints=warn" "-e" "RUSTDOCFLAGS=--cap-lints=warn" "-w" "/opt/rustwide/workdir" "--user" "0:0" "424bfe534d5548028f18407e995b7a4d4f40f71ca29fb60411af79e3fc2dd8cb" "/opt/rustwide/cargo-home/bin/cargo" "+1.99.0-beta.8" "test" "--frozen" "--release", kill_on_drop: false }`
[INFO] [stderr]     Finished `release` profile [optimized] target(s) in 0.13s
[INFO] [stderr]      Running unittests src/lib.rs (/opt/rustwide/target/release/deps/octri_monitoring-f58a322d8613f4be)
[INFO] [stdout] 
[INFO] [stdout] running 11 tests
[INFO] [stdout] test tests::before_send_can_edit_or_drop_a_payload ... ok
[INFO] [stdout] test tests::redacts_credential_shaped_keys_however_they_are_spelled ... ok
[INFO] [stdout] test tests::redacts_nested_and_array_values ... ok
[INFO] [stdout] test tests::keeps_user_id_but_not_user_credentials_or_identifiers ... ok
[INFO] [stdout] test tests::rejects_zero_traceparent_identifiers ... ok
[INFO] [stdout] test tests::strips_card_numbers_but_keeps_order_numbers ... ok
[INFO] [stdout] test tests::replaces_oversized_event_ids ... ok
[INFO] [stdout] test tests::parses_traceparent ... ok
[INFO] [stdout] test tests::add_scrub_fields_is_additive ... ok
[INFO] [stdout] test tests::replaces_unsafe_event_ids_and_keeps_concrete_error_type ... FAILED
[INFO] [stdout] test tests::strips_secrets_that_leaked_into_free_text ... ok
[INFO] [stderr] error: test failed, to rerun pass `--lib`
[INFO] [stdout] 
[INFO] [stdout] failures:
[INFO] [stdout] 
[INFO] [stdout] ---- tests::replaces_unsafe_event_ids_and_keeps_concrete_error_type stdout ----
[INFO] [stdout] 
[INFO] [stdout] thread 'tests::replaces_unsafe_event_ids_and_keeps_concrete_error_type' (432) panicked at src/lib.rs:846:9:
[INFO] [stdout] assertion failed: error_type_name(&error).contains("std::io::error::Error")
[INFO] [stdout] stack backtrace:
[INFO] [stdout]    0:     0x5b7fe4476601 - <<std[70759c8f55707aa4]::sys::backtrace::BacktraceLock>::print::DisplayBacktrace as core[df12db4294e9bfd3]::fmt::Display>::fmt
[INFO] [stdout]    1:     0x5b7fe448aada - core[df12db4294e9bfd3]::fmt::write
[INFO] [stdout]    2:     0x5b7fe447aa9c - <alloc[2182bb758b4b3781]::vec::Vec<u8> as core[df12db4294e9bfd3]::io::write::Write>::write_fmt
[INFO] [stdout]    3:     0x5b7fe4452bf6 - std[70759c8f55707aa4]::panicking::default_hook::{closure#0}
[INFO] [stdout]    4:     0x5b7fe446ed69 - std[70759c8f55707aa4]::panicking::default_hook
[INFO] [stdout]    5:     0x5b7fe4407490 - test[9d35eded1c95d3be]::test_main_inner::<test[9d35eded1c95d3be]::test_main_static::{closure#0}>::{closure#0}
[INFO] [stdout]    6:     0x5b7fe446ef22 - std[70759c8f55707aa4]::panicking::panic_with_hook
[INFO] [stdout]    7:     0x5b7fe4452cd4 - std[70759c8f55707aa4]::panicking::panic_handler::{closure#0}
[INFO] [stdout]    8:     0x5b7fe444ba29 - std[70759c8f55707aa4]::sys::backtrace::__rust_end_short_backtrace::<std[70759c8f55707aa4]::panicking::panic_handler::{closure#0}, !>
[INFO] [stdout]    9:     0x5b7fe445389d - __rustc[8fa7c3cbc660c2b3]::rust_begin_unwind
[INFO] [stdout]   10:     0x5b7fe448b20c - core[df12db4294e9bfd3]::panicking::panic_fmt
[INFO] [stdout]   11:     0x5b7fe448b1d2 - core[df12db4294e9bfd3]::panicking::panic
[INFO] [stdout]   12:     0x5b7fe43f2b91 - octri_monitoring[e7b4f1a7bc7127de]::tests::replaces_unsafe_event_ids_and_keeps_concrete_error_type
[INFO] [stdout]   13:     0x5b7fe43ee8d9 - <octri_monitoring[e7b4f1a7bc7127de]::tests::replaces_unsafe_event_ids_and_keeps_concrete_error_type::{closure#0} as core[df12db4294e9bfd3]::ops::function::FnOnce<()>>::call_once
[INFO] [stdout]   14:     0x5b7fe43fa77b - test[9d35eded1c95d3be]::__rust_begin_short_backtrace::<core[df12db4294e9bfd3]::result::Result<(), alloc[2182bb758b4b3781]::string::String>, fn() -> core[df12db4294e9bfd3]::result::Result<(), alloc[2182bb758b4b3781]::string::String>>
[INFO] [stdout]   15:     0x5b7fe4407de5 - test[9d35eded1c95d3be]::run_test::{closure#0}
[INFO] [stdout]   16:     0x5b7fe44016a4 - std[70759c8f55707aa4]::sys::backtrace::__rust_begin_short_backtrace::<test[9d35eded1c95d3be]::run_test::{closure#1}, ()>
[INFO] [stdout]   17:     0x5b7fe440af42 - <std[70759c8f55707aa4]::thread::lifecycle::spawn_unchecked<test[9d35eded1c95d3be]::run_test::{closure#1}, ()>::{closure#1} as core[df12db4294e9bfd3]::ops::function::FnOnce<()>>::call_once::{shim:vtable#0}
[INFO] [stdout]   18:     0x5b7fe4475ed9 - <std[70759c8f55707aa4]::sys::thread::unix::Thread>::new::thread_start
[INFO] [stdout]   19:     0x728e2193edfa - <unknown>
[INFO] [stdout]   20:     0x728e219d23d4 - clone
[INFO] [stdout]   21:                0x0 - <unknown>
[INFO] [stdout] 
[INFO] [stdout] 
[INFO] [stdout] failures:
[INFO] [stdout]     tests::replaces_unsafe_event_ids_and_keeps_concrete_error_type
[INFO] [stdout] 
[INFO] [stdout] test result: FAILED. 10 passed; 1 failed; 0 ignored; 0 measured; 0 filtered out; finished in 0.19s
[INFO] [stdout] 
[INFO] running `Command { std: "docker" "inspect" "424bfe534d5548028f18407e995b7a4d4f40f71ca29fb60411af79e3fc2dd8cb", kill_on_drop: false }`
[INFO] running `Command { std: "docker" "rm" "-f" "424bfe534d5548028f18407e995b7a4d4f40f71ca29fb60411af79e3fc2dd8cb", kill_on_drop: false }`
[INFO] [stdout] 424bfe534d5548028f18407e995b7a4d4f40f71ca29fb60411af79e3fc2dd8cb
