[INFO] fetching crate octotype 0.8.0...
[INFO] testing octotype-0.8.0 against 1.99.0-beta.8+cargoflags=--release for beta-release-1.100-2
[INFO] extracting crate octotype 0.8.0 into /workspace/builds/worker-1-tc1/source
[INFO] removed /workspace/builds/worker-1-tc1/source/.cargo/config.toml
[INFO] removed /workspace/builds/worker-1-tc1/source/rust-toolchain.toml
[INFO] started tweaking crates.io crate octotype 0.8.0
[INFO] finished tweaking crates.io crate octotype 0.8.0
[INFO] tweaked toml for crates.io crate octotype 0.8.0 written to /workspace/builds/worker-1-tc1/source/Cargo.toml
[INFO] validating manifest of crates.io crate octotype 0.8.0 on toolchain 1.99.0-beta.8
[INFO] running `Command { std: CARGO_HOME="/workspace/cargo-home" RUSTUP_HOME="/workspace/rustup-home" "/workspace/cargo-home/bin/cargo" "+1.99.0-beta.8" "metadata" "--manifest-path" "Cargo.toml" "--no-deps", kill_on_drop: false }`
[INFO] crate crates.io crate octotype 0.8.0 already has a lockfile, it will not be regenerated
[INFO] running `Command { std: CARGO_HOME="/workspace/cargo-home" RUSTUP_HOME="/workspace/rustup-home" "/workspace/cargo-home/bin/cargo" "+1.99.0-beta.8" "fetch" "--manifest-path" "Cargo.toml", kill_on_drop: false }`
[INFO] [stderr]     Updating crates.io index
[INFO] [stderr]  Downloading crates ...
[INFO] [stderr]   Downloaded env_home v0.1.0
[INFO] [stderr]   Downloaded which v8.0.0
[INFO] [stderr]   Downloaded proc-macro2 v1.0.102
[INFO] [stderr]   Downloaded terminal-colorsaurus v1.0.0
[INFO] [stderr]   Downloaded xterm-color v1.0.1
[INFO] [stderr]   Downloaded simple-mermaid v0.2.0
[INFO] [stderr]   Downloaded terminal-trx v0.2.5
[INFO] [stderr]   Downloaded gladius v0.4.2
[INFO] [stderr]   Downloaded pear_codegen v0.2.9
[INFO] [stderr]   Downloaded pear v0.2.9
[INFO] [stderr]   Downloaded inlinable_string v0.1.15
[INFO] [stderr]   Downloaded bytemuck v1.24.0
[INFO] [stderr]   Downloaded document-features v0.2.11
[INFO] [stderr]   Downloaded figment v0.10.19
[INFO] [stderr]   Downloaded litrs v0.4.2
[INFO] [stderr]   Downloaded criterion v0.7.0
[INFO] [stderr]   Downloaded criterion-plot v0.6.0
[INFO] [stderr]   Downloaded clap_derive v4.5.49
[INFO] [stderr]   Downloaded ansi_colours v1.2.3
[INFO] [stderr]   Downloaded rgb v0.8.52
[INFO] running `Command { std: "docker" "create" "-v" "/var/lib/crater-agent-workspace/builds/worker-1-tc1/source:/opt/rustwide/workdir:ro,Z" "-v" "/var/lib/crater-agent-workspace/builds/worker-1-tc1/target:/opt/rustwide/target:rw,Z" "-v" "/var/lib/crater-agent-workspace/cargo-home:/opt/rustwide/cargo-home:ro,Z" "-v" "/var/lib/crater-agent-workspace/rustup-home:/opt/rustwide/rustup-home:ro,Z" "-m" "1610612736" "--network" "none" "ghcr.io/rust-lang/crates-build-env/linux@sha256:77db811e55d90add9212f6832c23229e3de5f1c1f9905e8cb07319ea15df73ac" "sleep" "infinity", kill_on_drop: false }`
[INFO] [stdout] 0ca7971c9cb35f2502a7cb35773ee472bedac157101cee68301763dad928f4fb
[INFO] running `Command { std: "docker" "start" "0ca7971c9cb35f2502a7cb35773ee472bedac157101cee68301763dad928f4fb", kill_on_drop: false }`
[INFO] running `Command { std: "docker" "inspect" "0ca7971c9cb35f2502a7cb35773ee472bedac157101cee68301763dad928f4fb", kill_on_drop: false }`
[INFO] running `Command { std: "docker" "exec" "-e" "SOURCE_DIR=/opt/rustwide/workdir" "-e" "CARGO_HOME=/opt/rustwide/cargo-home" "-e" "RUSTUP_HOME=/opt/rustwide/rustup-home" "-e" "CARGO_TARGET_DIR=/opt/rustwide/target" "-w" "/opt/rustwide/workdir" "--user" "0:0" "0ca7971c9cb35f2502a7cb35773ee472bedac157101cee68301763dad928f4fb" "/opt/rustwide/cargo-home/bin/cargo" "+1.99.0-beta.8" "metadata" "--no-deps" "--format-version=1", kill_on_drop: false }`
[INFO] running `Command { std: "docker" "inspect" "0ca7971c9cb35f2502a7cb35773ee472bedac157101cee68301763dad928f4fb", kill_on_drop: false }`
[INFO] running `Command { std: "docker" "exec" "-e" "SOURCE_DIR=/opt/rustwide/workdir" "-e" "CARGO_HOME=/opt/rustwide/cargo-home" "-e" "RUSTUP_HOME=/opt/rustwide/rustup-home" "-e" "CARGO_TARGET_DIR=/opt/rustwide/target" "-e" "CARGO_INCREMENTAL=0" "-e" "RUST_BACKTRACE=full" "-e" "RUSTFLAGS=--cap-lints=warn" "-e" "RUSTDOCFLAGS=--cap-lints=warn" "-w" "/opt/rustwide/workdir" "--user" "0:0" "0ca7971c9cb35f2502a7cb35773ee472bedac157101cee68301763dad928f4fb" "/opt/rustwide/cargo-home/bin/cargo" "+1.99.0-beta.8" "build" "--frozen" "--message-format=json" "--release", kill_on_drop: false }`
[INFO] [stderr]    Compiling proc-macro2 v1.0.102
[INFO] [stderr]    Compiling unicode-ident v1.0.20
[INFO] [stderr]    Compiling quote v1.0.41
[INFO] [stderr]    Compiling serde_core v1.0.228
[INFO] [stderr]    Compiling libc v0.2.177
[INFO] [stderr]    Compiling cfg-if v1.0.4
[INFO] [stderr]    Compiling serde v1.0.228
[INFO] [stderr]    Compiling version_check v0.9.5
[INFO] [stderr]    Compiling zerocopy v0.8.27
[INFO] [stderr]    Compiling heck v0.5.0
[INFO] [stderr]    Compiling rustversion v1.0.22
[INFO] [stderr]    Compiling equivalent v1.0.2
[INFO] [stderr]    Compiling crossbeam-utils v0.8.21
[INFO] [stderr]    Compiling signal-hook v0.3.18
[INFO] [stderr]    Compiling parking_lot_core v0.9.12
[INFO] [stderr]    Compiling either v1.15.0
[INFO] [stderr]    Compiling log v0.4.28
[INFO] [stderr]    Compiling fnv v1.0.7
[INFO] [stderr]    Compiling autocfg v1.5.0
[INFO] [stderr]    Compiling smallvec v1.15.1
[INFO] [stderr]    Compiling ryu v1.0.20
[INFO] [stderr]    Compiling ident_case v1.0.1
[INFO] [stderr]    Compiling itoa v1.0.15
[INFO] [stderr]    Compiling winnow v0.7.13
[INFO] [stderr]    Compiling utf8parse v0.2.2
[INFO] [stderr]    Compiling scopeguard v1.2.0
[INFO] [stderr]    Compiling strsim v0.11.1
[INFO] [stderr]    Compiling getrandom v0.3.4
[INFO] [stderr]    Compiling anstyle-parse v0.2.7
[INFO] [stderr]    Compiling lock_api v0.4.14
[INFO] [stderr]    Compiling itertools v0.13.0
[INFO] [stderr]    Compiling hashbrown v0.16.0
[INFO] [stderr]    Compiling is_terminal_polyfill v1.70.2
[INFO] [stderr]    Compiling proc-macro2-diagnostics v0.10.1
[INFO] [stderr]    Compiling rayon-core v1.13.0
[INFO] [stderr]    Compiling colorchoice v1.0.4
[INFO] [stderr]    Compiling anstyle v1.0.13
[INFO] [stderr]    Compiling rustix v0.38.44
[INFO] [stderr]    Compiling num-traits v0.2.19
[INFO] [stderr]    Compiling memchr v2.7.6
[INFO] [stderr]    Compiling anstyle-query v1.1.4
[INFO] [stderr]    Compiling serde_json v1.0.145
[INFO] [stderr]    Compiling unicode-segmentation v1.12.0
[INFO] [stderr]    Compiling rustix v1.1.2
[INFO] [stderr]    Compiling yansi v1.0.1
[INFO] [stderr]    Compiling anstream v0.6.21
[INFO] [stderr]    Compiling crossbeam-epoch v0.9.18
[INFO] [stderr]    Compiling uncased v0.9.10
[INFO] [stderr]    Compiling paste v1.0.15
[INFO] [stderr]    Compiling linux-raw-sys v0.4.15
[INFO] [stderr]    Compiling instability v0.3.9
[INFO] [stderr]    Compiling plotters-backend v0.3.7
[INFO] [stderr]    Compiling convert_case v0.7.1
[INFO] [stderr]    Compiling crossbeam-deque v0.8.6
[INFO] [stderr]    Compiling syn v2.0.108
[INFO] [stderr]    Compiling foldhash v0.1.5
[INFO] [stderr]    Compiling indexmap v2.12.0
[INFO] [stderr]    Compiling unicode-xid v0.2.6
[INFO] [stderr]    Compiling allocator-api2 v0.2.21
[INFO] [stderr]    Compiling clap_lex v0.7.6
[INFO] [stderr]    Compiling regex-syntax v0.8.8
[INFO] [stderr]    Compiling linux-raw-sys v0.11.0
[INFO] [stderr]    Compiling toml_write v0.1.2
[INFO] [stderr]    Compiling ciborium-io v0.2.2
[INFO] [stderr]    Compiling plotters-svg v0.3.7
[INFO] [stderr]    Compiling clap_builder v4.5.50
[INFO] [stderr]    Compiling signal-hook-registry v1.4.6
[INFO] [stderr]    Compiling mio v1.0.4
[INFO] [stderr]    Compiling hashbrown v0.15.5
[INFO] [stderr]    Compiling parking_lot v0.12.5
[INFO] [stderr]    Compiling rand_core v0.9.3
[INFO] [stderr]    Compiling castaway v0.2.4
[INFO] [stderr]    Compiling figment v0.10.19
[INFO] [stderr]    Compiling signal-hook-mio v0.2.4
[INFO] [stderr]    Compiling option-ext v0.2.0
[INFO] [stderr]    Compiling indoc v2.0.7
[INFO] [stderr]    Compiling bytemuck v1.24.0
[INFO] [stderr]    Compiling same-file v1.0.6
[INFO] [stderr]    Compiling thiserror v2.0.17
[INFO] [stderr]    Compiling inlinable_string v0.1.15
[INFO] [stderr]    Compiling unicode-width v0.1.14
[INFO] [stderr]    Compiling static_assertions v1.1.0
[INFO] [stderr]    Compiling cast v0.3.0
[INFO] [stderr]    Compiling litrs v0.4.2
[INFO] [stderr]    Compiling rgb v0.8.52
[INFO] [stderr]    Compiling walkdir v2.5.0
[INFO] [stderr]    Compiling dirs-sys v0.5.0
[INFO] [stderr]    Compiling lru v0.12.5
[INFO] [stderr]    Compiling toml_parser v1.0.4
[INFO] [stderr]    Compiling criterion-plot v0.6.0
[INFO] [stderr]    Compiling rayon v1.11.0
[INFO] [stderr]    Compiling terminal-trx v0.2.5
[INFO] [stderr]    Compiling unicode-truncate v1.1.0
[INFO] [stderr]    Compiling xterm-color v1.0.1
[INFO] [stderr]    Compiling regex-automata v0.4.13
[INFO] [stderr]    Compiling plotters v0.3.7
[INFO] [stderr]    Compiling oorandom v11.1.5
[INFO] [stderr]    Compiling toml_writer v1.0.4
[INFO] [stderr]    Compiling env_home v0.1.0
[INFO] [stderr]    Compiling cassowary v0.3.0
[INFO] [stderr]    Compiling unicode-width v0.2.0
[INFO] [stderr]    Compiling document-features v0.2.11
[INFO] [stderr]    Compiling web-time v1.1.0
[INFO] [stderr]    Compiling anes v0.1.6
[INFO] [stderr]    Compiling simple-mermaid v0.2.0
[INFO] [stderr]    Compiling terminal-colorsaurus v1.0.0
[INFO] [stderr]    Compiling ansi_colours v1.2.3
[INFO] [stderr]    Compiling gladius v0.4.2
[INFO] [stderr]    Compiling directories v6.0.0
[INFO] [stderr]    Compiling bitflags v2.10.0
[INFO] [stderr]    Compiling serde_spanned v1.0.3
[INFO] [stderr]    Compiling toml_datetime v0.7.3
[INFO] [stderr]    Compiling toml v0.9.8
[INFO] [stderr]    Compiling crossterm v0.28.1
[INFO] [stderr]    Compiling regex v1.12.2
[INFO] [stderr]    Compiling darling_core v0.20.11
[INFO] [stderr]    Compiling serde_derive v1.0.228
[INFO] [stderr]    Compiling zerocopy-derive v0.8.27
[INFO] [stderr]    Compiling clap_derive v4.5.49
[INFO] [stderr]    Compiling strum_macros v0.26.4
[INFO] [stderr]    Compiling pear_codegen v0.2.9
[INFO] [stderr]    Compiling derive_more-impl v2.0.1
[INFO] [stderr]    Compiling thiserror-impl v2.0.17
[INFO] [stderr]    Compiling strum_macros v0.27.2
[INFO] [stderr]    Compiling which v8.0.0
[INFO] [stderr]    Compiling pear v0.2.9
[INFO] [stderr]    Compiling strum v0.26.3
[INFO] [stderr]    Compiling clap v4.5.50
[INFO] [stderr]    Compiling darling_macro v0.20.11
[INFO] [stderr]    Compiling darling v0.20.11
[INFO] [stderr]    Compiling strum v0.27.2
[INFO] [stderr]    Compiling derive_more v2.0.1
[INFO] [stderr]    Compiling crossterm v0.29.0
[INFO] [stderr]    Compiling serde_spanned v0.6.9
[INFO] [stderr]    Compiling toml_datetime v0.6.11
[INFO] [stderr]    Compiling tinytemplate v1.2.1
[INFO] [stderr]    Compiling compact_str v0.8.1
[INFO] [stderr]    Compiling half v2.7.1
[INFO] [stderr]    Compiling ppv-lite86 v0.2.21
[INFO] [stderr]    Compiling toml_edit v0.22.27
[INFO] [stderr]    Compiling ciborium-ll v0.2.2
[INFO] [stderr]    Compiling rand_chacha v0.9.0
[INFO] [stderr]    Compiling ciborium v0.2.2
[INFO] [stderr]    Compiling ratatui v0.29.0
[INFO] [stderr]    Compiling rand v0.9.2
[INFO] [stderr]    Compiling criterion v0.7.0
[INFO] [stderr]    Compiling toml v0.8.23
[INFO] [stderr]    Compiling octotype v0.8.0 (/opt/rustwide/workdir)
[INFO] [stderr]     Finished `release` profile [optimized] target(s) in 34.15s
[INFO] running `Command { std: "docker" "inspect" "0ca7971c9cb35f2502a7cb35773ee472bedac157101cee68301763dad928f4fb", kill_on_drop: false }`
[INFO] running `Command { std: "docker" "exec" "-e" "SOURCE_DIR=/opt/rustwide/workdir" "-e" "CARGO_HOME=/opt/rustwide/cargo-home" "-e" "RUSTUP_HOME=/opt/rustwide/rustup-home" "-e" "CARGO_TARGET_DIR=/opt/rustwide/target" "-e" "CARGO_INCREMENTAL=0" "-e" "RUST_BACKTRACE=full" "-e" "RUSTFLAGS=--cap-lints=warn" "-e" "RUSTDOCFLAGS=--cap-lints=warn" "-w" "/opt/rustwide/workdir" "--user" "0:0" "0ca7971c9cb35f2502a7cb35773ee472bedac157101cee68301763dad928f4fb" "/opt/rustwide/cargo-home/bin/cargo" "+1.99.0-beta.8" "test" "--frozen" "--no-run" "--message-format=json" "--release", kill_on_drop: false }`
[INFO] [stderr]    Compiling cfg-if v1.0.4
[INFO] [stderr]    Compiling equivalent v1.0.2
[INFO] [stderr]    Compiling log v0.4.28
[INFO] [stderr]    Compiling either v1.15.0
[INFO] [stderr]    Compiling winnow v0.7.13
[INFO] [stderr]    Compiling serde_core v1.0.228
[INFO] [stderr]    Compiling libc v0.2.177
[INFO] [stderr]    Compiling crossbeam-utils v0.8.21
[INFO] [stderr]    Compiling scopeguard v1.2.0
[INFO] [stderr]    Compiling smallvec v1.15.1
[INFO] [stderr]    Compiling ryu v1.0.20
[INFO] [stderr]    Compiling itoa v1.0.15
[INFO] [stderr]    Compiling utf8parse v0.2.2
[INFO] [stderr]    Compiling zerocopy v0.8.27
[INFO] [stderr]    Compiling hashbrown v0.16.0
[INFO] [stderr]    Compiling colorchoice v1.0.4
[INFO] [stderr]    Compiling anstyle v1.0.13
[INFO] [stderr]    Compiling memchr v2.7.6
[INFO] [stderr]    Compiling anstyle-parse v0.2.7
[INFO] [stderr]    Compiling lock_api v0.4.14
[INFO] [stderr]    Compiling is_terminal_polyfill v1.70.2
[INFO] [stderr]    Compiling anstyle-query v1.1.4
[INFO] [stderr]    Compiling linux-raw-sys v0.11.0
[INFO] [stderr]    Compiling strsim v0.11.1
[INFO] [stderr]    Compiling itertools v0.13.0
[INFO] [stderr]    Compiling clap_lex v0.7.6
[INFO] [stderr]    Compiling anstream v0.6.21
[INFO] [stderr]    Compiling toml_write v0.1.2
[INFO] [stderr]    Compiling ciborium-io v0.2.2
[INFO] [stderr]    Compiling linux-raw-sys v0.4.15
[INFO] [stderr]    Compiling plotters-backend v0.3.7
[INFO] [stderr]    Compiling foldhash v0.1.5
[INFO] [stderr]    Compiling allocator-api2 v0.2.21
[INFO] [stderr]    Compiling regex-syntax v0.8.8
[INFO] [stderr]    Compiling clap_builder v4.5.50
[INFO] [stderr]    Compiling crossbeam-epoch v0.9.18
[INFO] [stderr]    Compiling plotters-svg v0.3.7
[INFO] [stderr]    Compiling num-traits v0.2.19
[INFO] [stderr]    Compiling castaway v0.2.4
[INFO] [stderr]    Compiling cast v0.3.0
[INFO] [stderr]    Compiling indexmap v2.12.0
[INFO] [stderr]    Compiling unicode-segmentation v1.12.0
[INFO] [stderr]    Compiling option-ext v0.2.0
[INFO] [stderr]    Compiling same-file v1.0.6
[INFO] [stderr]    Compiling yansi v1.0.1
[INFO] [stderr]    Compiling hashbrown v0.15.5
[INFO] [stderr]    Compiling bytemuck v1.24.0
[INFO] [stderr]    Compiling crossbeam-deque v0.8.6
[INFO] [stderr]    Compiling inlinable_string v0.1.15
[INFO] [stderr]    Compiling unicode-width v0.1.14
[INFO] [stderr]    Compiling rayon-core v1.13.0
[INFO] [stderr]    Compiling signal-hook-registry v1.4.6
[INFO] [stderr]    Compiling mio v1.0.4
[INFO] [stderr]    Compiling parking_lot_core v0.9.12
[INFO] [stderr]    Compiling getrandom v0.3.4
[INFO] [stderr]    Compiling static_assertions v1.1.0
[INFO] [stderr]    Compiling pear v0.2.9
[INFO] [stderr]    Compiling dirs-sys v0.5.0
[INFO] [stderr]    Compiling signal-hook v0.3.18
[INFO] [stderr]    Compiling parking_lot v0.12.5
[INFO] [stderr]    Compiling rand_core v0.9.3
[INFO] [stderr]    Compiling lru v0.12.5
[INFO] [stderr]    Compiling plotters v0.3.7
[INFO] [stderr]    Compiling rayon v1.11.0
[INFO] [stderr]    Compiling terminal-trx v0.2.5
[INFO] [stderr]    Compiling signal-hook-mio v0.2.4
[INFO] [stderr]    Compiling rgb v0.8.52
[INFO] [stderr]    Compiling walkdir v2.5.0
[INFO] [stderr]    Compiling strum v0.26.3
[INFO] [stderr]    Compiling uncased v0.9.10
[INFO] [stderr]    Compiling derive_more v2.0.1
[INFO] [stderr]    Compiling env_home v0.1.0
[INFO] [stderr]    Compiling anes v0.1.6
[INFO] [stderr]    Compiling cassowary v0.3.0
[INFO] [stderr]    Compiling regex-automata v0.4.13
[INFO] [stderr]    Compiling unicode-width v0.2.0
[INFO] [stderr]    Compiling web-time v1.1.0
[INFO] [stderr]    Compiling simple-mermaid v0.2.0
[INFO] [stderr]    Compiling unicode-truncate v1.1.0
[INFO] [stderr]    Compiling criterion-plot v0.6.0
[INFO] [stderr]    Compiling xterm-color v1.0.1
[INFO] [stderr]    Compiling oorandom v11.1.5
[INFO] [stderr]    Compiling toml_writer v1.0.4
[INFO] [stderr]    Compiling gladius v0.4.2
[INFO] [stderr]    Compiling ansi_colours v1.2.3
[INFO] [stderr]    Compiling toml_parser v1.0.4
[INFO] [stderr]    Compiling terminal-colorsaurus v1.0.0
[INFO] [stderr]    Compiling strum v0.27.2
[INFO] [stderr]    Compiling thiserror v2.0.17
[INFO] [stderr]    Compiling directories v6.0.0
[INFO] [stderr]    Compiling half v2.7.1
[INFO] [stderr]    Compiling ppv-lite86 v0.2.21
[INFO] [stderr]    Compiling ciborium-ll v0.2.2
[INFO] [stderr]    Compiling serde v1.0.228
[INFO] [stderr]    Compiling bitflags v2.10.0
[INFO] [stderr]    Compiling serde_json v1.0.145
[INFO] [stderr]    Compiling serde_spanned v1.0.3
[INFO] [stderr]    Compiling toml_datetime v0.7.3
[INFO] [stderr]    Compiling rand_chacha v0.9.0
[INFO] [stderr]    Compiling clap v4.5.50
[INFO] [stderr]    Compiling rustix v0.38.44
[INFO] [stderr]    Compiling rustix v1.1.2
[INFO] [stderr]    Compiling toml v0.9.8
[INFO] [stderr]    Compiling rand v0.9.2
[INFO] [stderr]    Compiling toml_datetime v0.6.11
[INFO] [stderr]    Compiling serde_spanned v0.6.9
[INFO] [stderr]    Compiling ciborium v0.2.2
[INFO] [stderr]    Compiling compact_str v0.8.1
[INFO] [stderr]    Compiling toml_edit v0.22.27
[INFO] [stderr]    Compiling crossterm v0.28.1
[INFO] [stderr]    Compiling tinytemplate v1.2.1
[INFO] [stderr]    Compiling regex v1.12.2
[INFO] [stderr]    Compiling criterion v0.7.0
[INFO] [stderr]    Compiling ratatui v0.29.0
[INFO] [stderr]    Compiling crossterm v0.29.0
[INFO] [stderr]    Compiling which v8.0.0
[INFO] [stderr]    Compiling toml v0.8.23
[INFO] [stderr]    Compiling figment v0.10.19
[INFO] [stderr]    Compiling octotype v0.8.0 (/opt/rustwide/workdir)
[INFO] [stderr]     Finished `release` profile [optimized] target(s) in 25.56s
[INFO] running `Command { std: "docker" "inspect" "0ca7971c9cb35f2502a7cb35773ee472bedac157101cee68301763dad928f4fb", kill_on_drop: false }`
[INFO] running `Command { std: "docker" "exec" "-e" "SOURCE_DIR=/opt/rustwide/workdir" "-e" "CARGO_HOME=/opt/rustwide/cargo-home" "-e" "RUSTUP_HOME=/opt/rustwide/rustup-home" "-e" "CARGO_TARGET_DIR=/opt/rustwide/target" "-e" "CARGO_INCREMENTAL=0" "-e" "RUST_BACKTRACE=full" "-e" "RUSTFLAGS=--cap-lints=warn" "-e" "RUSTDOCFLAGS=--cap-lints=warn" "-w" "/opt/rustwide/workdir" "--user" "0:0" "0ca7971c9cb35f2502a7cb35773ee472bedac157101cee68301763dad928f4fb" "/opt/rustwide/cargo-home/bin/cargo" "+1.99.0-beta.8" "test" "--frozen" "--release", kill_on_drop: false }`
[INFO] [stderr]     Finished `release` profile [optimized] target(s) in 0.19s
[INFO] [stderr]      Running unittests src/main.rs (/opt/rustwide/target/release/deps/octotype-85022fd362b9a2d9)
[INFO] [stdout] 
[INFO] [stdout] running 3 tests
[INFO] [stdout] test config::mode::test::parse_official_modes ... FAILED
[INFO] [stdout] test config::source::test::parse_official_sources ... FAILED
[INFO] [stdout] test config::theme::test::parse_official_themes ... FAILED
[INFO] [stdout] 
[INFO] [stdout] failures:
[INFO] [stdout] 
[INFO] [stdout] ---- config::mode::test::parse_official_modes stdout ----
[INFO] [stdout] 
[INFO] [stdout] thread 'config::mode::test::parse_official_modes' (3136) panicked at src/config/mode.rs:270:39:
[INFO] [stdout] called `Result::unwrap()` on an `Err` value: Os { code: 2, kind: NotFound, message: "No such file or directory" }
[INFO] [stdout] stack backtrace:
[INFO] [stdout]    0:     0x5e1d092f22f7 - <unknown>
[INFO] [stdout]    1:     0x5e1d092d7364 - <unknown>
[INFO] [stdout]    2:     0x5e1d092f18bb - <unknown>
[INFO] [stdout]    3:     0x5e1d092f14b9 - <unknown>
[INFO] [stdout]    4:     0x5e1d092f113a - <unknown>
[INFO] [stdout]    5:     0x5e1d092f0c73 - <unknown>
[INFO] [stdout]    6:     0x5e1d09316dc1 - <unknown>
[INFO] [stdout]    7:     0x5e1d09316d79 - <unknown>
[INFO] [stdout]    8:     0x5e1d0931727c - <unknown>
[INFO] [stdout]    9:     0x5e1d092d71fb - <unknown>
[INFO] [stdout]   10:     0x5e1d092da6e1 - <unknown>
[INFO] [stdout]   11:     0x5e1d092d11ea - <unknown>
[INFO] [stdout]   12:     0x5e1d0932d63b - <unknown>
[INFO] [stdout]   13:     0x5e1d09328f72 - <unknown>
[INFO] [stdout]   14:     0x5e1d09328a1c - <unknown>
[INFO] [stdout]   15:     0x5e1d09343fcc - <unknown>
[INFO] [stdout]   16:     0x5e1d0931857a - <unknown>
[INFO] [stdout]   17:     0x75ae2ce1ddfa - <unknown>
[INFO] [stdout]   18:     0x75ae2ceb13d4 - clone
[INFO] [stdout]   19:                0x0 - <unknown>
[INFO] [stdout] 
[INFO] [stdout] ---- config::source::test::parse_official_sources stdout ----
[INFO] [stdout] 
[INFO] [stdout] thread 'config::source::test::parse_official_sources' (3137) panicked at src/config/source.rs:201:41:
[INFO] [stdout] called `Result::unwrap()` on an `Err` value: Os { code: 2, kind: NotFound, message: "No such file or directory" }
[INFO] [stdout] stack backtrace:
[INFO] [stdout]    0:     0x5e1d092f22f7 - <unknown>
[INFO] [stdout]    1:     0x5e1d092d7364 - <unknown>
[INFO] [stdout]    2:     0x5e1d092f18bb - <unknown>
[INFO] [stdout]    3:     0x5e1d092f14b9 - <unknown>
[INFO] [stdout]    4:     0x5e1d092f113a - <unknown>
[INFO] [stdout]    5:     0x5e1d092f0c73 - <unknown>
[INFO] [stdout]    6:     0x5e1d09316dc1 - <unknown>
[INFO] [stdout]    7:     0x5e1d09316d79 - <unknown>
[INFO] [stdout]    8:     0x5e1d0931727c - <unknown>
[INFO] [stdout]    9:     0x5e1d092d71fb - <unknown>
[INFO] [stdout]   10:     0x5e1d092da6e1 - <unknown>
[INFO] [stdout]   11:     0x5e1d092d54a5 - <unknown>
[INFO] [stdout]   12:     0x5e1d0932d63b - <unknown>
[INFO] [stdout]   13:     0x5e1d09328f72 - <unknown>
[INFO] [stdout]   14:     0x5e1d09328a1c - <unknown>
[INFO] [stdout]   15:     0x5e1d09343fcc - <unknown>
[INFO] [stdout]   16:     0x5e1d0931857a - <unknown>
[INFO] [stdout]   17:     0x75ae2ce1ddfa - <unknown>
[INFO] [stdout]   18:     0x75ae2ceb13d4 - clone
[INFO] [stdout]   19:                0x0 - <unknown>
[INFO] [stdout] 
[INFO] [stdout] ---- config::theme::test::parse_official_themes stdout ----
[INFO] [stdout] 
[INFO] [stdout] thread 'config::theme::test::parse_official_themes' (3138) panicked at src/config/theme.rs:209:40:
[INFO] [stdout] called `Result::unwrap()` on an `Err` value: Os { code: 2, kind: NotFound, message: "No such file or directory" }
[INFO] [stdout] stack backtrace:
[INFO] [stdout]    0:     0x5e1d092f22f7 - <unknown>
[INFO] [stdout]    1:     0x5e1d092d7364 - <unknown>
[INFO] [stdout]    2:     0x5e1d092f18bb - <unknown>
[INFO] [stdout]    3:     0x5e1d092f14b9 - <unknown>
[INFO] [stdout]    4:     0x5e1d092f113a - <unknown>
[INFO] [stdout]    5:     0x5e1d092f0c73 - <unknown>
[INFO] [stdout]    6:     0x5e1d09316dc1 - <unknown>
[INFO] [stdout]    7:     0x5e1d09316d79 - <unknown>
[INFO] [stdout]    8:     0x5e1d0931727c - <unknown>
[INFO] [stdout]    9:     0x5e1d092d71fb - <unknown>
[INFO] [stdout]   10:     0x5e1d092da6e1 - <unknown>
[INFO] [stdout]   11:     0x5e1d092d2b3c - <unknown>
[INFO] [stdout]   12:     0x5e1d0932d63b - <unknown>
[INFO] [stdout]   13:     0x5e1d09328f72 - <unknown>
[INFO] [stdout]   14:     0x5e1d09328a1c - <unknown>
[INFO] [stdout]   15:     0x5e1d09343fcc - <unknown>
[INFO] [stdout]   16:     0x5e1d0931857a - <unknown>
[INFO] [stdout]   17:     0x75ae2ce1ddfa - <unknown>
[INFO] [stdout]   18:     0x75ae2ceb13d4 - clone
[INFO] [stdout]   19:                0x0 - <unknown>
[INFO] [stdout] 
[INFO] [stdout] 
[INFO] [stdout] failures:
[INFO] [stdout]     config::mode::test::parse_official_modes
[INFO] [stdout]     config::source::test::parse_official_sources
[INFO] [stdout]     config::theme::test::parse_official_themes
[INFO] [stdout] 
[INFO] [stdout] test result: FAILED. 0 passed; 3 failed; 0 ignored; 0 measured; 0 filtered out; finished in 0.00s
[INFO] [stdout] 
[INFO] [stderr] error: test failed, to rerun pass `--bin octotype`
[INFO] running `Command { std: "docker" "inspect" "0ca7971c9cb35f2502a7cb35773ee472bedac157101cee68301763dad928f4fb", kill_on_drop: false }`
[INFO] running `Command { std: "docker" "rm" "-f" "0ca7971c9cb35f2502a7cb35773ee472bedac157101cee68301763dad928f4fb", kill_on_drop: false }`
[INFO] [stdout] 0ca7971c9cb35f2502a7cb35773ee472bedac157101cee68301763dad928f4fb
