[INFO] fetching crate octopt 1.0.0...
[INFO] testing octopt-1.0.0 against 1.100.0-beta.1+cargoflags=--release for beta-release-1.100-2
[INFO] extracting crate octopt 1.0.0 into /workspace/builds/worker-6-tc2/source
[INFO] started tweaking crates.io crate octopt 1.0.0
[INFO] finished tweaking crates.io crate octopt 1.0.0
[INFO] tweaked toml for crates.io crate octopt 1.0.0 written to /workspace/builds/worker-6-tc2/source/Cargo.toml
[INFO] validating manifest of crates.io crate octopt 1.0.0 on toolchain 1.100.0-beta.1
[INFO] running `Command { std: CARGO_HOME="/workspace/cargo-home" RUSTUP_HOME="/workspace/rustup-home" "/workspace/cargo-home/bin/cargo" "+1.100.0-beta.1" "metadata" "--manifest-path" "Cargo.toml" "--no-deps", kill_on_drop: false }`
[INFO] running `Command { std: CARGO_HOME="/workspace/cargo-home" RUSTUP_HOME="/workspace/rustup-home" "/workspace/cargo-home/bin/cargo" "+1.100.0-beta.1" "generate-lockfile" "--manifest-path" "Cargo.toml", kill_on_drop: false }`
[INFO] [stderr]     Updating crates.io index
[INFO] [stderr]      Locking 211 packages to highest compatible versions
[INFO] [stderr]       Adding clap v3.2.25 (available: v4.6.7)
[INFO] [stderr]       Adding parse-display v0.5.5 (available: v0.11.0)
[INFO] [stderr]       Adding reqwest v0.11.27 (available: v0.13.5)
[INFO] [stderr]       Adding serde_with v2.3.3 (available: v3.24.0)
[INFO] running `Command { std: CARGO_HOME="/workspace/cargo-home" RUSTUP_HOME="/workspace/rustup-home" "/workspace/cargo-home/bin/cargo" "+1.100.0-beta.1" "fetch" "--manifest-path" "Cargo.toml", kill_on_drop: false }`
[INFO] running `Command { std: "docker" "create" "-v" "/var/lib/crater-agent-workspace/builds/worker-6-tc2/source:/opt/rustwide/workdir:ro,Z" "-v" "/var/lib/crater-agent-workspace/builds/worker-6-tc2/target:/opt/rustwide/target:rw,Z" "-v" "/var/lib/crater-agent-workspace/cargo-home:/opt/rustwide/cargo-home:ro,Z" "-v" "/var/lib/crater-agent-workspace/rustup-home:/opt/rustwide/rustup-home:ro,Z" "-m" "1610612736" "--network" "none" "ghcr.io/rust-lang/crates-build-env/linux@sha256:77db811e55d90add9212f6832c23229e3de5f1c1f9905e8cb07319ea15df73ac" "sleep" "infinity", kill_on_drop: false }`
[INFO] [stdout] 0cfc852b3ca71f014ab491ddcdca03d23f06919e4faec0454fd2af0145a8c43b
[INFO] running `Command { std: "docker" "start" "0cfc852b3ca71f014ab491ddcdca03d23f06919e4faec0454fd2af0145a8c43b", kill_on_drop: false }`
[INFO] running `Command { std: "docker" "inspect" "0cfc852b3ca71f014ab491ddcdca03d23f06919e4faec0454fd2af0145a8c43b", kill_on_drop: false }`
[INFO] running `Command { std: "docker" "exec" "-e" "SOURCE_DIR=/opt/rustwide/workdir" "-e" "CARGO_HOME=/opt/rustwide/cargo-home" "-e" "RUSTUP_HOME=/opt/rustwide/rustup-home" "-e" "CARGO_TARGET_DIR=/opt/rustwide/target" "-w" "/opt/rustwide/workdir" "--user" "0:0" "0cfc852b3ca71f014ab491ddcdca03d23f06919e4faec0454fd2af0145a8c43b" "/opt/rustwide/cargo-home/bin/cargo" "+1.100.0-beta.1" "metadata" "--no-deps" "--format-version=1", kill_on_drop: false }`
[INFO] running `Command { std: "docker" "inspect" "0cfc852b3ca71f014ab491ddcdca03d23f06919e4faec0454fd2af0145a8c43b", kill_on_drop: false }`
[INFO] running `Command { std: "docker" "exec" "-e" "SOURCE_DIR=/opt/rustwide/workdir" "-e" "CARGO_HOME=/opt/rustwide/cargo-home" "-e" "RUSTUP_HOME=/opt/rustwide/rustup-home" "-e" "CARGO_TARGET_DIR=/opt/rustwide/target" "-e" "CARGO_INCREMENTAL=0" "-e" "RUST_BACKTRACE=full" "-e" "RUSTFLAGS=--cap-lints=warn" "-e" "RUSTDOCFLAGS=--cap-lints=warn" "-w" "/opt/rustwide/workdir" "--user" "0:0" "0cfc852b3ca71f014ab491ddcdca03d23f06919e4faec0454fd2af0145a8c43b" "/opt/rustwide/cargo-home/bin/cargo" "+1.100.0-beta.1" "build" "--frozen" "--message-format=json" "--release", kill_on_drop: false }`
[INFO] [stderr]    Compiling syn v1.0.109
[INFO] [stderr]    Compiling indexmap v1.9.3
[INFO] [stderr]    Compiling libc v0.2.191
[INFO] [stderr]    Compiling serde_json v1.0.154
[INFO] [stderr]    Compiling os_str_bytes v6.6.1
[INFO] [stderr]    Compiling result v1.0.0
[INFO] [stderr]    Compiling textwrap v0.16.4
[INFO] [stderr]    Compiling darling_core v0.20.11
[INFO] [stderr]    Compiling css-color-parser2 v1.0.1
[INFO] [stderr]    Compiling serde_repr v0.1.21
[INFO] [stderr]    Compiling serde_ini v0.2.0
[INFO] [stderr]    Compiling clap_lex v0.2.4
[INFO] [stderr]    Compiling atty v0.2.14
[INFO] [stderr]    Compiling darling_macro v0.20.11
[INFO] [stderr]    Compiling darling v0.20.11
[INFO] [stderr]    Compiling serde_with_macros v2.3.3
[INFO] [stderr]    Compiling serde_with v2.3.3
[INFO] [stderr]    Compiling proc-macro-error v1.0.4
[INFO] [stderr]    Compiling structmeta-derive v0.1.6
[INFO] [stderr]    Compiling clap_derive v3.2.25
[INFO] [stderr]    Compiling structmeta v0.1.6
[INFO] [stderr]    Compiling parse-display-derive v0.5.5
[INFO] [stderr]    Compiling clap v3.2.25
[INFO] [stderr]    Compiling parse-display v0.5.5
[INFO] [stderr]    Compiling octopt v1.0.0 (/opt/rustwide/workdir)
[INFO] [stdout] warning: use of deprecated module `std::u8`: all constants in this module replaced by associated constants on the type
[INFO] [stdout]   --> src/lib.rs:23:10
[INFO] [stdout]    |
[INFO] [stdout] 23 | use std::u8;
[INFO] [stdout]    |          ^^
[INFO] [stdout]    |
[INFO] [stdout]    = note: `#[warn(deprecated)]` on by default
[INFO] [stdout] 
[INFO] [stdout] 
[INFO] [stdout] warning: use of deprecated module `std::u8`: all constants in this module replaced by associated constants on the type
[INFO] [stdout]  --> src/ini.rs:2:13
[INFO] [stdout]   |
[INFO] [stdout] 2 | use crate::{u8, Colors, Font, LoResDxy0Behavior, Options, Quirks, ScreenRotation, TouchMode};
[INFO] [stdout]   |             ^^
[INFO] [stdout] 
[INFO] [stdout] 
[INFO] [stderr]     Finished `release` profile [optimized] target(s) in 16.23s
[INFO] running `Command { std: "docker" "inspect" "0cfc852b3ca71f014ab491ddcdca03d23f06919e4faec0454fd2af0145a8c43b", kill_on_drop: false }`
[INFO] running `Command { std: "docker" "exec" "-e" "SOURCE_DIR=/opt/rustwide/workdir" "-e" "CARGO_HOME=/opt/rustwide/cargo-home" "-e" "RUSTUP_HOME=/opt/rustwide/rustup-home" "-e" "CARGO_TARGET_DIR=/opt/rustwide/target" "-e" "CARGO_INCREMENTAL=0" "-e" "RUST_BACKTRACE=full" "-e" "RUSTFLAGS=--cap-lints=warn" "-e" "RUSTDOCFLAGS=--cap-lints=warn" "-w" "/opt/rustwide/workdir" "--user" "0:0" "0cfc852b3ca71f014ab491ddcdca03d23f06919e4faec0454fd2af0145a8c43b" "/opt/rustwide/cargo-home/bin/cargo" "+1.100.0-beta.1" "test" "--frozen" "--no-run" "--message-format=json" "--release", kill_on_drop: false }`
[INFO] [stderr]    Compiling openssl-macros v0.1.1
[INFO] [stderr]    Compiling serde v1.0.229
[INFO] [stderr]    Compiling futures-util v0.3.34
[INFO] [stderr]    Compiling serde_json v1.0.154
[INFO] [stderr]    Compiling atty v0.2.14
[INFO] [stderr]    Compiling parse-display v0.5.5
[INFO] [stderr]    Compiling serde_repr v0.1.21
[INFO] [stderr]    Compiling url v2.5.8
[INFO] [stderr]    Compiling clap v3.2.25
[INFO] [stderr]    Compiling openssl v0.10.81
[INFO] [stderr]    Compiling serde_urlencoded v0.7.1
[INFO] [stderr]    Compiling serde_ini v0.2.0
[INFO] [stderr]    Compiling serde_with v2.3.3
[INFO] [stderr]    Compiling assert-json-diff v2.0.2
[INFO] [stderr]    Compiling h2 v0.3.27
[INFO] [stderr]    Compiling octopt v1.0.0 (/opt/rustwide/workdir)
[INFO] [stdout] warning: use of deprecated module `std::u8`: all constants in this module replaced by associated constants on the type
[INFO] [stdout]   --> src/lib.rs:23:10
[INFO] [stdout]    |
[INFO] [stdout] 23 | use std::u8;
[INFO] [stdout]    |          ^^
[INFO] [stdout]    |
[INFO] [stdout]    = note: `#[warn(deprecated)]` on by default
[INFO] [stdout] 
[INFO] [stdout] 
[INFO] [stdout] warning: use of deprecated module `std::u8`: all constants in this module replaced by associated constants on the type
[INFO] [stdout]  --> src/ini.rs:2:13
[INFO] [stdout]   |
[INFO] [stdout] 2 | use crate::{u8, Colors, Font, LoResDxy0Behavior, Options, Quirks, ScreenRotation, TouchMode};
[INFO] [stdout]   |             ^^
[INFO] [stdout] 
[INFO] [stdout] 
[INFO] [stderr]    Compiling native-tls v0.2.18
[INFO] [stderr]    Compiling tokio-native-tls v0.3.1
[INFO] [stderr]    Compiling hyper v0.14.32
[INFO] [stderr]    Compiling hyper-tls v0.5.0
[INFO] [stderr]    Compiling reqwest v0.11.27
[INFO] [stdout] warning: unused import: `Platform`
[INFO] [stdout]  --> tests/tests.rs:5:29
[INFO] [stdout]   |
[INFO] [stdout] 5 | use octopt::{Font, Options, Platform};
[INFO] [stdout]   |                             ^^^^^^^^
[INFO] [stdout]   |
[INFO] [stdout]   = note: `#[warn(unused_imports)]` (part of `#[warn(unused)]`) on by default
[INFO] [stdout] 
[INFO] [stdout] 
[INFO] [stdout] warning: use of deprecated module `std::u8`: all constants in this module replaced by associated constants on the type
[INFO] [stdout]   --> src/lib.rs:23:10
[INFO] [stdout]    |
[INFO] [stdout] 23 | use std::u8;
[INFO] [stdout]    |          ^^
[INFO] [stdout]    |
[INFO] [stdout]    = note: `#[warn(deprecated)]` on by default
[INFO] [stdout] 
[INFO] [stdout] 
[INFO] [stdout] warning: use of deprecated module `std::u8`: all constants in this module replaced by associated constants on the type
[INFO] [stdout]  --> src/ini.rs:2:13
[INFO] [stdout]   |
[INFO] [stdout] 2 | use crate::{u8, Colors, Font, LoResDxy0Behavior, Options, Quirks, ScreenRotation, TouchMode};
[INFO] [stdout]   |             ^^
[INFO] [stdout] 
[INFO] [stdout] 
[INFO] [stderr]     Finished `release` profile [optimized] target(s) in 31.49s
[INFO] running `Command { std: "docker" "inspect" "0cfc852b3ca71f014ab491ddcdca03d23f06919e4faec0454fd2af0145a8c43b", kill_on_drop: false }`
[INFO] running `Command { std: "docker" "exec" "-e" "SOURCE_DIR=/opt/rustwide/workdir" "-e" "CARGO_HOME=/opt/rustwide/cargo-home" "-e" "RUSTUP_HOME=/opt/rustwide/rustup-home" "-e" "CARGO_TARGET_DIR=/opt/rustwide/target" "-e" "CARGO_INCREMENTAL=0" "-e" "RUST_BACKTRACE=full" "-e" "RUSTFLAGS=--cap-lints=warn" "-e" "RUSTDOCFLAGS=--cap-lints=warn" "-w" "/opt/rustwide/workdir" "--user" "0:0" "0cfc852b3ca71f014ab491ddcdca03d23f06919e4faec0454fd2af0145a8c43b" "/opt/rustwide/cargo-home/bin/cargo" "+1.100.0-beta.1" "test" "--frozen" "--release", kill_on_drop: false }`
[INFO] [stderr] warning: use of deprecated module `std::u8`: all constants in this module replaced by associated constants on the type
[INFO] [stderr]   --> src/lib.rs:23:10
[INFO] [stderr]    |
[INFO] [stderr] 23 | use std::u8;
[INFO] [stderr]    |          ^^
[INFO] [stderr]    |
[INFO] [stderr]    = note: `#[warn(deprecated)]` on by default
[INFO] [stderr] 
[INFO] [stderr] warning: use of deprecated module `std::u8`: all constants in this module replaced by associated constants on the type
[INFO] [stderr]  --> src/ini.rs:2:13
[INFO] [stderr]   |
[INFO] [stderr] 2 | use crate::{u8, Colors, Font, LoResDxy0Behavior, Options, Quirks, ScreenRotation, TouchMode};
[INFO] [stderr]   |             ^^
[INFO] [stderr] 
[INFO] [stderr] warning: `octopt` (lib) generated 2 warnings
[INFO] [stderr] warning: unused import: `Platform`
[INFO] [stderr]  --> tests/tests.rs:5:29
[INFO] [stderr]   |
[INFO] [stderr] 5 | use octopt::{Font, Options, Platform};
[INFO] [stderr]   |                             ^^^^^^^^
[INFO] [stderr]   |
[INFO] [stderr]   = note: `#[warn(unused_imports)]` (part of `#[warn(unused)]`) on by default
[INFO] [stderr] 
[INFO] [stderr] warning: `octopt` (lib test) generated 2 warnings (2 duplicates)
[INFO] [stderr] warning: `octopt` (test "tests") generated 1 warning (run `cargo fix --test "tests" -p octopt` to apply 1 suggestion)
[INFO] [stderr]     Finished `release` profile [optimized] target(s) in 0.19s
[INFO] [stderr]      Running unittests src/lib.rs (/opt/rustwide/target/release/build/octopt/18c6dc5ac33f75d0/out/octopt-18c6dc5ac33f75d0)
[INFO] [stdout] 
[INFO] [stdout] running 0 tests
[INFO] [stdout] 
[INFO] [stdout] test result: ok. 0 passed; 0 failed; 0 ignored; 0 measured; 0 filtered out; finished in 0.00s
[INFO] [stdout] 
[INFO] [stderr]      Running tests/tests.rs (/opt/rustwide/target/release/build/octopt/892447a3f1e0db9c/out/tests-892447a3f1e0db9c)
[INFO] [stdout] 
[INFO] [stdout] running 8 tests
[INFO] [stdout] test octo_get_font_data ... ok
[INFO] [stdout] test deserialize_default_octo_options ... ok
[INFO] [stdout] test default_octo_options_bool ... ok
[INFO] [stdout] test default_octo_options ... ok
[INFO] [stdout] test octo_rc_serialize ... ok
[INFO] [stdout] test octo_rc_deserialize ... ok
[INFO] [stdout] test octo_rc_deserialize_default ... FAILED
[INFO] [stdout] test chip8_archive ... FAILED
[INFO] [stdout] 
[INFO] [stdout] failures:
[INFO] [stdout] 
[INFO] [stdout] ---- octo_rc_deserialize_default stdout ----
[INFO] [stdout] 
[INFO] [stdout] thread 'octo_rc_deserialize_default' (1128) panicked at tests/tests.rs:56:14:
[INFO] [stdout] called `Result::unwrap()` on an `Err` value: reqwest::Error { kind: Request, url: Url { scheme: "https", cannot_be_a_base: false, username: "", password: None, host: Some(Domain("raw.githubusercontent.com")), port: None, path: "/JohnEarnest/c-octo/main/octo.rc", query: None, fragment: None }, source: hyper::Error(Connect, ConnectError("dns error", Custom { kind: Uncategorized, error: "failed to lookup address information: Temporary failure in name resolution" })) }
[INFO] [stdout] stack backtrace:
[INFO] [stdout]    0:     0x5c1d8dbc2ca1 - <<std[617be2ca0a6fd877]::sys::backtrace::BacktraceLock>::print::DisplayBacktrace as core[a373ad73a504971]::fmt::Display>::fmt
[INFO] [stdout]    1:     0x5c1d8dbd90ea - core[a373ad73a504971]::fmt::write
[INFO] [stdout]    2:     0x5c1d8dbc74cc - <alloc[2e1b2a31b91974c5]::vec::Vec<u8> as core[a373ad73a504971]::io::write::Write>::write_fmt
[INFO] [stdout]    3:     0x5c1d8db9de76 - std[617be2ca0a6fd877]::panicking::default_hook::{closure#0}
[INFO] [stdout]    4:     0x5c1d8dbbab29 - std[617be2ca0a6fd877]::panicking::default_hook
[INFO] [stdout]    5:     0x5c1d8d9e9c80 - test[aada8e7e76ba119b]::test_main_inner::{closure#0}
[INFO] [stdout]    6:     0x5c1d8dbbae52 - std[617be2ca0a6fd877]::panicking::panic_with_hook
[INFO] [stdout]    7:     0x5c1d8db9df22 - std[617be2ca0a6fd877]::panicking::panic_handler::{closure#0}
[INFO] [stdout]    8:     0x5c1d8db96b59 - std[617be2ca0a6fd877]::sys::backtrace::__rust_end_short_backtrace::<std[617be2ca0a6fd877]::panicking::panic_handler::{closure#0}, !>
[INFO] [stdout]    9:     0x5c1d8db9ed1d - __rustc[ea4f61d10b84890b]::rust_begin_unwind
[INFO] [stdout]   10:     0x5c1d8dbd984c - core[a373ad73a504971]::panicking::panic_fmt
[INFO] [stdout]   11:     0x5c1d8dbd9622 - core[a373ad73a504971]::result::unwrap_failed
[INFO] [stdout]   12:     0x5c1d8d9d5abf - <tests[b37bed65f0fc1538]::octo_rc_deserialize_default::{closure#0} as core[a373ad73a504971]::ops::function::FnOnce<()>>::call_once
[INFO] [stdout]   13:     0x5c1d8d9dd0cb - test[aada8e7e76ba119b]::__rust_begin_short_backtrace::<core[a373ad73a504971]::result::Result<(), alloc[2e1b2a31b91974c5]::string::String>, fn() -> core[a373ad73a504971]::result::Result<(), alloc[2e1b2a31b91974c5]::string::String>>
[INFO] [stdout]   14:     0x5c1d8d9ea2a5 - test[aada8e7e76ba119b]::run_test::{closure#0}
[INFO] [stdout]   15:     0x5c1d8d9e3b94 - std[617be2ca0a6fd877]::sys::backtrace::__rust_begin_short_backtrace::<test[aada8e7e76ba119b]::run_test::{closure#1}, ()>
[INFO] [stdout]   16:     0x5c1d8d9ed332 - <std[617be2ca0a6fd877]::thread::lifecycle::spawn_unchecked<test[aada8e7e76ba119b]::run_test::{closure#1}, ()>::{closure#1} as core[a373ad73a504971]::ops::function::FnOnce<()>>::call_once::{shim:vtable#0}
[INFO] [stdout]   17:     0x5c1d8dbc214f - <std[617be2ca0a6fd877]::sys::thread::unix::Thread>::new::thread_start
[INFO] [stdout]   18:     0x78ec1a4e6dfa - <unknown>
[INFO] [stdout]   19:     0x78ec1a57a3d4 - clone
[INFO] [stdout]   20:                0x0 - <unknown>
[INFO] [stdout] 
[INFO] [stdout] ---- chip8_archive stdout ----
[INFO] [stdout] 
[INFO] [stdout] thread 'chip8_archive' (1121) panicked at tests/tests.rs:40:6:
[INFO] [stdout] called `Result::unwrap()` on an `Err` value: reqwest::Error { kind: Request, url: Url { scheme: "https", cannot_be_a_base: false, username: "", password: None, host: Some(Domain("raw.githubusercontent.com")), port: None, path: "/JohnEarnest/chip8Archive/master/programs.json", query: None, fragment: None }, source: hyper::Error(Connect, ConnectError("dns error", Custom { kind: Uncategorized, error: "failed to lookup address information: Temporary failure in name resolution" })) }
[INFO] [stdout] stack backtrace:
[INFO] [stdout]    0:     0x5c1d8dbc2ca1 - <<std[617be2ca0a6fd877]::sys::backtrace::BacktraceLock>::print::DisplayBacktrace as core[a373ad73a504971]::fmt::Display>::fmt
[INFO] [stdout]    1:     0x5c1d8dbd90ea - core[a373ad73a504971]::fmt::write
[INFO] [stdout]    2:     0x5c1d8dbc74cc - <alloc[2e1b2a31b91974c5]::vec::Vec<u8> as core[a373ad73a504971]::io::write::Write>::write_fmt
[INFO] [stdout]    3:     0x5c1d8db9de76 - std[617be2ca0a6fd877]::panicking::default_hook::{closure#0}
[INFO] [stdout]    4:     0x5c1d8dbbab29 - std[617be2ca0a6fd877]::panicking::default_hook
[INFO] [stdout]    5:     0x5c1d8d9e9c80 - test[aada8e7e76ba119b]::test_main_inner::{closure#0}
[INFO] [stdout]    6:     0x5c1d8dbbae52 - std[617be2ca0a6fd877]::panicking::panic_with_hook
[INFO] [stdout]    7:     0x5c1d8db9df22 - std[617be2ca0a6fd877]::panicking::panic_handler::{closure#0}
[INFO] [stdout]    8:     0x5c1d8db96b59 - std[617be2ca0a6fd877]::sys::backtrace::__rust_end_short_backtrace::<std[617be2ca0a6fd877]::panicking::panic_handler::{closure#0}, !>
[INFO] [stdout]    9:     0x5c1d8db9ed1d - __rustc[ea4f61d10b84890b]::rust_begin_unwind
[INFO] [stdout]   10:     0x5c1d8dbd984c - core[a373ad73a504971]::panicking::panic_fmt
[INFO] [stdout]   11:     0x5c1d8dbd9622 - core[a373ad73a504971]::result::unwrap_failed
[INFO] [stdout]   12:     0x5c1d8d9cff62 - <tests[b37bed65f0fc1538]::chip8_archive::{closure#0} as core[a373ad73a504971]::ops::function::FnOnce<()>>::call_once
[INFO] [stdout]   13:     0x5c1d8d9dd0cb - test[aada8e7e76ba119b]::__rust_begin_short_backtrace::<core[a373ad73a504971]::result::Result<(), alloc[2e1b2a31b91974c5]::string::String>, fn() -> core[a373ad73a504971]::result::Result<(), alloc[2e1b2a31b91974c5]::string::String>>
[INFO] [stdout]   14:     0x5c1d8d9ea2a5 - test[aada8e7e76ba119b]::run_test::{closure#0}
[INFO] [stdout]   15:     0x5c1d8d9e3b94 - std[617be2ca0a6fd877]::sys::backtrace::__rust_begin_short_backtrace::<test[aada8e7e76ba119b]::run_test::{closure#1}, ()>
[INFO] [stdout]   16:     0x5c1d8d9ed332 - <std[617be2ca0a6fd877]::thread::lifecycle::spawn_unchecked<test[aada8e7e76ba119b]::run_test::{closure#1}, ()>::{closure#1} as core[a373ad73a504971]::ops::function::FnOnce<()>>::call_once::{shim:vtable#0}
[INFO] [stdout]   17:     0x5c1d8dbc214f - <std[617be2ca0a6fd877]::sys::thread::unix::Thread>::new::thread_start
[INFO] [stdout]   18:     0x78ec1a4e6dfa - <unknown>
[INFO] [stdout]   19:     0x78ec1a57a3d4 - clone
[INFO] [stdout]   20:                0x0 - <unknown>
[INFO] [stdout] 
[INFO] [stdout] 
[INFO] [stdout] failures:
[INFO] [stdout]     chip8_archive
[INFO] [stdout]     octo_rc_deserialize_default
[INFO] [stdout] 
[INFO] [stdout] test result: FAILED. 6 passed; 2 failed; 0 ignored; 0 measured; 0 filtered out; finished in 0.04s
[INFO] [stdout] 
[INFO] [stderr] error: test failed, to rerun pass `--test tests`
[INFO] running `Command { std: "docker" "inspect" "0cfc852b3ca71f014ab491ddcdca03d23f06919e4faec0454fd2af0145a8c43b", kill_on_drop: false }`
[INFO] running `Command { std: "docker" "rm" "-f" "0cfc852b3ca71f014ab491ddcdca03d23f06919e4faec0454fd2af0145a8c43b", kill_on_drop: false }`
[INFO] [stdout] 0cfc852b3ca71f014ab491ddcdca03d23f06919e4faec0454fd2af0145a8c43b
