[INFO] fetching crate octoprint 0.1.5...
[INFO] testing octoprint-0.1.5 against 1.99.0-beta.8+cargoflags=--release for beta-release-1.100-2
[INFO] extracting crate octoprint 0.1.5 into /workspace/builds/worker-0-tc1/source
[INFO] started tweaking crates.io crate octoprint 0.1.5
[INFO] finished tweaking crates.io crate octoprint 0.1.5
[INFO] tweaked toml for crates.io crate octoprint 0.1.5 written to /workspace/builds/worker-0-tc1/source/Cargo.toml
[INFO] validating manifest of crates.io crate octoprint 0.1.5 on toolchain 1.99.0-beta.8
[INFO] running `Command { std: CARGO_HOME="/workspace/cargo-home" RUSTUP_HOME="/workspace/rustup-home" "/workspace/cargo-home/bin/cargo" "+1.99.0-beta.8" "metadata" "--manifest-path" "Cargo.toml" "--no-deps", kill_on_drop: false }`
[INFO] crate crates.io crate octoprint 0.1.5 already has a lockfile, it will not be regenerated
[INFO] running `Command { std: CARGO_HOME="/workspace/cargo-home" RUSTUP_HOME="/workspace/rustup-home" "/workspace/cargo-home/bin/cargo" "+1.99.0-beta.8" "fetch" "--manifest-path" "Cargo.toml", kill_on_drop: false }`
[INFO] [stderr]     Updating crates.io index
[INFO] [stderr]     Blocking waiting for file lock on package cache
[INFO] [stderr]  Downloading crates ...
[INFO] [stderr]   Downloaded rustversion v1.0.11
[INFO] [stderr]   Downloaded url_serde v0.2.0
[INFO] [stderr]   Downloaded error-stack v0.3.1
[INFO] [stderr]   Downloaded tokio-util v0.7.6
[INFO] [stderr]   Downloaded tokio v1.25.0
[INFO] running `Command { std: "docker" "create" "-v" "/var/lib/crater-agent-workspace/builds/worker-0-tc1/source:/opt/rustwide/workdir:ro,Z" "-v" "/var/lib/crater-agent-workspace/builds/worker-0-tc1/target:/opt/rustwide/target:rw,Z" "-v" "/var/lib/crater-agent-workspace/cargo-home:/opt/rustwide/cargo-home:ro,Z" "-v" "/var/lib/crater-agent-workspace/rustup-home:/opt/rustwide/rustup-home:ro,Z" "-m" "1610612736" "--network" "none" "ghcr.io/rust-lang/crates-build-env/linux@sha256:77db811e55d90add9212f6832c23229e3de5f1c1f9905e8cb07319ea15df73ac" "sleep" "infinity", kill_on_drop: false }`
[INFO] [stdout] 245a21bf6ba4af8f53acfb33179ad5cdb5765e1af4f4ef35800c92896d5a2e85
[INFO] running `Command { std: "docker" "start" "245a21bf6ba4af8f53acfb33179ad5cdb5765e1af4f4ef35800c92896d5a2e85", kill_on_drop: false }`
[INFO] running `Command { std: "docker" "inspect" "245a21bf6ba4af8f53acfb33179ad5cdb5765e1af4f4ef35800c92896d5a2e85", kill_on_drop: false }`
[INFO] running `Command { std: "docker" "exec" "-e" "SOURCE_DIR=/opt/rustwide/workdir" "-e" "CARGO_HOME=/opt/rustwide/cargo-home" "-e" "RUSTUP_HOME=/opt/rustwide/rustup-home" "-e" "CARGO_TARGET_DIR=/opt/rustwide/target" "-w" "/opt/rustwide/workdir" "--user" "0:0" "245a21bf6ba4af8f53acfb33179ad5cdb5765e1af4f4ef35800c92896d5a2e85" "/opt/rustwide/cargo-home/bin/cargo" "+1.99.0-beta.8" "metadata" "--no-deps" "--format-version=1", kill_on_drop: false }`
[INFO] running `Command { std: "docker" "inspect" "245a21bf6ba4af8f53acfb33179ad5cdb5765e1af4f4ef35800c92896d5a2e85", kill_on_drop: false }`
[INFO] running `Command { std: "docker" "exec" "-e" "SOURCE_DIR=/opt/rustwide/workdir" "-e" "CARGO_HOME=/opt/rustwide/cargo-home" "-e" "RUSTUP_HOME=/opt/rustwide/rustup-home" "-e" "CARGO_TARGET_DIR=/opt/rustwide/target" "-e" "CARGO_INCREMENTAL=0" "-e" "RUST_BACKTRACE=full" "-e" "RUSTFLAGS=--cap-lints=warn" "-e" "RUSTDOCFLAGS=--cap-lints=warn" "-w" "/opt/rustwide/workdir" "--user" "0:0" "245a21bf6ba4af8f53acfb33179ad5cdb5765e1af4f4ef35800c92896d5a2e85" "/opt/rustwide/cargo-home/bin/cargo" "+1.99.0-beta.8" "build" "--frozen" "--message-format=json" "--release", kill_on_drop: false }`
[INFO] [stderr]    Compiling autocfg v1.1.0
[INFO] [stderr]    Compiling proc-macro2 v1.0.51
[INFO] [stderr]    Compiling quote v1.0.23
[INFO] [stderr]    Compiling unicode-ident v1.0.6
[INFO] [stderr]    Compiling syn v1.0.107
[INFO] [stderr]    Compiling libc v0.2.139
[INFO] [stderr]    Compiling log v0.4.17
[INFO] [stderr]    Compiling cc v1.0.79
[INFO] [stderr]    Compiling pkg-config v0.3.26
[INFO] [stderr]    Compiling once_cell v1.17.0
[INFO] [stderr]    Compiling pin-project-lite v0.2.9
[INFO] [stderr]    Compiling memchr v2.5.0
[INFO] [stderr]    Compiling futures-core v0.3.26
[INFO] [stderr]    Compiling bytes v1.4.0
[INFO] [stderr]    Compiling itoa v1.0.5
[INFO] [stderr]    Compiling tinyvec v1.6.0
[INFO] [stderr]    Compiling futures-task v0.3.26
[INFO] [stderr]    Compiling serde_derive v1.0.152
[INFO] [stderr]    Compiling openssl v0.10.45
[INFO] [stderr]    Compiling serde v1.0.152
[INFO] [stderr]    Compiling tokio v1.25.0
[INFO] [stderr]    Compiling slab v0.4.7
[INFO] [stderr]    Compiling indexmap v1.9.2
[INFO] [stderr]    Compiling tracing-core v0.1.30
[INFO] [stderr]    Compiling unicode-bidi v0.3.10
[INFO] [stderr]    Compiling semver v1.0.16
[INFO] [stderr]    Compiling futures-util v0.3.26
[INFO] [stderr]    Compiling native-tls v0.2.11
[INFO] [stderr]    Compiling futures-channel v0.3.26
[INFO] [stderr]    Compiling futures-sink v0.3.26
[INFO] [stderr]    Compiling http v0.2.8
[INFO] [stderr]    Compiling httparse v1.8.0
[INFO] [stderr]    Compiling openssl-probe v0.1.5
[INFO] [stderr]    Compiling try-lock v0.2.4
[INFO] [stderr]    Compiling tracing v0.1.37
[INFO] [stderr]    Compiling rustversion v1.0.11
[INFO] [stderr]    Compiling percent-encoding v2.2.0
[INFO] [stderr]    Compiling want v0.3.0
[INFO] [stderr]    Compiling rustc_version v0.4.0
[INFO] [stderr]    Compiling socket2 v0.4.7
[INFO] [stderr]    Compiling mio v0.8.5
[INFO] [stderr]    Compiling unicode-normalization v0.1.22
[INFO] [stderr]    Compiling form_urlencoded v1.1.0
[INFO] [stderr]    Compiling openssl-sys v0.9.80
[INFO] [stderr]    Compiling tower-service v0.3.2
[INFO] [stderr]    Compiling httpdate v1.0.2
[INFO] [stderr]    Compiling matches v0.1.10
[INFO] [stderr]    Compiling ryu v1.0.12
[INFO] [stderr]    Compiling serde_json v1.0.93
[INFO] [stderr]    Compiling error-stack v0.3.1
[INFO] [stderr]    Compiling http-body v0.4.5
[INFO] [stderr]    Compiling heck v0.4.1
[INFO] [stderr]    Compiling thiserror v1.0.38
[INFO] [stderr]    Compiling percent-encoding v1.0.1
[INFO] [stderr]    Compiling idna v0.1.5
[INFO] [stderr]    Compiling idna v0.3.0
[INFO] [stderr]    Compiling encoding_rs v0.8.32
[INFO] [stderr]    Compiling base64 v0.21.0
[INFO] [stderr]    Compiling mime v0.3.16
[INFO] [stderr]    Compiling ipnet v2.7.1
[INFO] [stderr]    Compiling url v1.7.2
[INFO] [stderr]    Compiling url v2.3.1
[INFO] [stderr]    Compiling openssl-macros v0.1.0
[INFO] [stderr]    Compiling thiserror-impl v1.0.38
[INFO] [stderr]    Compiling strum_macros v0.24.3
[INFO] [stderr]    Compiling tokio-util v0.7.6
[INFO] [stderr]    Compiling h2 v0.3.15
[INFO] [stderr]    Compiling strum v0.24.1
[INFO] [stderr]    Compiling tokio-native-tls v0.3.1
[INFO] [stderr]    Compiling hyper v0.14.24
[INFO] [stderr]    Compiling serde_urlencoded v0.7.1
[INFO] [stderr]    Compiling url_serde v0.2.0
[INFO] [stderr]    Compiling hyper-tls v0.5.0
[INFO] [stderr]    Compiling reqwest v0.11.14
[INFO] [stderr]    Compiling octoprint v0.1.5 (/opt/rustwide/workdir)
[INFO] [stderr]     Finished `release` profile [optimized] target(s) in 34.99s
[INFO] [stderr] warning: the following packages contain code that will be rejected by a future version of Rust: openssl v0.10.45
[INFO] [stderr] note: to see what the problems were, use the option `--future-incompat-report`, or run `cargo report future-incompatibilities --id 2`
[INFO] running `Command { std: "docker" "inspect" "245a21bf6ba4af8f53acfb33179ad5cdb5765e1af4f4ef35800c92896d5a2e85", kill_on_drop: false }`
[INFO] running `Command { std: "docker" "exec" "-e" "SOURCE_DIR=/opt/rustwide/workdir" "-e" "CARGO_HOME=/opt/rustwide/cargo-home" "-e" "RUSTUP_HOME=/opt/rustwide/rustup-home" "-e" "CARGO_TARGET_DIR=/opt/rustwide/target" "-e" "CARGO_INCREMENTAL=0" "-e" "RUST_BACKTRACE=full" "-e" "RUSTFLAGS=--cap-lints=warn" "-e" "RUSTDOCFLAGS=--cap-lints=warn" "-w" "/opt/rustwide/workdir" "--user" "0:0" "245a21bf6ba4af8f53acfb33179ad5cdb5765e1af4f4ef35800c92896d5a2e85" "/opt/rustwide/cargo-home/bin/cargo" "+1.99.0-beta.8" "test" "--frozen" "--no-run" "--message-format=json" "--release", kill_on_drop: false }`
[INFO] [stderr]    Compiling lock_api v0.4.9
[INFO] [stderr]    Compiling parking_lot_core v0.9.7
[INFO] [stderr]    Compiling smallvec v1.10.0
[INFO] [stderr]    Compiling scopeguard v1.1.0
[INFO] [stderr]    Compiling tokio v1.25.0
[INFO] [stderr]    Compiling signal-hook-registry v1.4.1
[INFO] [stderr]    Compiling num_cpus v1.15.0
[INFO] [stderr]    Compiling tokio-macros v1.8.2
[INFO] [stderr]    Compiling dotenv v0.15.0
[INFO] [stderr]    Compiling lazy_static v1.4.0
[INFO] [stderr]    Compiling parking_lot v0.12.1
[INFO] [stderr]    Compiling tokio-util v0.7.6
[INFO] [stderr]    Compiling tokio-native-tls v0.3.1
[INFO] [stderr]    Compiling h2 v0.3.15
[INFO] [stderr]    Compiling hyper v0.14.24
[INFO] [stderr]    Compiling hyper-tls v0.5.0
[INFO] [stderr]    Compiling reqwest v0.11.14
[INFO] [stderr]    Compiling octoprint v0.1.5 (/opt/rustwide/workdir)
[INFO] [stderr]     Finished `release` profile [optimized] target(s) in 31.16s
[INFO] [stderr] warning: the following packages contain code that will be rejected by a future version of Rust: openssl v0.10.45
[INFO] [stderr] note: to see what the problems were, use the option `--future-incompat-report`, or run `cargo report future-incompatibilities --id 2`
[INFO] running `Command { std: "docker" "inspect" "245a21bf6ba4af8f53acfb33179ad5cdb5765e1af4f4ef35800c92896d5a2e85", kill_on_drop: false }`
[INFO] running `Command { std: "docker" "exec" "-e" "SOURCE_DIR=/opt/rustwide/workdir" "-e" "CARGO_HOME=/opt/rustwide/cargo-home" "-e" "RUSTUP_HOME=/opt/rustwide/rustup-home" "-e" "CARGO_TARGET_DIR=/opt/rustwide/target" "-e" "CARGO_INCREMENTAL=0" "-e" "RUST_BACKTRACE=full" "-e" "RUSTFLAGS=--cap-lints=warn" "-e" "RUSTDOCFLAGS=--cap-lints=warn" "-w" "/opt/rustwide/workdir" "--user" "0:0" "245a21bf6ba4af8f53acfb33179ad5cdb5765e1af4f4ef35800c92896d5a2e85" "/opt/rustwide/cargo-home/bin/cargo" "+1.99.0-beta.8" "test" "--frozen" "--release", kill_on_drop: false }`
[INFO] [stderr]     Finished `release` profile [optimized] target(s) in 0.15s
[INFO] [stderr] warning: the following packages contain code that will be rejected by a future version of Rust: openssl v0.10.45
[INFO] [stderr] note: to see what the problems were, use the option `--future-incompat-report`, or run `cargo report future-incompatibilities --id 2`
[INFO] [stderr]      Running unittests src/lib.rs (/opt/rustwide/target/release/deps/octoprint-7f482ac3ee73ad82)
[INFO] [stdout] 
[INFO] [stdout] running 0 tests
[INFO] [stdout] 
[INFO] [stdout] test result: ok. 0 passed; 0 failed; 0 ignored; 0 measured; 0 filtered out; finished in 0.00s
[INFO] [stdout] 
[INFO] [stderr]      Running tests/integration_tests.rs (/opt/rustwide/target/release/deps/integration_tests-e71842abe81a969e)
[INFO] [stdout] 
[INFO] [stdout] running 16 tests
[INFO] [stdout] test file_ops::get_files_local ... FAILED
[INFO] [stdout] test file_ops::get_files_recursive ... FAILED
[INFO] [stdout] test file_ops::get_files_sdcard ... FAILED
[INFO] [stdout] test file_ops::get_files ... FAILED
[INFO] [stdout] test printer_ops::printer_state_limit ... FAILED
[INFO] [stdout] test file_ops::get_files_nocache ... FAILED
[INFO] [stdout] test job_ops::get_job ... FAILED
[INFO] [stdout] test server_ops::server_version ... FAILED
[INFO] [stdout] test server_ops::current_user ... FAILED
[INFO] [stdout] test printer_ops::printer_state ... FAILED
[INFO] [stdout] test server_ops::server_info ... FAILED
[INFO] [stdout] test printer_ops::printer_state_exclude_sd ... FAILED
[INFO] [stdout] test printer_ops::printer_state_exclude_temperature ... FAILED
[INFO] [stdout] test printer_ops::printer_state_history ... FAILED
[INFO] [stdout] test printer_ops::printer_state_history_limit ... FAILED
[INFO] [stdout] test printer_ops::printer_state_exclude_state ... FAILED
[INFO] [stdout] 
[INFO] [stdout] failures:
[INFO] [stdout] 
[INFO] [stdout] ---- file_ops::get_files_local stdout ----
[INFO] [stdout] 
[INFO] [stdout] thread 'file_ops::get_files_local' (2467) panicked at tests/common/mod.rs:9:49:
[INFO] [stdout] called `Result::unwrap()` on an `Err` value: NotPresent
[INFO] [stdout] stack backtrace:
[INFO] [stdout]    0:     0x60e177879a21 - <<std[70759c8f55707aa4]::sys::backtrace::BacktraceLock>::print::DisplayBacktrace as core[df12db4294e9bfd3]::fmt::Display>::fmt
[INFO] [stdout]    1:     0x60e1778909ca - core[df12db4294e9bfd3]::fmt::write
[INFO] [stdout]    2:     0x60e17787ea5c - <alloc[2182bb758b4b3781]::vec::Vec<u8> as core[df12db4294e9bfd3]::io::write::Write>::write_fmt
[INFO] [stdout]    3:     0x60e177854636 - std[70759c8f55707aa4]::panicking::default_hook::{closure#0}
[INFO] [stdout]    4:     0x60e177871939 - std[70759c8f55707aa4]::panicking::default_hook
[INFO] [stdout]    5:     0x60e1776a8120 - test[9d35eded1c95d3be]::test_main_inner::<test[9d35eded1c95d3be]::test_main_static::{closure#0}>::{closure#0}
[INFO] [stdout]    6:     0x60e177871c62 - std[70759c8f55707aa4]::panicking::panic_with_hook
[INFO] [stdout]    7:     0x60e1778546e2 - std[70759c8f55707aa4]::panicking::panic_handler::{closure#0}
[INFO] [stdout]    8:     0x60e17784cbb9 - std[70759c8f55707aa4]::sys::backtrace::__rust_end_short_backtrace::<std[70759c8f55707aa4]::panicking::panic_handler::{closure#0}, !>
[INFO] [stdout]    9:     0x60e17785567d - __rustc[8fa7c3cbc660c2b3]::rust_begin_unwind
[INFO] [stdout]   10:     0x60e17789112c - core[df12db4294e9bfd3]::panicking::panic_fmt
[INFO] [stdout]   11:     0x60e177890f02 - core[df12db4294e9bfd3]::result::unwrap_failed
[INFO] [stdout]   12:     0x60e17768e058 - integration_tests[c4613ccb1993b997]::common::get_client
[INFO] [stdout]   13:     0x60e177684a83 - integration_tests[c4613ccb1993b997]::file_ops::get_files_local::{closure#0}
[INFO] [stdout]   14:     0x60e17768c2a3 - <tokio[9c323697bc444a95]::runtime::scheduler::current_thread::Context>::enter::<core[df12db4294e9bfd3]::task::poll::Poll<()>, <tokio[9c323697bc444a95]::runtime::scheduler::current_thread::CoreGuard>::block_on<core[df12db4294e9bfd3]::pin::Pin<&mut core[df12db4294e9bfd3]::pin::Pin<&mut dyn core[df12db4294e9bfd3]::future::future::Future<Output = ()>>>>::{closure#0}::{closure#0}>
[INFO] [stdout]   15:     0x60e17769925e - <tokio[9c323697bc444a95]::macros::scoped_tls::ScopedKey<tokio[9c323697bc444a95]::runtime::scheduler::current_thread::Context>>::set::<<tokio[9c323697bc444a95]::runtime::scheduler::current_thread::CoreGuard>::enter<<tokio[9c323697bc444a95]::runtime::scheduler::current_thread::CoreGuard>::block_on<core[df12db4294e9bfd3]::pin::Pin<&mut core[df12db4294e9bfd3]::pin::Pin<&mut dyn core[df12db4294e9bfd3]::future::future::Future<Output = ()>>>>::{closure#0}, core[df12db4294e9bfd3]::option::Option<()>>::{closure#0}, (alloc[2182bb758b4b3781]::boxed::Box<tokio[9c323697bc444a95]::runtime::scheduler::current_thread::Core>, core[df12db4294e9bfd3]::option::Option<()>)>
[INFO] [stdout]   16:     0x60e17768bdff - <tokio[9c323697bc444a95]::runtime::scheduler::current_thread::CurrentThread>::block_on::<core[df12db4294e9bfd3]::pin::Pin<&mut dyn core[df12db4294e9bfd3]::future::future::Future<Output = ()>>>
[INFO] [stdout]   17:     0x60e17769498d - <tokio[9c323697bc444a95]::runtime::runtime::Runtime>::block_on::<core[df12db4294e9bfd3]::pin::Pin<&mut dyn core[df12db4294e9bfd3]::future::future::Future<Output = ()>>>
[INFO] [stdout]   18:     0x60e17768549b - integration_tests[c4613ccb1993b997]::file_ops::get_files_local
[INFO] [stdout]   19:     0x60e17768e599 - <integration_tests[c4613ccb1993b997]::file_ops::get_files_local::{closure#0} as core[df12db4294e9bfd3]::ops::function::FnOnce<()>>::call_once
[INFO] [stdout]   20:     0x60e17769b40b - test[9d35eded1c95d3be]::__rust_begin_short_backtrace::<core[df12db4294e9bfd3]::result::Result<(), alloc[2182bb758b4b3781]::string::String>, fn() -> core[df12db4294e9bfd3]::result::Result<(), alloc[2182bb758b4b3781]::string::String>>
[INFO] [stdout]   21:     0x60e1776a8a75 - test[9d35eded1c95d3be]::run_test::{closure#0}
[INFO] [stdout]   22:     0x60e1776a2334 - std[70759c8f55707aa4]::sys::backtrace::__rust_begin_short_backtrace::<test[9d35eded1c95d3be]::run_test::{closure#1}, ()>
[INFO] [stdout]   23:     0x60e1776abbd2 - <std[70759c8f55707aa4]::thread::lifecycle::spawn_unchecked<test[9d35eded1c95d3be]::run_test::{closure#1}, ()>::{closure#1} as core[df12db4294e9bfd3]::ops::function::FnOnce<()>>::call_once::{shim:vtable#0}
[INFO] [stdout]   24:     0x60e177878f49 - <std[70759c8f55707aa4]::sys::thread::unix::Thread>::new::thread_start
[INFO] [stdout]   25:     0x73d102365dfa - <unknown>
[INFO] [stdout]   26:     0x73d1023f93d4 - clone
[INFO] [stdout]   27:                0x0 - <unknown>
[INFO] [stdout] 
[INFO] [stdout] ---- file_ops::get_files_recursive stdout ----
[INFO] [stdout] 
[INFO] [stdout] thread 'file_ops::get_files_recursive' (2469) panicked at tests/common/mod.rs:9:49:
[INFO] [stdout] called `Result::unwrap()` on an `Err` value: NotPresent
[INFO] [stdout] stack backtrace:
[INFO] [stdout]    0:     0x60e177879a21 - <<std[70759c8f55707aa4]::sys::backtrace::BacktraceLock>::print::DisplayBacktrace as core[df12db4294e9bfd3]::fmt::Display>::fmt
[INFO] [stdout]    1:     0x60e1778909ca - core[df12db4294e9bfd3]::fmt::write
[INFO] [stdout]    2:     0x60e17787ea5c - <alloc[2182bb758b4b3781]::vec::Vec<u8> as core[df12db4294e9bfd3]::io::write::Write>::write_fmt
[INFO] [stdout]    3:     0x60e177854636 - std[70759c8f55707aa4]::panicking::default_hook::{closure#0}
[INFO] [stdout]    4:     0x60e177871939 - std[70759c8f55707aa4]::panicking::default_hook
[INFO] [stdout]    5:     0x60e1776a8120 - test[9d35eded1c95d3be]::test_main_inner::<test[9d35eded1c95d3be]::test_main_static::{closure#0}>::{closure#0}
[INFO] [stdout]    6:     0x60e177871c62 - std[70759c8f55707aa4]::panicking::panic_with_hook
[INFO] [stdout]    7:     0x60e1778546e2 - std[70759c8f55707aa4]::panicking::panic_handler::{closure#0}
[INFO] [stdout]    8:     0x60e17784cbb9 - std[70759c8f55707aa4]::sys::backtrace::__rust_end_short_backtrace::<std[70759c8f55707aa4]::panicking::panic_handler::{closure#0}, !>
[INFO] [stdout]    9:     0x60e17785567d - __rustc[8fa7c3cbc660c2b3]::rust_begin_unwind
[INFO] [stdout]   10:     0x60e17789112c - core[df12db4294e9bfd3]::panicking::panic_fmt
[INFO] [stdout]   11:     0x60e177890f02 - core[df12db4294e9bfd3]::result::unwrap_failed
[INFO] [stdout]   12:     0x60e17768e058 - integration_tests[c4613ccb1993b997]::common::get_client
[INFO] [stdout]   13:     0x60e177685053 - integration_tests[c4613ccb1993b997]::file_ops::get_files_recursive::{closure#0}
[INFO] [stdout]   14:     0x60e17768c2a3 - <tokio[9c323697bc444a95]::runtime::scheduler::current_thread::Context>::enter::<core[df12db4294e9bfd3]::task::poll::Poll<()>, <tokio[9c323697bc444a95]::runtime::scheduler::current_thread::CoreGuard>::block_on<core[df12db4294e9bfd3]::pin::Pin<&mut core[df12db4294e9bfd3]::pin::Pin<&mut dyn core[df12db4294e9bfd3]::future::future::Future<Output = ()>>>>::{closure#0}::{closure#0}>
[INFO] [stdout]   15:     0x60e17769925e - <tokio[9c323697bc444a95]::macros::scoped_tls::ScopedKey<tokio[9c323697bc444a95]::runtime::scheduler::current_thread::Context>>::set::<<tokio[9c323697bc444a95]::runtime::scheduler::current_thread::CoreGuard>::enter<<tokio[9c323697bc444a95]::runtime::scheduler::current_thread::CoreGuard>::block_on<core[df12db4294e9bfd3]::pin::Pin<&mut core[df12db4294e9bfd3]::pin::Pin<&mut dyn core[df12db4294e9bfd3]::future::future::Future<Output = ()>>>>::{closure#0}, core[df12db4294e9bfd3]::option::Option<()>>::{closure#0}, (alloc[2182bb758b4b3781]::boxed::Box<tokio[9c323697bc444a95]::runtime::scheduler::current_thread::Core>, core[df12db4294e9bfd3]::option::Option<()>)>
[INFO] [stdout]   16:     0x60e17768bdff - <tokio[9c323697bc444a95]::runtime::scheduler::current_thread::CurrentThread>::block_on::<core[df12db4294e9bfd3]::pin::Pin<&mut dyn core[df12db4294e9bfd3]::future::future::Future<Output = ()>>>
[INFO] [stdout]   17:     0x60e17769498d - <tokio[9c323697bc444a95]::runtime::runtime::Runtime>::block_on::<core[df12db4294e9bfd3]::pin::Pin<&mut dyn core[df12db4294e9bfd3]::future::future::Future<Output = ()>>>
[INFO] [stdout]   18:     0x60e17768591b - integration_tests[c4613ccb1993b997]::file_ops::get_files_recursive
[INFO] [stdout]   19:     0x60e17768e5f9 - <integration_tests[c4613ccb1993b997]::file_ops::get_files_recursive::{closure#0} as core[df12db4294e9bfd3]::ops::function::FnOnce<()>>::call_once
[INFO] [stdout]   20:     0x60e17769b40b - test[9d35eded1c95d3be]::__rust_begin_short_backtrace::<core[df12db4294e9bfd3]::result::Result<(), alloc[2182bb758b4b3781]::string::String>, fn() -> core[df12db4294e9bfd3]::result::Result<(), alloc[2182bb758b4b3781]::string::String>>
[INFO] [stdout]   21:     0x60e1776a8a75 - test[9d35eded1c95d3be]::run_test::{closure#0}
[INFO] [stdout]   22:     0x60e1776a2334 - std[70759c8f55707aa4]::sys::backtrace::__rust_begin_short_backtrace::<test[9d35eded1c95d3be]::run_test::{closure#1}, ()>
[INFO] [stdout]   23:     0x60e1776abbd2 - <std[70759c8f55707aa4]::thread::lifecycle::spawn_unchecked<test[9d35eded1c95d3be]::run_test::{closure#1}, ()>::{closure#1} as core[df12db4294e9bfd3]::ops::function::FnOnce<()>>::call_once::{shim:vtable#0}
[INFO] [stdout]   24:     0x60e177878f49 - <std[70759c8f55707aa4]::sys::thread::unix::Thread>::new::thread_start
[INFO] [stdout]   25:     0x73d102365dfa - <unknown>
[INFO] [stdout]   26:     0x73d1023f93d4 - clone
[INFO] [stdout]   27:                0x0 - <unknown>
[INFO] [stdout] 
[INFO] [stdout] ---- file_ops::get_files_sdcard stdout ----
[INFO] [stdout] 
[INFO] [stdout] thread 'file_ops::get_files_sdcard' (2470) panicked at tests/common/mod.rs:9:49:
[INFO] [stdout] called `Result::unwrap()` on an `Err` value: NotPresent
[INFO] [stdout] stack backtrace:
[INFO] [stdout]    0:     0x60e177879a21 - <<std[70759c8f55707aa4]::sys::backtrace::BacktraceLock>::print::DisplayBacktrace as core[df12db4294e9bfd3]::fmt::Display>::fmt
[INFO] [stdout]    1:     0x60e1778909ca - core[df12db4294e9bfd3]::fmt::write
[INFO] [stdout]    2:     0x60e17787ea5c - <alloc[2182bb758b4b3781]::vec::Vec<u8> as core[df12db4294e9bfd3]::io::write::Write>::write_fmt
[INFO] [stdout]    3:     0x60e177854636 - std[70759c8f55707aa4]::panicking::default_hook::{closure#0}
[INFO] [stdout]    4:     0x60e177871939 - std[70759c8f55707aa4]::panicking::default_hook
[INFO] [stdout]    5:     0x60e1776a8120 - test[9d35eded1c95d3be]::test_main_inner::<test[9d35eded1c95d3be]::test_main_static::{closure#0}>::{closure#0}
[INFO] [stdout]    6:     0x60e177871c62 - std[70759c8f55707aa4]::panicking::panic_with_hook
[INFO] [stdout]    7:     0x60e1778546e2 - std[70759c8f55707aa4]::panicking::panic_handler::{closure#0}
[INFO] [stdout]    8:     0x60e17784cbb9 - std[70759c8f55707aa4]::sys::backtrace::__rust_end_short_backtrace::<std[70759c8f55707aa4]::panicking::panic_handler::{closure#0}, !>
[INFO] [stdout]    9:     0x60e17785567d - __rustc[8fa7c3cbc660c2b3]::rust_begin_unwind
[INFO] [stdout]   10:     0x60e17789112c - core[df12db4294e9bfd3]::panicking::panic_fmt
[INFO] [stdout]   11:     0x60e177890f02 - core[df12db4294e9bfd3]::result::unwrap_failed
[INFO] [stdout]   12:     0x60e17768e058 - integration_tests[c4613ccb1993b997]::common::get_client
[INFO] [stdout]   13:     0x60e177684c73 - integration_tests[c4613ccb1993b997]::file_ops::get_files_sdcard::{closure#0}
[INFO] [stdout]   14:     0x60e17768c2a3 - <tokio[9c323697bc444a95]::runtime::scheduler::current_thread::Context>::enter::<core[df12db4294e9bfd3]::task::poll::Poll<()>, <tokio[9c323697bc444a95]::runtime::scheduler::current_thread::CoreGuard>::block_on<core[df12db4294e9bfd3]::pin::Pin<&mut core[df12db4294e9bfd3]::pin::Pin<&mut dyn core[df12db4294e9bfd3]::future::future::Future<Output = ()>>>>::{closure#0}::{closure#0}>
[INFO] [stdout]   15:     0x60e17769925e - <tokio[9c323697bc444a95]::macros::scoped_tls::ScopedKey<tokio[9c323697bc444a95]::runtime::scheduler::current_thread::Context>>::set::<<tokio[9c323697bc444a95]::runtime::scheduler::current_thread::CoreGuard>::enter<<tokio[9c323697bc444a95]::runtime::scheduler::current_thread::CoreGuard>::block_on<core[df12db4294e9bfd3]::pin::Pin<&mut core[df12db4294e9bfd3]::pin::Pin<&mut dyn core[df12db4294e9bfd3]::future::future::Future<Output = ()>>>>::{closure#0}, core[df12db4294e9bfd3]::option::Option<()>>::{closure#0}, (alloc[2182bb758b4b3781]::boxed::Box<tokio[9c323697bc444a95]::runtime::scheduler::current_thread::Core>, core[df12db4294e9bfd3]::option::Option<()>)>
[INFO] [stdout]   16:     0x60e17768bdff - <tokio[9c323697bc444a95]::runtime::scheduler::current_thread::CurrentThread>::block_on::<core[df12db4294e9bfd3]::pin::Pin<&mut dyn core[df12db4294e9bfd3]::future::future::Future<Output = ()>>>
[INFO] [stdout]   17:     0x60e17769498d - <tokio[9c323697bc444a95]::runtime::runtime::Runtime>::block_on::<core[df12db4294e9bfd3]::pin::Pin<&mut dyn core[df12db4294e9bfd3]::future::future::Future<Output = ()>>>
[INFO] [stdout]   18:     0x60e17768561b - integration_tests[c4613ccb1993b997]::file_ops::get_files_sdcard
[INFO] [stdout]   19:     0x60e17768e5b9 - <integration_tests[c4613ccb1993b997]::file_ops::get_files_sdcard::{closure#0} as core[df12db4294e9bfd3]::ops::function::FnOnce<()>>::call_once
[INFO] [stdout]   20:     0x60e17769b40b - test[9d35eded1c95d3be]::__rust_begin_short_backtrace::<core[df12db4294e9bfd3]::result::Result<(), alloc[2182bb758b4b3781]::string::String>, fn() -> core[df12db4294e9bfd3]::result::Result<(), alloc[2182bb758b4b3781]::string::String>>
[INFO] [stdout]   21:     0x60e1776a8a75 - test[9d35eded1c95d3be]::run_test::{closure#0}
[INFO] [stdout]   22:     0x60e1776a2334 - std[70759c8f55707aa4]::sys::backtrace::__rust_begin_short_backtrace::<test[9d35eded1c95d3be]::run_test::{closure#1}, ()>
[INFO] [stdout]   23:     0x60e1776abbd2 - <std[70759c8f55707aa4]::thread::lifecycle::spawn_unchecked<test[9d35eded1c95d3be]::run_test::{closure#1}, ()>::{closure#1} as core[df12db4294e9bfd3]::ops::function::FnOnce<()>>::call_once::{shim:vtable#0}
[INFO] [stdout]   24:     0x60e177878f49 - <std[70759c8f55707aa4]::sys::thread::unix::Thread>::new::thread_start
[INFO] [stdout]   25:     0x73d102365dfa - <unknown>
[INFO] [stdout]   26:     0x73d1023f93d4 - clone
[INFO] [stdout]   27:                0x0 - <unknown>
[INFO] [stdout] 
[INFO] [stdout] ---- file_ops::get_files stdout ----
[INFO] [stdout] 
[INFO] [stdout] thread 'file_ops::get_files' (2466) panicked at tests/common/mod.rs:9:49:
[INFO] [stdout] called `Result::unwrap()` on an `Err` value: NotPresent
[INFO] [stdout] stack backtrace:
[INFO] [stdout]    0:     0x60e177879a21 - <<std[70759c8f55707aa4]::sys::backtrace::BacktraceLock>::print::DisplayBacktrace as core[df12db4294e9bfd3]::fmt::Display>::fmt
[INFO] [stdout]    1:     0x60e1778909ca - core[df12db4294e9bfd3]::fmt::write
[INFO] [stdout]    2:     0x60e17787ea5c - <alloc[2182bb758b4b3781]::vec::Vec<u8> as core[df12db4294e9bfd3]::io::write::Write>::write_fmt
[INFO] [stdout]    3:     0x60e177854636 - std[70759c8f55707aa4]::panicking::default_hook::{closure#0}
[INFO] [stdout]    4:     0x60e177871939 - std[70759c8f55707aa4]::panicking::default_hook
[INFO] [stdout]    5:     0x60e1776a8120 - test[9d35eded1c95d3be]::test_main_inner::<test[9d35eded1c95d3be]::test_main_static::{closure#0}>::{closure#0}
[INFO] [stdout]    6:     0x60e177871c62 - std[70759c8f55707aa4]::panicking::panic_with_hook
[INFO] [stdout]    7:     0x60e1778546e2 - std[70759c8f55707aa4]::panicking::panic_handler::{closure#0}
[INFO] [stdout]    8:     0x60e17784cbb9 - std[70759c8f55707aa4]::sys::backtrace::__rust_end_short_backtrace::<std[70759c8f55707aa4]::panicking::panic_handler::{closure#0}, !>
[INFO] [stdout]    9:     0x60e17785567d - __rustc[8fa7c3cbc660c2b3]::rust_begin_unwind
[INFO] [stdout]   10:     0x60e17789112c - core[df12db4294e9bfd3]::panicking::panic_fmt
[INFO] [stdout]   11:     0x60e177890f02 - core[df12db4294e9bfd3]::result::unwrap_failed
[INFO] [stdout]   12:     0x60e17768e058 - integration_tests[c4613ccb1993b997]::common::get_client
[INFO] [stdout]   13:     0x60e177685243 - integration_tests[c4613ccb1993b997]::file_ops::get_files::{closure#0}
[INFO] [stdout]   14:     0x60e17768c2a3 - <tokio[9c323697bc444a95]::runtime::scheduler::current_thread::Context>::enter::<core[df12db4294e9bfd3]::task::poll::Poll<()>, <tokio[9c323697bc444a95]::runtime::scheduler::current_thread::CoreGuard>::block_on<core[df12db4294e9bfd3]::pin::Pin<&mut core[df12db4294e9bfd3]::pin::Pin<&mut dyn core[df12db4294e9bfd3]::future::future::Future<Output = ()>>>>::{closure#0}::{closure#0}>
[INFO] [stdout]   15:     0x60e17769925e - <tokio[9c323697bc444a95]::macros::scoped_tls::ScopedKey<tokio[9c323697bc444a95]::runtime::scheduler::current_thread::Context>>::set::<<tokio[9c323697bc444a95]::runtime::scheduler::current_thread::CoreGuard>::enter<<tokio[9c323697bc444a95]::runtime::scheduler::current_thread::CoreGuard>::block_on<core[df12db4294e9bfd3]::pin::Pin<&mut core[df12db4294e9bfd3]::pin::Pin<&mut dyn core[df12db4294e9bfd3]::future::future::Future<Output = ()>>>>::{closure#0}, core[df12db4294e9bfd3]::option::Option<()>>::{closure#0}, (alloc[2182bb758b4b3781]::boxed::Box<tokio[9c323697bc444a95]::runtime::scheduler::current_thread::Core>, core[df12db4294e9bfd3]::option::Option<()>)>
[INFO] [stdout]   16:     0x60e17768bdff - <tokio[9c323697bc444a95]::runtime::scheduler::current_thread::CurrentThread>::block_on::<core[df12db4294e9bfd3]::pin::Pin<&mut dyn core[df12db4294e9bfd3]::future::future::Future<Output = ()>>>
[INFO] [stdout]   17:     0x60e17769498d - <tokio[9c323697bc444a95]::runtime::runtime::Runtime>::block_on::<core[df12db4294e9bfd3]::pin::Pin<&mut dyn core[df12db4294e9bfd3]::future::future::Future<Output = ()>>>
[INFO] [stdout]   18:     0x60e177685a9b - integration_tests[c4613ccb1993b997]::file_ops::get_files
[INFO] [stdout]   19:     0x60e17768e619 - <integration_tests[c4613ccb1993b997]::file_ops::get_files::{closure#0} as core[df12db4294e9bfd3]::ops::function::FnOnce<()>>::call_once
[INFO] [stdout]   20:     0x60e17769b40b - test[9d35eded1c95d3be]::__rust_begin_short_backtrace::<core[df12db4294e9bfd3]::result::Result<(), alloc[2182bb758b4b3781]::string::String>, fn() -> core[df12db4294e9bfd3]::result::Result<(), alloc[2182bb758b4b3781]::string::String>>
[INFO] [stdout]   21:     0x60e1776a8a75 - test[9d35eded1c95d3be]::run_test::{closure#0}
[INFO] [stdout]   22:     0x60e1776a2334 - std[70759c8f55707aa4]::sys::backtrace::__rust_begin_short_backtrace::<test[9d35eded1c95d3be]::run_test::{closure#1}, ()>
[INFO] [stdout]   23:     0x60e1776abbd2 - <std[70759c8f55707aa4]::thread::lifecycle::spawn_unchecked<test[9d35eded1c95d3be]::run_test::{closure#1}, ()>::{closure#1} as core[df12db4294e9bfd3]::ops::function::FnOnce<()>>::call_once::{shim:vtable#0}
[INFO] [stdout]   24:     0x60e177878f49 - <std[70759c8f55707aa4]::sys::thread::unix::Thread>::new::thread_start
[INFO] [stdout]   25:     0x73d102365dfa - <unknown>
[INFO] [stdout]   26:     0x73d1023f93d4 - clone
[INFO] [stdout]   27:                0x0 - <unknown>
[INFO] [stdout] 
[INFO] [stdout] ---- printer_ops::printer_state_limit stdout ----
[INFO] [stdout] 
[INFO] [stdout] thread 'printer_ops::printer_state_limit' (2478) panicked at tests/common/mod.rs:9:49:
[INFO] [stdout] called `Result::unwrap()` on an `Err` value: NotPresent
[INFO] [stdout] stack backtrace:
[INFO] [stdout]    0:     0x60e177879a21 - <<std[70759c8f55707aa4]::sys::backtrace::BacktraceLock>::print::DisplayBacktrace as core[df12db4294e9bfd3]::fmt::Display>::fmt
[INFO] [stdout]    1:     0x60e1778909ca - core[df12db4294e9bfd3]::fmt::write
[INFO] [stdout]    2:     0x60e17787ea5c - <alloc[2182bb758b4b3781]::vec::Vec<u8> as core[df12db4294e9bfd3]::io::write::Write>::write_fmt
[INFO] [stdout]    3:     0x60e177854636 - std[70759c8f55707aa4]::panicking::default_hook::{closure#0}
[INFO] [stdout]    4:     0x60e177871939 - std[70759c8f55707aa4]::panicking::default_hook
[INFO] [stdout]    5:     0x60e1776a8120 - test[9d35eded1c95d3be]::test_main_inner::<test[9d35eded1c95d3be]::test_main_static::{closure#0}>::{closure#0}
[INFO] [stdout]    6:     0x60e177871c62 - std[70759c8f55707aa4]::panicking::panic_with_hook
[INFO] [stdout]    7:     0x60e1778546e2 - std[70759c8f55707aa4]::panicking::panic_handler::{closure#0}
[INFO] [stdout]    8:     0x60e17784cbb9 - std[70759c8f55707aa4]::sys::backtrace::__rust_end_short_backtrace::<std[70759c8f55707aa4]::panicking::panic_handler::{closure#0}, !>
[INFO] [stdout]    9:     0x60e17785567d - __rustc[8fa7c3cbc660c2b3]::rust_begin_unwind
[INFO] [stdout]   10:     0x60e17789112c - core[df12db4294e9bfd3]::panicking::panic_fmt
[INFO] [stdout]   11:     0x60e177890f02 - core[df12db4294e9bfd3]::result::unwrap_failed
[INFO] [stdout]   12:     0x60e17768e058 - integration_tests[c4613ccb1993b997]::common::get_client
[INFO] [stdout]   13:     0x60e17767a744 - integration_tests[c4613ccb1993b997]::printer_ops::printer_state_limit::{closure#0}
[INFO] [stdout]   14:     0x60e17768c2a3 - <tokio[9c323697bc444a95]::runtime::scheduler::current_thread::Context>::enter::<core[df12db4294e9bfd3]::task::poll::Poll<()>, <tokio[9c323697bc444a95]::runtime::scheduler::current_thread::CoreGuard>::block_on<core[df12db4294e9bfd3]::pin::Pin<&mut core[df12db4294e9bfd3]::pin::Pin<&mut dyn core[df12db4294e9bfd3]::future::future::Future<Output = ()>>>>::{closure#0}::{closure#0}>
[INFO] [stdout]   15:     0x60e17769925e - <tokio[9c323697bc444a95]::macros::scoped_tls::ScopedKey<tokio[9c323697bc444a95]::runtime::scheduler::current_thread::Context>>::set::<<tokio[9c323697bc444a95]::runtime::scheduler::current_thread::CoreGuard>::enter<<tokio[9c323697bc444a95]::runtime::scheduler::current_thread::CoreGuard>::block_on<core[df12db4294e9bfd3]::pin::Pin<&mut core[df12db4294e9bfd3]::pin::Pin<&mut dyn core[df12db4294e9bfd3]::future::future::Future<Output = ()>>>>::{closure#0}, core[df12db4294e9bfd3]::option::Option<()>>::{closure#0}, (alloc[2182bb758b4b3781]::boxed::Box<tokio[9c323697bc444a95]::runtime::scheduler::current_thread::Core>, core[df12db4294e9bfd3]::option::Option<()>)>
[INFO] [stdout]   16:     0x60e17768bdff - <tokio[9c323697bc444a95]::runtime::scheduler::current_thread::CurrentThread>::block_on::<core[df12db4294e9bfd3]::pin::Pin<&mut dyn core[df12db4294e9bfd3]::future::future::Future<Output = ()>>>
[INFO] [stdout]   17:     0x60e17769498d - <tokio[9c323697bc444a95]::runtime::runtime::Runtime>::block_on::<core[df12db4294e9bfd3]::pin::Pin<&mut dyn core[df12db4294e9bfd3]::future::future::Future<Output = ()>>>
[INFO] [stdout]   18:     0x60e17767b46b - integration_tests[c4613ccb1993b997]::printer_ops::printer_state_limit
[INFO] [stdout]   19:     0x60e17768e4b9 - <integration_tests[c4613ccb1993b997]::printer_ops::printer_state_limit::{closure#0} as core[df12db4294e9bfd3]::ops::function::FnOnce<()>>::call_once
[INFO] [stdout]   20:     0x60e17769b40b - test[9d35eded1c95d3be]::__rust_begin_short_backtrace::<core[df12db4294e9bfd3]::result::Result<(), alloc[2182bb758b4b3781]::string::String>, fn() -> core[df12db4294e9bfd3]::result::Result<(), alloc[2182bb758b4b3781]::string::String>>
[INFO] [stdout]   21:     0x60e1776a8a75 - test[9d35eded1c95d3be]::run_test::{closure#0}
[INFO] [stdout]   22:     0x60e1776a2334 - std[70759c8f55707aa4]::sys::backtrace::__rust_begin_short_backtrace::<test[9d35eded1c95d3be]::run_test::{closure#1}, ()>
[INFO] [stdout]   23:     0x60e1776abbd2 - <std[70759c8f55707aa4]::thread::lifecycle::spawn_unchecked<test[9d35eded1c95d3be]::run_test::{closure#1}, ()>::{closure#1} as core[df12db4294e9bfd3]::ops::function::FnOnce<()>>::call_once::{shim:vtable#0}
[INFO] [stdout]   24:     0x60e177878f49 - <std[70759c8f55707aa4]::sys::thread::unix::Thread>::new::thread_start
[INFO] [stdout]   25:     0x73d102365dfa - <unknown>
[INFO] [stdout]   26:     0x73d1023f93d4 - clone
[INFO] [stdout]   27:                0x0 - <unknown>
[INFO] [stdout] 
[INFO] [stdout] ---- file_ops::get_files_nocache stdout ----
[INFO] [stdout] 
[INFO] [stdout] thread 'file_ops::get_files_nocache' (2468) panicked at tests/common/mod.rs:9:49:
[INFO] [stdout] called `Result::unwrap()` on an `Err` value: NotPresent
[INFO] [stdout] stack backtrace:
[INFO] [stdout]    0:     0x60e177879a21 - <<std[70759c8f55707aa4]::sys::backtrace::BacktraceLock>::print::DisplayBacktrace as core[df12db4294e9bfd3]::fmt::Display>::fmt
[INFO] [stdout]    1:     0x60e1778909ca - core[df12db4294e9bfd3]::fmt::write
[INFO] [stdout]    2:     0x60e17787ea5c - <alloc[2182bb758b4b3781]::vec::Vec<u8> as core[df12db4294e9bfd3]::io::write::Write>::write_fmt
[INFO] [stdout]    3:     0x60e177854636 - std[70759c8f55707aa4]::panicking::default_hook::{closure#0}
[INFO] [stdout]    4:     0x60e177871939 - std[70759c8f55707aa4]::panicking::default_hook
[INFO] [stdout]    5:     0x60e1776a8120 - test[9d35eded1c95d3be]::test_main_inner::<test[9d35eded1c95d3be]::test_main_static::{closure#0}>::{closure#0}
[INFO] [stdout]    6:     0x60e177871c62 - std[70759c8f55707aa4]::panicking::panic_with_hook
[INFO] [stdout]    7:     0x60e1778546e2 - std[70759c8f55707aa4]::panicking::panic_handler::{closure#0}
[INFO] [stdout]    8:     0x60e17784cbb9 - std[70759c8f55707aa4]::sys::backtrace::__rust_end_short_backtrace::<std[70759c8f55707aa4]::panicking::panic_handler::{closure#0}, !>
[INFO] [stdout]    9:     0x60e17785567d - __rustc[8fa7c3cbc660c2b3]::rust_begin_unwind
[INFO] [stdout]   10:     0x60e17789112c - core[df12db4294e9bfd3]::panicking::panic_fmt
[INFO] [stdout]   11:     0x60e177890f02 - core[df12db4294e9bfd3]::result::unwrap_failed
[INFO] [stdout]   12:     0x60e17768e058 - integration_tests[c4613ccb1993b997]::common::get_client
[INFO] [stdout]   13:     0x60e177684e63 - integration_tests[c4613ccb1993b997]::file_ops::get_files_nocache::{closure#0}
[INFO] [stdout]   14:     0x60e17768c2a3 - <tokio[9c323697bc444a95]::runtime::scheduler::current_thread::Context>::enter::<core[df12db4294e9bfd3]::task::poll::Poll<()>, <tokio[9c323697bc444a95]::runtime::scheduler::current_thread::CoreGuard>::block_on<core[df12db4294e9bfd3]::pin::Pin<&mut core[df12db4294e9bfd3]::pin::Pin<&mut dyn core[df12db4294e9bfd3]::future::future::Future<Output = ()>>>>::{closure#0}::{closure#0}>
[INFO] [stdout]   15:     0x60e17769925e - <tokio[9c323697bc444a95]::macros::scoped_tls::ScopedKey<tokio[9c323697bc444a95]::runtime::scheduler::current_thread::Context>>::set::<<tokio[9c323697bc444a95]::runtime::scheduler::current_thread::CoreGuard>::enter<<tokio[9c323697bc444a95]::runtime::scheduler::current_thread::CoreGuard>::block_on<core[df12db4294e9bfd3]::pin::Pin<&mut core[df12db4294e9bfd3]::pin::Pin<&mut dyn core[df12db4294e9bfd3]::future::future::Future<Output = ()>>>>::{closure#0}, core[df12db4294e9bfd3]::option::Option<()>>::{closure#0}, (alloc[2182bb758b4b3781]::boxed::Box<tokio[9c323697bc444a95]::runtime::scheduler::current_thread::Core>, core[df12db4294e9bfd3]::option::Option<()>)>
[INFO] [stdout]   16:     0x60e17768bdff - <tokio[9c323697bc444a95]::runtime::scheduler::current_thread::CurrentThread>::block_on::<core[df12db4294e9bfd3]::pin::Pin<&mut dyn core[df12db4294e9bfd3]::future::future::Future<Output = ()>>>
[INFO] [stdout]   17:     0x60e17769498d - <tokio[9c323697bc444a95]::runtime::runtime::Runtime>::block_on::<core[df12db4294e9bfd3]::pin::Pin<&mut dyn core[df12db4294e9bfd3]::future::future::Future<Output = ()>>>
[INFO] [stdout]   18:     0x60e17768579b - integration_tests[c4613ccb1993b997]::file_ops::get_files_nocache
[INFO] [stdout]   19:     0x60e17768e5d9 - <integration_tests[c4613ccb1993b997]::file_ops::get_files_nocache::{closure#0} as core[df12db4294e9bfd3]::ops::function::FnOnce<()>>::call_once
[INFO] [stdout]   20:     0x60e17769b40b - test[9d35eded1c95d3be]::__rust_begin_short_backtrace::<core[df12db4294e9bfd3]::result::Result<(), alloc[2182bb758b4b3781]::string::String>, fn() -> core[df12db4294e9bfd3]::result::Result<(), alloc[2182bb758b4b3781]::string::String>>
[INFO] [stdout]   21:     0x60e1776a8a75 - test[9d35eded1c95d3be]::run_test::{closure#0}
[INFO] [stdout]   22:     0x60e1776a2334 - std[70759c8f55707aa4]::sys::backtrace::__rust_begin_short_backtrace::<test[9d35eded1c95d3be]::run_test::{closure#1}, ()>
[INFO] [stdout]   23:     0x60e1776abbd2 - <std[70759c8f55707aa4]::thread::lifecycle::spawn_unchecked<test[9d35eded1c95d3be]::run_test::{closure#1}, ()>::{closure#1} as core[df12db4294e9bfd3]::ops::function::FnOnce<()>>::call_once::{shim:vtable#0}
[INFO] [stdout]   24:     0x60e177878f49 - <std[70759c8f55707aa4]::sys::thread::unix::Thread>::new::thread_start
[INFO] [stdout]   25:     0x73d102365dfa - <unknown>
[INFO] [stdout]   26:     0x73d1023f93d4 - clone
[INFO] [stdout]   27:                0x0 - <unknown>
[INFO] [stdout] 
[INFO] [stdout] ---- job_ops::get_job stdout ----
[INFO] [stdout] 
[INFO] [stdout] thread 'job_ops::get_job' (2471) panicked at tests/common/mod.rs:9:49:
[INFO] [stdout] called `Result::unwrap()` on an `Err` value: NotPresent
[INFO] [stdout] stack backtrace:
[INFO] [stdout]    0:     0x60e177879a21 - <<std[70759c8f55707aa4]::sys::backtrace::BacktraceLock>::print::DisplayBacktrace as core[df12db4294e9bfd3]::fmt::Display>::fmt
[INFO] [stdout]    1:     0x60e1778909ca - core[df12db4294e9bfd3]::fmt::write
[INFO] [stdout]    2:     0x60e17787ea5c - <alloc[2182bb758b4b3781]::vec::Vec<u8> as core[df12db4294e9bfd3]::io::write::Write>::write_fmt
[INFO] [stdout]    3:     0x60e177854636 - std[70759c8f55707aa4]::panicking::default_hook::{closure#0}
[INFO] [stdout]    4:     0x60e177871939 - std[70759c8f55707aa4]::panicking::default_hook
[INFO] [stdout]    5:     0x60e1776a8120 - test[9d35eded1c95d3be]::test_main_inner::<test[9d35eded1c95d3be]::test_main_static::{closure#0}>::{closure#0}
[INFO] [stdout]    6:     0x60e177871c62 - std[70759c8f55707aa4]::panicking::panic_with_hook
[INFO] [stdout]    7:     0x60e1778546e2 - std[70759c8f55707aa4]::panicking::panic_handler::{closure#0}
[INFO] [stdout]    8:     0x60e17784cbb9 - std[70759c8f55707aa4]::sys::backtrace::__rust_end_short_backtrace::<std[70759c8f55707aa4]::panicking::panic_handler::{closure#0}, !>
[INFO] [stdout]    9:     0x60e17785567d - __rustc[8fa7c3cbc660c2b3]::rust_begin_unwind
[INFO] [stdout]   10:     0x60e17789112c - core[df12db4294e9bfd3]::panicking::panic_fmt
[INFO] [stdout]   11:     0x60e177890f02 - core[df12db4294e9bfd3]::result::unwrap_failed
[INFO] [stdout]   12:     0x60e17768e058 - integration_tests[c4613ccb1993b997]::common::get_client
[INFO] [stdout]   13:     0x60e1776895e7 - integration_tests[c4613ccb1993b997]::job_ops::get_job::{closure#0}
[INFO] [stdout]   14:     0x60e17768c2a3 - <tokio[9c323697bc444a95]::runtime::scheduler::current_thread::Context>::enter::<core[df12db4294e9bfd3]::task::poll::Poll<()>, <tokio[9c323697bc444a95]::runtime::scheduler::current_thread::CoreGuard>::block_on<core[df12db4294e9bfd3]::pin::Pin<&mut core[df12db4294e9bfd3]::pin::Pin<&mut dyn core[df12db4294e9bfd3]::future::future::Future<Output = ()>>>>::{closure#0}::{closure#0}>
[INFO] [stdout]   15:     0x60e17769925e - <tokio[9c323697bc444a95]::macros::scoped_tls::ScopedKey<tokio[9c323697bc444a95]::runtime::scheduler::current_thread::Context>>::set::<<tokio[9c323697bc444a95]::runtime::scheduler::current_thread::CoreGuard>::enter<<tokio[9c323697bc444a95]::runtime::scheduler::current_thread::CoreGuard>::block_on<core[df12db4294e9bfd3]::pin::Pin<&mut core[df12db4294e9bfd3]::pin::Pin<&mut dyn core[df12db4294e9bfd3]::future::future::Future<Output = ()>>>>::{closure#0}, core[df12db4294e9bfd3]::option::Option<()>>::{closure#0}, (alloc[2182bb758b4b3781]::boxed::Box<tokio[9c323697bc444a95]::runtime::scheduler::current_thread::Core>, core[df12db4294e9bfd3]::option::Option<()>)>
[INFO] [stdout]   16:     0x60e17768bdff - <tokio[9c323697bc444a95]::runtime::scheduler::current_thread::CurrentThread>::block_on::<core[df12db4294e9bfd3]::pin::Pin<&mut dyn core[df12db4294e9bfd3]::future::future::Future<Output = ()>>>
[INFO] [stdout]   17:     0x60e17769498d - <tokio[9c323697bc444a95]::runtime::runtime::Runtime>::block_on::<core[df12db4294e9bfd3]::pin::Pin<&mut dyn core[df12db4294e9bfd3]::future::future::Future<Output = ()>>>
[INFO] [stdout]   18:     0x60e17768bb3b - integration_tests[c4613ccb1993b997]::job_ops::get_job
[INFO] [stdout]   19:     0x60e17768e579 - <integration_tests[c4613ccb1993b997]::job_ops::get_job::{closure#0} as core[df12db4294e9bfd3]::ops::function::FnOnce<()>>::call_once
[INFO] [stdout]   20:     0x60e17769b40b - test[9d35eded1c95d3be]::__rust_begin_short_backtrace::<core[df12db4294e9bfd3]::result::Result<(), alloc[2182bb758b4b3781]::string::String>, fn() -> core[df12db4294e9bfd3]::result::Result<(), alloc[2182bb758b4b3781]::string::String>>
[INFO] [stdout]   21:     0x60e1776a8a75 - test[9d35eded1c95d3be]::run_test::{closure#0}
[INFO] [stdout]   22:     0x60e1776a2334 - std[70759c8f55707aa4]::sys::backtrace::__rust_begin_short_backtrace::<test[9d35eded1c95d3be]::run_test::{closure#1}, ()>
[INFO] [stdout]   23:     0x60e1776abbd2 - <std[70759c8f55707aa4]::thread::lifecycle::spawn_unchecked<test[9d35eded1c95d3be]::run_test::{closure#1}, ()>::{closure#1} as core[df12db4294e9bfd3]::ops::function::FnOnce<()>>::call_once::{shim:vtable#0}
[INFO] [stdout]   24:     0x60e177878f49 - <std[70759c8f55707aa4]::sys::thread::unix::Thread>::new::thread_start
[INFO] [stdout]   25:     0x73d102365dfa - <unknown>
[INFO] [stdout]   26:     0x73d1023f93d4 - clone
[INFO] [stdout]   27:                0x0 - <unknown>
[INFO] [stdout] 
[INFO] [stdout] ---- server_ops::server_version stdout ----
[INFO] [stdout] 
[INFO] [stdout] thread 'server_ops::server_version' (2481) panicked at tests/common/mod.rs:9:49:
[INFO] [stdout] called `Result::unwrap()` on an `Err` value: NotPresent
[INFO] [stdout] stack backtrace:
[INFO] [stdout]    0:     0x60e177879a21 - <<std[70759c8f55707aa4]::sys::backtrace::BacktraceLock>::print::DisplayBacktrace as core[df12db4294e9bfd3]::fmt::Display>::fmt
[INFO] [stdout]    1:     0x60e1778909ca - core[df12db4294e9bfd3]::fmt::write
[INFO] [stdout]    2:     0x60e17787ea5c - <alloc[2182bb758b4b3781]::vec::Vec<u8> as core[df12db4294e9bfd3]::io::write::Write>::write_fmt
[INFO] [stdout]    3:     0x60e177854636 - std[70759c8f55707aa4]::panicking::default_hook::{closure#0}
[INFO] [stdout]    4:     0x60e177871939 - std[70759c8f55707aa4]::panicking::default_hook
[INFO] [stdout]    5:     0x60e1776a8120 - test[9d35eded1c95d3be]::test_main_inner::<test[9d35eded1c95d3be]::test_main_static::{closure#0}>::{closure#0}
[INFO] [stdout]    6:     0x60e177871c62 - std[70759c8f55707aa4]::panicking::panic_with_hook
[INFO] [stdout]    7:     0x60e1778546e2 - std[70759c8f55707aa4]::panicking::panic_handler::{closure#0}
[INFO] [stdout]    8:     0x60e17784cbb9 - std[70759c8f55707aa4]::sys::backtrace::__rust_end_short_backtrace::<std[70759c8f55707aa4]::panicking::panic_handler::{closure#0}, !>
[INFO] [stdout]    9:     0x60e17785567d - __rustc[8fa7c3cbc660c2b3]::rust_begin_unwind
[INFO] [stdout]   10:     0x60e17789112c - core[df12db4294e9bfd3]::panicking::panic_fmt
[INFO] [stdout]   11:     0x60e177890f02 - core[df12db4294e9bfd3]::result::unwrap_failed
[INFO] [stdout]   12:     0x60e17768e058 - integration_tests[c4613ccb1993b997]::common::get_client
[INFO] [stdout]   13:     0x60e177680146 - integration_tests[c4613ccb1993b997]::server_ops::server_version::{closure#0}
[INFO] [stdout]   14:     0x60e17768c2a3 - <tokio[9c323697bc444a95]::runtime::scheduler::current_thread::Context>::enter::<core[df12db4294e9bfd3]::task::poll::Poll<()>, <tokio[9c323697bc444a95]::runtime::scheduler::current_thread::CoreGuard>::block_on<core[df12db4294e9bfd3]::pin::Pin<&mut core[df12db4294e9bfd3]::pin::Pin<&mut dyn core[df12db4294e9bfd3]::future::future::Future<Output = ()>>>>::{closure#0}::{closure#0}>
[INFO] [stdout]   15:     0x60e17769925e - <tokio[9c323697bc444a95]::macros::scoped_tls::ScopedKey<tokio[9c323697bc444a95]::runtime::scheduler::current_thread::Context>>::set::<<tokio[9c323697bc444a95]::runtime::scheduler::current_thread::CoreGuard>::enter<<tokio[9c323697bc444a95]::runtime::scheduler::current_thread::CoreGuard>::block_on<core[df12db4294e9bfd3]::pin::Pin<&mut core[df12db4294e9bfd3]::pin::Pin<&mut dyn core[df12db4294e9bfd3]::future::future::Future<Output = ()>>>>::{closure#0}, core[df12db4294e9bfd3]::option::Option<()>>::{closure#0}, (alloc[2182bb758b4b3781]::boxed::Box<tokio[9c323697bc444a95]::runtime::scheduler::current_thread::Core>, core[df12db4294e9bfd3]::option::Option<()>)>
[INFO] [stdout]   16:     0x60e17768bdff - <tokio[9c323697bc444a95]::runtime::scheduler::current_thread::CurrentThread>::block_on::<core[df12db4294e9bfd3]::pin::Pin<&mut dyn core[df12db4294e9bfd3]::future::future::Future<Output = ()>>>
[INFO] [stdout]   17:     0x60e17769498d - <tokio[9c323697bc444a95]::runtime::runtime::Runtime>::block_on::<core[df12db4294e9bfd3]::pin::Pin<&mut dyn core[df12db4294e9bfd3]::future::future::Future<Output = ()>>>
[INFO] [stdout]   18:     0x60e177680e5b - integration_tests[c4613ccb1993b997]::server_ops::server_version
[INFO] [stdout]   19:     0x60e17768e479 - <integration_tests[c4613ccb1993b997]::server_ops::server_version::{closure#0} as core[df12db4294e9bfd3]::ops::function::FnOnce<()>>::call_once
[INFO] [stdout]   20:     0x60e17769b40b - test[9d35eded1c95d3be]::__rust_begin_short_backtrace::<core[df12db4294e9bfd3]::result::Result<(), alloc[2182bb758b4b3781]::string::String>, fn() -> core[df12db4294e9bfd3]::result::Result<(), alloc[2182bb758b4b3781]::string::String>>
[INFO] [stderr] error: test failed, to rerun pass `--test integration_tests`
[INFO] [stdout]   21:     0x60e1776a8a75 - test[9d35eded1c95d3be]::run_test::{closure#0}
[INFO] [stdout]   22:     0x60e1776a2334 - std[70759c8f55707aa4]::sys::backtrace::__rust_begin_short_backtrace::<test[9d35eded1c95d3be]::run_test::{closure#1}, ()>
[INFO] [stdout]   23:     0x60e1776abbd2 - <std[70759c8f55707aa4]::thread::lifecycle::spawn_unchecked<test[9d35eded1c95d3be]::run_test::{closure#1}, ()>::{closure#1} as core[df12db4294e9bfd3]::ops::function::FnOnce<()>>::call_once::{shim:vtable#0}
[INFO] [stdout]   24:     0x60e177878f49 - <std[70759c8f55707aa4]::sys::thread::unix::Thread>::new::thread_start
[INFO] [stdout]   25:     0x73d102365dfa - <unknown>
[INFO] [stdout]   26:     0x73d1023f93d4 - clone
[INFO] [stdout]   27:                0x0 - <unknown>
[INFO] [stdout] 
[INFO] [stdout] ---- server_ops::current_user stdout ----
[INFO] [stdout] 
[INFO] [stdout] thread 'server_ops::current_user' (2479) panicked at tests/common/mod.rs:9:49:
[INFO] [stdout] called `Result::unwrap()` on an `Err` value: NotPresent
[INFO] [stdout] stack backtrace:
[INFO] [stdout]    0:     0x60e177879a21 - <<std[70759c8f55707aa4]::sys::backtrace::BacktraceLock>::print::DisplayBacktrace as core[df12db4294e9bfd3]::fmt::Display>::fmt
[INFO] [stdout]    1:     0x60e1778909ca - core[df12db4294e9bfd3]::fmt::write
[INFO] [stdout]    2:     0x60e17787ea5c - <alloc[2182bb758b4b3781]::vec::Vec<u8> as core[df12db4294e9bfd3]::io::write::Write>::write_fmt
[INFO] [stdout]    3:     0x60e177854636 - std[70759c8f55707aa4]::panicking::default_hook::{closure#0}
[INFO] [stdout]    4:     0x60e177871939 - std[70759c8f55707aa4]::panicking::default_hook
[INFO] [stdout]    5:     0x60e1776a8120 - test[9d35eded1c95d3be]::test_main_inner::<test[9d35eded1c95d3be]::test_main_static::{closure#0}>::{closure#0}
[INFO] [stdout]    6:     0x60e177871c62 - std[70759c8f55707aa4]::panicking::panic_with_hook
[INFO] [stdout]    7:     0x60e1778546e2 - std[70759c8f55707aa4]::panicking::panic_handler::{closure#0}
[INFO] [stdout]    8:     0x60e17784cbb9 - std[70759c8f55707aa4]::sys::backtrace::__rust_end_short_backtrace::<std[70759c8f55707aa4]::panicking::panic_handler::{closure#0}, !>
[INFO] [stdout]    9:     0x60e17785567d - __rustc[8fa7c3cbc660c2b3]::rust_begin_unwind
[INFO] [stdout]   10:     0x60e17789112c - core[df12db4294e9bfd3]::panicking::panic_fmt
[INFO] [stdout]   11:     0x60e177890f02 - core[df12db4294e9bfd3]::result::unwrap_failed
[INFO] [stdout]   12:     0x60e17768e058 - integration_tests[c4613ccb1993b997]::common::get_client
[INFO] [stdout]   13:     0x60e17767f656 - integration_tests[c4613ccb1993b997]::server_ops::current_user::{closure#0}
[INFO] [stdout]   14:     0x60e17768c2a3 - <tokio[9c323697bc444a95]::runtime::scheduler::current_thread::Context>::enter::<core[df12db4294e9bfd3]::task::poll::Poll<()>, <tokio[9c323697bc444a95]::runtime::scheduler::current_thread::CoreGuard>::block_on<core[df12db4294e9bfd3]::pin::Pin<&mut core[df12db4294e9bfd3]::pin::Pin<&mut dyn core[df12db4294e9bfd3]::future::future::Future<Output = ()>>>>::{closure#0}::{closure#0}>
[INFO] [stdout]   15:     0x60e17769925e - <tokio[9c323697bc444a95]::macros::scoped_tls::ScopedKey<tokio[9c323697bc444a95]::runtime::scheduler::current_thread::Context>>::set::<<tokio[9c323697bc444a95]::runtime::scheduler::current_thread::CoreGuard>::enter<<tokio[9c323697bc444a95]::runtime::scheduler::current_thread::CoreGuard>::block_on<core[df12db4294e9bfd3]::pin::Pin<&mut core[df12db4294e9bfd3]::pin::Pin<&mut dyn core[df12db4294e9bfd3]::future::future::Future<Output = ()>>>>::{closure#0}, core[df12db4294e9bfd3]::option::Option<()>>::{closure#0}, (alloc[2182bb758b4b3781]::boxed::Box<tokio[9c323697bc444a95]::runtime::scheduler::current_thread::Core>, core[df12db4294e9bfd3]::option::Option<()>)>
[INFO] [stdout]   16:     0x60e17768bdff - <tokio[9c323697bc444a95]::runtime::scheduler::current_thread::CurrentThread>::block_on::<core[df12db4294e9bfd3]::pin::Pin<&mut dyn core[df12db4294e9bfd3]::future::future::Future<Output = ()>>>
[INFO] [stdout]   17:     0x60e17769498d - <tokio[9c323697bc444a95]::runtime::runtime::Runtime>::block_on::<core[df12db4294e9bfd3]::pin::Pin<&mut dyn core[df12db4294e9bfd3]::future::future::Future<Output = ()>>>
[INFO] [stdout]   18:     0x60e177680d0b - integration_tests[c4613ccb1993b997]::server_ops::current_user
[INFO] [stdout]   19:     0x60e17768e459 - <integration_tests[c4613ccb1993b997]::server_ops::current_user::{closure#0} as core[df12db4294e9bfd3]::ops::function::FnOnce<()>>::call_once
[INFO] [stdout]   20:     0x60e17769b40b - test[9d35eded1c95d3be]::__rust_begin_short_backtrace::<core[df12db4294e9bfd3]::result::Result<(), alloc[2182bb758b4b3781]::string::String>, fn() -> core[df12db4294e9bfd3]::result::Result<(), alloc[2182bb758b4b3781]::string::String>>
[INFO] [stdout]   21:     0x60e1776a8a75 - test[9d35eded1c95d3be]::run_test::{closure#0}
[INFO] [stdout]   22:     0x60e1776a2334 - std[70759c8f55707aa4]::sys::backtrace::__rust_begin_short_backtrace::<test[9d35eded1c95d3be]::run_test::{closure#1}, ()>
[INFO] [stdout]   23:     0x60e1776abbd2 - <std[70759c8f55707aa4]::thread::lifecycle::spawn_unchecked<test[9d35eded1c95d3be]::run_test::{closure#1}, ()>::{closure#1} as core[df12db4294e9bfd3]::ops::function::FnOnce<()>>::call_once::{shim:vtable#0}
[INFO] [stdout]   24:     0x60e177878f49 - <std[70759c8f55707aa4]::sys::thread::unix::Thread>::new::thread_start
[INFO] [stdout]   25:     0x73d102365dfa - <unknown>
[INFO] [stdout]   26:     0x73d1023f93d4 - clone
[INFO] [stdout]   27:                0x0 - <unknown>
[INFO] [stdout] 
[INFO] [stdout] ---- printer_ops::printer_state stdout ----
[INFO] [stdout] 
[INFO] [stdout] thread 'printer_ops::printer_state' (2472) panicked at tests/common/mod.rs:9:49:
[INFO] [stdout] called `Result::unwrap()` on an `Err` value: NotPresent
[INFO] [stdout] stack backtrace:
[INFO] [stdout]    0:     0x60e177879a21 - <<std[70759c8f55707aa4]::sys::backtrace::BacktraceLock>::print::DisplayBacktrace as core[df12db4294e9bfd3]::fmt::Display>::fmt
[INFO] [stdout]    1:     0x60e1778909ca - core[df12db4294e9bfd3]::fmt::write
[INFO] [stdout]    2:     0x60e17787ea5c - <alloc[2182bb758b4b3781]::vec::Vec<u8> as core[df12db4294e9bfd3]::io::write::Write>::write_fmt
[INFO] [stdout]    3:     0x60e177854636 - std[70759c8f55707aa4]::panicking::default_hook::{closure#0}
[INFO] [stdout]    4:     0x60e177871939 - std[70759c8f55707aa4]::panicking::default_hook
[INFO] [stdout]    5:     0x60e1776a8120 - test[9d35eded1c95d3be]::test_main_inner::<test[9d35eded1c95d3be]::test_main_static::{closure#0}>::{closure#0}
[INFO] [stdout]    6:     0x60e177871c62 - std[70759c8f55707aa4]::panicking::panic_with_hook
[INFO] [stdout]    7:     0x60e1778546e2 - std[70759c8f55707aa4]::panicking::panic_handler::{closure#0}
[INFO] [stdout]    8:     0x60e17784cbb9 - std[70759c8f55707aa4]::sys::backtrace::__rust_end_short_backtrace::<std[70759c8f55707aa4]::panicking::panic_handler::{closure#0}, !>
[INFO] [stdout]    9:     0x60e17785567d - __rustc[8fa7c3cbc660c2b3]::rust_begin_unwind
[INFO] [stdout]   10:     0x60e17789112c - core[df12db4294e9bfd3]::panicking::panic_fmt
[INFO] [stdout]   11:     0x60e177890f02 - core[df12db4294e9bfd3]::result::unwrap_failed
[INFO] [stdout]   12:     0x60e17768e058 - integration_tests[c4613ccb1993b997]::common::get_client
[INFO] [stdout]   13:     0x60e17767a5a4 - integration_tests[c4613ccb1993b997]::printer_ops::printer_state::{closure#0}
[INFO] [stdout]   14:     0x60e17768c2a3 - <tokio[9c323697bc444a95]::runtime::scheduler::current_thread::Context>::enter::<core[df12db4294e9bfd3]::task::poll::Poll<()>, <tokio[9c323697bc444a95]::runtime::scheduler::current_thread::CoreGuard>::block_on<core[df12db4294e9bfd3]::pin::Pin<&mut core[df12db4294e9bfd3]::pin::Pin<&mut dyn core[df12db4294e9bfd3]::future::future::Future<Output = ()>>>>::{closure#0}::{closure#0}>
[INFO] [stdout]   15:     0x60e17769925e - <tokio[9c323697bc444a95]::macros::scoped_tls::ScopedKey<tokio[9c323697bc444a95]::runtime::scheduler::current_thread::Context>>::set::<<tokio[9c323697bc444a95]::runtime::scheduler::current_thread::CoreGuard>::enter<<tokio[9c323697bc444a95]::runtime::scheduler::current_thread::CoreGuard>::block_on<core[df12db4294e9bfd3]::pin::Pin<&mut core[df12db4294e9bfd3]::pin::Pin<&mut dyn core[df12db4294e9bfd3]::future::future::Future<Output = ()>>>>::{closure#0}, core[df12db4294e9bfd3]::option::Option<()>>::{closure#0}, (alloc[2182bb758b4b3781]::boxed::Box<tokio[9c323697bc444a95]::runtime::scheduler::current_thread::Core>, core[df12db4294e9bfd3]::option::Option<()>)>
[INFO] [stdout]   16:     0x60e17768bdff - <tokio[9c323697bc444a95]::runtime::scheduler::current_thread::CurrentThread>::block_on::<core[df12db4294e9bfd3]::pin::Pin<&mut dyn core[df12db4294e9bfd3]::future::future::Future<Output = ()>>>
[INFO] [stdout]   17:     0x60e17769498d - <tokio[9c323697bc444a95]::runtime::runtime::Runtime>::block_on::<core[df12db4294e9bfd3]::pin::Pin<&mut dyn core[df12db4294e9bfd3]::future::future::Future<Output = ()>>>
[INFO] [stdout]   18:     0x60e17767b2eb - integration_tests[c4613ccb1993b997]::printer_ops::printer_state
[INFO] [stdout]   19:     0x60e17768e499 - <integration_tests[c4613ccb1993b997]::printer_ops::printer_state::{closure#0} as core[df12db4294e9bfd3]::ops::function::FnOnce<()>>::call_once
[INFO] [stdout]   20:     0x60e17769b40b - test[9d35eded1c95d3be]::__rust_begin_short_backtrace::<core[df12db4294e9bfd3]::result::Result<(), alloc[2182bb758b4b3781]::string::String>, fn() -> core[df12db4294e9bfd3]::result::Result<(), alloc[2182bb758b4b3781]::string::String>>
[INFO] [stdout]   21:     0x60e1776a8a75 - test[9d35eded1c95d3be]::run_test::{closure#0}
[INFO] [stdout]   22:     0x60e1776a2334 - std[70759c8f55707aa4]::sys::backtrace::__rust_begin_short_backtrace::<test[9d35eded1c95d3be]::run_test::{closure#1}, ()>
[INFO] [stdout]   23:     0x60e1776abbd2 - <std[70759c8f55707aa4]::thread::lifecycle::spawn_unchecked<test[9d35eded1c95d3be]::run_test::{closure#1}, ()>::{closure#1} as core[df12db4294e9bfd3]::ops::function::FnOnce<()>>::call_once::{shim:vtable#0}
[INFO] [stdout]   24:     0x60e177878f49 - <std[70759c8f55707aa4]::sys::thread::unix::Thread>::new::thread_start
[INFO] [stdout]   25:     0x73d102365dfa - <unknown>
[INFO] [stdout]   26:     0x73d1023f93d4 - clone
[INFO] [stdout]   27:                0x0 - <unknown>
[INFO] [stdout] 
[INFO] [stdout] ---- server_ops::server_info stdout ----
[INFO] [stdout] 
[INFO] [stdout] thread 'server_ops::server_info' (2480) panicked at tests/common/mod.rs:9:49:
[INFO] [stdout] called `Result::unwrap()` on an `Err` value: NotPresent
[INFO] [stdout] stack backtrace:
[INFO] [stdout]    0:     0x60e177879a21 - <<std[70759c8f55707aa4]::sys::backtrace::BacktraceLock>::print::DisplayBacktrace as core[df12db4294e9bfd3]::fmt::Display>::fmt
[INFO] [stdout]    1:     0x60e1778909ca - core[df12db4294e9bfd3]::fmt::write
[INFO] [stdout]    2:     0x60e17787ea5c - <alloc[2182bb758b4b3781]::vec::Vec<u8> as core[df12db4294e9bfd3]::io::write::Write>::write_fmt
[INFO] [stdout]    3:     0x60e177854636 - std[70759c8f55707aa4]::panicking::default_hook::{closure#0}
[INFO] [stdout]    4:     0x60e177871939 - std[70759c8f55707aa4]::panicking::default_hook
[INFO] [stdout]    5:     0x60e1776a8120 - test[9d35eded1c95d3be]::test_main_inner::<test[9d35eded1c95d3be]::test_main_static::{closure#0}>::{closure#0}
[INFO] [stdout]    6:     0x60e177871c62 - std[70759c8f55707aa4]::panicking::panic_with_hook
[INFO] [stdout]    7:     0x60e1778546e2 - std[70759c8f55707aa4]::panicking::panic_handler::{closure#0}
[INFO] [stdout]    8:     0x60e17784cbb9 - std[70759c8f55707aa4]::sys::backtrace::__rust_end_short_backtrace::<std[70759c8f55707aa4]::panicking::panic_handler::{closure#0}, !>
[INFO] [stdout]    9:     0x60e17785567d - __rustc[8fa7c3cbc660c2b3]::rust_begin_unwind
[INFO] [stdout]   10:     0x60e17789112c - core[df12db4294e9bfd3]::panicking::panic_fmt
[INFO] [stdout]   11:     0x60e177890f02 - core[df12db4294e9bfd3]::result::unwrap_failed
[INFO] [stdout]   12:     0x60e17768e058 - integration_tests[c4613ccb1993b997]::common::get_client
[INFO] [stdout]   13:     0x60e17767eca6 - integration_tests[c4613ccb1993b997]::server_ops::server_info::{closure#0}
[INFO] [stdout]   14:     0x60e17768c2a3 - <tokio[9c323697bc444a95]::runtime::scheduler::current_thread::Context>::enter::<core[df12db4294e9bfd3]::task::poll::Poll<()>, <tokio[9c323697bc444a95]::runtime::scheduler::current_thread::CoreGuard>::block_on<core[df12db4294e9bfd3]::pin::Pin<&mut core[df12db4294e9bfd3]::pin::Pin<&mut dyn core[df12db4294e9bfd3]::future::future::Future<Output = ()>>>>::{closure#0}::{closure#0}>
[INFO] [stdout]   15:     0x60e17769925e - <tokio[9c323697bc444a95]::macros::scoped_tls::ScopedKey<tokio[9c323697bc444a95]::runtime::scheduler::current_thread::Context>>::set::<<tokio[9c323697bc444a95]::runtime::scheduler::current_thread::CoreGuard>::enter<<tokio[9c323697bc444a95]::runtime::scheduler::current_thread::CoreGuard>::block_on<core[df12db4294e9bfd3]::pin::Pin<&mut core[df12db4294e9bfd3]::pin::Pin<&mut dyn core[df12db4294e9bfd3]::future::future::Future<Output = ()>>>>::{closure#0}, core[df12db4294e9bfd3]::option::Option<()>>::{closure#0}, (alloc[2182bb758b4b3781]::boxed::Box<tokio[9c323697bc444a95]::runtime::scheduler::current_thread::Core>, core[df12db4294e9bfd3]::option::Option<()>)>
[INFO] [stdout]   16:     0x60e17768bdff - <tokio[9c323697bc444a95]::runtime::scheduler::current_thread::CurrentThread>::block_on::<core[df12db4294e9bfd3]::pin::Pin<&mut dyn core[df12db4294e9bfd3]::future::future::Future<Output = ()>>>
[INFO] [stdout]   17:     0x60e17769498d - <tokio[9c323697bc444a95]::runtime::runtime::Runtime>::block_on::<core[df12db4294e9bfd3]::pin::Pin<&mut dyn core[df12db4294e9bfd3]::future::future::Future<Output = ()>>>
[INFO] [stdout]   18:     0x60e177680bbb - integration_tests[c4613ccb1993b997]::server_ops::server_info
[INFO] [stdout]   19:     0x60e17768e439 - <integration_tests[c4613ccb1993b997]::server_ops::server_info::{closure#0} as core[df12db4294e9bfd3]::ops::function::FnOnce<()>>::call_once
[INFO] [stdout]   20:     0x60e17769b40b - test[9d35eded1c95d3be]::__rust_begin_short_backtrace::<core[df12db4294e9bfd3]::result::Result<(), alloc[2182bb758b4b3781]::string::String>, fn() -> core[df12db4294e9bfd3]::result::Result<(), alloc[2182bb758b4b3781]::string::String>>
[INFO] [stdout]   21:     0x60e1776a8a75 - test[9d35eded1c95d3be]::run_test::{closure#0}
[INFO] [stdout]   22:     0x60e1776a2334 - std[70759c8f55707aa4]::sys::backtrace::__rust_begin_short_backtrace::<test[9d35eded1c95d3be]::run_test::{closure#1}, ()>
[INFO] [stdout]   23:     0x60e1776abbd2 - <std[70759c8f55707aa4]::thread::lifecycle::spawn_unchecked<test[9d35eded1c95d3be]::run_test::{closure#1}, ()>::{closure#1} as core[df12db4294e9bfd3]::ops::function::FnOnce<()>>::call_once::{shim:vtable#0}
[INFO] [stdout]   24:     0x60e177878f49 - <std[70759c8f55707aa4]::sys::thread::unix::Thread>::new::thread_start
[INFO] [stdout]   25:     0x73d102365dfa - <unknown>
[INFO] [stdout]   26:     0x73d1023f93d4 - clone
[INFO] [stdout]   27:                0x0 - <unknown>
[INFO] [stdout] 
[INFO] [stdout] ---- printer_ops::printer_state_exclude_sd stdout ----
[INFO] [stdout] 
[INFO] [stdout] thread 'printer_ops::printer_state_exclude_sd' (2473) panicked at tests/common/mod.rs:9:49:
[INFO] [stdout] called `Result::unwrap()` on an `Err` value: NotPresent
[INFO] [stdout] stack backtrace:
[INFO] [stdout]    0:     0x60e177879a21 - <<std[70759c8f55707aa4]::sys::backtrace::BacktraceLock>::print::DisplayBacktrace as core[df12db4294e9bfd3]::fmt::Display>::fmt
[INFO] [stdout]    1:     0x60e1778909ca - core[df12db4294e9bfd3]::fmt::write
[INFO] [stdout]    2:     0x60e17787ea5c - <alloc[2182bb758b4b3781]::vec::Vec<u8> as core[df12db4294e9bfd3]::io::write::Write>::write_fmt
[INFO] [stdout]    3:     0x60e177854636 - std[70759c8f55707aa4]::panicking::default_hook::{closure#0}
[INFO] [stdout]    4:     0x60e177871939 - std[70759c8f55707aa4]::panicking::default_hook
[INFO] [stdout]    5:     0x60e1776a8120 - test[9d35eded1c95d3be]::test_main_inner::<test[9d35eded1c95d3be]::test_main_static::{closure#0}>::{closure#0}
[INFO] [stdout]    6:     0x60e177871c62 - std[70759c8f55707aa4]::panicking::panic_with_hook
[INFO] [stdout]    7:     0x60e1778546e2 - std[70759c8f55707aa4]::panicking::panic_handler::{closure#0}
[INFO] [stdout]    8:     0x60e17784cbb9 - std[70759c8f55707aa4]::sys::backtrace::__rust_end_short_backtrace::<std[70759c8f55707aa4]::panicking::panic_handler::{closure#0}, !>
[INFO] [stdout]    9:     0x60e17785567d - __rustc[8fa7c3cbc660c2b3]::rust_begin_unwind
[INFO] [stdout]   10:     0x60e17789112c - core[df12db4294e9bfd3]::panicking::panic_fmt
[INFO] [stdout]   11:     0x60e177890f02 - core[df12db4294e9bfd3]::result::unwrap_failed
[INFO] [stdout]   12:     0x60e17768e058 - integration_tests[c4613ccb1993b997]::common::get_client
[INFO] [stdout]   13:     0x60e17767aa84 - integration_tests[c4613ccb1993b997]::printer_ops::printer_state_exclude_sd::{closure#0}
[INFO] [stdout]   14:     0x60e17768c2a3 - <tokio[9c323697bc444a95]::runtime::scheduler::current_thread::Context>::enter::<core[df12db4294e9bfd3]::task::poll::Poll<()>, <tokio[9c323697bc444a95]::runtime::scheduler::current_thread::CoreGuard>::block_on<core[df12db4294e9bfd3]::pin::Pin<&mut core[df12db4294e9bfd3]::pin::Pin<&mut dyn core[df12db4294e9bfd3]::future::future::Future<Output = ()>>>>::{closure#0}::{closure#0}>
[INFO] [stdout]   15:     0x60e17769925e - <tokio[9c323697bc444a95]::macros::scoped_tls::ScopedKey<tokio[9c323697bc444a95]::runtime::scheduler::current_thread::Context>>::set::<<tokio[9c323697bc444a95]::runtime::scheduler::current_thread::CoreGuard>::enter<<tokio[9c323697bc444a95]::runtime::scheduler::current_thread::CoreGuard>::block_on<core[df12db4294e9bfd3]::pin::Pin<&mut core[df12db4294e9bfd3]::pin::Pin<&mut dyn core[df12db4294e9bfd3]::future::future::Future<Output = ()>>>>::{closure#0}, core[df12db4294e9bfd3]::option::Option<()>>::{closure#0}, (alloc[2182bb758b4b3781]::boxed::Box<tokio[9c323697bc444a95]::runtime::scheduler::current_thread::Core>, core[df12db4294e9bfd3]::option::Option<()>)>
[INFO] [stdout]   16:     0x60e17768bdff - <tokio[9c323697bc444a95]::runtime::scheduler::current_thread::CurrentThread>::block_on::<core[df12db4294e9bfd3]::pin::Pin<&mut dyn core[df12db4294e9bfd3]::future::future::Future<Output = ()>>>
[INFO] [stdout]   17:     0x60e17769498d - <tokio[9c323697bc444a95]::runtime::runtime::Runtime>::block_on::<core[df12db4294e9bfd3]::pin::Pin<&mut dyn core[df12db4294e9bfd3]::future::future::Future<Output = ()>>>
[INFO] [stdout]   18:     0x60e17767b76b - integration_tests[c4613ccb1993b997]::printer_ops::printer_state_exclude_sd
[INFO] [stdout]   19:     0x60e17768e4f9 - <integration_tests[c4613ccb1993b997]::printer_ops::printer_state_exclude_sd::{closure#0} as core[df12db4294e9bfd3]::ops::function::FnOnce<()>>::call_once
[INFO] [stdout]   20:     0x60e17769b40b - test[9d35eded1c95d3be]::__rust_begin_short_backtrace::<core[df12db4294e9bfd3]::result::Result<(), alloc[2182bb758b4b3781]::string::String>, fn() -> core[df12db4294e9bfd3]::result::Result<(), alloc[2182bb758b4b3781]::string::String>>
[INFO] [stdout]   21:     0x60e1776a8a75 - test[9d35eded1c95d3be]::run_test::{closure#0}
[INFO] [stdout]   22:     0x60e1776a2334 - std[70759c8f55707aa4]::sys::backtrace::__rust_begin_short_backtrace::<test[9d35eded1c95d3be]::run_test::{closure#1}, ()>
[INFO] [stdout]   23:     0x60e1776abbd2 - <std[70759c8f55707aa4]::thread::lifecycle::spawn_unchecked<test[9d35eded1c95d3be]::run_test::{closure#1}, ()>::{closure#1} as core[df12db4294e9bfd3]::ops::function::FnOnce<()>>::call_once::{shim:vtable#0}
[INFO] [stdout]   24:     0x60e177878f49 - <std[70759c8f55707aa4]::sys::thread::unix::Thread>::new::thread_start
[INFO] [stdout]   25:     0x73d102365dfa - <unknown>
[INFO] [stdout]   26:     0x73d1023f93d4 - clone
[INFO] [stdout]   27:                0x0 - <unknown>
[INFO] [stdout] 
[INFO] [stdout] ---- printer_ops::printer_state_exclude_temperature stdout ----
[INFO] [stdout] 
[INFO] [stdout] thread 'printer_ops::printer_state_exclude_temperature' (2475) panicked at tests/common/mod.rs:9:49:
[INFO] [stdout] called `Result::unwrap()` on an `Err` value: NotPresent
[INFO] [stdout] stack backtrace:
[INFO] [stdout]    0:     0x60e177879a21 - <<std[70759c8f55707aa4]::sys::backtrace::BacktraceLock>::print::DisplayBacktrace as core[df12db4294e9bfd3]::fmt::Display>::fmt
[INFO] [stdout]    1:     0x60e1778909ca - core[df12db4294e9bfd3]::fmt::write
[INFO] [stdout]    2:     0x60e17787ea5c - <alloc[2182bb758b4b3781]::vec::Vec<u8> as core[df12db4294e9bfd3]::io::write::Write>::write_fmt
[INFO] [stdout]    3:     0x60e177854636 - std[70759c8f55707aa4]::panicking::default_hook::{closure#0}
[INFO] [stdout]    4:     0x60e177871939 - std[70759c8f55707aa4]::panicking::default_hook
[INFO] [stdout]    5:     0x60e1776a8120 - test[9d35eded1c95d3be]::test_main_inner::<test[9d35eded1c95d3be]::test_main_static::{closure#0}>::{closure#0}
[INFO] [stdout]    6:     0x60e177871c62 - std[70759c8f55707aa4]::panicking::panic_with_hook
[INFO] [stdout]    7:     0x60e1778546e2 - std[70759c8f55707aa4]::panicking::panic_handler::{closure#0}
[INFO] [stdout]    8:     0x60e17784cbb9 - std[70759c8f55707aa4]::sys::backtrace::__rust_end_short_backtrace::<std[70759c8f55707aa4]::panicking::panic_handler::{closure#0}, !>
[INFO] [stdout]    9:     0x60e17785567d - __rustc[8fa7c3cbc660c2b3]::rust_begin_unwind
[INFO] [stdout]   10:     0x60e17789112c - core[df12db4294e9bfd3]::panicking::panic_fmt
[INFO] [stdout]   11:     0x60e177890f02 - core[df12db4294e9bfd3]::result::unwrap_failed
[INFO] [stdout]   12:     0x60e17768e058 - integration_tests[c4613ccb1993b997]::common::get_client
[INFO] [stdout]   13:     0x60e17767b064 - integration_tests[c4613ccb1993b997]::printer_ops::printer_state_exclude_temperature::{closure#0}
[INFO] [stdout]   14:     0x60e17768c2a3 - <tokio[9c323697bc444a95]::runtime::scheduler::current_thread::Context>::enter::<core[df12db4294e9bfd3]::task::poll::Poll<()>, <tokio[9c323697bc444a95]::runtime::scheduler::current_thread::CoreGuard>::block_on<core[df12db4294e9bfd3]::pin::Pin<&mut core[df12db4294e9bfd3]::pin::Pin<&mut dyn core[df12db4294e9bfd3]::future::future::Future<Output = ()>>>>::{closure#0}::{closure#0}>
[INFO] [stdout]   15:     0x60e17769925e - <tokio[9c323697bc444a95]::macros::scoped_tls::ScopedKey<tokio[9c323697bc444a95]::runtime::scheduler::current_thread::Context>>::set::<<tokio[9c323697bc444a95]::runtime::scheduler::current_thread::CoreGuard>::enter<<tokio[9c323697bc444a95]::runtime::scheduler::current_thread::CoreGuard>::block_on<core[df12db4294e9bfd3]::pin::Pin<&mut core[df12db4294e9bfd3]::pin::Pin<&mut dyn core[df12db4294e9bfd3]::future::future::Future<Output = ()>>>>::{closure#0}, core[df12db4294e9bfd3]::option::Option<()>>::{closure#0}, (alloc[2182bb758b4b3781]::boxed::Box<tokio[9c323697bc444a95]::runtime::scheduler::current_thread::Core>, core[df12db4294e9bfd3]::option::Option<()>)>
[INFO] [stdout]   16:     0x60e17768bdff - <tokio[9c323697bc444a95]::runtime::scheduler::current_thread::CurrentThread>::block_on::<core[df12db4294e9bfd3]::pin::Pin<&mut dyn core[df12db4294e9bfd3]::future::future::Future<Output = ()>>>
[INFO] [stdout]   17:     0x60e17769498d - <tokio[9c323697bc444a95]::runtime::runtime::Runtime>::block_on::<core[df12db4294e9bfd3]::pin::Pin<&mut dyn core[df12db4294e9bfd3]::future::future::Future<Output = ()>>>
[INFO] [stdout]   18:     0x60e17767bbeb - integration_tests[c4613ccb1993b997]::printer_ops::printer_state_exclude_temperature
[INFO] [stdout]   19:     0x60e17768e559 - <integration_tests[c4613ccb1993b997]::printer_ops::printer_state_exclude_temperature::{closure#0} as core[df12db4294e9bfd3]::ops::function::FnOnce<()>>::call_once
[INFO] [stdout]   20:     0x60e17769b40b - test[9d35eded1c95d3be]::__rust_begin_short_backtrace::<core[df12db4294e9bfd3]::result::Result<(), alloc[2182bb758b4b3781]::string::String>, fn() -> core[df12db4294e9bfd3]::result::Result<(), alloc[2182bb758b4b3781]::string::String>>
[INFO] [stdout]   21:     0x60e1776a8a75 - test[9d35eded1c95d3be]::run_test::{closure#0}
[INFO] [stdout]   22:     0x60e1776a2334 - std[70759c8f55707aa4]::sys::backtrace::__rust_begin_short_backtrace::<test[9d35eded1c95d3be]::run_test::{closure#1}, ()>
[INFO] [stdout]   23:     0x60e1776abbd2 - <std[70759c8f55707aa4]::thread::lifecycle::spawn_unchecked<test[9d35eded1c95d3be]::run_test::{closure#1}, ()>::{closure#1} as core[df12db4294e9bfd3]::ops::function::FnOnce<()>>::call_once::{shim:vtable#0}
[INFO] [stdout]   24:     0x60e177878f49 - <std[70759c8f55707aa4]::sys::thread::unix::Thread>::new::thread_start
[INFO] [stdout]   25:     0x73d102365dfa - <unknown>
[INFO] [stdout]   26:     0x73d1023f93d4 - clone
[INFO] [stdout]   27:                0x0 - <unknown>
[INFO] [stdout] 
[INFO] [stdout] ---- printer_ops::printer_state_history stdout ----
[INFO] [stdout] 
[INFO] [stdout] thread 'printer_ops::printer_state_history' (2476) panicked at tests/common/mod.rs:9:49:
[INFO] [stdout] called `Result::unwrap()` on an `Err` value: NotPresent
[INFO] [stdout] stack backtrace:
[INFO] [stdout]    0:     0x60e177879a21 - <<std[70759c8f55707aa4]::sys::backtrace::BacktraceLock>::print::DisplayBacktrace as core[df12db4294e9bfd3]::fmt::Display>::fmt
[INFO] [stdout]    1:     0x60e1778909ca - core[df12db4294e9bfd3]::fmt::write
[INFO] [stdout]    2:     0x60e17787ea5c - <alloc[2182bb758b4b3781]::vec::Vec<u8> as core[df12db4294e9bfd3]::io::write::Write>::write_fmt
[INFO] [stdout]    3:     0x60e177854636 - std[70759c8f55707aa4]::panicking::default_hook::{closure#0}
[INFO] [stdout]    4:     0x60e177871939 - std[70759c8f55707aa4]::panicking::default_hook
[INFO] [stdout]    5:     0x60e1776a8120 - test[9d35eded1c95d3be]::test_main_inner::<test[9d35eded1c95d3be]::test_main_static::{closure#0}>::{closure#0}
[INFO] [stdout]    6:     0x60e177871c62 - std[70759c8f55707aa4]::panicking::panic_with_hook
[INFO] [stdout]    7:     0x60e1778546e2 - std[70759c8f55707aa4]::panicking::panic_handler::{closure#0}
[INFO] [stdout]    8:     0x60e17784cbb9 - std[70759c8f55707aa4]::sys::backtrace::__rust_end_short_backtrace::<std[70759c8f55707aa4]::panicking::panic_handler::{closure#0}, !>
[INFO] [stdout]    9:     0x60e17785567d - __rustc[8fa7c3cbc660c2b3]::rust_begin_unwind
[INFO] [stdout]   10:     0x60e17789112c - core[df12db4294e9bfd3]::panicking::panic_fmt
[INFO] [stdout]   11:     0x60e177890f02 - core[df12db4294e9bfd3]::result::unwrap_failed
[INFO] [stdout]   12:     0x60e17768e058 - integration_tests[c4613ccb1993b997]::common::get_client
[INFO] [stdout]   13:     0x60e17767a8e4 - integration_tests[c4613ccb1993b997]::printer_ops::printer_state_history::{closure#0}
[INFO] [stdout]   14:     0x60e17768c2a3 - <tokio[9c323697bc444a95]::runtime::scheduler::current_thread::Context>::enter::<core[df12db4294e9bfd3]::task::poll::Poll<()>, <tokio[9c323697bc444a95]::runtime::scheduler::current_thread::CoreGuard>::block_on<core[df12db4294e9bfd3]::pin::Pin<&mut core[df12db4294e9bfd3]::pin::Pin<&mut dyn core[df12db4294e9bfd3]::future::future::Future<Output = ()>>>>::{closure#0}::{closure#0}>
[INFO] [stdout]   15:     0x60e17769925e - <tokio[9c323697bc444a95]::macros::scoped_tls::ScopedKey<tokio[9c323697bc444a95]::runtime::scheduler::current_thread::Context>>::set::<<tokio[9c323697bc444a95]::runtime::scheduler::current_thread::CoreGuard>::enter<<tokio[9c323697bc444a95]::runtime::scheduler::current_thread::CoreGuard>::block_on<core[df12db4294e9bfd3]::pin::Pin<&mut core[df12db4294e9bfd3]::pin::Pin<&mut dyn core[df12db4294e9bfd3]::future::future::Future<Output = ()>>>>::{closure#0}, core[df12db4294e9bfd3]::option::Option<()>>::{closure#0}, (alloc[2182bb758b4b3781]::boxed::Box<tokio[9c323697bc444a95]::runtime::scheduler::current_thread::Core>, core[df12db4294e9bfd3]::option::Option<()>)>
[INFO] [stdout]   16:     0x60e17768bdff - <tokio[9c323697bc444a95]::runtime::scheduler::current_thread::CurrentThread>::block_on::<core[df12db4294e9bfd3]::pin::Pin<&mut dyn core[df12db4294e9bfd3]::future::future::Future<Output = ()>>>
[INFO] [stdout]   17:     0x60e17769498d - <tokio[9c323697bc444a95]::runtime::runtime::Runtime>::block_on::<core[df12db4294e9bfd3]::pin::Pin<&mut dyn core[df12db4294e9bfd3]::future::future::Future<Output = ()>>>
[INFO] [stdout]   18:     0x60e17767b5eb - integration_tests[c4613ccb1993b997]::printer_ops::printer_state_history
[INFO] [stdout]   19:     0x60e17768e4d9 - <integration_tests[c4613ccb1993b997]::printer_ops::printer_state_history::{closure#0} as core[df12db4294e9bfd3]::ops::function::FnOnce<()>>::call_once
[INFO] [stdout]   20:     0x60e17769b40b - test[9d35eded1c95d3be]::__rust_begin_short_backtrace::<core[df12db4294e9bfd3]::result::Result<(), alloc[2182bb758b4b3781]::string::String>, fn() -> core[df12db4294e9bfd3]::result::Result<(), alloc[2182bb758b4b3781]::string::String>>
[INFO] [stdout]   21:     0x60e1776a8a75 - test[9d35eded1c95d3be]::run_test::{closure#0}
[INFO] [stdout]   22:     0x60e1776a2334 - std[70759c8f55707aa4]::sys::backtrace::__rust_begin_short_backtrace::<test[9d35eded1c95d3be]::run_test::{closure#1}, ()>
[INFO] [stdout]   23:     0x60e1776abbd2 - <std[70759c8f55707aa4]::thread::lifecycle::spawn_unchecked<test[9d35eded1c95d3be]::run_test::{closure#1}, ()>::{closure#1} as core[df12db4294e9bfd3]::ops::function::FnOnce<()>>::call_once::{shim:vtable#0}
[INFO] [stdout]   24:     0x60e177878f49 - <std[70759c8f55707aa4]::sys::thread::unix::Thread>::new::thread_start
[INFO] [stdout]   25:     0x73d102365dfa - <unknown>
[INFO] [stdout]   26:     0x73d1023f93d4 - clone
[INFO] [stdout]   27:                0x0 - <unknown>
[INFO] [stdout] 
[INFO] [stdout] ---- printer_ops::printer_state_history_limit stdout ----
[INFO] [stdout] 
[INFO] [stdout] thread 'printer_ops::printer_state_history_limit' (2477) panicked at tests/common/mod.rs:9:49:
[INFO] [stdout] called `Result::unwrap()` on an `Err` value: NotPresent
[INFO] [stdout] stack backtrace:
[INFO] [stdout]    0:     0x60e177879a21 - <<std[70759c8f55707aa4]::sys::backtrace::BacktraceLock>::print::DisplayBacktrace as core[df12db4294e9bfd3]::fmt::Display>::fmt
[INFO] [stdout]    1:     0x60e1778909ca - core[df12db4294e9bfd3]::fmt::write
[INFO] [stdout]    2:     0x60e17787ea5c - <alloc[2182bb758b4b3781]::vec::Vec<u8> as core[df12db4294e9bfd3]::io::write::Write>::write_fmt
[INFO] [stdout]    3:     0x60e177854636 - std[70759c8f55707aa4]::panicking::default_hook::{closure#0}
[INFO] [stdout]    4:     0x60e177871939 - std[70759c8f55707aa4]::panicking::default_hook
[INFO] [stdout]    5:     0x60e1776a8120 - test[9d35eded1c95d3be]::test_main_inner::<test[9d35eded1c95d3be]::test_main_static::{closure#0}>::{closure#0}
[INFO] [stdout]    6:     0x60e177871c62 - std[70759c8f55707aa4]::panicking::panic_with_hook
[INFO] [stdout]    7:     0x60e1778546e2 - std[70759c8f55707aa4]::panicking::panic_handler::{closure#0}
[INFO] [stdout]    8:     0x60e17784cbb9 - std[70759c8f55707aa4]::sys::backtrace::__rust_end_short_backtrace::<std[70759c8f55707aa4]::panicking::panic_handler::{closure#0}, !>
[INFO] [stdout]    9:     0x60e17785567d - __rustc[8fa7c3cbc660c2b3]::rust_begin_unwind
[INFO] [stdout]   10:     0x60e17789112c - core[df12db4294e9bfd3]::panicking::panic_fmt
[INFO] [stdout]   11:     0x60e177890f02 - core[df12db4294e9bfd3]::result::unwrap_failed
[INFO] [stdout]   12:     0x60e17768e058 - integration_tests[c4613ccb1993b997]::common::get_client
[INFO] [stdout]   13:     0x60e17767aec4 - integration_tests[c4613ccb1993b997]::printer_ops::printer_state_history_limit::{closure#0}
[INFO] [stdout]   14:     0x60e17768c2a3 - <tokio[9c323697bc444a95]::runtime::scheduler::current_thread::Context>::enter::<core[df12db4294e9bfd3]::task::poll::Poll<()>, <tokio[9c323697bc444a95]::runtime::scheduler::current_thread::CoreGuard>::block_on<core[df12db4294e9bfd3]::pin::Pin<&mut core[df12db4294e9bfd3]::pin::Pin<&mut dyn core[df12db4294e9bfd3]::future::future::Future<Output = ()>>>>::{closure#0}::{closure#0}>
[INFO] [stdout]   15:     0x60e17769925e - <tokio[9c323697bc444a95]::macros::scoped_tls::ScopedKey<tokio[9c323697bc444a95]::runtime::scheduler::current_thread::Context>>::set::<<tokio[9c323697bc444a95]::runtime::scheduler::current_thread::CoreGuard>::enter<<tokio[9c323697bc444a95]::runtime::scheduler::current_thread::CoreGuard>::block_on<core[df12db4294e9bfd3]::pin::Pin<&mut core[df12db4294e9bfd3]::pin::Pin<&mut dyn core[df12db4294e9bfd3]::future::future::Future<Output = ()>>>>::{closure#0}, core[df12db4294e9bfd3]::option::Option<()>>::{closure#0}, (alloc[2182bb758b4b3781]::boxed::Box<tokio[9c323697bc444a95]::runtime::scheduler::current_thread::Core>, core[df12db4294e9bfd3]::option::Option<()>)>
[INFO] [stdout]   16:     0x60e17768bdff - <tokio[9c323697bc444a95]::runtime::scheduler::current_thread::CurrentThread>::block_on::<core[df12db4294e9bfd3]::pin::Pin<&mut dyn core[df12db4294e9bfd3]::future::future::Future<Output = ()>>>
[INFO] [stdout]   17:     0x60e17769498d - <tokio[9c323697bc444a95]::runtime::runtime::Runtime>::block_on::<core[df12db4294e9bfd3]::pin::Pin<&mut dyn core[df12db4294e9bfd3]::future::future::Future<Output = ()>>>
[INFO] [stdout]   18:     0x60e17767ba6b - integration_tests[c4613ccb1993b997]::printer_ops::printer_state_history_limit
[INFO] [stdout]   19:     0x60e17768e539 - <integration_tests[c4613ccb1993b997]::printer_ops::printer_state_history_limit::{closure#0} as core[df12db4294e9bfd3]::ops::function::FnOnce<()>>::call_once
[INFO] [stdout]   20:     0x60e17769b40b - test[9d35eded1c95d3be]::__rust_begin_short_backtrace::<core[df12db4294e9bfd3]::result::Result<(), alloc[2182bb758b4b3781]::string::String>, fn() -> core[df12db4294e9bfd3]::result::Result<(), alloc[2182bb758b4b3781]::string::String>>
[INFO] [stdout]   21:     0x60e1776a8a75 - test[9d35eded1c95d3be]::run_test::{closure#0}
[INFO] [stdout]   22:     0x60e1776a2334 - std[70759c8f55707aa4]::sys::backtrace::__rust_begin_short_backtrace::<test[9d35eded1c95d3be]::run_test::{closure#1}, ()>
[INFO] [stdout]   23:     0x60e1776abbd2 - <std[70759c8f55707aa4]::thread::lifecycle::spawn_unchecked<test[9d35eded1c95d3be]::run_test::{closure#1}, ()>::{closure#1} as core[df12db4294e9bfd3]::ops::function::FnOnce<()>>::call_once::{shim:vtable#0}
[INFO] [stdout]   24:     0x60e177878f49 - <std[70759c8f55707aa4]::sys::thread::unix::Thread>::new::thread_start
[INFO] [stdout]   25:     0x73d102365dfa - <unknown>
[INFO] [stdout]   26:     0x73d1023f93d4 - clone
[INFO] [stdout]   27:                0x0 - <unknown>
[INFO] [stdout] 
[INFO] [stdout] ---- printer_ops::printer_state_exclude_state stdout ----
[INFO] [stdout] 
[INFO] [stdout] thread 'printer_ops::printer_state_exclude_state' (2474) panicked at tests/common/mod.rs:9:49:
[INFO] [stdout] called `Result::unwrap()` on an `Err` value: NotPresent
[INFO] [stdout] stack backtrace:
[INFO] [stdout]    0:     0x60e177879a21 - <<std[70759c8f55707aa4]::sys::backtrace::BacktraceLock>::print::DisplayBacktrace as core[df12db4294e9bfd3]::fmt::Display>::fmt
[INFO] [stdout]    1:     0x60e1778909ca - core[df12db4294e9bfd3]::fmt::write
[INFO] [stdout]    2:     0x60e17787ea5c - <alloc[2182bb758b4b3781]::vec::Vec<u8> as core[df12db4294e9bfd3]::io::write::Write>::write_fmt
[INFO] [stdout]    3:     0x60e177854636 - std[70759c8f55707aa4]::panicking::default_hook::{closure#0}
[INFO] [stdout]    4:     0x60e177871939 - std[70759c8f55707aa4]::panicking::default_hook
[INFO] [stdout]    5:     0x60e1776a8120 - test[9d35eded1c95d3be]::test_main_inner::<test[9d35eded1c95d3be]::test_main_static::{closure#0}>::{closure#0}
[INFO] [stdout]    6:     0x60e177871c62 - std[70759c8f55707aa4]::panicking::panic_with_hook
[INFO] [stdout]    7:     0x60e1778546e2 - std[70759c8f55707aa4]::panicking::panic_handler::{closure#0}
[INFO] [stdout]    8:     0x60e17784cbb9 - std[70759c8f55707aa4]::sys::backtrace::__rust_end_short_backtrace::<std[70759c8f55707aa4]::panicking::panic_handler::{closure#0}, !>
[INFO] [stdout]    9:     0x60e17785567d - __rustc[8fa7c3cbc660c2b3]::rust_begin_unwind
[INFO] [stdout]   10:     0x60e17789112c - core[df12db4294e9bfd3]::panicking::panic_fmt
[INFO] [stdout]   11:     0x60e177890f02 - core[df12db4294e9bfd3]::result::unwrap_failed
[INFO] [stdout]   12:     0x60e17768e058 - integration_tests[c4613ccb1993b997]::common::get_client
[INFO] [stdout]   13:     0x60e17767aca4 - integration_tests[c4613ccb1993b997]::printer_ops::printer_state_exclude_state::{closure#0}
[INFO] [stdout]   14:     0x60e17768c2a3 - <tokio[9c323697bc444a95]::runtime::scheduler::current_thread::Context>::enter::<core[df12db4294e9bfd3]::task::poll::Poll<()>, <tokio[9c323697bc444a95]::runtime::scheduler::current_thread::CoreGuard>::block_on<core[df12db4294e9bfd3]::pin::Pin<&mut core[df12db4294e9bfd3]::pin::Pin<&mut dyn core[df12db4294e9bfd3]::future::future::Future<Output = ()>>>>::{closure#0}::{closure#0}>
[INFO] [stdout]   15:     0x60e17769925e - <tokio[9c323697bc444a95]::macros::scoped_tls::ScopedKey<tokio[9c323697bc444a95]::runtime::scheduler::current_thread::Context>>::set::<<tokio[9c323697bc444a95]::runtime::scheduler::current_thread::CoreGuard>::enter<<tokio[9c323697bc444a95]::runtime::scheduler::current_thread::CoreGuard>::block_on<core[df12db4294e9bfd3]::pin::Pin<&mut core[df12db4294e9bfd3]::pin::Pin<&mut dyn core[df12db4294e9bfd3]::future::future::Future<Output = ()>>>>::{closure#0}, core[df12db4294e9bfd3]::option::Option<()>>::{closure#0}, (alloc[2182bb758b4b3781]::boxed::Box<tokio[9c323697bc444a95]::runtime::scheduler::current_thread::Core>, core[df12db4294e9bfd3]::option::Option<()>)>
[INFO] [stdout]   16:     0x60e17768bdff - <tokio[9c323697bc444a95]::runtime::scheduler::current_thread::CurrentThread>::block_on::<core[df12db4294e9bfd3]::pin::Pin<&mut dyn core[df12db4294e9bfd3]::future::future::Future<Output = ()>>>
[INFO] [stdout]   17:     0x60e17769498d - <tokio[9c323697bc444a95]::runtime::runtime::Runtime>::block_on::<core[df12db4294e9bfd3]::pin::Pin<&mut dyn core[df12db4294e9bfd3]::future::future::Future<Output = ()>>>
[INFO] [stdout]   18:     0x60e17767b8eb - integration_tests[c4613ccb1993b997]::printer_ops::printer_state_exclude_state
[INFO] [stdout]   19:     0x60e17768e519 - <integration_tests[c4613ccb1993b997]::printer_ops::printer_state_exclude_state::{closure#0} as core[df12db4294e9bfd3]::ops::function::FnOnce<()>>::call_once
[INFO] [stdout]   20:     0x60e17769b40b - test[9d35eded1c95d3be]::__rust_begin_short_backtrace::<core[df12db4294e9bfd3]::result::Result<(), alloc[2182bb758b4b3781]::string::String>, fn() -> core[df12db4294e9bfd3]::result::Result<(), alloc[2182bb758b4b3781]::string::String>>
[INFO] [stdout]   21:     0x60e1776a8a75 - test[9d35eded1c95d3be]::run_test::{closure#0}
[INFO] [stdout]   22:     0x60e1776a2334 - std[70759c8f55707aa4]::sys::backtrace::__rust_begin_short_backtrace::<test[9d35eded1c95d3be]::run_test::{closure#1}, ()>
[INFO] [stdout]   23:     0x60e1776abbd2 - <std[70759c8f55707aa4]::thread::lifecycle::spawn_unchecked<test[9d35eded1c95d3be]::run_test::{closure#1}, ()>::{closure#1} as core[df12db4294e9bfd3]::ops::function::FnOnce<()>>::call_once::{shim:vtable#0}
[INFO] [stdout]   24:     0x60e177878f49 - <std[70759c8f55707aa4]::sys::thread::unix::Thread>::new::thread_start
[INFO] [stdout]   25:     0x73d102365dfa - <unknown>
[INFO] [stdout]   26:     0x73d1023f93d4 - clone
[INFO] [stdout]   27:                0x0 - <unknown>
[INFO] [stdout] 
[INFO] [stdout] 
[INFO] [stdout] failures:
[INFO] [stdout]     file_ops::get_files
[INFO] [stdout]     file_ops::get_files_local
[INFO] [stdout]     file_ops::get_files_nocache
[INFO] [stdout]     file_ops::get_files_recursive
[INFO] [stdout]     file_ops::get_files_sdcard
[INFO] [stdout]     job_ops::get_job
[INFO] [stdout]     printer_ops::printer_state
[INFO] [stdout]     printer_ops::printer_state_exclude_sd
[INFO] [stdout]     printer_ops::printer_state_exclude_state
[INFO] [stdout]     printer_ops::printer_state_exclude_temperature
[INFO] [stdout]     printer_ops::printer_state_history
[INFO] [stdout]     printer_ops::printer_state_history_limit
[INFO] [stdout]     printer_ops::printer_state_limit
[INFO] [stdout]     server_ops::current_user
[INFO] [stdout]     server_ops::server_info
[INFO] [stdout]     server_ops::server_version
[INFO] [stdout] 
[INFO] [stdout] test result: FAILED. 0 passed; 16 failed; 0 ignored; 0 measured; 0 filtered out; finished in 0.01s
[INFO] [stdout] 
[INFO] running `Command { std: "docker" "inspect" "245a21bf6ba4af8f53acfb33179ad5cdb5765e1af4f4ef35800c92896d5a2e85", kill_on_drop: false }`
[INFO] running `Command { std: "docker" "rm" "-f" "245a21bf6ba4af8f53acfb33179ad5cdb5765e1af4f4ef35800c92896d5a2e85", kill_on_drop: false }`
[INFO] [stdout] 245a21bf6ba4af8f53acfb33179ad5cdb5765e1af4f4ef35800c92896d5a2e85
