[INFO] fetching crate octofhir-ucum-core 0.3.0...
[INFO] testing octofhir-ucum-core-0.3.0 against 1.99.0-beta.8+cargoflags=--release for beta-release-1.100-2
[INFO] extracting crate octofhir-ucum-core 0.3.0 into /workspace/builds/worker-1-tc1/source
[INFO] started tweaking crates.io crate octofhir-ucum-core 0.3.0
[INFO] removed 0 missing examples
[INFO] finished tweaking crates.io crate octofhir-ucum-core 0.3.0
[INFO] tweaked toml for crates.io crate octofhir-ucum-core 0.3.0 written to /workspace/builds/worker-1-tc1/source/Cargo.toml
[INFO] validating manifest of crates.io crate octofhir-ucum-core 0.3.0 on toolchain 1.99.0-beta.8
[INFO] running `Command { std: CARGO_HOME="/workspace/cargo-home" RUSTUP_HOME="/workspace/rustup-home" "/workspace/cargo-home/bin/cargo" "+1.99.0-beta.8" "metadata" "--manifest-path" "Cargo.toml" "--no-deps", kill_on_drop: false }`
[INFO] crate crates.io crate octofhir-ucum-core 0.3.0 already has a lockfile, it will not be regenerated
[INFO] running `Command { std: CARGO_HOME="/workspace/cargo-home" RUSTUP_HOME="/workspace/rustup-home" "/workspace/cargo-home/bin/cargo" "+1.99.0-beta.8" "fetch" "--manifest-path" "Cargo.toml", kill_on_drop: false }`
[INFO] running `Command { std: "docker" "create" "-v" "/var/lib/crater-agent-workspace/builds/worker-1-tc1/source:/opt/rustwide/workdir:ro,Z" "-v" "/var/lib/crater-agent-workspace/builds/worker-1-tc1/target:/opt/rustwide/target:rw,Z" "-v" "/var/lib/crater-agent-workspace/cargo-home:/opt/rustwide/cargo-home:ro,Z" "-v" "/var/lib/crater-agent-workspace/rustup-home:/opt/rustwide/rustup-home:ro,Z" "-m" "1610612736" "--network" "none" "ghcr.io/rust-lang/crates-build-env/linux@sha256:77db811e55d90add9212f6832c23229e3de5f1c1f9905e8cb07319ea15df73ac" "sleep" "infinity", kill_on_drop: false }`
[INFO] [stdout] 85620bd4ea6a5f9ec970eb3a4b087514bd11347c663c75d6ac0132d0d3dc0f65
[INFO] running `Command { std: "docker" "start" "85620bd4ea6a5f9ec970eb3a4b087514bd11347c663c75d6ac0132d0d3dc0f65", kill_on_drop: false }`
[INFO] running `Command { std: "docker" "inspect" "85620bd4ea6a5f9ec970eb3a4b087514bd11347c663c75d6ac0132d0d3dc0f65", kill_on_drop: false }`
[INFO] running `Command { std: "docker" "exec" "-e" "SOURCE_DIR=/opt/rustwide/workdir" "-e" "CARGO_HOME=/opt/rustwide/cargo-home" "-e" "RUSTUP_HOME=/opt/rustwide/rustup-home" "-e" "CARGO_TARGET_DIR=/opt/rustwide/target" "-w" "/opt/rustwide/workdir" "--user" "0:0" "85620bd4ea6a5f9ec970eb3a4b087514bd11347c663c75d6ac0132d0d3dc0f65" "/opt/rustwide/cargo-home/bin/cargo" "+1.99.0-beta.8" "metadata" "--no-deps" "--format-version=1", kill_on_drop: false }`
[INFO] running `Command { std: "docker" "inspect" "85620bd4ea6a5f9ec970eb3a4b087514bd11347c663c75d6ac0132d0d3dc0f65", kill_on_drop: false }`
[INFO] running `Command { std: "docker" "exec" "-e" "SOURCE_DIR=/opt/rustwide/workdir" "-e" "CARGO_HOME=/opt/rustwide/cargo-home" "-e" "RUSTUP_HOME=/opt/rustwide/rustup-home" "-e" "CARGO_TARGET_DIR=/opt/rustwide/target" "-e" "CARGO_INCREMENTAL=0" "-e" "RUST_BACKTRACE=full" "-e" "RUSTFLAGS=--cap-lints=warn" "-e" "RUSTDOCFLAGS=--cap-lints=warn" "-w" "/opt/rustwide/workdir" "--user" "0:0" "85620bd4ea6a5f9ec970eb3a4b087514bd11347c663c75d6ac0132d0d3dc0f65" "/opt/rustwide/cargo-home/bin/cargo" "+1.99.0-beta.8" "build" "--frozen" "--message-format=json" "--release", kill_on_drop: false }`
[INFO] [stderr]    Compiling serde v1.0.219
[INFO] [stderr]    Compiling memchr v2.7.5
[INFO] [stderr]    Compiling num-traits v0.2.19
[INFO] [stderr]    Compiling aho-corasick v1.1.3
[INFO] [stderr]    Compiling regex-syntax v0.8.5
[INFO] [stderr]    Compiling rust_decimal v1.37.2
[INFO] [stderr]    Compiling thread_local v1.1.9
[INFO] [stderr]    Compiling arrayvec v0.7.6
[INFO] [stderr]    Compiling nom v8.0.0
[INFO] [stderr]    Compiling serde_derive v1.0.219
[INFO] [stderr]    Compiling thiserror-impl v1.0.69
[INFO] [stderr]    Compiling fuzzy-matcher v0.3.7
[INFO] [stderr]    Compiling quick-xml v0.31.0
[INFO] [stderr]    Compiling thiserror v1.0.69
[INFO] [stderr]    Compiling regex-automata v0.4.9
[INFO] [stderr]    Compiling octofhir-ucum-core v0.3.0 (/opt/rustwide/workdir)
[INFO] [stderr]    Compiling regex v1.11.1
[INFO] [stdout] warning: function `expr_to_cache_key` is never used
[INFO] [stdout]   --> src/evaluator.rs:47:4
[INFO] [stdout]    |
[INFO] [stdout] 47 | fn expr_to_cache_key(expr: &UnitExpr) -> String {
[INFO] [stdout]    |    ^^^^^^^^^^^^^^^^^
[INFO] [stdout]    |
[INFO] [stdout]    = note: `#[warn(dead_code)]` (part of `#[warn(unused)]`) on by default
[INFO] [stdout] 
[INFO] [stdout] 
[INFO] [stdout] warning: field `reference_values` is never read
[INFO] [stdout]    --> src/special_units.rs:268:5
[INFO] [stdout]     |
[INFO] [stdout] 266 | pub struct LogarithmicHandler {
[INFO] [stdout]     |            ------------------ field in this struct
[INFO] [stdout] 267 |     /// Reference values for different logarithmic scales
[INFO] [stdout] 268 |     reference_values: HashMap<String, Number>,
[INFO] [stdout]     |     ^^^^^^^^^^^^^^^^
[INFO] [stdout] 
[INFO] [stdout] 
[INFO] [stdout] warning: method `get_reference_value` is never used
[INFO] [stdout]    --> src/special_units.rs:311:8
[INFO] [stdout]     |
[INFO] [stdout] 271 | impl LogarithmicHandler {
[INFO] [stdout]     | ----------------------- method in this implementation
[INFO] [stdout] ...
[INFO] [stdout] 311 |     fn get_reference_value(&self, unit_code: &str) -> Number {
[INFO] [stdout]     |        ^^^^^^^^^^^^^^^^^^^
[INFO] [stdout] 
[INFO] [stdout] 
[INFO] [stderr]     Finished `release` profile [optimized] target(s) in 6.81s
[INFO] running `Command { std: "docker" "inspect" "85620bd4ea6a5f9ec970eb3a4b087514bd11347c663c75d6ac0132d0d3dc0f65", kill_on_drop: false }`
[INFO] running `Command { std: "docker" "exec" "-e" "SOURCE_DIR=/opt/rustwide/workdir" "-e" "CARGO_HOME=/opt/rustwide/cargo-home" "-e" "RUSTUP_HOME=/opt/rustwide/rustup-home" "-e" "CARGO_TARGET_DIR=/opt/rustwide/target" "-e" "CARGO_INCREMENTAL=0" "-e" "RUST_BACKTRACE=full" "-e" "RUSTFLAGS=--cap-lints=warn" "-e" "RUSTDOCFLAGS=--cap-lints=warn" "-w" "/opt/rustwide/workdir" "--user" "0:0" "85620bd4ea6a5f9ec970eb3a4b087514bd11347c663c75d6ac0132d0d3dc0f65" "/opt/rustwide/cargo-home/bin/cargo" "+1.99.0-beta.8" "test" "--frozen" "--no-run" "--message-format=json" "--release", kill_on_drop: false }`
[INFO] [stderr]    Compiling memchr v2.7.5
[INFO] [stderr]    Compiling serde v1.0.219
[INFO] [stderr]    Compiling rayon-core v1.12.1
[INFO] [stderr]    Compiling serde_json v1.0.141
[INFO] [stderr]    Compiling libc v0.2.174
[INFO] [stderr]    Compiling clap_lex v0.7.5
[INFO] [stderr]    Compiling half v2.6.0
[INFO] [stderr]    Compiling anstyle v1.0.11
[INFO] [stderr]    Compiling itertools v0.10.5
[INFO] [stderr]    Compiling plotters v0.3.7
[INFO] [stderr]    Compiling clap_builder v4.5.41
[INFO] [stderr]    Compiling ciborium-ll v0.2.2
[INFO] [stderr]    Compiling aho-corasick v1.1.3
[INFO] [stderr]    Compiling nom v8.0.0
[INFO] [stderr]    Compiling quick-xml v0.31.0
[INFO] [stderr]    Compiling rayon v1.10.0
[INFO] [stderr]    Compiling is-terminal v0.4.16
[INFO] [stderr]    Compiling criterion-plot v0.5.0
[INFO] [stderr]    Compiling regex-automata v0.4.9
[INFO] [stderr]    Compiling clap v4.5.41
[INFO] [stderr]    Compiling ciborium v0.2.2
[INFO] [stderr]    Compiling rust_decimal v1.37.2
[INFO] [stderr]    Compiling tinytemplate v1.2.1
[INFO] [stderr]    Compiling regex v1.11.1
[INFO] [stderr]    Compiling criterion v0.5.1
[INFO] [stderr]    Compiling octofhir-ucum-core v0.3.0 (/opt/rustwide/workdir)
[INFO] [stdout] warning: function `expr_to_cache_key` is never used
[INFO] [stdout]   --> src/evaluator.rs:47:4
[INFO] [stdout]    |
[INFO] [stdout] 47 | fn expr_to_cache_key(expr: &UnitExpr) -> String {
[INFO] [stdout]    |    ^^^^^^^^^^^^^^^^^
[INFO] [stdout]    |
[INFO] [stdout]    = note: `#[warn(dead_code)]` (part of `#[warn(unused)]`) on by default
[INFO] [stdout] 
[INFO] [stdout] 
[INFO] [stdout] warning: field `reference_values` is never read
[INFO] [stdout]    --> src/special_units.rs:268:5
[INFO] [stdout]     |
[INFO] [stdout] 266 | pub struct LogarithmicHandler {
[INFO] [stdout]     |            ------------------ field in this struct
[INFO] [stdout] 267 |     /// Reference values for different logarithmic scales
[INFO] [stdout] 268 |     reference_values: HashMap<String, Number>,
[INFO] [stdout]     |     ^^^^^^^^^^^^^^^^
[INFO] [stdout] 
[INFO] [stdout] 
[INFO] [stdout] warning: method `get_reference_value` is never used
[INFO] [stdout]    --> src/special_units.rs:311:8
[INFO] [stdout]     |
[INFO] [stdout] 271 | impl LogarithmicHandler {
[INFO] [stdout]     | ----------------------- method in this implementation
[INFO] [stdout] ...
[INFO] [stdout] 311 |     fn get_reference_value(&self, unit_code: &str) -> Number {
[INFO] [stdout]     |        ^^^^^^^^^^^^^^^^^^^
[INFO] [stdout] 
[INFO] [stdout] 
[INFO] [stdout] warning: unused import: `Domain`
[INFO] [stdout]  --> examples/phase6_summary.rs:8:25
[INFO] [stdout]   |
[INFO] [stdout] 8 |     MeasurementContext, Domain,
[INFO] [stdout]   |                         ^^^^^^
[INFO] [stdout]   |
[INFO] [stdout]   = note: `#[warn(unused_imports)]` (part of `#[warn(unused)]`) on by default
[INFO] [stdout] 
[INFO] [stdout] 
[INFO] [stdout] warning: function `expr_to_cache_key` is never used
[INFO] [stdout]   --> src/evaluator.rs:47:4
[INFO] [stdout]    |
[INFO] [stdout] 47 | fn expr_to_cache_key(expr: &UnitExpr) -> String {
[INFO] [stdout]    |    ^^^^^^^^^^^^^^^^^
[INFO] [stdout]    |
[INFO] [stdout]    = note: `#[warn(dead_code)]` (part of `#[warn(unused)]`) on by default
[INFO] [stdout] 
[INFO] [stdout] 
[INFO] [stdout] warning: field `reference_values` is never read
[INFO] [stdout]    --> src/special_units.rs:268:5
[INFO] [stdout]     |
[INFO] [stdout] 266 | pub struct LogarithmicHandler {
[INFO] [stdout]     |            ------------------ field in this struct
[INFO] [stdout] 267 |     /// Reference values for different logarithmic scales
[INFO] [stdout] 268 |     reference_values: HashMap<String, Number>,
[INFO] [stdout]     |     ^^^^^^^^^^^^^^^^
[INFO] [stdout] 
[INFO] [stdout] 
[INFO] [stdout] warning: method `get_reference_value` is never used
[INFO] [stdout]    --> src/special_units.rs:311:8
[INFO] [stdout]     |
[INFO] [stdout] 271 | impl LogarithmicHandler {
[INFO] [stdout]     | ----------------------- method in this implementation
[INFO] [stdout] ...
[INFO] [stdout] 311 |     fn get_reference_value(&self, unit_code: &str) -> Number {
[INFO] [stdout]     |        ^^^^^^^^^^^^^^^^^^^
[INFO] [stdout] 
[INFO] [stdout] 
[INFO] [stderr]     Finished `release` profile [optimized] target(s) in 10.22s
[INFO] running `Command { std: "docker" "inspect" "85620bd4ea6a5f9ec970eb3a4b087514bd11347c663c75d6ac0132d0d3dc0f65", kill_on_drop: false }`
[INFO] running `Command { std: "docker" "exec" "-e" "SOURCE_DIR=/opt/rustwide/workdir" "-e" "CARGO_HOME=/opt/rustwide/cargo-home" "-e" "RUSTUP_HOME=/opt/rustwide/rustup-home" "-e" "CARGO_TARGET_DIR=/opt/rustwide/target" "-e" "CARGO_INCREMENTAL=0" "-e" "RUST_BACKTRACE=full" "-e" "RUSTFLAGS=--cap-lints=warn" "-e" "RUSTDOCFLAGS=--cap-lints=warn" "-w" "/opt/rustwide/workdir" "--user" "0:0" "85620bd4ea6a5f9ec970eb3a4b087514bd11347c663c75d6ac0132d0d3dc0f65" "/opt/rustwide/cargo-home/bin/cargo" "+1.99.0-beta.8" "test" "--frozen" "--release", kill_on_drop: false }`
[INFO] [stderr] warning: function `expr_to_cache_key` is never used
[INFO] [stderr]   --> src/evaluator.rs:47:4
[INFO] [stderr]    |
[INFO] [stderr] 47 | fn expr_to_cache_key(expr: &UnitExpr) -> String {
[INFO] [stderr]    |    ^^^^^^^^^^^^^^^^^
[INFO] [stderr]    |
[INFO] [stderr]    = note: `#[warn(dead_code)]` (part of `#[warn(unused)]`) on by default
[INFO] [stderr] 
[INFO] [stderr] warning: field `reference_values` is never read
[INFO] [stderr]    --> src/special_units.rs:268:5
[INFO] [stderr]     |
[INFO] [stderr] 266 | pub struct LogarithmicHandler {
[INFO] [stderr]     |            ------------------ field in this struct
[INFO] [stderr] 267 |     /// Reference values for different logarithmic scales
[INFO] [stderr] 268 |     reference_values: HashMap<String, Number>,
[INFO] [stderr]     |     ^^^^^^^^^^^^^^^^
[INFO] [stderr] 
[INFO] [stderr] warning: method `get_reference_value` is never used
[INFO] [stderr]    --> src/special_units.rs:311:8
[INFO] [stderr]     |
[INFO] [stderr] 271 | impl LogarithmicHandler {
[INFO] [stderr]     | ----------------------- method in this implementation
[INFO] [stderr] ...
[INFO] [stderr] 311 |     fn get_reference_value(&self, unit_code: &str) -> Number {
[INFO] [stderr]     |        ^^^^^^^^^^^^^^^^^^^
[INFO] [stderr] 
[INFO] [stderr] warning: `octofhir-ucum-core` (lib) generated 3 warnings
[INFO] [stderr] warning: unused import: `Domain`
[INFO] [stderr]  --> examples/phase6_summary.rs:8:25
[INFO] [stderr]   |
[INFO] [stderr] 8 |     MeasurementContext, Domain,
[INFO] [stderr]   |                         ^^^^^^
[INFO] [stderr]   |
[INFO] [stderr]   = note: `#[warn(unused_imports)]` (part of `#[warn(unused)]`) on by default
[INFO] [stderr] 
[INFO] [stderr] warning: `octofhir-ucum-core` (lib test) generated 3 warnings (3 duplicates)
[INFO] [stderr] warning: `octofhir-ucum-core` (example "phase6_summary") generated 1 warning (run `cargo fix --example "phase6_summary" -p octofhir-ucum-core` to apply 1 suggestion)
[INFO] [stderr]     Finished `release` profile [optimized] target(s) in 0.11s
[INFO] [stderr]      Running unittests src/lib.rs (/opt/rustwide/target/release/deps/octofhir_ucum_core-cca1a113b7a922fe)
[INFO] [stdout] 
[INFO] [stdout] running 23 tests
[INFO] [stdout] test performance::tests::test_prefix_trie ... ok
[INFO] [stdout] test display::tests::test_power_expressions ... ok
[INFO] [stdout] test display::tests::test_prefixed_units ... ok
[INFO] [stdout] test display::tests::test_product_expressions ... ok
[INFO] [stdout] test special_units::tests::test_ph_units ... ok
[INFO] [stdout] test performance::tests::test_cache_stats ... ok
[INFO] [stdout] test special_units::tests::test_specialized_bel_units ... ok
[INFO] [stdout] test special_units::tests::test_registry ... ok
[INFO] [stdout] test display::tests::test_quotient_expressions ... ok
[INFO] [stdout] test special_units::tests::test_specialized_bel_units_conversion_to ... ok
[INFO] [stdout] test display::tests::test_debug_complex_expression ... ok
[INFO] [stdout] test display::tests::test_single_factor_parsing ... ok
[INFO] [stdout] test special_units::tests::test_logarithmic_handler ... ok
[INFO] [stdout] test special_units::tests::test_temperature_handler ... ok
[INFO] [stdout] test suggestions::tests::test_string_similarity ... FAILED
[INFO] [stdout] test display::tests::test_basic_units ... ok
[INFO] [stdout] test display::tests::test_numeric_expressions ... ok
[INFO] [stdout] test performance::tests::test_cache_hash_consistency ... ok
[INFO] [stdout] test display::tests::test_official_display_name_cases ... ok
[INFO] [stdout] test performance::tests::test_optimized_lookups ... FAILED
[INFO] [stdout] test suggestions::tests::test_case_sensitivity_suggestions ... ok
[INFO] [stdout] test suggestions::tests::test_suggest_alternatives ... ok
[INFO] [stdout] test suggestions::tests::test_suggest_corrections ... FAILED
[INFO] [stdout] 
[INFO] [stdout] failures:
[INFO] [stderr] error: test failed, to rerun pass `--lib`
[INFO] [stdout] 
[INFO] [stdout] ---- suggestions::tests::test_string_similarity stdout ----
[INFO] [stdout] 
[INFO] [stdout] thread 'suggestions::tests::test_string_similarity' (1387) panicked at src/suggestions.rs:305:9:
[INFO] [stdout] assertion failed: SuggestionEngine::string_similarity("kg", "g") > 0.5
[INFO] [stdout] stack backtrace:
[INFO] [stdout]    0:     0x57d6170d1d81 - <<std[70759c8f55707aa4]::sys::backtrace::BacktraceLock>::print::DisplayBacktrace as core[df12db4294e9bfd3]::fmt::Display>::fmt
[INFO] [stdout]    1:     0x57d6170e78ca - core[df12db4294e9bfd3]::fmt::write
[INFO] [stdout]    2:     0x57d6170d621c - <alloc[2182bb758b4b3781]::vec::Vec<u8> as core[df12db4294e9bfd3]::io::write::Write>::write_fmt
[INFO] [stdout]    3:     0x57d6170ae376 - std[70759c8f55707aa4]::panicking::default_hook::{closure#0}
[INFO] [stdout]    4:     0x57d6170ca4e9 - std[70759c8f55707aa4]::panicking::default_hook
[INFO] [stdout]    5:     0x57d617065030 - test[9d35eded1c95d3be]::test_main_inner::<test[9d35eded1c95d3be]::test_main_static::{closure#0}>::{closure#0}
[INFO] [stdout]    6:     0x57d6170ca6a2 - std[70759c8f55707aa4]::panicking::panic_with_hook
[INFO] [stdout]    7:     0x57d6170ae454 - std[70759c8f55707aa4]::panicking::panic_handler::{closure#0}
[INFO] [stdout]    8:     0x57d6170a71a9 - std[70759c8f55707aa4]::sys::backtrace::__rust_end_short_backtrace::<std[70759c8f55707aa4]::panicking::panic_handler::{closure#0}, !>
[INFO] [stdout]    9:     0x57d6170af01d - __rustc[8fa7c3cbc660c2b3]::rust_begin_unwind
[INFO] [stdout]   10:     0x57d6170e7ffc - core[df12db4294e9bfd3]::panicking::panic_fmt
[INFO] [stdout]   11:     0x57d6170e7fc2 - core[df12db4294e9bfd3]::panicking::panic
[INFO] [stdout]   12:     0x57d61704e55a - <octofhir_ucum_core[98ce5ec1bee7ac11]::suggestions::tests::test_string_similarity::{closure#0} as core[df12db4294e9bfd3]::ops::function::FnOnce<()>>::call_once
[INFO] [stdout]   13:     0x57d61705831b - test[9d35eded1c95d3be]::__rust_begin_short_backtrace::<core[df12db4294e9bfd3]::result::Result<(), alloc[2182bb758b4b3781]::string::String>, fn() -> core[df12db4294e9bfd3]::result::Result<(), alloc[2182bb758b4b3781]::string::String>>
[INFO] [stdout]   14:     0x57d617065985 - test[9d35eded1c95d3be]::run_test::{closure#0}
[INFO] [stdout]   15:     0x57d61705f244 - std[70759c8f55707aa4]::sys::backtrace::__rust_begin_short_backtrace::<test[9d35eded1c95d3be]::run_test::{closure#1}, ()>
[INFO] [stdout]   16:     0x57d617068ae2 - <std[70759c8f55707aa4]::thread::lifecycle::spawn_unchecked<test[9d35eded1c95d3be]::run_test::{closure#1}, ()>::{closure#1} as core[df12db4294e9bfd3]::ops::function::FnOnce<()>>::call_once::{shim:vtable#0}
[INFO] [stdout]   17:     0x57d6170d1659 - <std[70759c8f55707aa4]::sys::thread::unix::Thread>::new::thread_start
[INFO] [stdout]   18:     0x7af7dfb44dfa - <unknown>
[INFO] [stdout]   19:     0x7af7dfbd83d4 - clone
[INFO] [stdout]   20:                0x0 - <unknown>
[INFO] [stdout] 
[INFO] [stdout] ---- performance::tests::test_optimized_lookups stdout ----
[INFO] [stdout] 
[INFO] [stdout] thread 'performance::tests::test_optimized_lookups' (1378) panicked at src/performance.rs:447:9:
[INFO] [stdout] assertion `left == right` failed
[INFO] [stdout]   left: "g"
[INFO] [stdout]  right: "kg"
[INFO] [stdout] stack backtrace:
[INFO] [stdout]    0:     0x57d6170d1d81 - <<std[70759c8f55707aa4]::sys::backtrace::BacktraceLock>::print::DisplayBacktrace as core[df12db4294e9bfd3]::fmt::Display>::fmt
[INFO] [stdout]    1:     0x57d6170e78ca - core[df12db4294e9bfd3]::fmt::write
[INFO] [stdout]    2:     0x57d6170d621c - <alloc[2182bb758b4b3781]::vec::Vec<u8> as core[df12db4294e9bfd3]::io::write::Write>::write_fmt
[INFO] [stdout]    3:     0x57d6170ae376 - std[70759c8f55707aa4]::panicking::default_hook::{closure#0}
[INFO] [stdout]    4:     0x57d6170ca4e9 - std[70759c8f55707aa4]::panicking::default_hook
[INFO] [stdout]    5:     0x57d617065030 - test[9d35eded1c95d3be]::test_main_inner::<test[9d35eded1c95d3be]::test_main_static::{closure#0}>::{closure#0}
[INFO] [stdout]    6:     0x57d6170ca6a2 - std[70759c8f55707aa4]::panicking::panic_with_hook
[INFO] [stdout]    7:     0x57d6170ae422 - std[70759c8f55707aa4]::panicking::panic_handler::{closure#0}
[INFO] [stdout]    8:     0x57d6170a71a9 - std[70759c8f55707aa4]::sys::backtrace::__rust_end_short_backtrace::<std[70759c8f55707aa4]::panicking::panic_handler::{closure#0}, !>
[INFO] [stdout]    9:     0x57d6170af01d - __rustc[8fa7c3cbc660c2b3]::rust_begin_unwind
[INFO] [stdout]   10:     0x57d6170e7ffc - core[df12db4294e9bfd3]::panicking::panic_fmt
[INFO] [stdout]   11:     0x57d6170e7f13 - core[df12db4294e9bfd3]::panicking::assert_failed_inner
[INFO] [stdout]   12:     0x57d6170503a1 - core[df12db4294e9bfd3]::panicking::assert_failed::<&str, &str>
[INFO] [stdout]   13:     0x57d61704b4e9 - octofhir_ucum_core[98ce5ec1bee7ac11]::performance::tests::test_optimized_lookups
[INFO] [stdout]   14:     0x57d61704e419 - <octofhir_ucum_core[98ce5ec1bee7ac11]::performance::tests::test_optimized_lookups::{closure#0} as core[df12db4294e9bfd3]::ops::function::FnOnce<()>>::call_once
[INFO] [stdout]   15:     0x57d61705831b - test[9d35eded1c95d3be]::__rust_begin_short_backtrace::<core[df12db4294e9bfd3]::result::Result<(), alloc[2182bb758b4b3781]::string::String>, fn() -> core[df12db4294e9bfd3]::result::Result<(), alloc[2182bb758b4b3781]::string::String>>
[INFO] [stdout]   16:     0x57d617065985 - test[9d35eded1c95d3be]::run_test::{closure#0}
[INFO] [stdout]   17:     0x57d61705f244 - std[70759c8f55707aa4]::sys::backtrace::__rust_begin_short_backtrace::<test[9d35eded1c95d3be]::run_test::{closure#1}, ()>
[INFO] [stdout]   18:     0x57d617068ae2 - <std[70759c8f55707aa4]::thread::lifecycle::spawn_unchecked<test[9d35eded1c95d3be]::run_test::{closure#1}, ()>::{closure#1} as core[df12db4294e9bfd3]::ops::function::FnOnce<()>>::call_once::{shim:vtable#0}
[INFO] [stdout]   19:     0x57d6170d1659 - <std[70759c8f55707aa4]::sys::thread::unix::Thread>::new::thread_start
[INFO] [stdout]   20:     0x7af7dfb44dfa - <unknown>
[INFO] [stdout]   21:     0x7af7dfbd83d4 - clone
[INFO] [stdout]   22:                0x0 - <unknown>
[INFO] [stdout] 
[INFO] [stdout] ---- suggestions::tests::test_suggest_corrections stdout ----
[INFO] [stdout] 
[INFO] [stdout] thread 'suggestions::tests::test_suggest_corrections' (1389) panicked at src/suggestions.rs:313:9:
[INFO] [stdout] assertion failed: !suggestions.is_empty()
[INFO] [stdout] stack backtrace:
[INFO] [stdout]    0:     0x57d6170d1d81 - <<std[70759c8f55707aa4]::sys::backtrace::BacktraceLock>::print::DisplayBacktrace as core[df12db4294e9bfd3]::fmt::Display>::fmt
[INFO] [stdout]    1:     0x57d6170e78ca - core[df12db4294e9bfd3]::fmt::write
[INFO] [stdout]    2:     0x57d6170d621c - <alloc[2182bb758b4b3781]::vec::Vec<u8> as core[df12db4294e9bfd3]::io::write::Write>::write_fmt
[INFO] [stdout]    3:     0x57d6170ae376 - std[70759c8f55707aa4]::panicking::default_hook::{closure#0}
[INFO] [stdout]    4:     0x57d6170ca4e9 - std[70759c8f55707aa4]::panicking::default_hook
[INFO] [stdout]    5:     0x57d617065030 - test[9d35eded1c95d3be]::test_main_inner::<test[9d35eded1c95d3be]::test_main_static::{closure#0}>::{closure#0}
[INFO] [stdout]    6:     0x57d6170ca6a2 - std[70759c8f55707aa4]::panicking::panic_with_hook
[INFO] [stdout]    7:     0x57d6170ae454 - std[70759c8f55707aa4]::panicking::panic_handler::{closure#0}
[INFO] [stdout]    8:     0x57d6170a71a9 - std[70759c8f55707aa4]::sys::backtrace::__rust_end_short_backtrace::<std[70759c8f55707aa4]::panicking::panic_handler::{closure#0}, !>
[INFO] [stdout]    9:     0x57d6170af01d - __rustc[8fa7c3cbc660c2b3]::rust_begin_unwind
[INFO] [stdout]   10:     0x57d6170e7ffc - core[df12db4294e9bfd3]::panicking::panic_fmt
[INFO] [stdout]   11:     0x57d6170e7fc2 - core[df12db4294e9bfd3]::panicking::panic
[INFO] [stdout]   12:     0x57d61704e679 - <octofhir_ucum_core[98ce5ec1bee7ac11]::suggestions::tests::test_suggest_corrections::{closure#0} as core[df12db4294e9bfd3]::ops::function::FnOnce<()>>::call_once
[INFO] [stdout]   13:     0x57d61705831b - test[9d35eded1c95d3be]::__rust_begin_short_backtrace::<core[df12db4294e9bfd3]::result::Result<(), alloc[2182bb758b4b3781]::string::String>, fn() -> core[df12db4294e9bfd3]::result::Result<(), alloc[2182bb758b4b3781]::string::String>>
[INFO] [stdout]   14:     0x57d617065985 - test[9d35eded1c95d3be]::run_test::{closure#0}
[INFO] [stdout]   15:     0x57d61705f244 - std[70759c8f55707aa4]::sys::backtrace::__rust_begin_short_backtrace::<test[9d35eded1c95d3be]::run_test::{closure#1}, ()>
[INFO] [stdout]   16:     0x57d617068ae2 - <std[70759c8f55707aa4]::thread::lifecycle::spawn_unchecked<test[9d35eded1c95d3be]::run_test::{closure#1}, ()>::{closure#1} as core[df12db4294e9bfd3]::ops::function::FnOnce<()>>::call_once::{shim:vtable#0}
[INFO] [stdout]   17:     0x57d6170d1659 - <std[70759c8f55707aa4]::sys::thread::unix::Thread>::new::thread_start
[INFO] [stdout]   18:     0x7af7dfb44dfa - <unknown>
[INFO] [stdout]   19:     0x7af7dfbd83d4 - clone
[INFO] [stdout]   20:                0x0 - <unknown>
[INFO] [stdout] 
[INFO] [stdout] 
[INFO] [stdout] failures:
[INFO] [stdout]     performance::tests::test_optimized_lookups
[INFO] [stdout]     suggestions::tests::test_string_similarity
[INFO] [stdout]     suggestions::tests::test_suggest_corrections
[INFO] [stdout] 
[INFO] [stdout] test result: FAILED. 20 passed; 3 failed; 0 ignored; 0 measured; 0 filtered out; finished in 0.26s
[INFO] [stdout] 
[INFO] running `Command { std: "docker" "inspect" "85620bd4ea6a5f9ec970eb3a4b087514bd11347c663c75d6ac0132d0d3dc0f65", kill_on_drop: false }`
[INFO] running `Command { std: "docker" "rm" "-f" "85620bd4ea6a5f9ec970eb3a4b087514bd11347c663c75d6ac0132d0d3dc0f65", kill_on_drop: false }`
[INFO] [stdout] 85620bd4ea6a5f9ec970eb3a4b087514bd11347c663c75d6ac0132d0d3dc0f65
