[INFO] fetching crate octofhir-cql 0.1.0...
[INFO] testing octofhir-cql-0.1.0 against 1.99.0-beta.8+cargoflags=--release for beta-release-1.100-2
[INFO] extracting crate octofhir-cql 0.1.0 into /workspace/builds/worker-0-tc1/source
[INFO] started tweaking crates.io crate octofhir-cql 0.1.0
[INFO] removed 0 missing tests
[INFO] finished tweaking crates.io crate octofhir-cql 0.1.0
[INFO] tweaked toml for crates.io crate octofhir-cql 0.1.0 written to /workspace/builds/worker-0-tc1/source/Cargo.toml
[INFO] validating manifest of crates.io crate octofhir-cql 0.1.0 on toolchain 1.99.0-beta.8
[INFO] running `Command { std: CARGO_HOME="/workspace/cargo-home" RUSTUP_HOME="/workspace/rustup-home" "/workspace/cargo-home/bin/cargo" "+1.99.0-beta.8" "metadata" "--manifest-path" "Cargo.toml" "--no-deps", kill_on_drop: false }`
[INFO] crate crates.io crate octofhir-cql 0.1.0 already has a lockfile, it will not be regenerated
[INFO] running `Command { std: CARGO_HOME="/workspace/cargo-home" RUSTUP_HOME="/workspace/rustup-home" "/workspace/cargo-home/bin/cargo" "+1.99.0-beta.8" "fetch" "--manifest-path" "Cargo.toml", kill_on_drop: false }`
[INFO] [stderr]     Updating crates.io index
[INFO] [stderr]  Downloading crates ...
[INFO] [stderr]   Downloaded papergrid v0.11.0
[INFO] [stderr]   Downloaded tabled_derive v0.7.0
[INFO] [stderr]   Downloaded zmij v0.1.9
[INFO] [stderr]   Downloaded endian-type v0.1.2
[INFO] [stderr]   Downloaded nibble_vec v0.1.0
[INFO] [stderr]   Downloaded octofhir-cql-diagnostics v0.1.0
[INFO] [stderr]   Downloaded octofhir-cql-ast v0.1.0
[INFO] [stderr]   Downloaded octofhir-cql-parser v0.1.0
[INFO] [stderr]   Downloaded octofhir-fhir-model v0.1.7
[INFO] [stderr]   Downloaded octofhir-cql-types v0.1.0
[INFO] [stderr]   Downloaded octofhir-cql-model v0.1.0
[INFO] [stderr]   Downloaded rustyline v13.0.0
[INFO] [stderr]   Downloaded compression-codecs v0.4.35
[INFO] [stderr]   Downloaded tabled v0.15.0
[INFO] [stderr]   Downloaded octofhir-ucum v0.5.1
[INFO] [stderr]   Downloaded async-compression v0.4.36
[INFO] [stderr]   Downloaded radix_trie v0.2.1
[INFO] [stderr]   Downloaded insta v1.45.0
[INFO] [stderr]   Downloaded human-panic v2.0.5
[INFO] [stderr]   Downloaded octofhir-cql-elm v0.1.0
[INFO] [stderr]   Downloaded toml v0.9.10+spec-1.1.0
[INFO] [stderr]   Downloaded octofhir-cql-eval v0.1.0
[INFO] [stderr]   Downloaded sysinfo v0.34.2
[INFO] [stderr]   Downloaded condtype v1.3.0
[INFO] [stderr]   Downloaded divan v0.1.21
[INFO] [stderr]   Downloaded divan-macros v0.1.21
[INFO] running `Command { std: "docker" "create" "-v" "/var/lib/crater-agent-workspace/builds/worker-0-tc1/source:/opt/rustwide/workdir:ro,Z" "-v" "/var/lib/crater-agent-workspace/builds/worker-0-tc1/target:/opt/rustwide/target:rw,Z" "-v" "/var/lib/crater-agent-workspace/cargo-home:/opt/rustwide/cargo-home:ro,Z" "-v" "/var/lib/crater-agent-workspace/rustup-home:/opt/rustwide/rustup-home:ro,Z" "-m" "1610612736" "--network" "none" "ghcr.io/rust-lang/crates-build-env/linux@sha256:77db811e55d90add9212f6832c23229e3de5f1c1f9905e8cb07319ea15df73ac" "sleep" "infinity", kill_on_drop: false }`
[INFO] [stdout] 5f6a8bab3ecc387c9c5d34529507289c708d543b51c1a588d036924428603541
[INFO] running `Command { std: "docker" "start" "5f6a8bab3ecc387c9c5d34529507289c708d543b51c1a588d036924428603541", kill_on_drop: false }`
[INFO] running `Command { std: "docker" "inspect" "5f6a8bab3ecc387c9c5d34529507289c708d543b51c1a588d036924428603541", kill_on_drop: false }`
[INFO] running `Command { std: "docker" "exec" "-e" "SOURCE_DIR=/opt/rustwide/workdir" "-e" "CARGO_HOME=/opt/rustwide/cargo-home" "-e" "RUSTUP_HOME=/opt/rustwide/rustup-home" "-e" "CARGO_TARGET_DIR=/opt/rustwide/target" "-w" "/opt/rustwide/workdir" "--user" "0:0" "5f6a8bab3ecc387c9c5d34529507289c708d543b51c1a588d036924428603541" "/opt/rustwide/cargo-home/bin/cargo" "+1.99.0-beta.8" "metadata" "--no-deps" "--format-version=1", kill_on_drop: false }`
[INFO] running `Command { std: "docker" "inspect" "5f6a8bab3ecc387c9c5d34529507289c708d543b51c1a588d036924428603541", kill_on_drop: false }`
[INFO] running `Command { std: "docker" "exec" "-e" "SOURCE_DIR=/opt/rustwide/workdir" "-e" "CARGO_HOME=/opt/rustwide/cargo-home" "-e" "RUSTUP_HOME=/opt/rustwide/rustup-home" "-e" "CARGO_TARGET_DIR=/opt/rustwide/target" "-e" "CARGO_INCREMENTAL=0" "-e" "RUST_BACKTRACE=full" "-e" "RUSTFLAGS=--cap-lints=warn" "-e" "RUSTDOCFLAGS=--cap-lints=warn" "-w" "/opt/rustwide/workdir" "--user" "0:0" "5f6a8bab3ecc387c9c5d34529507289c708d543b51c1a588d036924428603541" "/opt/rustwide/cargo-home/bin/cargo" "+1.99.0-beta.8" "build" "--frozen" "--message-format=json" "--release", kill_on_drop: false }`
[INFO] [stderr]    Compiling libc v0.2.178
[INFO] [stderr]    Compiling syn v2.0.111
[INFO] [stderr]    Compiling itoa v1.0.16
[INFO] [stderr]    Compiling openssl-sys v0.9.111
[INFO] [stderr]    Compiling indexmap v2.12.1
[INFO] [stderr]    Compiling simd-adler32 v0.3.8
[INFO] [stderr]    Compiling serde v1.0.228
[INFO] [stderr]    Compiling siphasher v1.0.1
[INFO] [stderr]    Compiling miniz_oxide v0.8.9
[INFO] [stderr]    Compiling http v1.4.0
[INFO] [stderr]    Compiling rand v0.8.5
[INFO] [stderr]    Compiling openssl v0.10.75
[INFO] [stderr]    Compiling phf_shared v0.11.3
[INFO] [stderr]    Compiling bigdecimal v0.4.10
[INFO] [stderr]    Compiling rustls v0.23.35
[INFO] [stderr]    Compiling memchr v2.7.6
[INFO] [stderr]    Compiling serde_json v1.0.147
[INFO] [stderr]    Compiling rust_decimal v1.39.0
[INFO] [stderr]    Compiling phf_generator v0.11.3
[INFO] [stderr]    Compiling native-tls v0.2.14
[INFO] [stderr]    Compiling flate2 v1.1.5
[INFO] [stderr]    Compiling num-bigint v0.4.6
[INFO] [stderr]    Compiling quick-xml v0.38.4
[INFO] [stderr]    Compiling http-body v1.0.1
[INFO] [stderr]    Compiling errno v0.3.14
[INFO] [stderr]    Compiling mio v1.1.1
[INFO] [stderr]    Compiling signal-hook-registry v1.4.8
[INFO] [stderr]    Compiling socket2 v0.6.1
[INFO] [stderr]    Compiling getrandom v0.2.16
[INFO] [stderr]    Compiling ring v0.17.14
[INFO] [stderr]    Compiling aho-corasick v1.1.4
[INFO] [stderr]    Compiling compression-core v0.4.31
[INFO] [stderr]    Compiling zmij v0.1.9
[INFO] [stderr]    Compiling arrayvec v0.7.6
[INFO] [stderr]    Compiling regex-syntax v0.8.8
[INFO] [stderr]    Compiling compression-codecs v0.4.35
[INFO] [stderr]    Compiling http-body-util v0.1.3
[INFO] [stderr]    Compiling fuzzy-matcher v0.3.7
[INFO] [stderr]    Compiling webpki-roots v1.0.4
[INFO] [stderr]    Compiling nom v8.0.0
[INFO] [stderr]    Compiling synstructure v0.13.2
[INFO] [stderr]    Compiling rustls-webpki v0.103.8
[INFO] [stderr]    Compiling regex-automata v0.4.13
[INFO] [stderr]    Compiling serde_derive v1.0.228
[INFO] [stderr]    Compiling zerofrom-derive v0.1.6
[INFO] [stderr]    Compiling yoke-derive v0.8.1
[INFO] [stderr]    Compiling tokio-macros v2.6.0
[INFO] [stderr]    Compiling zerovec-derive v0.11.2
[INFO] [stderr]    Compiling zerofrom v0.1.6
[INFO] [stderr]    Compiling displaydoc v0.2.5
[INFO] [stderr]    Compiling yoke v0.8.1
[INFO] [stderr]    Compiling thiserror-impl v2.0.17
[INFO] [stderr]    Compiling zerotrie v0.2.3
[INFO] [stderr]    Compiling openssl-macros v0.1.1
[INFO] [stderr]    Compiling zerovec v0.11.5
[INFO] [stderr]    Compiling phf_macros v0.11.3
[INFO] [stderr]    Compiling octofhir-ucum v0.5.1
[INFO] [stderr]    Compiling thiserror v2.0.17
[INFO] [stderr]    Compiling smallvec v1.15.1
[INFO] [stderr]    Compiling octofhir-cql-diagnostics v0.1.0
[INFO] [stderr]    Compiling tinystr v0.8.2
[INFO] [stderr]    Compiling parking_lot_core v0.9.12
[INFO] [stderr]    Compiling potential_utf v0.1.4
[INFO] [stderr]    Compiling icu_locale_core v2.1.1
[INFO] [stderr]    Compiling icu_collections v2.1.1
[INFO] [stderr]    Compiling parking_lot v0.12.5
[INFO] [stderr]    Compiling tokio v1.48.0
[INFO] [stderr]    Compiling icu_provider v2.1.1
[INFO] [stderr]    Compiling icu_normalizer v2.1.1
[INFO] [stderr]    Compiling icu_properties v2.1.2
[INFO] [stderr]    Compiling octofhir-cql-ast v0.1.0
[INFO] [stderr]    Compiling phf v0.11.3
[INFO] [stderr]    Compiling idna_adapter v1.2.1
[INFO] [stderr]    Compiling idna v1.1.0
[INFO] [stderr]    Compiling regex v1.12.2
[INFO] [stderr]    Compiling ryu v1.0.21
[INFO] [stderr]    Compiling chrono v0.4.42
[INFO] [stderr]    Compiling serde_urlencoded v0.7.1
[INFO] [stderr]    Compiling url v2.5.7
[INFO] [stderr]    Compiling seize v0.5.1
[INFO] [stderr]    Compiling anyhow v1.0.100
[INFO] [stderr]    Compiling tokio-util v0.7.17
[INFO] [stderr]    Compiling async-compression v0.4.36
[INFO] [stderr]    Compiling tokio-rustls v0.26.4
[INFO] [stderr]    Compiling h2 v0.4.12
[INFO] [stderr]    Compiling tower v0.5.2
[INFO] [stderr]    Compiling tokio-native-tls v0.3.1
[INFO] [stderr]    Compiling rustix v1.1.3
[INFO] [stderr]    Compiling anstream v0.6.21
[INFO] [stderr]    Compiling tower-http v0.6.8
[INFO] [stderr]    Compiling papaya v0.2.3
[INFO] [stderr]    Compiling proc-macro-error-attr v1.0.4
[INFO] [stderr]    Compiling syn v1.0.109
[INFO] [stderr]    Compiling async-trait v0.1.89
[INFO] [stderr]    Compiling linux-raw-sys v0.11.0
[INFO] [stderr]    Compiling hyper v1.8.1
[INFO] [stderr]    Compiling proc-macro-error v1.0.4
[INFO] [stderr]    Compiling getrandom v0.3.4
[INFO] [stderr]    Compiling object v0.37.3
[INFO] [stderr]    Compiling nibble_vec v0.1.0
[INFO] [stderr]    Compiling toml_datetime v0.7.5+spec-1.1.0
[INFO] [stderr]    Compiling serde_spanned v1.0.4
[INFO] [stderr]    Compiling toml_writer v1.0.6+spec-1.1.0
[INFO] [stderr]    Compiling bytecount v0.6.9
[INFO] [stderr]    Compiling hyper-util v0.1.19
[INFO] [stderr]    Compiling rustc-demangle v0.1.26
[INFO] [stderr]    Compiling hyper-tls v0.6.0
[INFO] [stderr]    Compiling hyper-rustls v0.27.7
[INFO] [stderr]    Compiling endian-type v0.1.2
[INFO] [stderr]    Compiling clap_builder v4.5.53
[INFO] [stderr]    Compiling clap_derive v4.5.49
[INFO] [stderr]    Compiling reqwest v0.12.28
[INFO] [stderr]    Compiling radix_trie v0.2.1
[INFO] [stderr]    Compiling backtrace v0.3.76
[INFO] [stderr]    Compiling papergrid v0.11.0
[INFO] [stderr]    Compiling tabled_derive v0.7.0
[INFO] [stderr]    Compiling toml v0.9.10+spec-1.1.0
[INFO] [stderr]    Compiling octofhir-fhir-model v0.1.7
[INFO] [stderr]    Compiling octofhir-cql-types v0.1.0
[INFO] [stderr]    Compiling fd-lock v4.0.4
[INFO] [stderr]    Compiling uuid v1.19.0
[INFO] [stderr]    Compiling sysinfo v0.34.2
[INFO] [stderr]    Compiling octofhir-cql-elm v0.1.0
[INFO] [stderr]    Compiling octofhir-cql-model v0.1.0
[INFO] [stderr]    Compiling nix v0.27.1
[INFO] [stderr]    Compiling octofhir-cql-parser v0.1.0
[INFO] [stderr]    Compiling human-panic v2.0.5
[INFO] [stderr]    Compiling clap v4.5.53
[INFO] [stderr]    Compiling tabled v0.15.0
[INFO] [stderr]    Compiling rustyline v13.0.0
[INFO] [stderr]    Compiling octofhir-cql-eval v0.1.0
[INFO] [stderr]    Compiling octofhir-cql v0.1.0 (/opt/rustwide/workdir)
[INFO] [stderr]     Finished `release` profile [optimized] target(s) in 3m 32s
[INFO] running `Command { std: "docker" "inspect" "5f6a8bab3ecc387c9c5d34529507289c708d543b51c1a588d036924428603541", kill_on_drop: false }`
[INFO] running `Command { std: "docker" "exec" "-e" "SOURCE_DIR=/opt/rustwide/workdir" "-e" "CARGO_HOME=/opt/rustwide/cargo-home" "-e" "RUSTUP_HOME=/opt/rustwide/rustup-home" "-e" "CARGO_TARGET_DIR=/opt/rustwide/target" "-e" "CARGO_INCREMENTAL=0" "-e" "RUST_BACKTRACE=full" "-e" "RUSTFLAGS=--cap-lints=warn" "-e" "RUSTDOCFLAGS=--cap-lints=warn" "-w" "/opt/rustwide/workdir" "--user" "0:0" "5f6a8bab3ecc387c9c5d34529507289c708d543b51c1a588d036924428603541" "/opt/rustwide/cargo-home/bin/cargo" "+1.99.0-beta.8" "test" "--frozen" "--no-run" "--message-format=json" "--release", kill_on_drop: false }`
[INFO] [stderr]    Compiling futures-macro v0.3.31
[INFO] [stderr]    Compiling rustix v1.1.3
[INFO] [stderr]    Compiling getrandom v0.3.4
[INFO] [stderr]    Compiling hyper v1.8.1
[INFO] [stderr]    Compiling zerocopy v0.8.31
[INFO] [stderr]    Compiling aho-corasick v1.1.4
[INFO] [stderr]    Compiling regex-syntax v0.8.8
[INFO] [stderr]    Compiling rstest_macros v0.18.2
[INFO] [stderr]    Compiling rand_core v0.9.3
[INFO] [stderr]    Compiling uuid v1.19.0
[INFO] [stderr]    Compiling wait-timeout v0.2.1
[INFO] [stderr]    Compiling human-panic v2.0.5
[INFO] [stderr]    Compiling relative-path v1.9.3
[INFO] [stderr]    Compiling futures-util v0.3.31
[INFO] [stderr]    Compiling glob v0.3.3
[INFO] [stderr]    Compiling rand_xorshift v0.4.0
[INFO] [stderr]    Compiling rand v0.9.2
[INFO] [stderr]    Compiling divan-macros v0.1.21
[INFO] [stderr]    Compiling console v0.15.11
[INFO] [stderr]    Compiling terminal_size v0.4.3
[INFO] [stderr]    Compiling regex-automata v0.4.13
[INFO] [stderr]    Compiling clap_builder v4.5.53
[INFO] [stderr]    Compiling tempfile v3.24.0
[INFO] [stderr]    Compiling fd-lock v4.0.4
[INFO] [stderr]    Compiling rustyline v13.0.0
[INFO] [stderr]    Compiling ppv-lite86 v0.2.21
[INFO] [stderr]    Compiling rand_chacha v0.9.0
[INFO] [stderr]    Compiling rusty-fork v0.3.1
[INFO] [stderr]    Compiling condtype v1.3.0
[INFO] [stderr]    Compiling diff v0.1.13
[INFO] [stderr]    Compiling regex-lite v0.1.8
[INFO] [stderr]    Compiling regex v1.12.2
[INFO] [stderr]    Compiling futures-timer v3.0.3
[INFO] [stderr]    Compiling hyper-util v0.1.19
[INFO] [stderr]    Compiling tower v0.5.2
[INFO] [stderr]    Compiling futures-executor v0.3.31
[INFO] [stderr]    Compiling similar v2.7.0
[INFO] [stderr]    Compiling tower-http v0.6.8
[INFO] [stderr]    Compiling clap v4.5.53
[INFO] [stderr]    Compiling futures v0.3.31
[INFO] [stderr]    Compiling divan v0.1.21
[INFO] [stderr]    Compiling hyper-rustls v0.27.7
[INFO] [stderr]    Compiling hyper-tls v0.6.0
[INFO] [stderr]    Compiling reqwest v0.12.28
[INFO] [stderr]    Compiling insta v1.45.0
[INFO] [stderr]    Compiling pretty_assertions v1.4.1
[INFO] [stderr]    Compiling proptest v1.9.0
[INFO] [stderr]    Compiling rstest v0.18.2
[INFO] [stderr]    Compiling octofhir-fhir-model v0.1.7
[INFO] [stderr]    Compiling octofhir-cql-model v0.1.0
[INFO] [stderr]    Compiling octofhir-cql-eval v0.1.0
[INFO] [stderr]    Compiling octofhir-cql v0.1.0 (/opt/rustwide/workdir)
[INFO] [stderr]     Finished `release` profile [optimized] target(s) in 1m 31s
[INFO] running `Command { std: "docker" "inspect" "5f6a8bab3ecc387c9c5d34529507289c708d543b51c1a588d036924428603541", kill_on_drop: false }`
[INFO] running `Command { std: "docker" "exec" "-e" "SOURCE_DIR=/opt/rustwide/workdir" "-e" "CARGO_HOME=/opt/rustwide/cargo-home" "-e" "RUSTUP_HOME=/opt/rustwide/rustup-home" "-e" "CARGO_TARGET_DIR=/opt/rustwide/target" "-e" "CARGO_INCREMENTAL=0" "-e" "RUST_BACKTRACE=full" "-e" "RUSTFLAGS=--cap-lints=warn" "-e" "RUSTDOCFLAGS=--cap-lints=warn" "-w" "/opt/rustwide/workdir" "--user" "0:0" "5f6a8bab3ecc387c9c5d34529507289c708d543b51c1a588d036924428603541" "/opt/rustwide/cargo-home/bin/cargo" "+1.99.0-beta.8" "test" "--frozen" "--release", kill_on_drop: false }`
[INFO] [stderr]     Finished `release` profile [optimized] target(s) in 0.26s
[INFO] [stderr]      Running unittests src/lib.rs (/opt/rustwide/target/release/deps/octofhir_cql-6f765a7baf7841e5)
[INFO] [stdout] 
[INFO] [stdout] running 5 tests
[INFO] [stdout] test cli::execute::tests::test_parse_parameters_json ... ok
[INFO] [stdout] test cli::execute::tests::test_parse_parameters ... ok
[INFO] [stdout] test cli::resolver::tests::test_cache ... ok
[INFO] [stdout] test cli::execute::tests::test_parse_parameters_invalid ... ok
[INFO] [stdout] test cli::resolver::tests::test_resolve_file ... ok
[INFO] [stdout] 
[INFO] [stdout] test result: ok. 5 passed; 0 failed; 0 ignored; 0 measured; 0 filtered out; finished in 0.00s
[INFO] [stdout] 
[INFO] [stderr]      Running unittests src/bin/main.rs (/opt/rustwide/target/release/deps/cql-d471d8ccb3ff12b2)
[INFO] [stdout] 
[INFO] [stdout] running 0 tests
[INFO] [stderr]      Running tests/cqframework_spec_tests.rs (/opt/rustwide/target/release/deps/cqframework_spec_tests-0b5eec95321d526a)
[INFO] [stdout] 
[INFO] [stdout] test result: ok. 0 passed; 0 failed; 0 ignored; 0 measured; 0 filtered out; finished in 0.00s
[INFO] [stdout] 
[INFO] [stdout] 
[INFO] [stdout] running 16 tests
[INFO] [stdout] test spec_tests::xml_parser::tests::test_parse_invalid_expression ... ok
[INFO] [stdout] test spec_tests::xml_parser::tests::test_parse_test_with_capability ... ok
[INFO] [stdout] test spec_tests::runner::tests::test_runner_basic ... ok
[INFO] [stdout] test spec_tests::xml_parser::tests::test_parse_simple_test ... ok
[INFO] [stdout] test spec_tests::runner::tests::test_capability_check ... FAILED
[INFO] [stdout] test test_logical_operators ... ok
[INFO] [stdout] test test_parse_all_suites ... ok
[INFO] [stdout] test test_aggregate_functions ... ok
[INFO] [stdout] test test_type_operators ... ok
[INFO] [stdout] test test_string_operators ... ok
[INFO] [stdout] test test_comparison_operators ... ok
[INFO] [stdout] test test_arithmetic_functions ... ok
[INFO] [stdout] test test_list_operators ... ok
[INFO] [stdout] test test_datetime_operators ... ok
[INFO] [stdout] test test_interval_operators ... ok
[INFO] [stdout] test generate_compliance_report ... FAILED
[INFO] [stdout] 
[INFO] [stdout] failures:
[INFO] [stdout] 
[INFO] [stdout] ---- spec_tests::runner::tests::test_capability_check stdout ----
[INFO] [stdout] 
[INFO] [stdout] thread 'spec_tests::runner::tests::test_capability_check' (3911) panicked at tests/spec_tests/runner.rs:630:9:
[INFO] [stdout] assertion failed: !caps.supports("ucum-unit-conversion-support")
[INFO] [stdout] stack backtrace:
[INFO] [stdout]    0:     0x5bab1c90b531 - <<std[70759c8f55707aa4]::sys::backtrace::BacktraceLock>::print::DisplayBacktrace as core[df12db4294e9bfd3]::fmt::Display>::fmt
[INFO] [stdout]    1:     0x5bab1c9234da - core[df12db4294e9bfd3]::fmt::write
[INFO] [stdout]    2:     0x5bab1c90fd4c - <alloc[2182bb758b4b3781]::vec::Vec<u8> as core[df12db4294e9bfd3]::io::write::Write>::write_fmt
[INFO] [stdout]    3:     0x5bab1c8e69b6 - std[70759c8f55707aa4]::panicking::default_hook::{closure#0}
[INFO] [stdout]    4:     0x5bab1c902e69 - std[70759c8f55707aa4]::panicking::default_hook
[INFO] [stdout]    5:     0x5bab1c6d9230 - test[9d35eded1c95d3be]::test_main_inner::<test[9d35eded1c95d3be]::test_main_static::{closure#0}>::{closure#0}
[INFO] [stdout]    6:     0x5bab1c903022 - std[70759c8f55707aa4]::panicking::panic_with_hook
[INFO] [stdout]    7:     0x5bab1c8e6a94 - std[70759c8f55707aa4]::panicking::panic_handler::{closure#0}
[INFO] [stdout]    8:     0x5bab1c8df589 - std[70759c8f55707aa4]::sys::backtrace::__rust_end_short_backtrace::<std[70759c8f55707aa4]::panicking::panic_handler::{closure#0}, !>
[INFO] [stdout]    9:     0x5bab1c8e765d - __rustc[8fa7c3cbc660c2b3]::rust_begin_unwind
[INFO] [stdout]   10:     0x5bab1c923cbc - core[df12db4294e9bfd3]::panicking::panic_fmt
[INFO] [stdout]   11:     0x5bab1c923c82 - core[df12db4294e9bfd3]::panicking::panic
[INFO] [stdout]   12:     0x5bab1c674011 - cqframework_spec_tests[aa5df997072235b5]::spec_tests::runner::tests::test_capability_check
[INFO] [stdout]   13:     0x5bab1c67c76e - <cqframework_spec_tests[aa5df997072235b5]::spec_tests::runner::tests::test_capability_check::{closure#0} as core[df12db4294e9bfd3]::ops::function::FnOnce<()>>::call_once
[INFO] [stdout]   14:     0x5bab1c6cc51b - test[9d35eded1c95d3be]::__rust_begin_short_backtrace::<core[df12db4294e9bfd3]::result::Result<(), alloc[2182bb758b4b3781]::string::String>, fn() -> core[df12db4294e9bfd3]::result::Result<(), alloc[2182bb758b4b3781]::string::String>>
[INFO] [stdout]   15:     0x5bab1c6d9b85 - test[9d35eded1c95d3be]::run_test::{closure#0}
[INFO] [stdout]   16:     0x5bab1c6d3444 - std[70759c8f55707aa4]::sys::backtrace::__rust_begin_short_backtrace::<test[9d35eded1c95d3be]::run_test::{closure#1}, ()>
[INFO] [stdout]   17:     0x5bab1c6dcce2 - <std[70759c8f55707aa4]::thread::lifecycle::spawn_unchecked<test[9d35eded1c95d3be]::run_test::{closure#1}, ()>::{closure#1} as core[df12db4294e9bfd3]::ops::function::FnOnce<()>>::call_once::{shim:vtable#0}
[INFO] [stdout]   18:     0x5bab1c90a559 - <std[70759c8f55707aa4]::sys::thread::unix::Thread>::new::thread_start
[INFO] [stdout]   19:     0x74fa1da2cdfa - <unknown>
[INFO] [stdout]   20:     0x74fa1dac03d4 - clone
[INFO] [stdout]   21:                0x0 - <unknown>
[INFO] [stdout] 
[INFO] [stdout] ---- generate_compliance_report stdout ----
[INFO] [stdout] 
[INFO] [stdout] # CQL Specification Compliance Report
[INFO] [stdout] 
[INFO] [stdout] ## Summary
[INFO] [stdout] 
[INFO] [stdout] | Metric | Count |
[INFO] [stdout] |--------|-------|
[INFO] [stdout] | Total Tests | 1693 |
[INFO] [stdout] | Passed | 1693 (100.0%) |
[INFO] [stdout] | Failed | 0 |
[INFO] [stdout] | Skipped | 0 |
[INFO] [stdout] 
[INFO] [stdout] ## Results by Suite
[INFO] [stdout] 
[INFO] [stdout] ### CqlConditionalOperatorsTest
[INFO] [stdout] 
[INFO] [stdout] - Passed: 9/9
[INFO] [stdout] - Failed: 0
[INFO] [stdout] - Skipped: 0
[INFO] [stdout] 
[INFO] [stdout] ### CqlIntervalOperatorsTest
[INFO] [stdout] 
[INFO] [stdout] - Passed: 412/412
[INFO] [stdout] - Failed: 0
[INFO] [stdout] - Skipped: 0
[INFO] [stdout] 
[INFO] [stdout] ### CqlQueryTest
[INFO] [stdout] 
[INFO] [stdout] - Passed: 12/12
[INFO] [stdout] - Failed: 0
[INFO] [stdout] - Skipped: 0
[INFO] [stdout] 
[INFO] [stdout] ### CqlNullologicalOperatorsTest
[INFO] [stdout] 
[INFO] [stdout] - Passed: 22/22
[INFO] [stdout] - Failed: 0
[INFO] [stdout] - Skipped: 0
[INFO] [stdout] 
[INFO] [stdout] ### CqlComparisonOperatorsTest
[INFO] [stdout] 
[INFO] [stdout] - Passed: 198/198
[INFO] [stdout] - Failed: 0
[INFO] [stdout] - Skipped: 0
[INFO] [stdout] 
[INFO] [stdout] ### CqlAggregateFunctionsTest
[INFO] [stdout] 
[INFO] [stdout] - Passed: 50/50
[INFO] [stdout] - Failed: 0
[INFO] [stdout] - Skipped: 0
[INFO] [stdout] 
[INFO] [stdout] ### CqlLogicalOperatorsTest
[INFO] [stdout] 
[INFO] [stdout] - Passed: 39/39
[INFO] [stdout] - Failed: 0
[INFO] [stdout] - Skipped: 0
[INFO] [stdout] 
[INFO] [stdout] ### CqlDateTimeOperatorsTest
[INFO] [stdout] 
[INFO] [stdout] - Passed: 317/317
[INFO] [stdout] - Failed: 0
[INFO] [stdout] - Skipped: 0
[INFO] [stdout] 
[INFO] [stdout] ### CqlTypeOperatorsTest
[INFO] [stdout] 
[INFO] [stdout] - Passed: 35/35
[INFO] [stdout] - Failed: 0
[INFO] [stdout] - Skipped: 0
[INFO] [stdout] 
[INFO] [stdout] ### CqlListOperatorsTest
[INFO] [stdout] 
[INFO] [stdout] - Passed: 212/212
[INFO] [stdout] - Failed: 0
[INFO] [stdout] - Skipped: 0
[INFO] [stdout] 
[INFO] [stdout] ### ValueLiteralsAndSelectors
[INFO] [stdout] 
[INFO] [stdout] - Passed: 66/66
[INFO] [stdout] - Failed: 0
[INFO] [stdout] - Skipped: 0
[INFO] [stdout] 
[INFO] [stdout] ### CqlStringOperatorsTest
[INFO] [stdout] 
[INFO] [stdout] - Passed: 81/81
[INFO] [stdout] - Failed: 0
[INFO] [stdout] - Skipped: 0
[INFO] [stdout] 
[INFO] [stdout] ### CqlTypesTest
[INFO] [stdout] 
[INFO] [stdout] - Passed: 28/28
[INFO] [stdout] - Failed: 0
[INFO] [stdout] - Skipped: 0
[INFO] [stdout] 
[INFO] [stdout] ### CqlArithmeticFunctionsTest
[INFO] [stdout] 
[INFO] [stdout] - Passed: 212/212
[INFO] [stdout] - Failed: 0
[INFO] [stdout] - Skipped: 0
[INFO] [stdout] 
[INFO] [stdout] 
[INFO] [stdout] 
[INFO] [stdout] thread 'generate_compliance_report' (3910) panicked at tests/cqframework_spec_tests.rs:229:43:
[INFO] [stdout] Failed to write report: Os { code: 30, kind: ReadOnlyFilesystem, message: "Read-only file system" }
[INFO] [stdout] stack backtrace:
[INFO] [stdout]    0:     0x5bab1c90b531 - <<std[70759c8f55707aa4]::sys::backtrace::BacktraceLock>::print::DisplayBacktrace as core[df12db4294e9bfd3]::fmt::Display>::fmt
[INFO] [stdout]    1:     0x5bab1c9234da - core[df12db4294e9bfd3]::fmt::write
[INFO] [stdout]    2:     0x5bab1c90fd4c - <alloc[2182bb758b4b3781]::vec::Vec<u8> as core[df12db4294e9bfd3]::io::write::Write>::write_fmt
[INFO] [stdout]    3:     0x5bab1c8e69b6 - std[70759c8f55707aa4]::panicking::default_hook::{closure#0}
[INFO] [stdout]    4:     0x5bab1c902e69 - std[70759c8f55707aa4]::panicking::default_hook
[INFO] [stdout]    5:     0x5bab1c6d9230 - test[9d35eded1c95d3be]::test_main_inner::<test[9d35eded1c95d3be]::test_main_static::{closure#0}>::{closure#0}
[INFO] [stdout]    6:     0x5bab1c903022 - std[70759c8f55707aa4]::panicking::panic_with_hook
[INFO] [stdout]    7:     0x5bab1c8e6a62 - std[70759c8f55707aa4]::panicking::panic_handler::{closure#0}
[INFO] [stdout]    8:     0x5bab1c8df589 - std[70759c8f55707aa4]::sys::backtrace::__rust_end_short_backtrace::<std[70759c8f55707aa4]::panicking::panic_handler::{closure#0}, !>
[INFO] [stdout]    9:     0x5bab1c8e765d - __rustc[8fa7c3cbc660c2b3]::rust_begin_unwind
[INFO] [stdout]   10:     0x5bab1c923cbc - core[df12db4294e9bfd3]::panicking::panic_fmt
[INFO] [stdout]   11:     0x5bab1c923a92 - core[df12db4294e9bfd3]::result::unwrap_failed
[INFO] [stdout]   12:     0x5bab1c67c4cd - <cqframework_spec_tests[aa5df997072235b5]::generate_compliance_report::{closure#0} as core[df12db4294e9bfd3]::ops::function::FnOnce<()>>::call_once
[INFO] [stdout]   13:     0x5bab1c6cc51b - test[9d35eded1c95d3be]::__rust_begin_short_backtrace::<core[df12db4294e9bfd3]::result::Result<(), alloc[2182bb758b4b3781]::string::String>, fn() -> core[df12db4294e9bfd3]::result::Result<(), alloc[2182bb758b4b3781]::string::String>>
[INFO] [stdout]   14:     0x5bab1c6d9b85 - test[9d35eded1c95d3be]::run_test::{closure#0}
[INFO] [stdout]   15:     0x5bab1c6d3444 - std[70759c8f55707aa4]::sys::backtrace::__rust_begin_short_backtrace::<test[9d35eded1c95d3be]::run_test::{closure#1}, ()>
[INFO] [stdout]   16:     0x5bab1c6dcce2 - <std[70759c8f55707aa4]::thread::lifecycle::spawn_unchecked<test[9d35eded1c95d3be]::run_test::{closure#1}, ()>::{closure#1} as core[df12db4294e9bfd3]::ops::function::FnOnce<()>>::call_once::{shim:vtable#0}
[INFO] [stdout]   17:     0x5bab1c90a559 - <std[70759c8f55707aa4]::sys::thread::unix::Thread>::new::thread_start
[INFO] [stdout]   18:     0x74fa1da2cdfa - <unknown>
[INFO] [stdout]   19:     0x74fa1dac03d4 - clone
[INFO] [stdout]   20:                0x0 - <unknown>
[INFO] [stdout] 
[INFO] [stdout] 
[INFO] [stdout] failures:
[INFO] [stdout]     generate_compliance_report
[INFO] [stdout]     spec_tests::runner::tests::test_capability_check
[INFO] [stdout] 
[INFO] [stdout] test result: FAILED. 14 passed; 2 failed; 0 ignored; 0 measured; 0 filtered out; finished in 1.75s
[INFO] [stdout] 
[INFO] [stderr] error: test failed, to rerun pass `--test cqframework_spec_tests`
[INFO] running `Command { std: "docker" "inspect" "5f6a8bab3ecc387c9c5d34529507289c708d543b51c1a588d036924428603541", kill_on_drop: false }`
[INFO] running `Command { std: "docker" "rm" "-f" "5f6a8bab3ecc387c9c5d34529507289c708d543b51c1a588d036924428603541", kill_on_drop: false }`
[INFO] [stdout] 5f6a8bab3ecc387c9c5d34529507289c708d543b51c1a588d036924428603541
