[INFO] fetching crate octaindex3d 0.5.9...
[INFO] testing octaindex3d-0.5.9 against 1.99.0-beta.8+cargoflags=--release for beta-release-1.100-2
[INFO] extracting crate octaindex3d 0.5.9 into /workspace/builds/worker-3-tc1/source
[INFO] started tweaking crates.io crate octaindex3d 0.5.9
[INFO] removed 0 missing examples
[INFO] finished tweaking crates.io crate octaindex3d 0.5.9
[INFO] tweaked toml for crates.io crate octaindex3d 0.5.9 written to /workspace/builds/worker-3-tc1/source/Cargo.toml
[INFO] validating manifest of crates.io crate octaindex3d 0.5.9 on toolchain 1.99.0-beta.8
[INFO] running `Command { std: CARGO_HOME="/workspace/cargo-home" RUSTUP_HOME="/workspace/rustup-home" "/workspace/cargo-home/bin/cargo" "+1.99.0-beta.8" "metadata" "--manifest-path" "Cargo.toml" "--no-deps", kill_on_drop: false }`
[INFO] crate crates.io crate octaindex3d 0.5.9 already has a lockfile, it will not be regenerated
[INFO] running `Command { std: CARGO_HOME="/workspace/cargo-home" RUSTUP_HOME="/workspace/rustup-home" "/workspace/cargo-home/bin/cargo" "+1.99.0-beta.8" "fetch" "--manifest-path" "Cargo.toml", kill_on_drop: false }`
[INFO] [stderr]     Updating crates.io index
[INFO] [stderr]  Downloading crates ...
[INFO] [stderr]   Downloaded wgpu-naga-bridge v30.0.1
[INFO] [stderr]   Downloaded naga-types v30.0.1
[INFO] [stderr]   Downloaded wgpu-core-deps-emscripten v30.0.1
[INFO] [stderr]   Downloaded wgpu-core-deps-apple v30.0.1
[INFO] [stderr]   Downloaded bit-set v0.10.0
[INFO] [stderr]   Downloaded wgpu-core-deps-windows-linux-android v30.0.1
[INFO] [stderr]   Downloaded wgpu v30.0.1
[INFO] [stderr]   Downloaded pollster v1.0.1
[INFO] [stderr]   Downloaded wgpu-types v30.0.1
[INFO] [stderr]   Downloaded lz4_flex v0.14.0
[INFO] [stderr]   Downloaded twox-hash v2.1.4
[INFO] [stderr]   Downloaded wgpu-core v30.0.1
[INFO] [stderr]   Downloaded wgpu-hal v30.0.1
[INFO] [stderr]   Downloaded naga v30.0.1
[INFO] [stderr]   Downloaded metal v0.33.0
[INFO] [stderr]   Downloaded bech32 v0.12.0
[INFO] running `Command { std: "docker" "create" "-v" "/var/lib/crater-agent-workspace/builds/worker-3-tc1/source:/opt/rustwide/workdir:ro,Z" "-v" "/var/lib/crater-agent-workspace/builds/worker-3-tc1/target:/opt/rustwide/target:rw,Z" "-v" "/var/lib/crater-agent-workspace/cargo-home:/opt/rustwide/cargo-home:ro,Z" "-v" "/var/lib/crater-agent-workspace/rustup-home:/opt/rustwide/rustup-home:ro,Z" "-m" "1610612736" "--network" "none" "ghcr.io/rust-lang/crates-build-env/linux@sha256:77db811e55d90add9212f6832c23229e3de5f1c1f9905e8cb07319ea15df73ac" "sleep" "infinity", kill_on_drop: false }`
[INFO] [stdout] d04127e5ba4994c04f5f38690d1259856a116602b15f9dee35a71778c3b5f42d
[INFO] running `Command { std: "docker" "start" "d04127e5ba4994c04f5f38690d1259856a116602b15f9dee35a71778c3b5f42d", kill_on_drop: false }`
[INFO] running `Command { std: "docker" "inspect" "d04127e5ba4994c04f5f38690d1259856a116602b15f9dee35a71778c3b5f42d", kill_on_drop: false }`
[INFO] running `Command { std: "docker" "exec" "-e" "SOURCE_DIR=/opt/rustwide/workdir" "-e" "CARGO_HOME=/opt/rustwide/cargo-home" "-e" "RUSTUP_HOME=/opt/rustwide/rustup-home" "-e" "CARGO_TARGET_DIR=/opt/rustwide/target" "-w" "/opt/rustwide/workdir" "--user" "0:0" "d04127e5ba4994c04f5f38690d1259856a116602b15f9dee35a71778c3b5f42d" "/opt/rustwide/cargo-home/bin/cargo" "+1.99.0-beta.8" "metadata" "--no-deps" "--format-version=1", kill_on_drop: false }`
[INFO] running `Command { std: "docker" "inspect" "d04127e5ba4994c04f5f38690d1259856a116602b15f9dee35a71778c3b5f42d", kill_on_drop: false }`
[INFO] running `Command { std: "docker" "exec" "-e" "SOURCE_DIR=/opt/rustwide/workdir" "-e" "CARGO_HOME=/opt/rustwide/cargo-home" "-e" "RUSTUP_HOME=/opt/rustwide/rustup-home" "-e" "CARGO_TARGET_DIR=/opt/rustwide/target" "-e" "CARGO_INCREMENTAL=0" "-e" "RUST_BACKTRACE=full" "-e" "RUSTFLAGS=--cap-lints=warn" "-e" "RUSTDOCFLAGS=--cap-lints=warn" "-w" "/opt/rustwide/workdir" "--user" "0:0" "d04127e5ba4994c04f5f38690d1259856a116602b15f9dee35a71778c3b5f42d" "/opt/rustwide/cargo-home/bin/cargo" "+1.99.0-beta.8" "build" "--frozen" "--message-format=json" "--release", kill_on_drop: false }`
[INFO] [stderr]    Compiling proc-macro2 v1.0.107
[INFO] [stderr]    Compiling unicode-ident v1.0.26
[INFO] [stderr]    Compiling quote v1.0.47
[INFO] [stderr]    Compiling cfg-if v1.0.5
[INFO] [stderr]    Compiling zerocopy v0.8.59
[INFO] [stderr]    Compiling crossbeam-utils v0.8.23
[INFO] [stderr]    Compiling libc v0.2.189
[INFO] [stderr]    Compiling serde_core v1.0.229
[INFO] [stderr]    Compiling crossbeam-epoch v0.9.21
[INFO] [stderr]    Compiling crossbeam-deque v0.8.8
[INFO] [stderr]    Compiling autocfg v1.5.1
[INFO] [stderr]    Compiling version_check v0.9.5
[INFO] [stderr]    Compiling parking_lot_core v0.9.12
[INFO] [stderr]    Compiling serde v1.0.229
[INFO] [stderr]    Compiling rayon-core v1.13.0
[INFO] [stderr]    Compiling getrandom v0.3.4
[INFO] [stderr]    Compiling zmij v1.0.23
[INFO] [stderr]    Compiling smallvec v1.16.1
[INFO] [stderr]    Compiling scopeguard v1.2.0
[INFO] [stderr]    Compiling ahash v0.8.12
[INFO] [stderr]    Compiling ciborium-io v0.2.2
[INFO] [stderr]    Compiling thiserror v2.0.21
[INFO] [stderr]    Compiling serde_json v1.0.151
[INFO] [stderr]    Compiling crc32fast v1.5.2
[INFO] [stderr]    Compiling lock_api v0.4.14
[INFO] [stderr]    Compiling memchr v2.8.3
[INFO] [stderr]    Compiling twox-hash v2.1.4
[INFO] [stderr]    Compiling either v1.18.0
[INFO] [stderr]    Compiling octaindex3d v0.5.9 (/opt/rustwide/workdir)
[INFO] [stderr]    Compiling once_cell v1.21.4
[INFO] [stderr]    Compiling itoa v1.0.18
[INFO] [stderr]    Compiling lz4_flex v0.14.0
[INFO] [stderr]    Compiling rustc-hash v2.1.3
[INFO] [stderr]    Compiling bech32 v0.12.0
[INFO] [stderr]    Compiling num-traits v0.2.19
[INFO] [stderr]    Compiling syn v3.0.6
[INFO] [stderr]    Compiling syn v2.0.119
[INFO] [stderr]    Compiling ordered-float v5.5.0
[INFO] [stderr]    Compiling parking_lot v0.12.5
[INFO] [stderr]    Compiling rayon v1.12.0
[INFO] [stderr]    Compiling serde_derive v1.0.229
[INFO] [stderr]    Compiling bytemuck_derive v1.12.1
[INFO] [stderr]    Compiling thiserror-impl v2.0.21
[INFO] [stderr]    Compiling zerocopy-derive v0.8.59
[INFO] [stderr]    Compiling bytemuck v1.25.2
[INFO] [stderr]    Compiling half v2.7.1
[INFO] [stderr]    Compiling ciborium-ll v0.2.2
[INFO] [stderr]    Compiling ciborium v0.2.2
[INFO] [stderr]     Finished `release` profile [optimized] target(s) in 26.75s
[INFO] running `Command { std: "docker" "inspect" "d04127e5ba4994c04f5f38690d1259856a116602b15f9dee35a71778c3b5f42d", kill_on_drop: false }`
[INFO] running `Command { std: "docker" "exec" "-e" "SOURCE_DIR=/opt/rustwide/workdir" "-e" "CARGO_HOME=/opt/rustwide/cargo-home" "-e" "RUSTUP_HOME=/opt/rustwide/rustup-home" "-e" "CARGO_TARGET_DIR=/opt/rustwide/target" "-e" "CARGO_INCREMENTAL=0" "-e" "RUST_BACKTRACE=full" "-e" "RUSTFLAGS=--cap-lints=warn" "-e" "RUSTDOCFLAGS=--cap-lints=warn" "-w" "/opt/rustwide/workdir" "--user" "0:0" "d04127e5ba4994c04f5f38690d1259856a116602b15f9dee35a71778c3b5f42d" "/opt/rustwide/cargo-home/bin/cargo" "+1.99.0-beta.8" "test" "--frozen" "--no-run" "--message-format=json" "--release", kill_on_drop: false }`
[INFO] [stderr]    Compiling getrandom v0.3.4
[INFO] [stderr]    Compiling rand_core v0.10.1
[INFO] [stderr]    Compiling getrandom v0.4.3
[INFO] [stderr]    Compiling find-msvc-tools v0.1.13
[INFO] [stderr]    Compiling rustix v1.1.5
[INFO] [stderr]    Compiling shlex v2.0.1
[INFO] [stderr]    Compiling either v1.18.0
[INFO] [stderr]    Compiling bitflags v2.13.2
[INFO] [stderr]    Compiling regex-syntax v0.8.11
[INFO] [stderr]    Compiling linux-raw-sys v0.12.1
[INFO] [stderr]    Compiling anstyle v1.0.14
[INFO] [stderr]    Compiling fastrand v2.5.0
[INFO] [stderr]    Compiling plotters-backend v0.3.7
[INFO] [stderr]    Compiling clap_lex v1.1.1
[INFO] [stderr]    Compiling ppv-lite86 v0.2.21
[INFO] [stderr]    Compiling wait-timeout v0.2.1
[INFO] [stderr]    Compiling same-file v1.0.6
[INFO] [stderr]    Compiling cc v1.4.7
[INFO] [stderr]    Compiling cpufeatures v0.3.1
[INFO] [stderr]    Compiling cast v0.3.0
[INFO] [stderr]    Compiling bit-vec v0.8.0
[INFO] [stderr]    Compiling clap_builder v4.6.7
[INFO] [stderr]    Compiling quick-error v1.2.3
[INFO] [stderr]    Compiling plotters-svg v0.3.7
[INFO] [stderr]    Compiling fnv v1.0.7
[INFO] [stderr]    Compiling chacha20 v0.10.2
[INFO] [stderr]    Compiling walkdir v2.5.0
[INFO] [stderr]    Compiling tinytemplate v1.2.1
[INFO] [stderr]    Compiling page_size v0.6.0
[INFO] [stderr]    Compiling unarray v0.1.4
[INFO] [stderr]    Compiling anes v0.1.6
[INFO] [stderr]    Compiling oorandom v11.1.5
[INFO] [stderr]    Compiling approx v0.5.1
[INFO] [stderr]    Compiling itertools v0.13.0
[INFO] [stderr]    Compiling rayon v1.12.0
[INFO] [stderr]    Compiling rand_core v0.9.5
[INFO] [stderr]    Compiling ahash v0.8.12
[INFO] [stderr]    Compiling plotters v0.3.7
[INFO] [stderr]    Compiling rand v0.10.3
[INFO] [stderr]    Compiling bit-set v0.8.0
[INFO] [stderr]    Compiling rand_xorshift v0.4.0
[INFO] [stderr]    Compiling rand v0.9.5
[INFO] [stderr]    Compiling rand_chacha v0.9.0
[INFO] [stderr]    Compiling alloca v0.4.0
[INFO] [stderr]    Compiling regex-automata v0.4.18
[INFO] [stderr]    Compiling criterion-plot v0.8.2
[INFO] [stderr]    Compiling tempfile v3.27.0
[INFO] [stderr]    Compiling clap v4.6.7
[INFO] [stderr]    Compiling octaindex3d v0.5.9 (/opt/rustwide/workdir)
[INFO] [stderr]    Compiling rusty-fork v0.3.1
[INFO] [stderr]    Compiling proptest v1.11.0
[INFO] [stderr]    Compiling regex v1.13.1
[INFO] [stderr]    Compiling criterion v0.8.2
[INFO] [stderr]     Finished `release` profile [optimized] target(s) in 1m 10s
[INFO] running `Command { std: "docker" "inspect" "d04127e5ba4994c04f5f38690d1259856a116602b15f9dee35a71778c3b5f42d", kill_on_drop: false }`
[INFO] running `Command { std: "docker" "exec" "-e" "SOURCE_DIR=/opt/rustwide/workdir" "-e" "CARGO_HOME=/opt/rustwide/cargo-home" "-e" "RUSTUP_HOME=/opt/rustwide/rustup-home" "-e" "CARGO_TARGET_DIR=/opt/rustwide/target" "-e" "CARGO_INCREMENTAL=0" "-e" "RUST_BACKTRACE=full" "-e" "RUSTFLAGS=--cap-lints=warn" "-e" "RUSTDOCFLAGS=--cap-lints=warn" "-w" "/opt/rustwide/workdir" "--user" "0:0" "d04127e5ba4994c04f5f38690d1259856a116602b15f9dee35a71778c3b5f42d" "/opt/rustwide/cargo-home/bin/cargo" "+1.99.0-beta.8" "test" "--frozen" "--release", kill_on_drop: false }`
[INFO] [stderr]     Finished `release` profile [optimized] target(s) in 0.25s
[INFO] [stderr]      Running unittests src/lib.rs (/opt/rustwide/target/release/deps/octaindex3d-2dbfd818c75a5e6a)
[INFO] [stdout] 
[INFO] [stdout] running 155 tests
[INFO] [stdout] test container::tests::test_container_write_read ... ok
[INFO] [stdout] test grid::tests::test_distance ... ok
[INFO] [stdout] test grid::tests::test_astar_expansion_limit ... ok
[INFO] [stdout] test container::tests::test_container_rejects_oversized_frame_header ... ok
[INFO] [stdout] test frame::tests::test_frame_conflict ... ok
[INFO] [stdout] test container::tests::test_container_rejects_excessive_frame_count ... ok
[INFO] [stdout] test grid::tests::test_astar_routes_around_obstacles ... ok
[INFO] [stdout] test grid::tests::test_astar_straight_line ... ok
[INFO] [stdout] test id::tests::test_parent_child ... ok
[INFO] [stdout] test id::tests::test_bytes_roundtrip ... ok
[INFO] [stdout] test grid::tests::test_neighbors_and_k_ring ... ok
[INFO] [stdout] test id::tests::test_bech32m_encoding ... ok
[INFO] [stdout] test id::tests::test_cell_ordering ... ok
[INFO] [stdout] test id::tests::test_negative_coordinates ... ok
[INFO] [stdout] test compression::tests::test_no_compression ... ok
[INFO] [stdout] test ids::tests::test_galactic128_creation ... ok
[INFO] [stdout] test ids::tests::test_galactic128_parity ... ok
[INFO] [stdout] test frame::tests::test_frame_registration ... ok
[INFO] [stdout] test compression::tests::test_lz4_roundtrip ... ok
[INFO] [stdout] test frame::tests::test_default_frame ... ok
[INFO] [stdout] test ids::tests::test_index64_morton ... ok
[INFO] [stdout] test ids::tests::test_index64_hierarchy ... ok
[INFO] [stdout] test ids::tests::test_route64_parity ... ok
[INFO] [stdout] test id::tests::test_cell_id_creation ... ok
[INFO] [stdout] test ids::tests::test_route64_signed ... ok
[INFO] [stdout] test ids::tests::test_bech32m_roundtrip ... ok
[INFO] [stdout] test id::tests::test_cell_id_invalid_parity ... ok
[INFO] [stdout] test id::tests::test_neighbor_count ... ok
[INFO] [stdout] test io::tests::test_dataset_layer_roundtrip ... ok
[INFO] [stdout] test ids::tests::test_bech32m_rejects_invalid_raw_payloads ... ok
[INFO] [stdout] test frame::tests::test_idempotent_registration ... ok
[INFO] [stdout] test grid::tests::test_grid_creation ... ok
[INFO] [stdout] test io::tests::test_geojson_export ... ok
[INFO] [stdout] test lattice::tests::test_lattice_coord_creation ... ok
[INFO] [stdout] test grid::tests::test_cell_at_and_center_round_trip ... ok
[INFO] [stdout] test lattice::tests::test_parent_child_relationship ... ok
[INFO] [stdout] test lattice::tests::test_parity_validation ... ok
[INFO] [stdout] test lattice::tests::test_physical_to_lattice_resolution_scaling ... ok
[INFO] [stdout] test lattice::tests::test_neighbor_parity ... ok
[INFO] [stdout] test lattice::tests::test_children_count ... ok
[INFO] [stdout] test lattice::tests::test_children_are_valid_bcc_points ... ok
[INFO] [stdout] test lattice::tests::test_physical_to_lattice_always_succeeds_and_is_near ... ok
[INFO] [stdout] test lattice::tests::test_children_partition_lattice ... ok
[INFO] [stdout] test layers::bcc_utils::tests::test_max_error ... ok
[INFO] [stdout] test layer::tests::test_flags ... ok
[INFO] [stdout] test lattice::tests::test_physical_to_lattice_valid_points ... ok
[INFO] [stdout] test layers::bcc_utils::tests::test_snap_error_bound ... ok
[INFO] [stdout] test layer::tests::test_aggregation ... ok
[INFO] [stdout] test layers::bcc_utils::tests::test_physical_to_voxel ... ok
[INFO] [stdout] test layers::bcc_utils::tests::test_is_valid_bcc ... ok
[INFO] [stdout] test layer::tests::test_aggregation_rejects_nan ... ok
[INFO] [stdout] test layer::tests::test_layer_basic ... ok
[INFO] [stdout] test layer::tests::test_rollup_rejects_nan ... ok
[INFO] [stdout] test layers::bcc_utils::tests::test_snap_already_valid ... ok
[INFO] [stdout] test lattice::tests::test_distance ... ok
[INFO] [stdout] test lattice::tests::test_neighbor_count ... ok
[INFO] [stdout] test layers::esdf::tests::test_edge_lengths ... ok
[INFO] [stdout] test layers::bcc_utils::tests::test_snap_mixed_parity ... ok
[INFO] [stdout] test layers::esdf::tests::test_esdf_creation ... ok
[INFO] [stdout] test layers::esdf::tests::test_esdf_from_tsdf ... ok
[INFO] [stdout] test layers::exploration::tests::test_frontier_detection_config ... ok
[INFO] [stdout] test layers::measurement::tests::test_color_measurement ... ok
[INFO] [stdout] test layers::exploration::tests::test_information_gain_config ... ok
[INFO] [stdout] test layers::mesh::tests::test_mesh_extraction ... ok
[INFO] [stdout] test layers::exploration::tests::test_normalize ... ok
[INFO] [stdout] test layers::measurement::tests::test_confidence_clamping ... ok
[INFO] [stdout] test layers::export::tests::test_obj_export ... ok
[INFO] [stdout] test layers::mesh::tests::test_mesh_creation ... ok
[INFO] [stdout] test layers::mesh::tests::test_add_vertex ... ok
[INFO] [stdout] test layers::mesh::tests::test_surface_area ... ok
[INFO] [stdout] test layers::occupancy::tests::test_bayesian_fusion ... ok
[INFO] [stdout] test layers::occupancy::tests::test_measurement_trait ... ok
[INFO] [stdout] test layers::occupancy::tests::test_occupancy_layer_creation ... ok
[INFO] [stdout] test layers::exploration::tests::test_frontier_bounding_box ... ok
[INFO] [stdout] test layers::tests::test_layer_type_names ... ok
[INFO] [stdout] test layers::occupancy_temporal::tests::test_stale_pruning ... ok
[INFO] [stdout] test layers::occupancy::tests::test_state_counts ... ok
[INFO] [stdout] test layers::ros2_bridge::tests::test_pointcloud2_creation ... ok
[INFO] [stdout] test layers::occupancy_compressed::tests::test_compressed_storage ... ok
[INFO] [stdout] test layers::ros2_bridge::tests::test_ros2_time ... ok
[INFO] [stdout] test layers::occupancy_compressed::tests::test_rle_encoding ... ok
[INFO] [stdout] test layers::tsdf::tests::test_max_weight_clamping ... ok
[INFO] [stdout] test layers::occupancy::tests::test_log_odds_conversion ... ok
[INFO] [stdout] test layers::tsdf::tests::test_tsdf_creation ... ok
[INFO] [stdout] test layers::tests::test_layered_map_creation ... ok
[INFO] [stdout] test layers::occupancy_temporal::tests::test_temporal_decay ... ok
[INFO] [stdout] test layers::ros2_bridge::tests::test_occupancy_grid_serialization ... ok
[INFO] [stdout] test layers::measurement::tests::test_depth_measurement ... ok
[INFO] [stdout] test morton::tests::test_morton_identity ... ok
[INFO] [stdout] test layers::tsdf::tests::test_tsdf_stats ... ok
[INFO] [stdout] test layers::occupancy::tests::test_ray_integration ... ok
[INFO] [stdout] test morton::tests::test_morton_ordering ... ok
[INFO] [stdout] test neighbors::tests::test_distance ... ok
[INFO] [stdout] test layers::occupancy::tests::test_occupancy_update ... ok
[INFO] [stdout] test layers::tsdf::tests::test_tsdf_incremental_update ... ok
[INFO] [stdout] test neighbors::tests::test_galactic128_neighbors ... ok
[INFO] [stdout] test neighbors::tests::test_index64_neighbors ... ok
[INFO] [stdout] test layers::tsdf::tests::test_tsdf_update ... ok
[INFO] [stdout] test layers::export::tests::test_ply_ascii_export ... ok
[INFO] [stdout] test morton::tests::test_morton_lut ... ok
[INFO] [stdout] test layers::tsdf::tests::test_wrong_measurement_type ... ok
[INFO] [stdout] test path::tests::test_k_shell ... ok
[INFO] [stdout] test path::tests::test_trace_line ... ok
[INFO] [stdout] test layers::measurement::tests::test_occupancy_measurement ... ok
[INFO] [stdout] test morton::tests::test_morton_bmi2 ... ok
[INFO] [stdout] test neighbors::tests::test_route64_neighbors ... ok
[INFO] [stdout] test path::tests::test_astar_simple ... ok
[INFO] [stdout] test path::tests::test_astar_closed_set_efficiency ... ok
[INFO] [stdout] test performance::avx512::tests::test_avx512_detection ... ok
[INFO] [stdout] test performance::arch_optimized::tests::test_prefetch ... ok
[INFO] [stdout] test performance::batch::tests::test_batch_index_builder ... ok
[INFO] [stdout] test performance::fast_neighbors::tests::test_batch_neighbors_fast ... ok
[INFO] [stdout] test performance::fast_neighbors::tests::test_batch_neighbors_small ... ok
[INFO] [stdout] test performance::avx512::tests::test_batch_neighbors_avx512 ... ok
[INFO] [stdout] test path::tests::test_astar_expansion_limit ... ok
[INFO] [stdout] test performance::fast_neighbors::tests::test_fast_neighbors_respect_route64_bounds ... ok
[INFO] [stdout] test performance::arch_optimized::tests::test_batch_morton_bmi2 ... ok
[INFO] [stdout] test performance::memory::tests::test_memory_analyzer ... ok
[INFO] [stdout] test performance::batch::tests::test_batch_neighbor_calculator ... ok
[INFO] [stdout] test path::tests::test_k_ring ... ok
[INFO] [stdout] test performance::morton_batch::tests::test_batch_morton_encode ... ok
[INFO] [stdout] test performance::memory::tests::test_numa_detection ... ok
[INFO] [stdout] test performance::memory::tests::test_aligned_batch_processor ... ok
[INFO] [stdout] test performance::memory::tests::test_aligned_vec ... ok
[INFO] [stdout] test performance::fast_neighbors::tests::test_batch_neighbors_medium ... ok
[INFO] [stdout] test performance::arch_optimized::tests::test_bmi2_morton_encoding ... ok
[INFO] [stdout] test layers::measurement::tests::test_depth_with_normal ... ok
[INFO] [stdout] test performance::arch_optimized::tests::test_arch_detection ... ok
[INFO] [stdout] test performance::arch_optimized::tests::test_batch_with_prefetch ... ok
[INFO] [stdout] test performance::fast_neighbors::tests::test_batch_neighbors_auto ... ok
[INFO] [stdout] test performance::fast_neighbors::tests::test_fast_neighbors ... ok
[INFO] [stdout] test performance::fast_neighbors::tests::test_neighbor_stream ... ok
[INFO] [stdout] test performance::simd_batch::tests::test_batch_bounding_box_query_large ... ok
[INFO] [stdout] test performance::parallel::tests::test_should_use_parallel ... ok
[INFO] [stdout] test performance::simd::tests::test_batch_neighbors_simd ... ok
[INFO] [stdout] test performance::parallel::tests::test_parallel_index_builder ... ok
[INFO] [stdout] test performance::morton_batch::tests::test_batch_morton_decode ... ok
[INFO] [stdout] test performance::parallel::tests::test_thread_count ... ok
[INFO] [stdout] test performance::simd::tests::test_batch_index64_new_simd ... ok
[INFO] [stdout] test performance::memory::tests::test_sequential_prefetcher ... ok
[INFO] [stdout] test performance::simd_batch::tests::test_batch_euclidean_distance_squared ... ok
[INFO] [stdout] test performance::simd_batch::tests::test_batch_index64_encode ... ok
[INFO] [stdout] test performance::simd_batch::tests::test_batch_validate_routes ... ok
[INFO] [stdout] test performance::simd_batch::tests::test_batch_index64_decode ... ok
[INFO] [stdout] test performance::simd::tests::test_simd_availability ... ok
[INFO] [stdout] test performance::simd_batch::tests::test_batch_bounding_box_query ... ok
[INFO] [stdout] test performance::morton_batch::tests::test_batch_morton_large ... ok
[INFO] [stdout] test performance::morton_batch::tests::test_batch_morton_roundtrip ... ok
[INFO] [stdout] test performance::parallel::tests::test_parallel_neighbor_calculator ... ok
[INFO] [stdout] test performance::simd_batch::tests::test_batch_manhattan_distance ... ok
[INFO] [stdout] test performance::simd_batch::tests::test_batch_validate_routes_odd_parity ... ok
[INFO] [stdout] test performance::tests::test_backend_selection ... ok
[INFO] [stdout] test tests::test_version ... ok
[INFO] [stdout] test tests::test_bcc_neighbors ... ok
[INFO] [stdout] test tests::test_basic_id_creation ... ok
[INFO] [stdout] 
[INFO] [stdout] test result: ok. 155 passed; 0 failed; 0 ignored; 0 measured; 0 filtered out; finished in 0.04s
[INFO] [stdout] 
[INFO] [stderr]    Doc-tests octaindex3d
[INFO] [stdout] 
[INFO] [stdout] running 22 tests
[INFO] [stdout] test src/layers/export.rs - layers::export::export_mesh_obj (line 159) - compile ... ok
[INFO] [stdout] test src/layers/ros2_bridge.rs - layers::ros2_bridge (line 9) - compile ... ok
[INFO] [stdout] test src/layers/export.rs - layers::export::export_mesh_ply (line 23) - compile ... ok
[INFO] [stdout] test src/lib.rs - ReadmeDoctests (line 568) ... FAILED
[INFO] [stdout] test src/lib.rs - ReadmeDoctests (line 613) ... FAILED
[INFO] [stdout] test src/lib.rs - ReadmeDoctests (line 634) ... FAILED
[INFO] [stdout] test src/lib.rs - (line 31) ... FAILED
[INFO] [stdout] test src/lib.rs - ReadmeDoctests (line 795) ... FAILED
[INFO] [stdout] test src/layers/tsdf.rs - layers::tsdf::TSDFLayer::new (line 73) ... FAILED
[INFO] [stdout] test src/layers/bcc_utils.rs - layers::bcc_utils::physical_to_bcc_voxel (line 108) ... FAILED
[INFO] [stdout] test src/layers/bcc_utils.rs - layers::bcc_utils::snap_to_nearest_bcc (line 16) ... FAILED
[INFO] [stdout] test src/layers/esdf.rs - layers::esdf::ESDFLayer::new (line 91) ... FAILED
[INFO] [stdout] test src/layers/occupancy.rs - layers::occupancy::OccupancyLayer (line 69) ... FAILED
[INFO] [stdout] test src/layers/occupancy_compressed.rs - layers::occupancy_compressed::CompressedOccupancyLayer (line 42) ... FAILED
[INFO] [stdout] test src/grid.rs - grid (line 10) ... ok
[INFO] [stdout] test src/layers/mod.rs - layers (line 14) ... ok
[INFO] [stdout] test src/lib.rs - ReadmeDoctests (line 591) ... ok
[INFO] [stdout] test src/lib.rs - ReadmeDoctests (line 811) ... ok
[INFO] [stdout] test src/lib.rs - ReadmeDoctests (line 854) ... ok
[INFO] [stdout] test src/lib.rs - ReadmeDoctests (line 197) ... ok
[INFO] [stdout] test src/lib.rs - ReadmeDoctests (line 874) ... ok
[INFO] [stdout] test src/layers/measurement.rs - layers::measurement::Measurement::depth (line 76) ... ok
[INFO] [stdout] 
[INFO] [stdout] failures:
[INFO] [stdout] 
[INFO] [stdout] ---- src/lib.rs - ReadmeDoctests (line 568) stdout ----
[INFO] [stdout] Couldn't compile the test.
[INFO] [stdout] ---- src/lib.rs - ReadmeDoctests (line 613) stdout ----
[INFO] [stdout] Couldn't compile the test.
[INFO] [stdout] ---- src/lib.rs - ReadmeDoctests (line 634) stdout ----
[INFO] [stdout] Couldn't compile the test.
[INFO] [stdout] ---- src/lib.rs - (line 31) stdout ----
[INFO] [stdout] Couldn't compile the test.
[INFO] [stdout] ---- src/lib.rs - ReadmeDoctests (line 795) stdout ----
[INFO] [stdout] Couldn't compile the test.
[INFO] [stdout] ---- src/layers/tsdf.rs - layers::tsdf::TSDFLayer::new (line 73) stdout ----
[INFO] [stdout] Couldn't compile the test.
[INFO] [stdout] ---- src/layers/bcc_utils.rs - layers::bcc_utils::physical_to_bcc_voxel (line 108) stdout ----
[INFO] [stdout] Couldn't compile the test.
[INFO] [stdout] ---- src/layers/bcc_utils.rs - layers::bcc_utils::snap_to_nearest_bcc (line 16) stdout ----
[INFO] [stdout] Couldn't compile the test.
[INFO] [stdout] ---- src/layers/esdf.rs - layers::esdf::ESDFLayer::new (line 91) stdout ----
[INFO] [stdout] Couldn't compile the test.
[INFO] [stdout] ---- src/layers/occupancy.rs - layers::occupancy::OccupancyLayer (line 69) stdout ----
[INFO] [stdout] Couldn't compile the test.
[INFO] [stdout] ---- src/layers/occupancy_compressed.rs - layers::occupancy_compressed::CompressedOccupancyLayer (line 42) stdout ----
[INFO] [stdout] Couldn't compile the test.
[INFO] [stdout] 
[INFO] [stdout] failures:
[INFO] [stdout]     src/layers/bcc_utils.rs - layers::bcc_utils::physical_to_bcc_voxel (line 108)
[INFO] [stdout]     src/layers/bcc_utils.rs - layers::bcc_utils::snap_to_nearest_bcc (line 16)
[INFO] [stdout]     src/layers/esdf.rs - layers::esdf::ESDFLayer::new (line 91)
[INFO] [stdout]     src/layers/occupancy.rs - layers::occupancy::OccupancyLayer (line 69)
[INFO] [stdout]     src/layers/occupancy_compressed.rs - layers::occupancy_compressed::CompressedOccupancyLayer (line 42)
[INFO] [stdout]     src/layers/tsdf.rs - layers::tsdf::TSDFLayer::new (line 73)
[INFO] [stdout]     src/lib.rs - (line 31)
[INFO] [stdout]     src/lib.rs - ReadmeDoctests (line 568)
[INFO] [stdout]     src/lib.rs - ReadmeDoctests (line 613)
[INFO] [stdout]     src/lib.rs - ReadmeDoctests (line 634)
[INFO] [stdout]     src/lib.rs - ReadmeDoctests (line 795)
[INFO] [stdout] 
[INFO] [stdout] test result: FAILED. 11 passed; 11 failed; 0 ignored; 0 measured; 0 filtered out; finished in 10.63s
[INFO] [stdout] 
[INFO] [stderr] error: doctest failed, to rerun pass `--doc`
[INFO] running `Command { std: "docker" "inspect" "d04127e5ba4994c04f5f38690d1259856a116602b15f9dee35a71778c3b5f42d", kill_on_drop: false }`
[INFO] running `Command { std: "docker" "rm" "-f" "d04127e5ba4994c04f5f38690d1259856a116602b15f9dee35a71778c3b5f42d", kill_on_drop: false }`
[INFO] [stdout] d04127e5ba4994c04f5f38690d1259856a116602b15f9dee35a71778c3b5f42d
