[INFO] fetching crate oct-config 0.8.0...
[INFO] testing oct-config-0.8.0 against 1.99.0-beta.8+cargoflags=--release for beta-release-1.100-2
[INFO] extracting crate oct-config 0.8.0 into /workspace/builds/worker-3-tc1/source
[INFO] started tweaking crates.io crate oct-config 0.8.0
[INFO] finished tweaking crates.io crate oct-config 0.8.0
[INFO] tweaked toml for crates.io crate oct-config 0.8.0 written to /workspace/builds/worker-3-tc1/source/Cargo.toml
[INFO] validating manifest of crates.io crate oct-config 0.8.0 on toolchain 1.99.0-beta.8
[INFO] running `Command { std: CARGO_HOME="/workspace/cargo-home" RUSTUP_HOME="/workspace/rustup-home" "/workspace/cargo-home/bin/cargo" "+1.99.0-beta.8" "metadata" "--manifest-path" "Cargo.toml" "--no-deps", kill_on_drop: false }`
[INFO] crate crates.io crate oct-config 0.8.0 already has a lockfile, it will not be regenerated
[INFO] running `Command { std: CARGO_HOME="/workspace/cargo-home" RUSTUP_HOME="/workspace/rustup-home" "/workspace/cargo-home/bin/cargo" "+1.99.0-beta.8" "fetch" "--manifest-path" "Cargo.toml", kill_on_drop: false }`
[INFO] [stderr]     Updating crates.io index
[INFO] [stderr]  Downloading crates ...
[INFO] [stderr]   Downloaded zmij v1.0.11
[INFO] [stderr]   Downloaded serde_spanned v1.0.4
[INFO] [stderr]   Downloaded toml_writer v1.0.6+spec-1.1.0
[INFO] [stderr]   Downloaded tera v1.20.1
[INFO] [stderr]   Downloaded toml v0.9.11+spec-1.1.0
[INFO] [stderr]   Downloaded humansize v2.1.3
[INFO] [stderr]   Downloaded chrono-tz-build v0.3.0
[INFO] [stderr]   Downloaded windows-targets v0.53.2
[INFO] [stderr]   Downloaded pest_generator v2.8.1
[INFO] [stderr]   Downloaded pest_meta v2.8.1
[INFO] [stderr]   Downloaded globset v0.4.16
[INFO] [stderr]   Downloaded pest_derive v2.8.1
[INFO] [stderr]   Downloaded ignore v0.4.23
[INFO] [stderr]   Downloaded typenum v1.18.0
[INFO] [stderr]   Downloaded parse-zoneinfo v0.3.1
[INFO] [stderr]   Downloaded cc v1.2.29
[INFO] [stderr]   Downloaded pest v2.8.1
[INFO] [stderr]   Downloaded bstr v1.12.0
[INFO] [stderr]   Downloaded chrono-tz v0.9.0
[INFO] [stderr]   Downloaded libc v0.2.179
[INFO] running `Command { std: "docker" "create" "-v" "/var/lib/crater-agent-workspace/builds/worker-3-tc1/source:/opt/rustwide/workdir:ro,Z" "-v" "/var/lib/crater-agent-workspace/builds/worker-3-tc1/target:/opt/rustwide/target:rw,Z" "-v" "/var/lib/crater-agent-workspace/cargo-home:/opt/rustwide/cargo-home:ro,Z" "-v" "/var/lib/crater-agent-workspace/rustup-home:/opt/rustwide/rustup-home:ro,Z" "-m" "1610612736" "--network" "none" "ghcr.io/rust-lang/crates-build-env/linux@sha256:77db811e55d90add9212f6832c23229e3de5f1c1f9905e8cb07319ea15df73ac" "sleep" "infinity", kill_on_drop: false }`
[INFO] [stdout] e1e82e256f38ca9beaa631584f82cc9492ac89f2cd2c92644f57c11394a0b1f0
[INFO] running `Command { std: "docker" "start" "e1e82e256f38ca9beaa631584f82cc9492ac89f2cd2c92644f57c11394a0b1f0", kill_on_drop: false }`
[INFO] running `Command { std: "docker" "inspect" "e1e82e256f38ca9beaa631584f82cc9492ac89f2cd2c92644f57c11394a0b1f0", kill_on_drop: false }`
[INFO] running `Command { std: "docker" "exec" "-e" "SOURCE_DIR=/opt/rustwide/workdir" "-e" "CARGO_HOME=/opt/rustwide/cargo-home" "-e" "RUSTUP_HOME=/opt/rustwide/rustup-home" "-e" "CARGO_TARGET_DIR=/opt/rustwide/target" "-w" "/opt/rustwide/workdir" "--user" "0:0" "e1e82e256f38ca9beaa631584f82cc9492ac89f2cd2c92644f57c11394a0b1f0" "/opt/rustwide/cargo-home/bin/cargo" "+1.99.0-beta.8" "metadata" "--no-deps" "--format-version=1", kill_on_drop: false }`
[INFO] running `Command { std: "docker" "inspect" "e1e82e256f38ca9beaa631584f82cc9492ac89f2cd2c92644f57c11394a0b1f0", kill_on_drop: false }`
[INFO] running `Command { std: "docker" "exec" "-e" "SOURCE_DIR=/opt/rustwide/workdir" "-e" "CARGO_HOME=/opt/rustwide/cargo-home" "-e" "RUSTUP_HOME=/opt/rustwide/rustup-home" "-e" "CARGO_TARGET_DIR=/opt/rustwide/target" "-e" "CARGO_INCREMENTAL=0" "-e" "RUST_BACKTRACE=full" "-e" "RUSTFLAGS=--cap-lints=warn" "-e" "RUSTDOCFLAGS=--cap-lints=warn" "-w" "/opt/rustwide/workdir" "--user" "0:0" "e1e82e256f38ca9beaa631584f82cc9492ac89f2cd2c92644f57c11394a0b1f0" "/opt/rustwide/cargo-home/bin/cargo" "+1.99.0-beta.8" "build" "--frozen" "--message-format=json" "--release", kill_on_drop: false }`
[INFO] [stderr]    Compiling siphasher v1.0.1
[INFO] [stderr]    Compiling rand_core v0.6.4
[INFO] [stderr]    Compiling regex-syntax v0.8.5
[INFO] [stderr]    Compiling crossbeam-utils v0.8.21
[INFO] [stderr]    Compiling libc v0.2.179
[INFO] [stderr]    Compiling aho-corasick v1.1.3
[INFO] [stderr]    Compiling thiserror v2.0.12
[INFO] [stderr]    Compiling rand v0.8.5
[INFO] [stderr]    Compiling phf_shared v0.11.3
[INFO] [stderr]    Compiling ucd-trie v0.1.7
[INFO] [stderr]    Compiling phf v0.11.3
[INFO] [stderr]    Compiling memchr v2.7.5
[INFO] [stderr]    Compiling bstr v1.12.0
[INFO] [stderr]    Compiling phf_generator v0.11.3
[INFO] [stderr]    Compiling crossbeam-epoch v0.9.18
[INFO] [stderr]    Compiling phf_codegen v0.11.3
[INFO] [stderr]    Compiling pest v2.8.1
[INFO] [stderr]    Compiling zmij v1.0.11
[INFO] [stderr]    Compiling libm v0.2.15
[INFO] [stderr]    Compiling crossbeam-deque v0.8.6
[INFO] [stderr]    Compiling ppv-lite86 v0.2.21
[INFO] [stderr]    Compiling regex-automata v0.4.9
[INFO] [stderr]    Compiling getrandom v0.2.16
[INFO] [stderr]    Compiling serde_json v1.0.149
[INFO] [stderr]    Compiling chrono v0.4.41
[INFO] [stderr]    Compiling rand_chacha v0.3.1
[INFO] [stderr]    Compiling serde_derive v1.0.228
[INFO] [stderr]    Compiling pest_meta v2.8.1
[INFO] [stderr]    Compiling regex v1.11.1
[INFO] [stderr]    Compiling pest_generator v2.8.1
[INFO] [stderr]    Compiling parse-zoneinfo v0.3.1
[INFO] [stderr]    Compiling chrono-tz-build v0.3.0
[INFO] [stderr]    Compiling bitflags v2.9.1
[INFO] [stderr]    Compiling winnow v0.7.13
[INFO] [stderr]    Compiling chrono-tz v0.9.0
[INFO] [stderr]    Compiling deunicode v1.6.2
[INFO] [stderr]    Compiling serde v1.0.228
[INFO] [stderr]    Compiling globset v0.4.16
[INFO] [stderr]    Compiling ignore v0.4.23
[INFO] [stderr]    Compiling toml_parser v1.0.6+spec-1.1.0
[INFO] [stderr]    Compiling globwalk v0.9.1
[INFO] [stderr]    Compiling indexmap v2.12.0
[INFO] [stderr]    Compiling slug v0.1.6
[INFO] [stderr]    Compiling pest_derive v2.8.1
[INFO] [stderr]    Compiling hashbrown v0.15.4
[INFO] [stderr]    Compiling humansize v2.1.3
[INFO] [stderr]    Compiling toml_datetime v0.7.5+spec-1.1.0
[INFO] [stderr]    Compiling serde_spanned v1.0.4
[INFO] [stderr]    Compiling toml_writer v1.0.6+spec-1.1.0
[INFO] [stderr]    Compiling unicode-segmentation v1.12.0
[INFO] [stderr]    Compiling toml v0.9.11+spec-1.1.0
[INFO] [stderr]    Compiling petgraph v0.8.3
[INFO] [stderr]    Compiling tera v1.20.1
[INFO] [stderr]    Compiling oct-config v0.8.0 (/opt/rustwide/workdir)
[INFO] [stderr]     Finished `release` profile [optimized] target(s) in 2m 01s
[INFO] running `Command { std: "docker" "inspect" "e1e82e256f38ca9beaa631584f82cc9492ac89f2cd2c92644f57c11394a0b1f0", kill_on_drop: false }`
[INFO] running `Command { std: "docker" "exec" "-e" "SOURCE_DIR=/opt/rustwide/workdir" "-e" "CARGO_HOME=/opt/rustwide/cargo-home" "-e" "RUSTUP_HOME=/opt/rustwide/rustup-home" "-e" "CARGO_TARGET_DIR=/opt/rustwide/target" "-e" "CARGO_INCREMENTAL=0" "-e" "RUST_BACKTRACE=full" "-e" "RUSTFLAGS=--cap-lints=warn" "-e" "RUSTDOCFLAGS=--cap-lints=warn" "-w" "/opt/rustwide/workdir" "--user" "0:0" "e1e82e256f38ca9beaa631584f82cc9492ac89f2cd2c92644f57c11394a0b1f0" "/opt/rustwide/cargo-home/bin/cargo" "+1.99.0-beta.8" "test" "--frozen" "--no-run" "--message-format=json" "--release", kill_on_drop: false }`
[INFO] [stderr]    Compiling globwalk v0.9.1
[INFO] [stderr]    Compiling rustix v1.1.3
[INFO] [stderr]    Compiling getrandom v0.3.3
[INFO] [stderr]    Compiling tera v1.20.1
[INFO] [stderr]    Compiling tempfile v3.24.0
[INFO] [stderr]    Compiling oct-config v0.8.0 (/opt/rustwide/workdir)
[INFO] [stderr]     Finished `release` profile [optimized] target(s) in 35.86s
[INFO] running `Command { std: "docker" "inspect" "e1e82e256f38ca9beaa631584f82cc9492ac89f2cd2c92644f57c11394a0b1f0", kill_on_drop: false }`
[INFO] running `Command { std: "docker" "exec" "-e" "SOURCE_DIR=/opt/rustwide/workdir" "-e" "CARGO_HOME=/opt/rustwide/cargo-home" "-e" "RUSTUP_HOME=/opt/rustwide/rustup-home" "-e" "CARGO_TARGET_DIR=/opt/rustwide/target" "-e" "CARGO_INCREMENTAL=0" "-e" "RUST_BACKTRACE=full" "-e" "RUSTFLAGS=--cap-lints=warn" "-e" "RUSTDOCFLAGS=--cap-lints=warn" "-w" "/opt/rustwide/workdir" "--user" "0:0" "e1e82e256f38ca9beaa631584f82cc9492ac89f2cd2c92644f57c11394a0b1f0" "/opt/rustwide/cargo-home/bin/cargo" "+1.99.0-beta.8" "test" "--frozen" "--release", kill_on_drop: false }`
[INFO] [stderr]     Finished `release` profile [optimized] target(s) in 0.12s
[INFO] [stderr]      Running unittests src/lib.rs (/opt/rustwide/target/release/deps/oct_config-a1191b0def52db41)
[INFO] [stdout] 
[INFO] [stdout] running 6 tests
[INFO] [stdout] test tests::test_config_to_graph_empty ... ok
[INFO] [stdout] test tests::test_config_to_graph_with_dependencies ... ok
[INFO] [stdout] test tests::test_config_to_graph_failed_to_get_dependency ... ok
[INFO] [stdout] test tests::test_config_new_success_path_privided ... FAILED
[INFO] [stdout] test tests::test_config_to_graph_duplicate_service_names ... ok
[INFO] [stdout] test tests::test_config_to_graph_single_node ... ok
[INFO] [stdout] 
[INFO] [stdout] failures:
[INFO] [stdout] 
[INFO] [stdout] ---- tests::test_config_new_success_path_privided stdout ----
[INFO] [stdout] 
[INFO] [stdout] thread 'tests::test_config_new_success_path_privided' (1327) panicked at src/lib.rs:238:9:
[INFO] [stdout] assertion `left == right` failed
[INFO] [stdout]   left: Config { project: Project { name: "example", state_backend: Local { path: "./state.json" }, user_state_backend: Local { path: "./user_state.json" }, services: [Service { name: "app_1", image: "", dockerfile_path: Some("Dockerfile"), command: Some("echo Hello World!"), internal_port: Some(80), external_port: Some(80), cpus: 250, memory: 64, depends_on: [], envs: {"KEY1": "VALUE1", "KEY_WITH_INJECTED_ENV": "{{ env.CARGO_PKG_NAME }}", "KEY_WITH_OTHER_TEMPLATE_VARIABLE": "{{ other_vars.some_var }}", "KEY2": "Multiline\nstring"} }, Service { name: "app_2", image: "nginx:latest", dockerfile_path: None, command: None, internal_port: None, external_port: None, cpus: 250, memory: 64, depends_on: ["app_1"], envs: {} }], domain: Some("opencloudtool.com") } }
[INFO] [stdout]  right: Config { project: Project { name: "example", state_backend: Local { path: "./state.json" }, user_state_backend: Local { path: "./user_state.json" }, services: [Service { name: "app_1", image: "", dockerfile_path: Some("Dockerfile"), command: Some("echo Hello World!"), internal_port: Some(80), external_port: Some(80), cpus: 250, memory: 64, depends_on: [], envs: {"KEY_WITH_INJECTED_ENV": "oct-config", "KEY2": "Multiline\nstring", "KEY_WITH_OTHER_TEMPLATE_VARIABLE": "{{ other_vars.some_var }}", "KEY1": "VALUE1"} }, Service { name: "app_2", image: "nginx:latest", dockerfile_path: None, command: None, internal_port: None, external_port: None, cpus: 250, memory: 64, depends_on: ["app_1"], envs: {} }], domain: Some("opencloudtool.com") } }
[INFO] [stdout] stack backtrace:
[INFO] [stdout]    0:     0x591a713ffd21 - <<std[70759c8f55707aa4]::sys::backtrace::BacktraceLock>::print::DisplayBacktrace as core[df12db4294e9bfd3]::fmt::Display>::fmt
[INFO] [stdout]    1:     0x591a71417f7a - core[df12db4294e9bfd3]::fmt::write
[INFO] [stdout]    2:     0x591a714043bc - <alloc[2182bb758b4b3781]::vec::Vec<u8> as core[df12db4294e9bfd3]::io::write::Write>::write_fmt
[INFO] [stdout]    3:     0x591a713db5c6 - std[70759c8f55707aa4]::panicking::default_hook::{closure#0}
[INFO] [stdout]    4:     0x591a713f7ab9 - std[70759c8f55707aa4]::panicking::default_hook
[INFO] [stdout]    5:     0x591a71392dc0 - test[9d35eded1c95d3be]::test_main_inner::<test[9d35eded1c95d3be]::test_main_static::{closure#0}>::{closure#0}
[INFO] [stdout]    6:     0x591a713f7c72 - std[70759c8f55707aa4]::panicking::panic_with_hook
[INFO] [stdout]    7:     0x591a713db672 - std[70759c8f55707aa4]::panicking::panic_handler::{closure#0}
[INFO] [stdout]    8:     0x591a713d41b9 - std[70759c8f55707aa4]::sys::backtrace::__rust_end_short_backtrace::<std[70759c8f55707aa4]::panicking::panic_handler::{closure#0}, !>
[INFO] [stdout]    9:     0x591a713dc26d - __rustc[8fa7c3cbc660c2b3]::rust_begin_unwind
[INFO] [stdout]   10:     0x591a7141879c - core[df12db4294e9bfd3]::panicking::panic_fmt
[INFO] [stdout]   11:     0x591a714186b3 - core[df12db4294e9bfd3]::panicking::assert_failed_inner
[INFO] [stdout]   12:     0x591a711b166b - core[df12db4294e9bfd3]::panicking::assert_failed::<oct_config[9b89cd7cfcda2860]::Config, oct_config[9b89cd7cfcda2860]::Config>
[INFO] [stdout]   13:     0x591a711a3bec - oct_config[9b89cd7cfcda2860]::tests::test_config_new_success_path_privided
[INFO] [stdout]   14:     0x591a711aa959 - <oct_config[9b89cd7cfcda2860]::tests::test_config_new_success_path_privided::{closure#0} as core[df12db4294e9bfd3]::ops::function::FnOnce<()>>::call_once
[INFO] [stdout]   15:     0x591a713860ab - test[9d35eded1c95d3be]::__rust_begin_short_backtrace::<core[df12db4294e9bfd3]::result::Result<(), alloc[2182bb758b4b3781]::string::String>, fn() -> core[df12db4294e9bfd3]::result::Result<(), alloc[2182bb758b4b3781]::string::String>>
[INFO] [stdout]   16:     0x591a71393715 - test[9d35eded1c95d3be]::run_test::{closure#0}
[INFO] [stdout]   17:     0x591a7138cfd4 - std[70759c8f55707aa4]::sys::backtrace::__rust_begin_short_backtrace::<test[9d35eded1c95d3be]::run_test::{closure#1}, ()>
[INFO] [stdout]   18:     0x591a71396872 - <std[70759c8f55707aa4]::thread::lifecycle::spawn_unchecked<test[9d35eded1c95d3be]::run_test::{closure#1}, ()>::{closure#1} as core[df12db4294e9bfd3]::ops::function::FnOnce<()>>::call_once::{shim:vtable#0}
[INFO] [stdout]   19:     0x591a713fef69 - <std[70759c8f55707aa4]::sys::thread::unix::Thread>::new::thread_start
[INFO] [stdout]   20:     0x7c324b535dfa - <unknown>
[INFO] [stdout]   21:     0x7c324b5c93d4 - clone
[INFO] [stdout]   22:                0x0 - <unknown>
[INFO] [stdout] 
[INFO] [stdout] 
[INFO] [stdout] failures:
[INFO] [stdout]     tests::test_config_new_success_path_privided
[INFO] [stdout] 
[INFO] [stdout] test result: FAILED. 5 passed; 1 failed; 0 ignored; 0 measured; 0 filtered out; finished in 0.00s
[INFO] [stdout] 
[INFO] [stderr] error: test failed, to rerun pass `--lib`
[INFO] running `Command { std: "docker" "inspect" "e1e82e256f38ca9beaa631584f82cc9492ac89f2cd2c92644f57c11394a0b1f0", kill_on_drop: false }`
[INFO] running `Command { std: "docker" "rm" "-f" "e1e82e256f38ca9beaa631584f82cc9492ac89f2cd2c92644f57c11394a0b1f0", kill_on_drop: false }`
[INFO] [stdout] e1e82e256f38ca9beaa631584f82cc9492ac89f2cd2c92644f57c11394a0b1f0
