[INFO] fetching crate ocre-cli 0.2.0...
[INFO] testing ocre-cli-0.2.0 against 1.100.0-beta.1+cargoflags=--release for beta-release-1.100-2
[INFO] extracting crate ocre-cli 0.2.0 into /workspace/builds/worker-5-tc2/source
[INFO] started tweaking crates.io crate ocre-cli 0.2.0
[INFO] removed 0 missing tests
[INFO] finished tweaking crates.io crate ocre-cli 0.2.0
[INFO] tweaked toml for crates.io crate ocre-cli 0.2.0 written to /workspace/builds/worker-5-tc2/source/Cargo.toml
[INFO] validating manifest of crates.io crate ocre-cli 0.2.0 on toolchain 1.100.0-beta.1
[INFO] running `Command { std: CARGO_HOME="/workspace/cargo-home" RUSTUP_HOME="/workspace/rustup-home" "/workspace/cargo-home/bin/cargo" "+1.100.0-beta.1" "metadata" "--manifest-path" "Cargo.toml" "--no-deps", kill_on_drop: false }`
[INFO] crate crates.io crate ocre-cli 0.2.0 already has a lockfile, it will not be regenerated
[INFO] running `Command { std: CARGO_HOME="/workspace/cargo-home" RUSTUP_HOME="/workspace/rustup-home" "/workspace/cargo-home/bin/cargo" "+1.100.0-beta.1" "fetch" "--manifest-path" "Cargo.toml", kill_on_drop: false }`
[INFO] running `Command { std: "docker" "create" "-v" "/var/lib/crater-agent-workspace/builds/worker-5-tc2/source:/opt/rustwide/workdir:ro,Z" "-v" "/var/lib/crater-agent-workspace/builds/worker-5-tc2/target:/opt/rustwide/target:rw,Z" "-v" "/var/lib/crater-agent-workspace/cargo-home:/opt/rustwide/cargo-home:ro,Z" "-v" "/var/lib/crater-agent-workspace/rustup-home:/opt/rustwide/rustup-home:ro,Z" "-m" "1610612736" "--network" "none" "ghcr.io/rust-lang/crates-build-env/linux@sha256:77db811e55d90add9212f6832c23229e3de5f1c1f9905e8cb07319ea15df73ac" "sleep" "infinity", kill_on_drop: false }`
[INFO] [stdout] cfd047a7526123a2bc8c1edd03fd27401f2603fd155942bb27079a2833f636e3
[INFO] running `Command { std: "docker" "start" "cfd047a7526123a2bc8c1edd03fd27401f2603fd155942bb27079a2833f636e3", kill_on_drop: false }`
[INFO] running `Command { std: "docker" "inspect" "cfd047a7526123a2bc8c1edd03fd27401f2603fd155942bb27079a2833f636e3", kill_on_drop: false }`
[INFO] running `Command { std: "docker" "exec" "-e" "SOURCE_DIR=/opt/rustwide/workdir" "-e" "CARGO_HOME=/opt/rustwide/cargo-home" "-e" "RUSTUP_HOME=/opt/rustwide/rustup-home" "-e" "CARGO_TARGET_DIR=/opt/rustwide/target" "-w" "/opt/rustwide/workdir" "--user" "0:0" "cfd047a7526123a2bc8c1edd03fd27401f2603fd155942bb27079a2833f636e3" "/opt/rustwide/cargo-home/bin/cargo" "+1.100.0-beta.1" "metadata" "--no-deps" "--format-version=1", kill_on_drop: false }`
[INFO] running `Command { std: "docker" "inspect" "cfd047a7526123a2bc8c1edd03fd27401f2603fd155942bb27079a2833f636e3", kill_on_drop: false }`
[INFO] running `Command { std: "docker" "exec" "-e" "SOURCE_DIR=/opt/rustwide/workdir" "-e" "CARGO_HOME=/opt/rustwide/cargo-home" "-e" "RUSTUP_HOME=/opt/rustwide/rustup-home" "-e" "CARGO_TARGET_DIR=/opt/rustwide/target" "-e" "CARGO_INCREMENTAL=0" "-e" "RUST_BACKTRACE=full" "-e" "RUSTFLAGS=--cap-lints=warn" "-e" "RUSTDOCFLAGS=--cap-lints=warn" "-w" "/opt/rustwide/workdir" "--user" "0:0" "cfd047a7526123a2bc8c1edd03fd27401f2603fd155942bb27079a2833f636e3" "/opt/rustwide/cargo-home/bin/cargo" "+1.100.0-beta.1" "build" "--frozen" "--message-format=json" "--release", kill_on_drop: false }`
[INFO] [stderr]    Compiling subtle v2.6.1
[INFO] [stderr]    Compiling wasm-bindgen-shared v0.2.129
[INFO] [stderr]    Compiling stable_deref_trait v1.2.1
[INFO] [stderr]    Compiling bumpalo v3.20.3
[INFO] [stderr]    Compiling serde_core v1.0.229
[INFO] [stderr]    Compiling writeable v0.6.4
[INFO] [stderr]    Compiling litemap v0.8.3
[INFO] [stderr]    Compiling futures-sink v0.3.34
[INFO] [stderr]    Compiling syn v3.0.6
[INFO] [stderr]    Compiling syn v2.0.119
[INFO] [stderr]    Compiling wasm-bindgen v0.2.129
[INFO] [stderr]    Compiling http v1.5.0
[INFO] [stderr]    Compiling cc v1.5.1
[INFO] [stderr]    Compiling futures-task v0.3.34
[INFO] [stderr]    Compiling futures-core v0.3.34
[INFO] [stderr]    Compiling pin-project-lite v0.2.17
[INFO] [stderr]    Compiling once_cell v1.21.4
[INFO] [stderr]    Compiling slab v0.4.12
[INFO] [stderr]    Compiling ff v0.13.1
[INFO] [stderr]    Compiling base16ct v0.2.0
[INFO] [stderr]    Compiling icu_locale_fallback_data v2.3.0
[INFO] [stderr]    Compiling tower-layer v0.3.3
[INFO] [stderr]    Compiling group v0.13.0
[INFO] [stderr]    Compiling icu_segmenter_data v2.3.0
[INFO] [stderr]    Compiling futures-util v0.3.34
[INFO] [stderr]    Compiling serde_json v1.0.151
[INFO] [stderr]    Compiling sync_wrapper v1.0.2
[INFO] [stderr]    Compiling ppv-lite86 v0.2.21
[INFO] [stderr]    Compiling crc32fast v1.5.2
[INFO] [stderr]    Compiling num-conv v0.2.2
[INFO] [stderr]    Compiling portable-atomic v1.15.0
[INFO] [stderr]    Compiling httparse v1.10.1
[INFO] [stderr]    Compiling time-core v0.1.9
[INFO] [stderr]    Compiling cookie v0.18.2
[INFO] [stderr]    Compiling powerfmt v0.2.0
[INFO] [stderr]    Compiling time-macros v0.2.32
[INFO] [stderr]    Compiling rustls v0.23.45
[INFO] [stderr]    Compiling strsim v0.11.1
[INFO] [stderr]    Compiling matchit v0.8.4
[INFO] [stderr]    Compiling adler2 v2.0.1
[INFO] [stderr]    Compiling simd-adler32 v0.3.10
[INFO] [stderr]    Compiling log v0.4.34
[INFO] [stderr]    Compiling rand_chacha v0.3.1
[INFO] [stderr]    Compiling hashbrown v0.17.1
[INFO] [stderr]    Compiling miniz_oxide v0.9.1
[INFO] [stderr]    Compiling http-body v1.1.0
[INFO] [stderr]    Compiling http-body-util v0.1.5
[INFO] [stderr]    Compiling rand v0.8.8
[INFO] [stderr]    Compiling chrono v0.4.45
[INFO] [stderr]    Compiling console v0.16.6
[INFO] [stderr]    Compiling axum-core v0.5.6
[INFO] [stderr]    Compiling futures-channel v0.3.34
[INFO] [stderr]    Compiling tokio v1.53.1
[INFO] [stderr]    Compiling getrandom v0.4.3
[INFO] [stderr]    Compiling matchit v0.7.3
[INFO] [stderr]    Compiling unit-prefix v0.5.2
[INFO] [stderr]    Compiling base64 v0.23.1
[INFO] [stderr]    Compiling smawk v0.3.3
[INFO] [stderr]    Compiling winnow v1.0.4
[INFO] [stderr]    Compiling ring v0.17.14
[INFO] [stderr]    Compiling tower-http v0.7.1
[INFO] [stderr]    Compiling indicatif v0.18.6
[INFO] [stderr]    Compiling time v0.3.55
[INFO] [stderr]    Compiling toml_parser v1.1.3+spec-1.1.0
[INFO] [stderr]    Compiling ureq-proto v0.6.4
[INFO] [stderr]    Compiling clap_builder v4.6.7
[INFO] [stderr]    Compiling hashlink v0.12.2
[INFO] [stderr]    Compiling flate2 v1.1.10
[INFO] [stderr]    Compiling utf8-zero v0.8.1
[INFO] [stderr]    Compiling ucd-trie v0.1.7
[INFO] [stderr]    Compiling toml_writer v1.1.2+spec-1.1.0
[INFO] [stderr]    Compiling arraydeque v0.5.1
[INFO] [stderr]    Compiling aho-corasick v1.1.5
[INFO] [stderr]    Compiling memo-map v0.3.4
[INFO] [stderr]    Compiling yaml-rust2 v0.13.0
[INFO] [stderr]    Compiling serde_path_to_error v0.1.20
[INFO] [stderr]    Compiling serde_spanned v1.1.1
[INFO] [stderr]    Compiling toml_datetime v1.1.1+spec-1.1.0
[INFO] [stderr]    Compiling toml v1.1.6+spec-1.1.0
[INFO] [stderr]    Compiling synstructure v0.14.0
[INFO] [stderr]    Compiling wasm-bindgen-macro-support v0.2.129
[INFO] [stderr]    Compiling zeroize_derive v1.5.0
[INFO] [stderr]    Compiling strum_macros v0.28.0
[INFO] [stderr]    Compiling pin-project-internal v1.1.13
[INFO] [stderr]    Compiling zeroize v1.9.0
[INFO] [stderr]    Compiling generic-array v0.14.7
[INFO] [stderr]    Compiling der v0.7.10
[INFO] [stderr]    Compiling zerofrom-derive v0.1.8
[INFO] [stderr]    Compiling crypto-common v0.1.7
[INFO] [stderr]    Compiling yoke-derive v0.8.3
[INFO] [stderr]    Compiling zerovec-derive v0.11.6
[INFO] [stderr]    Compiling displaydoc v0.2.7
[INFO] [stderr]    Compiling block-buffer v0.10.4
[INFO] [stderr]    Compiling digest v0.10.7
[INFO] [stderr]    Compiling zerofrom v0.1.8
[INFO] [stderr]    Compiling futures-macro v0.3.34
[INFO] [stderr]    Compiling hmac v0.12.1
[INFO] [stderr]    Compiling serde_derive v1.0.229
[INFO] [stderr]    Compiling hkdf v0.12.4
[INFO] [stderr]    Compiling inout v0.1.4
[INFO] [stderr]    Compiling sec1 v0.7.3
[INFO] [stderr]    Compiling cipher v0.4.4
[INFO] [stderr]    Compiling yoke v0.8.3
[INFO] [stderr]    Compiling universal-hash v0.5.1
[INFO] [stderr]    Compiling crypto-bigint v0.5.5
[INFO] [stderr]    Compiling polyval v0.6.2
[INFO] [stderr]    Compiling rustls-pki-types v1.15.1
[INFO] [stderr]    Compiling zerovec v0.11.8
[INFO] [stderr]    Compiling zerotrie v0.2.5
[INFO] [stderr]    Compiling ghash v0.5.1
[INFO] [stderr]    Compiling aes v0.8.4
[INFO] [stderr]    Compiling ctr v0.9.2
[INFO] [stderr]    Compiling rfc6979 v0.4.0
[INFO] [stderr]    Compiling signature v2.2.0
[INFO] [stderr]    Compiling strum v0.28.0
[INFO] [stderr]    Compiling sha2 v0.10.9
[INFO] [stderr]    Compiling aead v0.5.2
[INFO] [stderr]    Compiling async-trait v0.1.92
[INFO] [stderr]    Compiling pin-project v1.1.13
[INFO] [stderr]    Compiling webpki-roots v1.0.9
[INFO] [stderr]    Compiling pbkdf2 v0.12.2
[INFO] [stderr]    Compiling clap_derive v4.6.7
[INFO] [stderr]    Compiling aes-gcm v0.10.3
[INFO] [stderr]    Compiling elliptic-curve v0.13.8
[INFO] [stderr]    Compiling tinystr v0.8.4
[INFO] [stderr]    Compiling potential_utf v0.1.6
[INFO] [stderr]    Compiling icu_collections v2.3.0
[INFO] [stderr]    Compiling ecdsa v0.16.9
[INFO] [stderr]    Compiling primeorder v0.13.6
[INFO] [stderr]    Compiling icu_locale_core v2.3.0
[INFO] [stderr]    Compiling serde v1.0.229
[INFO] [stderr]    Compiling clap v4.6.7
[INFO] [stderr]    Compiling p256 v0.13.2
[INFO] [stderr]    Compiling wasm-bindgen-macro v0.2.129
[INFO] [stderr]    Compiling serde_urlencoded v0.7.1
[INFO] [stderr]    Compiling json5 v1.3.1
[INFO] [stderr]    Compiling minijinja v2.24.0
[INFO] [stderr]    Compiling icu_provider v2.3.1
[INFO] [stderr]    Compiling icu_properties v2.3.0
[INFO] [stderr]    Compiling icu_normalizer v2.3.0
[INFO] [stderr]    Compiling icu_locale_fallback v2.3.0
[INFO] [stderr]    Compiling icu_segmenter v2.3.0
[INFO] [stderr]    Compiling js-sys v0.3.106
[INFO] [stderr]    Compiling textwrap v0.16.4
[INFO] [stderr]    Compiling tower v0.5.3
[INFO] [stderr]    Compiling cliclack v0.5.6
[INFO] [stderr]    Compiling axum v0.8.9
[INFO] [stderr]    Compiling idna_adapter v1.2.2
[INFO] [stderr]    Compiling idna v1.1.0
[INFO] [stderr]    Compiling url v2.5.8
[INFO] [stderr]    Compiling rustls-webpki v0.103.15
[INFO] [stderr]    Compiling web-sys v0.3.106
[INFO] [stderr]    Compiling ureq v3.4.2
[INFO] [stderr]    Compiling wasm-bindgen-futures v0.4.79
[INFO] [stderr]    Compiling serde-wasm-bindgen v0.6.5
[INFO] [stderr]    Compiling worker-sys v0.8.7
[INFO] [stderr]    Compiling worker-macros v0.8.7
[INFO] [stderr]    Compiling wasm-streams v0.7.0
[INFO] [stderr]    Compiling worker v0.8.7
[INFO] [stderr]    Compiling ocre v0.2.0
[INFO] [stderr]    Compiling ocre-cli v0.2.0 (/opt/rustwide/workdir)
[INFO] [stderr]     Finished `release` profile [optimized] target(s) in 2m 41s
[INFO] running `Command { std: "docker" "inspect" "cfd047a7526123a2bc8c1edd03fd27401f2603fd155942bb27079a2833f636e3", kill_on_drop: false }`
[INFO] running `Command { std: "docker" "exec" "-e" "SOURCE_DIR=/opt/rustwide/workdir" "-e" "CARGO_HOME=/opt/rustwide/cargo-home" "-e" "RUSTUP_HOME=/opt/rustwide/rustup-home" "-e" "CARGO_TARGET_DIR=/opt/rustwide/target" "-e" "CARGO_INCREMENTAL=0" "-e" "RUST_BACKTRACE=full" "-e" "RUSTFLAGS=--cap-lints=warn" "-e" "RUSTDOCFLAGS=--cap-lints=warn" "-w" "/opt/rustwide/workdir" "--user" "0:0" "cfd047a7526123a2bc8c1edd03fd27401f2603fd155942bb27079a2833f636e3" "/opt/rustwide/cargo-home/bin/cargo" "+1.100.0-beta.1" "test" "--frozen" "--no-run" "--message-format=json" "--release", kill_on_drop: false }`
[INFO] [stderr]    Compiling libc v0.2.189
[INFO] [stderr]    Compiling bitflags v2.13.2
[INFO] [stderr]    Compiling generic-array v0.14.7
[INFO] [stderr]    Compiling rustix v1.1.5
[INFO] [stderr]    Compiling cfg_aliases v0.2.2
[INFO] [stderr]    Compiling thiserror-impl v2.0.21
[INFO] [stderr]    Compiling linux-raw-sys v0.12.1
[INFO] [stderr]    Compiling digest v0.11.3
[INFO] [stderr]    Compiling ureq-proto v0.6.4
[INFO] [stderr]    Compiling nix v0.31.3
[INFO] [stderr]    Compiling fastrand v2.5.0
[INFO] [stderr]    Compiling minijinja v2.24.0
[INFO] [stderr]    Compiling data-encoding v2.11.1
[INFO] [stderr]    Compiling comma v1.0.0
[INFO] [stderr]    Compiling sha1 v0.11.0
[INFO] [stderr]    Compiling tower-http v0.7.1
[INFO] [stderr]    Compiling block-buffer v0.10.4
[INFO] [stderr]    Compiling inout v0.1.4
[INFO] [stderr]    Compiling sec1 v0.7.3
[INFO] [stderr]    Compiling thiserror v2.0.21
[INFO] [stderr]    Compiling getrandom v0.2.17
[INFO] [stderr]    Compiling getrandom v0.4.3
[INFO] [stderr]    Compiling console v0.16.6
[INFO] [stderr]    Compiling rand_core v0.6.4
[INFO] [stderr]    Compiling ring v0.17.14
[INFO] [stderr]    Compiling rand v0.10.3
[INFO] [stderr]    Compiling crypto-common v0.1.7
[INFO] [stderr]    Compiling ff v0.13.1
[INFO] [stderr]    Compiling crypto-bigint v0.5.5
[INFO] [stderr]    Compiling rand_chacha v0.3.1
[INFO] [stderr]    Compiling digest v0.10.7
[INFO] [stderr]    Compiling cipher v0.4.4
[INFO] [stderr]    Compiling universal-hash v0.5.1
[INFO] [stderr]    Compiling aead v0.5.2
[INFO] [stderr]    Compiling group v0.13.0
[INFO] [stderr]    Compiling polyval v0.6.2
[INFO] [stderr]    Compiling ctr v0.9.2
[INFO] [stderr]    Compiling aes v0.8.4
[INFO] [stderr]    Compiling ghash v0.5.1
[INFO] [stderr]    Compiling hmac v0.12.1
[INFO] [stderr]    Compiling sha2 v0.10.9
[INFO] [stderr]    Compiling signature v2.2.0
[INFO] [stderr]    Compiling hkdf v0.12.4
[INFO] [stderr]    Compiling rfc6979 v0.4.0
[INFO] [stderr]    Compiling pbkdf2 v0.12.2
[INFO] [stderr]    Compiling rand v0.8.8
[INFO] [stderr]    Compiling indicatif v0.18.6
[INFO] [stderr]    Compiling tungstenite v0.30.0
[INFO] [stderr]    Compiling tempfile v3.27.0
[INFO] [stderr]    Compiling aes-gcm v0.10.3
[INFO] [stderr]    Compiling cliclack v0.5.6
[INFO] [stderr]    Compiling elliptic-curve v0.13.8
[INFO] [stderr]    Compiling cookie v0.18.2
[INFO] [stderr]    Compiling rexpect v0.7.1
[INFO] [stderr]    Compiling rustls-webpki v0.103.15
[INFO] [stderr]    Compiling primeorder v0.13.6
[INFO] [stderr]    Compiling ecdsa v0.16.9
[INFO] [stderr]    Compiling rustls v0.23.45
[INFO] [stderr]    Compiling p256 v0.13.2
[INFO] [stderr]    Compiling ocre v0.2.0
[INFO] [stderr]    Compiling ureq v3.4.2
[INFO] [stderr]    Compiling ocre-cli v0.2.0 (/opt/rustwide/workdir)
[INFO] [stderr]     Finished `release` profile [optimized] target(s) in 1m 13s
[INFO] running `Command { std: "docker" "inspect" "cfd047a7526123a2bc8c1edd03fd27401f2603fd155942bb27079a2833f636e3", kill_on_drop: false }`
[INFO] running `Command { std: "docker" "exec" "-e" "SOURCE_DIR=/opt/rustwide/workdir" "-e" "CARGO_HOME=/opt/rustwide/cargo-home" "-e" "RUSTUP_HOME=/opt/rustwide/rustup-home" "-e" "CARGO_TARGET_DIR=/opt/rustwide/target" "-e" "CARGO_INCREMENTAL=0" "-e" "RUST_BACKTRACE=full" "-e" "RUSTFLAGS=--cap-lints=warn" "-e" "RUSTDOCFLAGS=--cap-lints=warn" "-w" "/opt/rustwide/workdir" "--user" "0:0" "cfd047a7526123a2bc8c1edd03fd27401f2603fd155942bb27079a2833f636e3" "/opt/rustwide/cargo-home/bin/cargo" "+1.100.0-beta.1" "test" "--frozen" "--release", kill_on_drop: false }`
[INFO] [stderr]     Finished `release` profile [optimized] target(s) in 0.40s
[INFO] [stderr]      Running unittests src/main.rs (/opt/rustwide/target/release/build/ocre-cli/482a801a3081020c/out/ocre-482a801a3081020c)
[INFO] [stdout] 
[INFO] [stdout] running 79 tests
[INFO] [stdout] test cloudflare::tests::parses_cf_whoami_json ... ok
[INFO] [stdout] test cloudflare::tests::several_accounts_require_a_listed_choice ... ok
[INFO] [stdout] test config::tests::duplicate_keys_are_an_error ... ok
[INFO] [stdout] test config::tests::domains_are_read_and_written_as_a_list_of_strings ... ok
[INFO] [stdout] test config::tests::kv_ids_are_written_into_the_call ... ok
[INFO] [stdout] test config::tests::reads_the_generated_file ... ok
[INFO] [stdout] test config::tests::inserts_entries_after_the_markers_with_their_indentation ... ok
[INFO] [stdout] test config::tests::reads_human_formatted_entries ... ok
[INFO] [stdout] test cloudflare::tests::no_accounts_is_an_error ... ok
[INFO] [stdout] test db::tests::each_statement_gets_its_own_table_and_count ... ok
[INFO] [stdout] test db::tests::rows_render_as_a_table_in_column_order ... ok
[INFO] [stdout] test config::tests::non_literal_values_fail_only_when_needed ... ok
[INFO] [stdout] test config::tests::a_missing_marker_names_where_it_goes ... ok
[INFO] [stdout] test db::tests::a_row_must_be_an_object ... ok
[INFO] [stdout] test config::tests::database_errors_show_the_canonical_form ... ok
[INFO] [stdout] test config::tests::masking_keeps_offsets_and_skips_strings_and_comments ... ok
[INFO] [stdout] test fixtures::tests::foreign_keys_come_from_the_migrations ... ok
[INFO] [stdout] test fixtures::tests::identify_is_rails_crc32_modulo ... ok
[INFO] [stdout] test config::tests::account_ids_go_before_the_worker ... ok
[INFO] [stdout] test generate::fields::tests::checks_per_type ... ok
[INFO] [stdout] test fixtures::tests::rows_become_inserts_after_deleting_every_fixture_table ... ok
[INFO] [stdout] test generate::fields::tests::enums_list_their_values ... ok
[INFO] [stdout] test generate::api::tests::graphql_feature_and_dependency_are_added_once ... ok
[INFO] [stdout] test fixtures::tests::to_yaml_writes_fixtures_to_sql_reads_back ... ok
[INFO] [stdout] test generate::fields::tests::lock_version_and_rich_text_rules ... ok
[INFO] [stdout] test generate::fields::tests::many_attachments_are_set_apart_from_the_fields ... ok
[INFO] [stdout] test fixtures::tests::a_missing_or_empty_directory_gives_no_sql ... ok
[INFO] [stdout] test cloudflare::tests::reads_the_api_code_of_cf_error_boxes ... ok
[INFO] [stdout] test cloudflare::tests::pending_migrations_come_from_the_wrangler_table ... ok
[INFO] [stdout] test config::tests::the_structure_must_be_there ... ok
[INFO] [stdout] test fixtures::tests::empty_files_still_empty_their_table ... ok
[INFO] [stdout] test fixtures::tests::associations_prefer_the_plural_table_then_a_unique_label ... ok
[INFO] [stdout] test generate::fields::tests::rust_types_labels_and_kinds ... ok
[INFO] [stdout] test generate::fields::tests::polymorphic_fields_expand_to_a_type_and_an_id ... ok
[INFO] [stdout] test generate::fields::tests::parses_types_and_modifiers ... ok
[INFO] [stdout] test generate::api::tests::schema_gains_each_resource_under_the_markers ... ok
[INFO] [stdout] test fixtures::tests::merges_lists_nested_merges_and_json_files ... ok
[INFO] [stdout] test generate::fields::tests::rejects_bad_fields ... ok
[INFO] [stdout] test cloudflare::tests::single_account_needs_no_account_id ... ok
[INFO] [stdout] test generate::fields::tests::sql_columns ... ok
[INFO] [stdout] test generate::migration::tests::a_public_id_gives_every_existing_row_its_own_random_id ... ok
[INFO] [stdout] test generate::migration::tests::add_columns_give_existing_rows_a_value ... ok
[INFO] [stdout] test generate::migration::tests::added_enums_default_to_their_first_value ... ok
[INFO] [stdout] test generate::migration::tests::other_names_are_empty_unless_fields_are_given ... ok
[INFO] [stdout] test generate::migration::tests::create_table_names ... ok
[INFO] [stdout] test generate::migration::tests::rebuilds_copy_the_current_definition ... ok
[INFO] [stdout] test generate::migration::tests::index_migrations_take_column_names ... ok
[INFO] [stdout] test generate::migration::tests::rebuilds_refuse_missing_schemas_tables_and_referenced_tables ... ok
[INFO] [stdout] test generate::migration::tests::renames_and_drops ... ok
[INFO] [stdout] test generate::migration::tests::remove_columns_from_the_name_or_the_fields ... ok
[INFO] [stdout] test generate::record::tests::revert_finds_moved_lines_only_when_unambiguous ... ok
[INFO] [stdout] test generate::record::tests::diff_finds_insertions_replacements_and_removals ... ok
[INFO] [stdout] test generate::record::tests::records_name_the_typed_command ... ok
[INFO] [stdout] test generate::record::tests::revert_undoes_each_kind_of_hunk ... ok
[INFO] [stdout] test config::tests::reads_the_assets_directory_of_the_build_config ... ok
[INFO] [stdout] test generate::schedule::tests::unknown_phrases_explain_both_forms ... ok
[INFO] [stdout] test generate::schedule::tests::cron_expressions_pass_through_normalized ... ok
[INFO] [stdout] test generate::schedule::tests::english_phrases_become_cron ... ok
[INFO] [stdout] test generate::storage::tests::bucket_names_fit_r2_limits ... ok
[INFO] [stdout] test generate::tests::features_go_on_the_dependency_not_the_test_one ... ok
[INFO] [stdout] test generate::tests::inserts_after_markers_with_their_indentation ... ok
[INFO] [stdout] test generate::tests::edits_are_pending_until_applied ... ok
[INFO] [stdout] test generate::tests::numbers_migrations_after_disk_and_pending_files ... ok
[INFO] [stdout] test generate::tests::routes_need_lib_rs_and_both_markers ... ok
[INFO] [stdout] test generate::tests::unreadable_files_are_errors ... ok
[INFO] [stdout] test names::tests::derives_names_from_any_casing ... ok
[INFO] [stdout] test names::tests::keeps_acronyms_as_one_word ... ok
[INFO] [stdout] test names::tests::singularizes_what_pluralize_makes ... ok
[INFO] [stdout] test new::tests::app_names_follow_worker_rules ... ok
[INFO] [stdout] test pg_import::tests::a_dump_becomes_sqlite_tables_rows_and_notes ... ok
[INFO] [stdout] test names::tests::rejects_names_that_are_not_identifiers ... ok
[INFO] [stdout] test names::tests::pluralizes_last_word_only ... ok
[INFO] [stdout] test pg_import::tests::copy_values_and_times_convert_exactly ... ok
[INFO] [stdout] test pg_import::tests::hand_written_tables_keep_inline_keys_references_and_checks ... ok
[INFO] [stdout] test wizard::tests::interrupted_prompts_cancel_and_other_errors_pass_through ... ok
[INFO] [stdout] test fixtures::tests::errors_name_the_file_and_label_with_a_hint ... ok
[INFO] [stdout] test pg_import::tests::large_tables_are_cut_into_inserts_d1_accepts ... ok
[INFO] [stdout] test output::tests::one_line_errors_append_the_hint_when_there_is_one ... ok
[INFO] [stdout] test pg_import::tests::broken_or_partial_dumps_are_explained ... ok
[INFO] [stdout] 
[INFO] [stdout] test result: ok. 79 passed; 0 failed; 0 ignored; 0 measured; 0 filtered out; finished in 0.05s
[INFO] [stdout] 
[INFO] [stderr]      Running tests/integration/auth.rs (/opt/rustwide/target/release/build/ocre-cli/31e7367c120800b4/out/auth-31e7367c120800b4)
[INFO] [stdout] 
[INFO] [stdout] running 7 tests
[INFO] [stdout] test auth_generates_pages_json_api_and_models_in_a_full_stack_app ... FAILED
[INFO] [stdout] test auth_generates_only_the_json_api_in_an_api_only_app ... FAILED
[INFO] [stdout] test auth_needs_the_lib_markers ... FAILED
[INFO] [stdout] test auth_runs_once_and_never_with_an_existing_user_model ... FAILED
[INFO] [stdout] test auth_with_database_sessions_and_oauth ... FAILED
[INFO] [stdout] test models_can_reference_the_generated_user ... FAILED
[INFO] [stdout] test auth_writes_nothing_when_a_file_is_in_the_way ... FAILED
[INFO] [stdout] 
[INFO] [stdout] failures:
[INFO] [stdout] 
[INFO] [stdout] ---- auth_generates_pages_json_api_and_models_in_a_full_stack_app stdout ----
[INFO] [stdout] 
[INFO] [stdout] thread 'auth_generates_pages_json_api_and_models_in_a_full_stack_app' (5036) panicked at tests/integration/../support/mod.rs:195:74:
[INFO] [stdout] called `Result::unwrap()` on an `Err` value: Os { code: 2, kind: NotFound, message: "No such file or directory" }
[INFO] [stdout] stack backtrace:
[INFO] [stdout]    0:     0x62e9319d29e1 - <<std[617be2ca0a6fd877]::sys::backtrace::BacktraceLock>::print::DisplayBacktrace as core[a373ad73a504971]::fmt::Display>::fmt
[INFO] [stdout]    1:     0x62e9319e77ea - core[a373ad73a504971]::fmt::write
[INFO] [stdout]    2:     0x62e9319d6f8c - <alloc[2e1b2a31b91974c5]::vec::Vec<u8> as core[a373ad73a504971]::io::write::Write>::write_fmt
[INFO] [stdout]    3:     0x62e9319acd16 - std[617be2ca0a6fd877]::panicking::default_hook::{closure#0}
[INFO] [stdout]    4:     0x62e9319c9c79 - std[617be2ca0a6fd877]::panicking::default_hook
[INFO] [stdout]    5:     0x62e93195df30 - test[aada8e7e76ba119b]::test_main_inner::{closure#0}
[INFO] [stdout]    6:     0x62e9319c9e32 - std[617be2ca0a6fd877]::panicking::panic_with_hook
[INFO] [stdout]    7:     0x62e9319acdc2 - std[617be2ca0a6fd877]::panicking::panic_handler::{closure#0}
[INFO] [stdout]    8:     0x62e9319a5789 - std[617be2ca0a6fd877]::sys::backtrace::__rust_end_short_backtrace::<std[617be2ca0a6fd877]::panicking::panic_handler::{closure#0}, !>
[INFO] [stdout]    9:     0x62e9319ada8d - __rustc[ea4f61d10b84890b]::rust_begin_unwind
[INFO] [stdout]   10:     0x62e9319e7f1c - core[a373ad73a504971]::panicking::panic_fmt
[INFO] [stdout]   11:     0x62e9319e7cf2 - core[a373ad73a504971]::result::unwrap_failed
[INFO] [stdout]   12:     0x62e93194b8ab - <auth[aac270cdb2e67731]::support::Sandbox>::new_app
[INFO] [stdout]   13:     0x62e93193f52a - auth[aac270cdb2e67731]::auth_generates_pages_json_api_and_models_in_a_full_stack_app
[INFO] [stdout]   14:     0x62e931947649 - <auth[aac270cdb2e67731]::auth_generates_pages_json_api_and_models_in_a_full_stack_app::{closure#0} as core[a373ad73a504971]::ops::function::FnOnce<()>>::call_once
[INFO] [stdout]   15:     0x62e93195137b - test[aada8e7e76ba119b]::__rust_begin_short_backtrace::<core[a373ad73a504971]::result::Result<(), alloc[2e1b2a31b91974c5]::string::String>, fn() -> core[a373ad73a504971]::result::Result<(), alloc[2e1b2a31b91974c5]::string::String>>
[INFO] [stdout]   16:     0x62e93195e555 - test[aada8e7e76ba119b]::run_test::{closure#0}
[INFO] [stdout]   17:     0x62e931957e44 - std[617be2ca0a6fd877]::sys::backtrace::__rust_begin_short_backtrace::<test[aada8e7e76ba119b]::run_test::{closure#1}, ()>
[INFO] [stdout]   18:     0x62e9319615e2 - <std[617be2ca0a6fd877]::thread::lifecycle::spawn_unchecked<test[aada8e7e76ba119b]::run_test::{closure#1}, ()>::{closure#1} as core[a373ad73a504971]::ops::function::FnOnce<()>>::call_once::{shim:vtable#0}
[INFO] [stdout]   19:     0x62e9319d19ef - <std[617be2ca0a6fd877]::sys::thread::unix::Thread>::new::thread_start
[INFO] [stdout]   20:     0x7f4286b22dfa - <unknown>
[INFO] [stdout]   21:     0x7f4286bb63d4 - clone
[INFO] [stdout]   22:                0x0 - <unknown>
[INFO] [stdout] 
[INFO] [stdout] ---- auth_generates_only_the_json_api_in_an_api_only_app stdout ----
[INFO] [stdout] 
[INFO] [stdout] thread 'auth_generates_only_the_json_api_in_an_api_only_app' (5035) panicked at tests/integration/../support/mod.rs:195:74:
[INFO] [stdout] called `Result::unwrap()` on an `Err` value: Os { code: 2, kind: NotFound, message: "No such file or directory" }
[INFO] [stdout] stack backtrace:
[INFO] [stdout]    0:     0x62e9319d29e1 - <<std[617be2ca0a6fd877]::sys::backtrace::BacktraceLock>::print::DisplayBacktrace as core[a373ad73a504971]::fmt::Display>::fmt
[INFO] [stdout]    1:     0x62e9319e77ea - core[a373ad73a504971]::fmt::write
[INFO] [stdout]    2:     0x62e9319d6f8c - <alloc[2e1b2a31b91974c5]::vec::Vec<u8> as core[a373ad73a504971]::io::write::Write>::write_fmt
[INFO] [stdout]    3:     0x62e9319acd16 - std[617be2ca0a6fd877]::panicking::default_hook::{closure#0}
[INFO] [stdout]    4:     0x62e9319c9c79 - std[617be2ca0a6fd877]::panicking::default_hook
[INFO] [stdout]    5:     0x62e93195df30 - test[aada8e7e76ba119b]::test_main_inner::{closure#0}
[INFO] [stdout]    6:     0x62e9319c9e32 - std[617be2ca0a6fd877]::panicking::panic_with_hook
[INFO] [stdout]    7:     0x62e9319acdc2 - std[617be2ca0a6fd877]::panicking::panic_handler::{closure#0}
[INFO] [stdout]    8:     0x62e9319a5789 - std[617be2ca0a6fd877]::sys::backtrace::__rust_end_short_backtrace::<std[617be2ca0a6fd877]::panicking::panic_handler::{closure#0}, !>
[INFO] [stdout]    9:     0x62e9319ada8d - __rustc[ea4f61d10b84890b]::rust_begin_unwind
[INFO] [stdout]   10:     0x62e9319e7f1c - core[a373ad73a504971]::panicking::panic_fmt
[INFO] [stdout]   11:     0x62e9319e7cf2 - core[a373ad73a504971]::result::unwrap_failed
[INFO] [stdout]   12:     0x62e93194b8ab - <auth[aac270cdb2e67731]::support::Sandbox>::new_app
[INFO] [stdout]   13:     0x62e931945d8d - <auth[aac270cdb2e67731]::auth_generates_only_the_json_api_in_an_api_only_app::{closure#0} as core[a373ad73a504971]::ops::function::FnOnce<()>>::call_once
[INFO] [stdout]   14:     0x62e93195137b - test[aada8e7e76ba119b]::__rust_begin_short_backtrace::<core[a373ad73a504971]::result::Result<(), alloc[2e1b2a31b91974c5]::string::String>, fn() -> core[a373ad73a504971]::result::Result<(), alloc[2e1b2a31b91974c5]::string::String>>
[INFO] [stdout]   15:     0x62e93195e555 - test[aada8e7e76ba119b]::run_test::{closure#0}
[INFO] [stdout]   16:     0x62e931957e44 - std[617be2ca0a6fd877]::sys::backtrace::__rust_begin_short_backtrace::<test[aada8e7e76ba119b]::run_test::{closure#1}, ()>
[INFO] [stdout]   17:     0x62e9319615e2 - <std[617be2ca0a6fd877]::thread::lifecycle::spawn_unchecked<test[aada8e7e76ba119b]::run_test::{closure#1}, ()>::{closure#1} as core[a373ad73a504971]::ops::function::FnOnce<()>>::call_once::{shim:vtable#0}
[INFO] [stdout]   18:     0x62e9319d19ef - <std[617be2ca0a6fd877]::sys::thread::unix::Thread>::new::thread_start
[INFO] [stdout]   19:     0x7f4286b22dfa - <unknown>
[INFO] [stdout]   20:     0x7f4286bb63d4 - clone
[INFO] [stdout]   21:                0x0 - <unknown>
[INFO] [stdout] 
[INFO] [stdout] ---- auth_needs_the_lib_markers stdout ----
[INFO] [stdout] 
[INFO] [stdout] thread 'auth_needs_the_lib_markers' (5037) panicked at tests/integration/../support/mod.rs:195:74:
[INFO] [stdout] called `Result::unwrap()` on an `Err` value: Os { code: 2, kind: NotFound, message: "No such file or directory" }
[INFO] [stdout] stack backtrace:
[INFO] [stdout]    0:     0x62e9319d29e1 - <<std[617be2ca0a6fd877]::sys::backtrace::BacktraceLock>::print::DisplayBacktrace as core[a373ad73a504971]::fmt::Display>::fmt
[INFO] [stdout]    1:     0x62e9319e77ea - core[a373ad73a504971]::fmt::write
[INFO] [stdout]    2:     0x62e9319d6f8c - <alloc[2e1b2a31b91974c5]::vec::Vec<u8> as core[a373ad73a504971]::io::write::Write>::write_fmt
[INFO] [stdout]    3:     0x62e9319acd16 - std[617be2ca0a6fd877]::panicking::default_hook::{closure#0}
[INFO] [stdout]    4:     0x62e9319c9c79 - std[617be2ca0a6fd877]::panicking::default_hook
[INFO] [stdout]    5:     0x62e93195df30 - test[aada8e7e76ba119b]::test_main_inner::{closure#0}
[INFO] [stdout]    6:     0x62e9319c9e32 - std[617be2ca0a6fd877]::panicking::panic_with_hook
[INFO] [stdout]    7:     0x62e9319acdc2 - std[617be2ca0a6fd877]::panicking::panic_handler::{closure#0}
[INFO] [stdout]    8:     0x62e9319a5789 - std[617be2ca0a6fd877]::sys::backtrace::__rust_end_short_backtrace::<std[617be2ca0a6fd877]::panicking::panic_handler::{closure#0}, !>
[INFO] [stdout]    9:     0x62e9319ada8d - __rustc[ea4f61d10b84890b]::rust_begin_unwind
[INFO] [stdout]   10:     0x62e9319e7f1c - core[a373ad73a504971]::panicking::panic_fmt
[INFO] [stdout]   11:     0x62e9319e7cf2 - core[a373ad73a504971]::result::unwrap_failed
[INFO] [stdout]   12:     0x62e93194b8ab - <auth[aac270cdb2e67731]::support::Sandbox>::new_app
[INFO] [stdout]   13:     0x62e931943135 - <auth[aac270cdb2e67731]::auth_needs_the_lib_markers::{closure#0} as core[a373ad73a504971]::ops::function::FnOnce<()>>::call_once
[INFO] [stdout]   14:     0x62e93195137b - test[aada8e7e76ba119b]::__rust_begin_short_backtrace::<core[a373ad73a504971]::result::Result<(), alloc[2e1b2a31b91974c5]::string::String>, fn() -> core[a373ad73a504971]::result::Result<(), alloc[2e1b2a31b91974c5]::string::String>>
[INFO] [stdout]   15:     0x62e93195e555 - test[aada8e7e76ba119b]::run_test::{closure#0}
[INFO] [stdout]   16:     0x62e931957e44 - std[617be2ca0a6fd877]::sys::backtrace::__rust_begin_short_backtrace::<test[aada8e7e76ba119b]::run_test::{closure#1}, ()>
[INFO] [stdout]   17:     0x62e9319615e2 - <std[617be2ca0a6fd877]::thread::lifecycle::spawn_unchecked<test[aada8e7e76ba119b]::run_test::{closure#1}, ()>::{closure#1} as core[a373ad73a504971]::ops::function::FnOnce<()>>::call_once::{shim:vtable#0}
[INFO] [stdout]   18:     0x62e9319d19ef - <std[617be2ca0a6fd877]::sys::thread::unix::Thread>::new::thread_start
[INFO] [stdout]   19:     0x7f4286b22dfa - <unknown>
[INFO] [stdout]   20:     0x7f4286bb63d4 - clone
[INFO] [stdout]   21:                0x0 - <unknown>
[INFO] [stdout] 
[INFO] [stdout] ---- auth_runs_once_and_never_with_an_existing_user_model stdout ----
[INFO] [stdout] 
[INFO] [stdout] thread 'auth_runs_once_and_never_with_an_existing_user_model' (5038) panicked at tests/integration/../support/mod.rs:195:74:
[INFO] [stdout] called `Result::unwrap()` on an `Err` value: Os { code: 2, kind: NotFound, message: "No such file or directory" }
[INFO] [stdout] stack backtrace:
[INFO] [stdout]    0:     0x62e9319d29e1 - <<std[617be2ca0a6fd877]::sys::backtrace::BacktraceLock>::print::DisplayBacktrace as core[a373ad73a504971]::fmt::Display>::fmt
[INFO] [stdout]    1:     0x62e9319e77ea - core[a373ad73a504971]::fmt::write
[INFO] [stdout]    2:     0x62e9319d6f8c - <alloc[2e1b2a31b91974c5]::vec::Vec<u8> as core[a373ad73a504971]::io::write::Write>::write_fmt
[INFO] [stdout]    3:     0x62e9319acd16 - std[617be2ca0a6fd877]::panicking::default_hook::{closure#0}
[INFO] [stdout]    4:     0x62e9319c9c79 - std[617be2ca0a6fd877]::panicking::default_hook
[INFO] [stdout]    5:     0x62e93195df30 - test[aada8e7e76ba119b]::test_main_inner::{closure#0}
[INFO] [stdout]    6:     0x62e9319c9e32 - std[617be2ca0a6fd877]::panicking::panic_with_hook
[INFO] [stdout]    7:     0x62e9319acdc2 - std[617be2ca0a6fd877]::panicking::panic_handler::{closure#0}
[INFO] [stdout]    8:     0x62e9319a5789 - std[617be2ca0a6fd877]::sys::backtrace::__rust_end_short_backtrace::<std[617be2ca0a6fd877]::panicking::panic_handler::{closure#0}, !>
[INFO] [stdout]    9:     0x62e9319ada8d - __rustc[ea4f61d10b84890b]::rust_begin_unwind
[INFO] [stdout]   10:     0x62e9319e7f1c - core[a373ad73a504971]::panicking::panic_fmt
[INFO] [stdout]   11:     0x62e9319e7cf2 - core[a373ad73a504971]::result::unwrap_failed
[INFO] [stdout]   12:     0x62e93194b8ab - <auth[aac270cdb2e67731]::support::Sandbox>::new_app
[INFO] [stdout]   13:     0x62e931946e69 - <auth[aac270cdb2e67731]::auth_runs_once_and_never_with_an_existing_user_model::{closure#0} as core[a373ad73a504971]::ops::function::FnOnce<()>>::call_once
[INFO] [stdout]   14:     0x62e93195137b - test[aada8e7e76ba119b]::__rust_begin_short_backtrace::<core[a373ad73a504971]::result::Result<(), alloc[2e1b2a31b91974c5]::string::String>, fn() -> core[a373ad73a504971]::result::Result<(), alloc[2e1b2a31b91974c5]::string::String>>
[INFO] [stdout]   15:     0x62e93195e555 - test[aada8e7e76ba119b]::run_test::{closure#0}
[INFO] [stdout]   16:     0x62e931957e44 - std[617be2ca0a6fd877]::sys::backtrace::__rust_begin_short_backtrace::<test[aada8e7e76ba119b]::run_test::{closure#1}, ()>
[INFO] [stdout]   17:     0x62e9319615e2 - <std[617be2ca0a6fd877]::thread::lifecycle::spawn_unchecked<test[aada8e7e76ba119b]::run_test::{closure#1}, ()>::{closure#1} as core[a373ad73a504971]::ops::function::FnOnce<()>>::call_once::{shim:vtable#0}
[INFO] [stdout]   18:     0x62e9319d19ef - <std[617be2ca0a6fd877]::sys::thread::unix::Thread>::new::thread_start
[INFO] [stdout]   19:     0x7f4286b22dfa - <unknown>
[INFO] [stdout]   20:     0x7f4286bb63d4 - clone
[INFO] [stdout]   21:                0x0 - <unknown>
[INFO] [stdout] 
[INFO] [stdout] ---- auth_with_database_sessions_and_oauth stdout ----
[INFO] [stdout] 
[INFO] [stdout] thread 'auth_with_database_sessions_and_oauth' (5039) panicked at tests/integration/../support/mod.rs:195:74:
[INFO] [stdout] called `Result::unwrap()` on an `Err` value: Os { code: 2, kind: NotFound, message: "No such file or directory" }
[INFO] [stdout] stack backtrace:
[INFO] [stdout]    0:     0x62e9319d29e1 - <<std[617be2ca0a6fd877]::sys::backtrace::BacktraceLock>::print::DisplayBacktrace as core[a373ad73a504971]::fmt::Display>::fmt
[INFO] [stdout]    1:     0x62e9319e77ea - core[a373ad73a504971]::fmt::write
[INFO] [stdout]    2:     0x62e9319d6f8c - <alloc[2e1b2a31b91974c5]::vec::Vec<u8> as core[a373ad73a504971]::io::write::Write>::write_fmt
[INFO] [stdout]    3:     0x62e9319acd16 - std[617be2ca0a6fd877]::panicking::default_hook::{closure#0}
[INFO] [stdout]    4:     0x62e9319c9c79 - std[617be2ca0a6fd877]::panicking::default_hook
[INFO] [stdout]    5:     0x62e93195df30 - test[aada8e7e76ba119b]::test_main_inner::{closure#0}
[INFO] [stdout]    6:     0x62e9319c9e32 - std[617be2ca0a6fd877]::panicking::panic_with_hook
[INFO] [stdout]    7:     0x62e9319acdc2 - std[617be2ca0a6fd877]::panicking::panic_handler::{closure#0}
[INFO] [stdout]    8:     0x62e9319a5789 - std[617be2ca0a6fd877]::sys::backtrace::__rust_end_short_backtrace::<std[617be2ca0a6fd877]::panicking::panic_handler::{closure#0}, !>
[INFO] [stdout]    9:     0x62e9319ada8d - __rustc[ea4f61d10b84890b]::rust_begin_unwind
[INFO] [stdout]   10:     0x62e9319e7f1c - core[a373ad73a504971]::panicking::panic_fmt
[INFO] [stdout]   11:     0x62e9319e7cf2 - core[a373ad73a504971]::result::unwrap_failed
[INFO] [stdout]   12:     0x62e93194b8ab - <auth[aac270cdb2e67731]::support::Sandbox>::new_app
[INFO] [stderr] error: test failed, to rerun pass `--test auth`
[INFO] [stdout]   13:     0x62e9319434ee - <auth[aac270cdb2e67731]::auth_with_database_sessions_and_oauth::{closure#0} as core[a373ad73a504971]::ops::function::FnOnce<()>>::call_once
[INFO] [stdout]   14:     0x62e93195137b - test[aada8e7e76ba119b]::__rust_begin_short_backtrace::<core[a373ad73a504971]::result::Result<(), alloc[2e1b2a31b91974c5]::string::String>, fn() -> core[a373ad73a504971]::result::Result<(), alloc[2e1b2a31b91974c5]::string::String>>
[INFO] [stdout]   15:     0x62e93195e555 - test[aada8e7e76ba119b]::run_test::{closure#0}
[INFO] [stdout]   16:     0x62e931957e44 - std[617be2ca0a6fd877]::sys::backtrace::__rust_begin_short_backtrace::<test[aada8e7e76ba119b]::run_test::{closure#1}, ()>
[INFO] [stdout]   17:     0x62e9319615e2 - <std[617be2ca0a6fd877]::thread::lifecycle::spawn_unchecked<test[aada8e7e76ba119b]::run_test::{closure#1}, ()>::{closure#1} as core[a373ad73a504971]::ops::function::FnOnce<()>>::call_once::{shim:vtable#0}
[INFO] [stdout]   18:     0x62e9319d19ef - <std[617be2ca0a6fd877]::sys::thread::unix::Thread>::new::thread_start
[INFO] [stdout]   19:     0x7f4286b22dfa - <unknown>
[INFO] [stdout]   20:     0x7f4286bb63d4 - clone
[INFO] [stdout]   21:                0x0 - <unknown>
[INFO] [stdout] 
[INFO] [stdout] ---- models_can_reference_the_generated_user stdout ----
[INFO] [stdout] 
[INFO] [stdout] thread 'models_can_reference_the_generated_user' (5041) panicked at tests/integration/../support/mod.rs:195:74:
[INFO] [stdout] called `Result::unwrap()` on an `Err` value: Os { code: 2, kind: NotFound, message: "No such file or directory" }
[INFO] [stdout] stack backtrace:
[INFO] [stdout]    0:     0x62e9319d29e1 - <<std[617be2ca0a6fd877]::sys::backtrace::BacktraceLock>::print::DisplayBacktrace as core[a373ad73a504971]::fmt::Display>::fmt
[INFO] [stdout]    1:     0x62e9319e77ea - core[a373ad73a504971]::fmt::write
[INFO] [stdout]    2:     0x62e9319d6f8c - <alloc[2e1b2a31b91974c5]::vec::Vec<u8> as core[a373ad73a504971]::io::write::Write>::write_fmt
[INFO] [stdout]    3:     0x62e9319acd16 - std[617be2ca0a6fd877]::panicking::default_hook::{closure#0}
[INFO] [stdout]    4:     0x62e9319c9c79 - std[617be2ca0a6fd877]::panicking::default_hook
[INFO] [stdout]    5:     0x62e93195df30 - test[aada8e7e76ba119b]::test_main_inner::{closure#0}
[INFO] [stdout]    6:     0x62e9319c9e32 - std[617be2ca0a6fd877]::panicking::panic_with_hook
[INFO] [stdout]    7:     0x62e9319acdc2 - std[617be2ca0a6fd877]::panicking::panic_handler::{closure#0}
[INFO] [stdout]    8:     0x62e9319a5789 - std[617be2ca0a6fd877]::sys::backtrace::__rust_end_short_backtrace::<std[617be2ca0a6fd877]::panicking::panic_handler::{closure#0}, !>
[INFO] [stdout]    9:     0x62e9319ada8d - __rustc[ea4f61d10b84890b]::rust_begin_unwind
[INFO] [stdout]   10:     0x62e9319e7f1c - core[a373ad73a504971]::panicking::panic_fmt
[INFO] [stdout]   11:     0x62e9319e7cf2 - core[a373ad73a504971]::result::unwrap_failed
[INFO] [stdout]   12:     0x62e93194b8ab - <auth[aac270cdb2e67731]::support::Sandbox>::new_app
[INFO] [stdout]   13:     0x62e931945493 - <auth[aac270cdb2e67731]::models_can_reference_the_generated_user::{closure#0} as core[a373ad73a504971]::ops::function::FnOnce<()>>::call_once
[INFO] [stdout]   14:     0x62e93195137b - test[aada8e7e76ba119b]::__rust_begin_short_backtrace::<core[a373ad73a504971]::result::Result<(), alloc[2e1b2a31b91974c5]::string::String>, fn() -> core[a373ad73a504971]::result::Result<(), alloc[2e1b2a31b91974c5]::string::String>>
[INFO] [stdout]   15:     0x62e93195e555 - test[aada8e7e76ba119b]::run_test::{closure#0}
[INFO] [stdout]   16:     0x62e931957e44 - std[617be2ca0a6fd877]::sys::backtrace::__rust_begin_short_backtrace::<test[aada8e7e76ba119b]::run_test::{closure#1}, ()>
[INFO] [stdout]   17:     0x62e9319615e2 - <std[617be2ca0a6fd877]::thread::lifecycle::spawn_unchecked<test[aada8e7e76ba119b]::run_test::{closure#1}, ()>::{closure#1} as core[a373ad73a504971]::ops::function::FnOnce<()>>::call_once::{shim:vtable#0}
[INFO] [stdout]   18:     0x62e9319d19ef - <std[617be2ca0a6fd877]::sys::thread::unix::Thread>::new::thread_start
[INFO] [stdout]   19:     0x7f4286b22dfa - <unknown>
[INFO] [stdout]   20:     0x7f4286bb63d4 - clone
[INFO] [stdout]   21:                0x0 - <unknown>
[INFO] [stdout] 
[INFO] [stdout] ---- auth_writes_nothing_when_a_file_is_in_the_way stdout ----
[INFO] [stdout] 
[INFO] [stdout] thread 'auth_writes_nothing_when_a_file_is_in_the_way' (5040) panicked at tests/integration/../support/mod.rs:195:74:
[INFO] [stdout] called `Result::unwrap()` on an `Err` value: Os { code: 2, kind: NotFound, message: "No such file or directory" }
[INFO] [stdout] stack backtrace:
[INFO] [stdout]    0:     0x62e9319d29e1 - <<std[617be2ca0a6fd877]::sys::backtrace::BacktraceLock>::print::DisplayBacktrace as core[a373ad73a504971]::fmt::Display>::fmt
[INFO] [stdout]    1:     0x62e9319e77ea - core[a373ad73a504971]::fmt::write
[INFO] [stdout]    2:     0x62e9319d6f8c - <alloc[2e1b2a31b91974c5]::vec::Vec<u8> as core[a373ad73a504971]::io::write::Write>::write_fmt
[INFO] [stdout]    3:     0x62e9319acd16 - std[617be2ca0a6fd877]::panicking::default_hook::{closure#0}
[INFO] [stdout]    4:     0x62e9319c9c79 - std[617be2ca0a6fd877]::panicking::default_hook
[INFO] [stdout]    5:     0x62e93195df30 - test[aada8e7e76ba119b]::test_main_inner::{closure#0}
[INFO] [stdout]    6:     0x62e9319c9e32 - std[617be2ca0a6fd877]::panicking::panic_with_hook
[INFO] [stdout]    7:     0x62e9319acdc2 - std[617be2ca0a6fd877]::panicking::panic_handler::{closure#0}
[INFO] [stdout]    8:     0x62e9319a5789 - std[617be2ca0a6fd877]::sys::backtrace::__rust_end_short_backtrace::<std[617be2ca0a6fd877]::panicking::panic_handler::{closure#0}, !>
[INFO] [stdout]    9:     0x62e9319ada8d - __rustc[ea4f61d10b84890b]::rust_begin_unwind
[INFO] [stdout]   10:     0x62e9319e7f1c - core[a373ad73a504971]::panicking::panic_fmt
[INFO] [stdout]   11:     0x62e9319e7cf2 - core[a373ad73a504971]::result::unwrap_failed
[INFO] [stdout]   12:     0x62e93194b8ab - <auth[aac270cdb2e67731]::support::Sandbox>::new_app
[INFO] [stdout]   13:     0x62e9319457f5 - <auth[aac270cdb2e67731]::auth_writes_nothing_when_a_file_is_in_the_way::{closure#0} as core[a373ad73a504971]::ops::function::FnOnce<()>>::call_once
[INFO] [stdout]   14:     0x62e93195137b - test[aada8e7e76ba119b]::__rust_begin_short_backtrace::<core[a373ad73a504971]::result::Result<(), alloc[2e1b2a31b91974c5]::string::String>, fn() -> core[a373ad73a504971]::result::Result<(), alloc[2e1b2a31b91974c5]::string::String>>
[INFO] [stdout]   15:     0x62e93195e555 - test[aada8e7e76ba119b]::run_test::{closure#0}
[INFO] [stdout]   16:     0x62e931957e44 - std[617be2ca0a6fd877]::sys::backtrace::__rust_begin_short_backtrace::<test[aada8e7e76ba119b]::run_test::{closure#1}, ()>
[INFO] [stdout]   17:     0x62e9319615e2 - <std[617be2ca0a6fd877]::thread::lifecycle::spawn_unchecked<test[aada8e7e76ba119b]::run_test::{closure#1}, ()>::{closure#1} as core[a373ad73a504971]::ops::function::FnOnce<()>>::call_once::{shim:vtable#0}
[INFO] [stdout]   18:     0x62e9319d19ef - <std[617be2ca0a6fd877]::sys::thread::unix::Thread>::new::thread_start
[INFO] [stdout]   19:     0x7f4286b22dfa - <unknown>
[INFO] [stdout]   20:     0x7f4286bb63d4 - clone
[INFO] [stdout]   21:                0x0 - <unknown>
[INFO] [stdout] 
[INFO] [stdout] 
[INFO] [stdout] failures:
[INFO] [stdout]     auth_generates_only_the_json_api_in_an_api_only_app
[INFO] [stdout]     auth_generates_pages_json_api_and_models_in_a_full_stack_app
[INFO] [stdout]     auth_needs_the_lib_markers
[INFO] [stdout]     auth_runs_once_and_never_with_an_existing_user_model
[INFO] [stdout]     auth_with_database_sessions_and_oauth
[INFO] [stdout]     auth_writes_nothing_when_a_file_is_in_the_way
[INFO] [stdout]     models_can_reference_the_generated_user
[INFO] [stdout] 
[INFO] [stdout] test result: FAILED. 0 passed; 7 failed; 0 ignored; 0 measured; 0 filtered out; finished in 0.01s
[INFO] [stdout] 
[INFO] running `Command { std: "docker" "inspect" "cfd047a7526123a2bc8c1edd03fd27401f2603fd155942bb27079a2833f636e3", kill_on_drop: false }`
[INFO] running `Command { std: "docker" "rm" "-f" "cfd047a7526123a2bc8c1edd03fd27401f2603fd155942bb27079a2833f636e3", kill_on_drop: false }`
[INFO] [stdout] cfd047a7526123a2bc8c1edd03fd27401f2603fd155942bb27079a2833f636e3
