[INFO] fetching crate ocpp_rs 0.4.2...
[INFO] testing ocpp_rs-0.4.2 against 1.100.0-beta.1+cargoflags=--release for beta-release-1.100-2
[INFO] extracting crate ocpp_rs 0.4.2 into /workspace/builds/worker-4-tc2/source
[INFO] started tweaking crates.io crate ocpp_rs 0.4.2
[INFO] removed 0 missing tests
[INFO] finished tweaking crates.io crate ocpp_rs 0.4.2
[INFO] tweaked toml for crates.io crate ocpp_rs 0.4.2 written to /workspace/builds/worker-4-tc2/source/Cargo.toml
[INFO] validating manifest of crates.io crate ocpp_rs 0.4.2 on toolchain 1.100.0-beta.1
[INFO] running `Command { std: CARGO_HOME="/workspace/cargo-home" RUSTUP_HOME="/workspace/rustup-home" "/workspace/cargo-home/bin/cargo" "+1.100.0-beta.1" "metadata" "--manifest-path" "Cargo.toml" "--no-deps", kill_on_drop: false }`
[INFO] crate crates.io crate ocpp_rs 0.4.2 already has a lockfile, it will not be regenerated
[INFO] running `Command { std: CARGO_HOME="/workspace/cargo-home" RUSTUP_HOME="/workspace/rustup-home" "/workspace/cargo-home/bin/cargo" "+1.100.0-beta.1" "fetch" "--manifest-path" "Cargo.toml", kill_on_drop: false }`
[INFO] [stderr] warning: `package.homepage` is redundant with `package.repository`
[INFO] [stderr]   --> Cargo.toml:59:12
[INFO] [stderr]    |
[INFO] [stderr] 59 | homepage = "https://github.com/angelorodem/ocpp-rs"
[INFO] [stderr]    |            ^^^^^^^^^^^^^^^^^^^^^^^^^^^^^^^^^^^^^^^^
[INFO] [stderr] ...
[INFO] [stderr] 64 | repository = "https://github.com/angelorodem/ocpp-rs"
[INFO] [stderr]    |              ----------------------------------------
[INFO] [stderr]    |
[INFO] [stderr]    = note: `cargo::redundant_homepage` is set to `warn` by default
[INFO] [stderr] help: consider removing `package.homepage`
[INFO] [stderr] warning: `ocpp_rs` (manifest) generated 1 warning
[INFO] running `Command { std: "docker" "create" "-v" "/var/lib/crater-agent-workspace/builds/worker-4-tc2/source:/opt/rustwide/workdir:ro,Z" "-v" "/var/lib/crater-agent-workspace/builds/worker-4-tc2/target:/opt/rustwide/target:rw,Z" "-v" "/var/lib/crater-agent-workspace/cargo-home:/opt/rustwide/cargo-home:ro,Z" "-v" "/var/lib/crater-agent-workspace/rustup-home:/opt/rustwide/rustup-home:ro,Z" "-m" "1610612736" "--network" "none" "ghcr.io/rust-lang/crates-build-env/linux@sha256:77db811e55d90add9212f6832c23229e3de5f1c1f9905e8cb07319ea15df73ac" "sleep" "infinity", kill_on_drop: false }`
[INFO] [stdout] 88cbeb8d7306d6dec3e6f828409023b0129d48ccbf4833df18fc3bc017dceff2
[INFO] running `Command { std: "docker" "start" "88cbeb8d7306d6dec3e6f828409023b0129d48ccbf4833df18fc3bc017dceff2", kill_on_drop: false }`
[INFO] running `Command { std: "docker" "inspect" "88cbeb8d7306d6dec3e6f828409023b0129d48ccbf4833df18fc3bc017dceff2", kill_on_drop: false }`
[INFO] running `Command { std: "docker" "exec" "-e" "SOURCE_DIR=/opt/rustwide/workdir" "-e" "CARGO_HOME=/opt/rustwide/cargo-home" "-e" "RUSTUP_HOME=/opt/rustwide/rustup-home" "-e" "CARGO_TARGET_DIR=/opt/rustwide/target" "-w" "/opt/rustwide/workdir" "--user" "0:0" "88cbeb8d7306d6dec3e6f828409023b0129d48ccbf4833df18fc3bc017dceff2" "/opt/rustwide/cargo-home/bin/cargo" "+1.100.0-beta.1" "metadata" "--no-deps" "--format-version=1", kill_on_drop: false }`
[INFO] running `Command { std: "docker" "inspect" "88cbeb8d7306d6dec3e6f828409023b0129d48ccbf4833df18fc3bc017dceff2", kill_on_drop: false }`
[INFO] running `Command { std: "docker" "exec" "-e" "SOURCE_DIR=/opt/rustwide/workdir" "-e" "CARGO_HOME=/opt/rustwide/cargo-home" "-e" "RUSTUP_HOME=/opt/rustwide/rustup-home" "-e" "CARGO_TARGET_DIR=/opt/rustwide/target" "-e" "CARGO_INCREMENTAL=0" "-e" "RUST_BACKTRACE=full" "-e" "RUSTFLAGS=--cap-lints=warn" "-e" "RUSTDOCFLAGS=--cap-lints=warn" "-w" "/opt/rustwide/workdir" "--user" "0:0" "88cbeb8d7306d6dec3e6f828409023b0129d48ccbf4833df18fc3bc017dceff2" "/opt/rustwide/cargo-home/bin/cargo" "+1.100.0-beta.1" "build" "--frozen" "--message-format=json" "--release", kill_on_drop: false }`
[INFO] [stderr] warning: `package.homepage` is redundant with `package.repository`
[INFO] [stderr]   --> Cargo.toml:59:12
[INFO] [stderr]    |
[INFO] [stderr] 59 | homepage = "https://github.com/angelorodem/ocpp-rs"
[INFO] [stderr]    |            ^^^^^^^^^^^^^^^^^^^^^^^^^^^^^^^^^^^^^^^^
[INFO] [stderr] ...
[INFO] [stderr] 64 | repository = "https://github.com/angelorodem/ocpp-rs"
[INFO] [stderr]    |              ----------------------------------------
[INFO] [stderr]    |
[INFO] [stderr]    = note: `cargo::redundant_homepage` is set to `warn` by default
[INFO] [stderr] help: consider removing `package.homepage`
[INFO] [stderr] warning: `ocpp_rs` (manifest) generated 1 warning
[INFO] [stderr]    Compiling serde_core v1.0.229
[INFO] [stderr]    Compiling serde v1.0.229
[INFO] [stderr]    Compiling serde_json v1.0.151
[INFO] [stderr]    Compiling syn v2.0.119
[INFO] [stderr]    Compiling syn v3.0.3
[INFO] [stderr]    Compiling serde_derive v1.0.229
[INFO] [stderr]    Compiling strum_macros v0.28.0
[INFO] [stderr]    Compiling serde_tuple_macros v1.1.3
[INFO] [stderr]    Compiling chrono v0.4.45
[INFO] [stderr]    Compiling serde_tuple v1.1.3
[INFO] [stderr]    Compiling strum v0.28.0
[INFO] [stderr]    Compiling ocpp_rs v0.4.2 (/opt/rustwide/workdir)
[INFO] [stderr]     Finished `release` profile [optimized] target(s) in 1m 42s
[INFO] running `Command { std: "docker" "inspect" "88cbeb8d7306d6dec3e6f828409023b0129d48ccbf4833df18fc3bc017dceff2", kill_on_drop: false }`
[INFO] running `Command { std: "docker" "exec" "-e" "SOURCE_DIR=/opt/rustwide/workdir" "-e" "CARGO_HOME=/opt/rustwide/cargo-home" "-e" "RUSTUP_HOME=/opt/rustwide/rustup-home" "-e" "CARGO_TARGET_DIR=/opt/rustwide/target" "-e" "CARGO_INCREMENTAL=0" "-e" "RUST_BACKTRACE=full" "-e" "RUSTFLAGS=--cap-lints=warn" "-e" "RUSTDOCFLAGS=--cap-lints=warn" "-w" "/opt/rustwide/workdir" "--user" "0:0" "88cbeb8d7306d6dec3e6f828409023b0129d48ccbf4833df18fc3bc017dceff2" "/opt/rustwide/cargo-home/bin/cargo" "+1.100.0-beta.1" "test" "--frozen" "--no-run" "--message-format=json" "--release", kill_on_drop: false }`
[INFO] [stderr] warning: `package.homepage` is redundant with `package.repository`
[INFO] [stderr]   --> Cargo.toml:59:12
[INFO] [stderr]    |
[INFO] [stderr] 59 | homepage = "https://github.com/angelorodem/ocpp-rs"
[INFO] [stderr]    |            ^^^^^^^^^^^^^^^^^^^^^^^^^^^^^^^^^^^^^^^^
[INFO] [stderr] ...
[INFO] [stderr] 64 | repository = "https://github.com/angelorodem/ocpp-rs"
[INFO] [stderr]    |              ----------------------------------------
[INFO] [stderr]    |
[INFO] [stderr]    = note: `cargo::redundant_homepage` is set to `warn` by default
[INFO] [stderr] help: consider removing `package.homepage`
[INFO] [stderr] warning: `ocpp_rs` (manifest) generated 1 warning
[INFO] [stderr]    Compiling ocpp_rs v0.4.2 (/opt/rustwide/workdir)
[INFO] [stderr]     Finished `release` profile [optimized] target(s) in 27.40s
[INFO] running `Command { std: "docker" "inspect" "88cbeb8d7306d6dec3e6f828409023b0129d48ccbf4833df18fc3bc017dceff2", kill_on_drop: false }`
[INFO] running `Command { std: "docker" "exec" "-e" "SOURCE_DIR=/opt/rustwide/workdir" "-e" "CARGO_HOME=/opt/rustwide/cargo-home" "-e" "RUSTUP_HOME=/opt/rustwide/rustup-home" "-e" "CARGO_TARGET_DIR=/opt/rustwide/target" "-e" "CARGO_INCREMENTAL=0" "-e" "RUST_BACKTRACE=full" "-e" "RUSTFLAGS=--cap-lints=warn" "-e" "RUSTDOCFLAGS=--cap-lints=warn" "-w" "/opt/rustwide/workdir" "--user" "0:0" "88cbeb8d7306d6dec3e6f828409023b0129d48ccbf4833df18fc3bc017dceff2" "/opt/rustwide/cargo-home/bin/cargo" "+1.100.0-beta.1" "test" "--frozen" "--release", kill_on_drop: false }`
[INFO] [stderr] warning: `package.homepage` is redundant with `package.repository`
[INFO] [stderr]   --> Cargo.toml:59:12
[INFO] [stderr]    |
[INFO] [stderr] 59 | homepage = "https://github.com/angelorodem/ocpp-rs"
[INFO] [stderr]    |            ^^^^^^^^^^^^^^^^^^^^^^^^^^^^^^^^^^^^^^^^
[INFO] [stderr] ...
[INFO] [stderr] 64 | repository = "https://github.com/angelorodem/ocpp-rs"
[INFO] [stderr]    |              ----------------------------------------
[INFO] [stderr]    |
[INFO] [stderr]    = note: `cargo::redundant_homepage` is set to `warn` by default
[INFO] [stderr] help: consider removing `package.homepage`
[INFO] [stderr] warning: `ocpp_rs` (manifest) generated 1 warning
[INFO] [stderr]     Finished `release` profile [optimized] target(s) in 0.02s
[INFO] [stderr]      Running unittests src/lib.rs (/opt/rustwide/target/release/build/ocpp_rs/06346ba29c65014c/out/ocpp_rs-06346ba29c65014c)
[INFO] [stdout] 
[INFO] [stdout] running 0 tests
[INFO] [stdout] 
[INFO] [stdout] test result: ok. 0 passed; 0 failed; 0 ignored; 0 measured; 0 filtered out; finished in 0.00s
[INFO] [stdout] 
[INFO] [stderr]      Running tests/datetime_features_tests.rs (/opt/rustwide/target/release/build/ocpp_rs/a7d5ec56cdd5cc04/out/datetime_features_tests-a7d5ec56cdd5cc04)
[INFO] [stdout] 
[INFO] [stdout] running 4 tests
[INFO] [stdout] test default_serialize_uses_three_fractional_digits ... ok
[INFO] [stdout] test parses_strict_millis_z ... ok
[INFO] [stdout] test parses_rfc3339_offset ... ok
[INFO] [stdout] test parses_rfc3339_without_fractional_seconds ... ok
[INFO] [stdout] 
[INFO] [stdout] test result: ok. 4 passed; 0 failed; 0 ignored; 0 measured; 0 filtered out; finished in 0.00s
[INFO] [stdout] 
[INFO] [stderr]      Running tests/device_model_catalog_tests.rs (/opt/rustwide/target/release/build/ocpp_rs/5e6040b12bf6de37/out/device_model_catalog_tests-5e6040b12bf6de37)
[INFO] [stdout] 
[INFO] [stdout] running 0 tests
[INFO] [stdout] 
[INFO] [stdout] test result: ok. 0 passed; 0 failed; 0 ignored; 0 measured; 0 filtered out; finished in 0.00s
[INFO] [stdout] 
[INFO] [stderr]      Running tests/f64_canonical_roundtrip.rs (/opt/rustwide/target/release/build/ocpp_rs/2833c0099625564e/out/f64_canonical_roundtrip-2833c0099625564e)
[INFO] [stdout] 
[INFO] [stdout] running 1 test
[INFO] [stdout] test v21_canonical_serialize_stable_after_one_cycle ... ok
[INFO] [stdout] 
[INFO] [stdout] test result: ok. 1 passed; 0 failed; 0 ignored; 0 measured; 0 filtered out; finished in 0.00s
[INFO] [stdout] 
[INFO] [stderr]      Running tests/fuzz_corpus_smoke.rs (/opt/rustwide/target/release/build/ocpp_rs/b417b16581b4c9e4/out/fuzz_corpus_smoke-b417b16581b4c9e4)
[INFO] [stdout] 
[INFO] [stdout] running 2 tests
[INFO] [stdout] test v16_seeds_do_not_panic ... FAILED
[INFO] [stdout] test v21_seeds_do_not_panic ... FAILED
[INFO] [stdout] 
[INFO] [stdout] failures:
[INFO] [stdout] 
[INFO] [stdout] ---- v16_seeds_do_not_panic stdout ----
[INFO] [stdout] 
[INFO] [stdout] thread 'v16_seeds_do_not_panic' (835) panicked at tests/fuzz_corpus_smoke.rs:6:42:
[INFO] [stdout] called `Result::unwrap()` on an `Err` value: Os { code: 2, kind: NotFound, message: "No such file or directory" }
[INFO] [stdout] stack backtrace:
[INFO] [stdout]    0:     0x5d4907610331 - <<std[617be2ca0a6fd877]::sys::backtrace::BacktraceLock>::print::DisplayBacktrace as core[a373ad73a504971]::fmt::Display>::fmt
[INFO] [stdout]    1:     0x5d490762459a - core[a373ad73a504971]::fmt::write
[INFO] [stdout]    2:     0x5d490761481c - <alloc[2e1b2a31b91974c5]::vec::Vec<u8> as core[a373ad73a504971]::io::write::Write>::write_fmt
[INFO] [stdout]    3:     0x5d49075ebf26 - std[617be2ca0a6fd877]::panicking::default_hook::{closure#0}
[INFO] [stdout]    4:     0x5d4907608459 - std[617be2ca0a6fd877]::panicking::default_hook
[INFO] [stdout]    5:     0x5d49075a41b0 - test[aada8e7e76ba119b]::test_main_inner::{closure#0}
[INFO] [stdout]    6:     0x5d4907608612 - std[617be2ca0a6fd877]::panicking::panic_with_hook
[INFO] [stdout]    7:     0x5d49075ebfd2 - std[617be2ca0a6fd877]::panicking::panic_handler::{closure#0}
[INFO] [stdout]    8:     0x5d49075e4ab9 - std[617be2ca0a6fd877]::sys::backtrace::__rust_end_short_backtrace::<std[617be2ca0a6fd877]::panicking::panic_handler::{closure#0}, !>
[INFO] [stdout]    9:     0x5d49075ecbdd - __rustc[ea4f61d10b84890b]::rust_begin_unwind
[INFO] [stdout]   10:     0x5d4907624ccc - core[a373ad73a504971]::panicking::panic_fmt
[INFO] [stdout]   11:     0x5d4907624aa2 - core[a373ad73a504971]::result::unwrap_failed
[INFO] [stdout]   12:     0x5d49073b9755 - <fuzz_corpus_smoke[227fa55f2b2c5b19]::v16_seeds_do_not_panic::{closure#0} as core[a373ad73a504971]::ops::function::FnOnce<()>>::call_once
[INFO] [stdout]   13:     0x5d49075975fb - test[aada8e7e76ba119b]::__rust_begin_short_backtrace::<core[a373ad73a504971]::result::Result<(), alloc[2e1b2a31b91974c5]::string::String>, fn() -> core[a373ad73a504971]::result::Result<(), alloc[2e1b2a31b91974c5]::string::String>>
[INFO] [stderr] error: test failed, to rerun pass `--test fuzz_corpus_smoke`
[INFO] [stdout]   14:     0x5d49075a47d5 - test[aada8e7e76ba119b]::run_test::{closure#0}
[INFO] [stdout]   15:     0x5d490759e0c4 - std[617be2ca0a6fd877]::sys::backtrace::__rust_begin_short_backtrace::<test[aada8e7e76ba119b]::run_test::{closure#1}, ()>
[INFO] [stdout]   16:     0x5d49075a7862 - <std[617be2ca0a6fd877]::thread::lifecycle::spawn_unchecked<test[aada8e7e76ba119b]::run_test::{closure#1}, ()>::{closure#1} as core[a373ad73a504971]::ops::function::FnOnce<()>>::call_once::{shim:vtable#0}
[INFO] [stdout]   17:     0x5d490760f82f - <std[617be2ca0a6fd877]::sys::thread::unix::Thread>::new::thread_start
[INFO] [stdout]   18:     0x7eb2afc25dfa - <unknown>
[INFO] [stdout]   19:     0x7eb2afcb93d4 - clone
[INFO] [stdout]   20:                0x0 - <unknown>
[INFO] [stdout] 
[INFO] [stdout] ---- v21_seeds_do_not_panic stdout ----
[INFO] [stdout] 
[INFO] [stdout] thread 'v21_seeds_do_not_panic' (836) panicked at tests/fuzz_corpus_smoke.rs:22:42:
[INFO] [stdout] called `Result::unwrap()` on an `Err` value: Os { code: 2, kind: NotFound, message: "No such file or directory" }
[INFO] [stdout] stack backtrace:
[INFO] [stdout]    0:     0x5d4907610331 - <<std[617be2ca0a6fd877]::sys::backtrace::BacktraceLock>::print::DisplayBacktrace as core[a373ad73a504971]::fmt::Display>::fmt
[INFO] [stdout]    1:     0x5d490762459a - core[a373ad73a504971]::fmt::write
[INFO] [stdout]    2:     0x5d490761481c - <alloc[2e1b2a31b91974c5]::vec::Vec<u8> as core[a373ad73a504971]::io::write::Write>::write_fmt
[INFO] [stdout]    3:     0x5d49075ebf26 - std[617be2ca0a6fd877]::panicking::default_hook::{closure#0}
[INFO] [stdout]    4:     0x5d4907608459 - std[617be2ca0a6fd877]::panicking::default_hook
[INFO] [stdout]    5:     0x5d49075a41b0 - test[aada8e7e76ba119b]::test_main_inner::{closure#0}
[INFO] [stdout]    6:     0x5d4907608612 - std[617be2ca0a6fd877]::panicking::panic_with_hook
[INFO] [stdout]    7:     0x5d49075ebfd2 - std[617be2ca0a6fd877]::panicking::panic_handler::{closure#0}
[INFO] [stdout]    8:     0x5d49075e4ab9 - std[617be2ca0a6fd877]::sys::backtrace::__rust_end_short_backtrace::<std[617be2ca0a6fd877]::panicking::panic_handler::{closure#0}, !>
[INFO] [stdout]    9:     0x5d49075ecbdd - __rustc[ea4f61d10b84890b]::rust_begin_unwind
[INFO] [stdout]   10:     0x5d4907624ccc - core[a373ad73a504971]::panicking::panic_fmt
[INFO] [stdout]   11:     0x5d4907624aa2 - core[a373ad73a504971]::result::unwrap_failed
[INFO] [stdout]   12:     0x5d49073b9c8e - <fuzz_corpus_smoke[227fa55f2b2c5b19]::v21_seeds_do_not_panic::{closure#0} as core[a373ad73a504971]::ops::function::FnOnce<()>>::call_once
[INFO] [stdout]   13:     0x5d49075975fb - test[aada8e7e76ba119b]::__rust_begin_short_backtrace::<core[a373ad73a504971]::result::Result<(), alloc[2e1b2a31b91974c5]::string::String>, fn() -> core[a373ad73a504971]::result::Result<(), alloc[2e1b2a31b91974c5]::string::String>>
[INFO] [stdout]   14:     0x5d49075a47d5 - test[aada8e7e76ba119b]::run_test::{closure#0}
[INFO] [stdout]   15:     0x5d490759e0c4 - std[617be2ca0a6fd877]::sys::backtrace::__rust_begin_short_backtrace::<test[aada8e7e76ba119b]::run_test::{closure#1}, ()>
[INFO] [stdout]   16:     0x5d49075a7862 - <std[617be2ca0a6fd877]::thread::lifecycle::spawn_unchecked<test[aada8e7e76ba119b]::run_test::{closure#1}, ()>::{closure#1} as core[a373ad73a504971]::ops::function::FnOnce<()>>::call_once::{shim:vtable#0}
[INFO] [stdout]   17:     0x5d490760f82f - <std[617be2ca0a6fd877]::sys::thread::unix::Thread>::new::thread_start
[INFO] [stdout]   18:     0x7eb2afc25dfa - <unknown>
[INFO] [stdout]   19:     0x7eb2afcb93d4 - clone
[INFO] [stdout]   20:                0x0 - <unknown>
[INFO] [stdout] 
[INFO] [stdout] 
[INFO] [stdout] failures:
[INFO] [stdout]     v16_seeds_do_not_panic
[INFO] [stdout]     v21_seeds_do_not_panic
[INFO] [stdout] 
[INFO] [stdout] test result: FAILED. 0 passed; 2 failed; 0 ignored; 0 measured; 0 filtered out; finished in 0.00s
[INFO] [stdout] 
[INFO] running `Command { std: "docker" "inspect" "88cbeb8d7306d6dec3e6f828409023b0129d48ccbf4833df18fc3bc017dceff2", kill_on_drop: false }`
[INFO] running `Command { std: "docker" "rm" "-f" "88cbeb8d7306d6dec3e6f828409023b0129d48ccbf4833df18fc3bc017dceff2", kill_on_drop: false }`
[INFO] [stdout] 88cbeb8d7306d6dec3e6f828409023b0129d48ccbf4833df18fc3bc017dceff2
