[INFO] fetching crate ocpncord-backend-opencode 0.5.3...
[INFO] testing ocpncord-backend-opencode-0.5.3 against 1.99.0-beta.8+cargoflags=--release for beta-release-1.100-2
[INFO] extracting crate ocpncord-backend-opencode 0.5.3 into /workspace/builds/worker-3-tc1/source
[INFO] started tweaking crates.io crate ocpncord-backend-opencode 0.5.3
[INFO] removed 0 missing tests
[INFO] finished tweaking crates.io crate ocpncord-backend-opencode 0.5.3
[INFO] tweaked toml for crates.io crate ocpncord-backend-opencode 0.5.3 written to /workspace/builds/worker-3-tc1/source/Cargo.toml
[INFO] validating manifest of crates.io crate ocpncord-backend-opencode 0.5.3 on toolchain 1.99.0-beta.8
[INFO] running `Command { std: CARGO_HOME="/workspace/cargo-home" RUSTUP_HOME="/workspace/rustup-home" "/workspace/cargo-home/bin/cargo" "+1.99.0-beta.8" "metadata" "--manifest-path" "Cargo.toml" "--no-deps", kill_on_drop: false }`
[INFO] crate crates.io crate ocpncord-backend-opencode 0.5.3 already has a lockfile, it will not be regenerated
[INFO] running `Command { std: CARGO_HOME="/workspace/cargo-home" RUSTUP_HOME="/workspace/rustup-home" "/workspace/cargo-home/bin/cargo" "+1.99.0-beta.8" "fetch" "--manifest-path" "Cargo.toml", kill_on_drop: false }`
[INFO] [stderr]     Updating crates.io index
[INFO] [stderr]  Downloading crates ...
[INFO] [stderr]   Downloaded embedded-tls v0.18.0
[INFO] [stderr]   Downloaded nourl v0.1.4
[INFO] [stderr]   Downloaded embedded-io-async v0.7.0
[INFO] [stderr]   Downloaded embedded-io v0.7.1
[INFO] [stderr]   Downloaded ocpncord-backend v0.5.3
[INFO] [stderr]   Downloaded reqwless v0.14.0
[INFO] [stderr]   Downloaded embedded-nal-async v0.9.0
[INFO] [stderr]   Downloaded buffered-io v0.6.0
[INFO] [stderr]   Downloaded der_derive v0.8.0
[INFO] [stderr]   Downloaded der v0.8.0-rc.10
[INFO] running `Command { std: "docker" "create" "-v" "/var/lib/crater-agent-workspace/builds/worker-3-tc1/source:/opt/rustwide/workdir:ro,Z" "-v" "/var/lib/crater-agent-workspace/builds/worker-3-tc1/target:/opt/rustwide/target:rw,Z" "-v" "/var/lib/crater-agent-workspace/cargo-home:/opt/rustwide/cargo-home:ro,Z" "-v" "/var/lib/crater-agent-workspace/rustup-home:/opt/rustwide/rustup-home:ro,Z" "-m" "1610612736" "--network" "none" "ghcr.io/rust-lang/crates-build-env/linux@sha256:77db811e55d90add9212f6832c23229e3de5f1c1f9905e8cb07319ea15df73ac" "sleep" "infinity", kill_on_drop: false }`
[INFO] [stdout] 5e556cb82d456530a4b7296c12728d8828869557165383855cc2a593ca6d83b7
[INFO] running `Command { std: "docker" "start" "5e556cb82d456530a4b7296c12728d8828869557165383855cc2a593ca6d83b7", kill_on_drop: false }`
[INFO] running `Command { std: "docker" "inspect" "5e556cb82d456530a4b7296c12728d8828869557165383855cc2a593ca6d83b7", kill_on_drop: false }`
[INFO] running `Command { std: "docker" "exec" "-e" "SOURCE_DIR=/opt/rustwide/workdir" "-e" "CARGO_HOME=/opt/rustwide/cargo-home" "-e" "RUSTUP_HOME=/opt/rustwide/rustup-home" "-e" "CARGO_TARGET_DIR=/opt/rustwide/target" "-w" "/opt/rustwide/workdir" "--user" "0:0" "5e556cb82d456530a4b7296c12728d8828869557165383855cc2a593ca6d83b7" "/opt/rustwide/cargo-home/bin/cargo" "+1.99.0-beta.8" "metadata" "--no-deps" "--format-version=1", kill_on_drop: false }`
[INFO] running `Command { std: "docker" "inspect" "5e556cb82d456530a4b7296c12728d8828869557165383855cc2a593ca6d83b7", kill_on_drop: false }`
[INFO] running `Command { std: "docker" "exec" "-e" "SOURCE_DIR=/opt/rustwide/workdir" "-e" "CARGO_HOME=/opt/rustwide/cargo-home" "-e" "RUSTUP_HOME=/opt/rustwide/rustup-home" "-e" "CARGO_TARGET_DIR=/opt/rustwide/target" "-e" "CARGO_INCREMENTAL=0" "-e" "RUST_BACKTRACE=full" "-e" "RUSTFLAGS=--cap-lints=warn" "-e" "RUSTDOCFLAGS=--cap-lints=warn" "-w" "/opt/rustwide/workdir" "--user" "0:0" "5e556cb82d456530a4b7296c12728d8828869557165383855cc2a593ca6d83b7" "/opt/rustwide/cargo-home/bin/cargo" "+1.99.0-beta.8" "build" "--frozen" "--message-format=json" "--release", kill_on_drop: false }`
[INFO] [stderr]    Compiling subtle v2.6.1
[INFO] [stderr]    Compiling embedded-io v0.7.1
[INFO] [stderr]    Compiling der v0.7.10
[INFO] [stderr]    Compiling serde_core v1.0.228
[INFO] [stderr]    Compiling deranged v0.5.8
[INFO] [stderr]    Compiling generic-array v0.12.4
[INFO] [stderr]    Compiling generic-array v0.13.3
[INFO] [stderr]    Compiling portable-atomic v1.13.1
[INFO] [stderr]    Compiling num-conv v0.2.1
[INFO] [stderr]    Compiling curve25519-dalek v4.1.3
[INFO] [stderr]    Compiling time-core v0.1.8
[INFO] [stderr]    Compiling heapless v0.6.1
[INFO] [stderr]    Compiling heapless v0.9.3
[INFO] [stderr]    Compiling generic-array v0.14.9
[INFO] [stderr]    Compiling hash32 v0.1.1
[INFO] [stderr]    Compiling curve25519-dalek-derive v0.1.1
[INFO] [stderr]    Compiling ff v0.13.1
[INFO] [stderr]    Compiling embedded-io-async v0.7.0
[INFO] [stderr]    Compiling der_derive v0.8.0
[INFO] [stderr]    Compiling serde v1.0.228
[INFO] [stderr]    Compiling httparse v1.10.1
[INFO] [stderr]    Compiling serde_json v1.0.149
[INFO] [stderr]    Compiling embedded-nal v0.9.0
[INFO] [stderr]    Compiling group v0.13.0
[INFO] [stderr]    Compiling serde_derive v1.0.228
[INFO] [stderr]    Compiling ppv-lite86 v0.2.21
[INFO] [stderr]    Compiling memchr v2.8.0
[INFO] [stderr]    Compiling buffered-io v0.6.0
[INFO] [stderr]    Compiling embedded-nal-async v0.9.0
[INFO] [stderr]    Compiling base64 v0.21.7
[INFO] [stderr]    Compiling hex v0.4.3
[INFO] [stderr]    Compiling futures-core v0.3.32
[INFO] [stderr]    Compiling nourl v0.1.4
[INFO] [stderr]    Compiling crypto-common v0.1.6
[INFO] [stderr]    Compiling block-buffer v0.10.4
[INFO] [stderr]    Compiling crypto-bigint v0.5.5
[INFO] [stderr]    Compiling inout v0.1.4
[INFO] [stderr]    Compiling as-slice v0.1.5
[INFO] [stderr]    Compiling cipher v0.4.4
[INFO] [stderr]    Compiling universal-hash v0.5.1
[INFO] [stderr]    Compiling aead v0.5.2
[INFO] [stderr]    Compiling digest v0.10.7
[INFO] [stderr]    Compiling rand_chacha v0.3.1
[INFO] [stderr]    Compiling sec1 v0.7.3
[INFO] [stderr]    Compiling polyval v0.6.2
[INFO] [stderr]    Compiling spki v0.7.3
[INFO] [stderr]    Compiling hmac v0.12.1
[INFO] [stderr]    Compiling signature v2.2.0
[INFO] [stderr]    Compiling sha2 v0.10.9
[INFO] [stderr]    Compiling ctr v0.9.2
[INFO] [stderr]    Compiling hkdf v0.12.4
[INFO] [stderr]    Compiling rfc6979 v0.4.0
[INFO] [stderr]    Compiling ed25519 v2.2.3
[INFO] [stderr]    Compiling aes v0.8.4
[INFO] [stderr]    Compiling ghash v0.5.1
[INFO] [stderr]    Compiling pkcs8 v0.10.2
[INFO] [stderr]    Compiling time v0.3.47
[INFO] [stderr]    Compiling aes-gcm v0.10.3
[INFO] [stderr]    Compiling ed25519-dalek v2.2.0
[INFO] [stderr]    Compiling elliptic-curve v0.13.8
[INFO] [stderr]    Compiling der v0.8.0-rc.10
[INFO] [stderr]    Compiling ecdsa v0.16.9
[INFO] [stderr]    Compiling primeorder v0.13.6
[INFO] [stderr]    Compiling p256 v0.13.2
[INFO] [stderr]    Compiling p384 v0.13.1
[INFO] [stderr]    Compiling embedded-tls v0.18.0
[INFO] [stderr]    Compiling ocpncord-backend v0.5.3
[INFO] [stderr]    Compiling reqwless v0.14.0
[INFO] [stderr]    Compiling ocpncord-backend-opencode v0.5.3 (/opt/rustwide/workdir)
[INFO] [stderr]     Finished `release` profile [optimized] target(s) in 9.29s
[INFO] running `Command { std: "docker" "inspect" "5e556cb82d456530a4b7296c12728d8828869557165383855cc2a593ca6d83b7", kill_on_drop: false }`
[INFO] running `Command { std: "docker" "exec" "-e" "SOURCE_DIR=/opt/rustwide/workdir" "-e" "CARGO_HOME=/opt/rustwide/cargo-home" "-e" "RUSTUP_HOME=/opt/rustwide/rustup-home" "-e" "CARGO_TARGET_DIR=/opt/rustwide/target" "-e" "CARGO_INCREMENTAL=0" "-e" "RUST_BACKTRACE=full" "-e" "RUSTFLAGS=--cap-lints=warn" "-e" "RUSTDOCFLAGS=--cap-lints=warn" "-w" "/opt/rustwide/workdir" "--user" "0:0" "5e556cb82d456530a4b7296c12728d8828869557165383855cc2a593ca6d83b7" "/opt/rustwide/cargo-home/bin/cargo" "+1.99.0-beta.8" "test" "--frozen" "--no-run" "--message-format=json" "--release", kill_on_drop: false }`
[INFO] [stderr]    Compiling embedded-io v0.7.1
[INFO] [stderr]    Compiling futures-sink v0.3.32
[INFO] [stderr]    Compiling slab v0.4.12
[INFO] [stderr]    Compiling futures-task v0.3.32
[INFO] [stderr]    Compiling tokio-macros v2.7.0
[INFO] [stderr]    Compiling socket2 v0.6.3
[INFO] [stderr]    Compiling mio v1.2.0
[INFO] [stderr]    Compiling futures-io v0.3.32
[INFO] [stderr]    Compiling futures-channel v0.3.32
[INFO] [stderr]    Compiling embedded-io-async v0.7.0
[INFO] [stderr]    Compiling futures-util v0.3.32
[INFO] [stderr]    Compiling buffered-io v0.6.0
[INFO] [stderr]    Compiling embedded-tls v0.18.0
[INFO] [stderr]    Compiling embedded-nal-async v0.9.0
[INFO] [stderr]    Compiling tokio v1.52.3
[INFO] [stderr]    Compiling reqwless v0.14.0
[INFO] [stderr]    Compiling ocpncord-backend-opencode v0.5.3 (/opt/rustwide/workdir)
[INFO] [stderr]    Compiling futures v0.3.32
[INFO] [stderr]     Finished `release` profile [optimized] target(s) in 10.92s
[INFO] running `Command { std: "docker" "inspect" "5e556cb82d456530a4b7296c12728d8828869557165383855cc2a593ca6d83b7", kill_on_drop: false }`
[INFO] running `Command { std: "docker" "exec" "-e" "SOURCE_DIR=/opt/rustwide/workdir" "-e" "CARGO_HOME=/opt/rustwide/cargo-home" "-e" "RUSTUP_HOME=/opt/rustwide/rustup-home" "-e" "CARGO_TARGET_DIR=/opt/rustwide/target" "-e" "CARGO_INCREMENTAL=0" "-e" "RUST_BACKTRACE=full" "-e" "RUSTFLAGS=--cap-lints=warn" "-e" "RUSTDOCFLAGS=--cap-lints=warn" "-w" "/opt/rustwide/workdir" "--user" "0:0" "5e556cb82d456530a4b7296c12728d8828869557165383855cc2a593ca6d83b7" "/opt/rustwide/cargo-home/bin/cargo" "+1.99.0-beta.8" "test" "--frozen" "--release", kill_on_drop: false }`
[INFO] [stderr]     Finished `release` profile [optimized] target(s) in 0.07s
[INFO] [stderr]      Running unittests src/lib.rs (/opt/rustwide/target/release/deps/ocpncord_backend_opencode-b49f5c3d79ce71d8)
[INFO] [stdout] 
[INFO] [stdout] running 57 tests
[INFO] [stdout] test buffered::tests::empty_caller_buf_returns_zero_without_inner_read ... ok
[INFO] [stdout] test buffered::tests::coalesces_byte_reads ... ok
[INFO] [stdout] test buffered::tests::serves_partial_then_refills ... ok
[INFO] [stdout] test buffered::tests::large_read_bypasses_buffer ... ok
[INFO] [stdout] test stream::tests::parse_command_executed ... ok
[INFO] [stdout] test stream::tests::parse_file_edited ... ok
[INFO] [stdout] test stream::tests::parse_installation_update ... ok
[INFO] [stdout] test stream::tests::parse_lsp_diagnostics ... ok
[INFO] [stdout] test stream::tests::parse_mcp_tools_changed ... ok
[INFO] [stdout] test stream::tests::parse_global_disposed ... ok
[INFO] [stdout] test stream::tests::parse_multiple_events ... ok
[INFO] [stdout] test stream::tests::parse_message_updated_for_assistant_message ... ok
[INFO] [stdout] test stream::tests::parse_no_events_for_empty_body ... ok
[INFO] [stdout] test stream::tests::parse_permission_asked ... ok
[INFO] [stdout] test stream::tests::parse_pty_created ... ok
[INFO] [stdout] test stream::tests::parse_question_asked ... ok
[INFO] [stdout] test stream::tests::parse_question_replied_with_nested_answers ... ok
[INFO] [stdout] test stream::tests::parse_server_connected ... ok
[INFO] [stdout] test stream::tests::parse_session_created ... ok
[INFO] [stdout] test stream::tests::parse_session_deleted ... ok
[INFO] [stdout] test stream::tests::parse_session_error ... ok
[INFO] [stdout] test stream::tests::parse_session_idle ... ok
[INFO] [stdout] test stream::tests::parse_session_status_busy ... ok
[INFO] [stdout] test stream::tests::parse_session_status_idle ... ok
[INFO] [stdout] test stream::tests::parse_session_status_retry ... ok
[INFO] [stdout] test stream::tests::parse_text_part ... ok
[INFO] [stdout] test stream::tests::parse_sync_history_record_with_cursor ... ok
[INFO] [stdout] test stream::tests::parse_todo_updated ... ok
[INFO] [stdout] test stream::tests::parse_tui_toast ... ok
[INFO] [stdout] test stream::tests::parse_tool_part ... ok
[INFO] [stdout] test stream::tests::parse_workspace_ready ... ok
[INFO] [stdout] test stream::tests::parse_user_message_updated_produces_transcript_event ... ok
[INFO] [stdout] test stream::tests::parse_wrapped_and_bus_events_interleaved ... ok
[INFO] [stdout] test stream::tests::parse_wrapped_message_part_removed ... ok
[INFO] [stdout] test stream::tests::parse_wrapped_message_part_updated_text ... ok
[INFO] [stdout] test stream::tests::parse_wrapped_session_created ... ok
[INFO] [stdout] test stream::tests::parse_wrapped_message_updated_as_transcript_event ... ok
[INFO] [stdout] test tests::config_provider_models_include_opencode_zen_entries ... ok
[INFO] [stdout] test tests::model_list_parses_compact_fields_and_ignores_heavy_payloads ... ok
[INFO] [stdout] test tests::list_models_prefers_config_providers_endpoint ... ok
[INFO] [stdout] test tests::reject_question_uses_request_id_route_without_body ... ok
[INFO] [stdout] test tests::list_models_falls_back_to_api_model_on_404 ... ok
[INFO] [stdout] test tests::list_models_reads_config_providers_response_larger_than_header_buffer ... ok
[INFO] [stdout] test tests::server_auth_is_omitted_when_not_configured ... ok
[INFO] [stdout] test tests::server_auth_uses_custom_username_for_health ... ok
[INFO] [stdout] test tests::subscribe_live_uses_global_event_endpoint ... ok
[INFO] [stdout] test tests::submit_command_returns_created_message_receipt ... ok
[INFO] [stdout] test tests::subscribe_live_sends_server_auth_header ... ok
[INFO] [stdout] test tests::subscribe_yields_event_before_connection_closes ... ok
[INFO] [stdout] test tests::sync_history_uses_instance_scope_query ... ok
[INFO] [stdout] test tests::submit_prompt_uses_async_route_and_returns_accepted_receipt ... ok
[INFO] [stdout] test tests::reads_chunked_response_on_keepalive_connection ... ok
[INFO] [stdout] test tests::reply_question_uses_request_id_route_and_nested_answers_body ... ok
[INFO] [stdout] test tests::reply_permission_uses_request_id_route_and_json_body ... ok
[INFO] [stdout] test tests::sync_history_parses_sync_records ... ok
[INFO] [stdout] test tests::server_auth_uses_default_username_for_health ... ok
[INFO] [stdout] test tests::list_models_does_not_fallback_on_malformed_config_providers_response ... ok
[INFO] [stdout] 
[INFO] [stdout] test result: ok. 57 passed; 0 failed; 0 ignored; 0 measured; 0 filtered out; finished in 0.50s
[INFO] [stdout] 
[INFO] [stderr]      Running tests/integration.rs (/opt/rustwide/target/release/deps/integration-f545ceb6d22f76ae)
[INFO] [stdout] 
[INFO] [stdout] running 14 tests
[INFO] [stdout] test subscribe_connects ... ok
[INFO] [stdout] test set_auth ... FAILED
[INFO] [stdout] test get_config ... FAILED
[INFO] [stdout] test update_session ... FAILED
[INFO] [stdout] test full_roundtrip ... FAILED
[INFO] [stdout] test create_and_get_session ... FAILED
[INFO] [stdout] test abort_session ... FAILED
[INFO] [stdout] test children_sessions ... FAILED
[INFO] [stdout] test prompt_and_messages ... FAILED
[INFO] [stdout] test send_command ... FAILED
[INFO] [stdout] test health ... FAILED
[INFO] [stdout] test delete_session ... FAILED
[INFO] [stdout] test find_text ... FAILED
[INFO] [stdout] test list_sessions ... FAILED
[INFO] [stdout] 
[INFO] [stdout] failures:
[INFO] [stdout] 
[INFO] [stderr] error: test failed, to rerun pass `--test integration`
[INFO] [stdout] ---- set_auth stdout ----
[INFO] [stdout] 
[INFO] [stdout] thread 'set_auth' (1591) panicked at tests/integration.rs:205:10:
[INFO] [stdout] set auth should succeed: Connection { message: "Network(ConnectionRefused)" }
[INFO] [stdout] stack backtrace:
[INFO] [stdout]    0:     0x6288032273a1 - <<std[70759c8f55707aa4]::sys::backtrace::BacktraceLock>::print::DisplayBacktrace as core[df12db4294e9bfd3]::fmt::Display>::fmt
[INFO] [stdout]    1:     0x62880323bf2a - core[df12db4294e9bfd3]::fmt::write
[INFO] [stdout]    2:     0x62880322bbcc - <alloc[2182bb758b4b3781]::vec::Vec<u8> as core[df12db4294e9bfd3]::io::write::Write>::write_fmt
[INFO] [stdout]    3:     0x628803202ef6 - std[70759c8f55707aa4]::panicking::default_hook::{closure#0}
[INFO] [stdout]    4:     0x62880321f6a9 - std[70759c8f55707aa4]::panicking::default_hook
[INFO] [stdout]    5:     0x6288030d4f30 - test[9d35eded1c95d3be]::test_main_inner::<test[9d35eded1c95d3be]::test_main_static::{closure#0}>::{closure#0}
[INFO] [stdout]    6:     0x62880321f862 - std[70759c8f55707aa4]::panicking::panic_with_hook
[INFO] [stdout]    7:     0x628803202fa2 - std[70759c8f55707aa4]::panicking::panic_handler::{closure#0}
[INFO] [stdout]    8:     0x6288031fbc79 - std[70759c8f55707aa4]::sys::backtrace::__rust_end_short_backtrace::<std[70759c8f55707aa4]::panicking::panic_handler::{closure#0}, !>
[INFO] [stdout]    9:     0x628803203d8d - __rustc[8fa7c3cbc660c2b3]::rust_begin_unwind
[INFO] [stdout]   10:     0x62880323c68c - core[df12db4294e9bfd3]::panicking::panic_fmt
[INFO] [stdout]   11:     0x62880323c462 - core[df12db4294e9bfd3]::result::unwrap_failed
[INFO] [stdout]   12:     0x628803053c9c - integration[e78b6b014f96fc08]::set_auth::{closure#0}
[INFO] [stdout]   13:     0x6288030c3813 - <tokio[c8952b9032302d18]::runtime::scheduler::current_thread::Context>::enter::<core[df12db4294e9bfd3]::task::poll::Poll<()>, <tokio[c8952b9032302d18]::runtime::scheduler::current_thread::CoreGuard>::block_on<core[df12db4294e9bfd3]::pin::Pin<&mut core[df12db4294e9bfd3]::pin::Pin<&mut dyn core[df12db4294e9bfd3]::future::future::Future<Output = ()>>>>::{closure#0}::{closure#0}>
[INFO] [stdout]   14:     0x6288030a665c - <tokio[c8952b9032302d18]::runtime::context::scoped::Scoped<tokio[c8952b9032302d18]::runtime::scheduler::Context>>::set::<<tokio[c8952b9032302d18]::runtime::scheduler::current_thread::CoreGuard>::enter<<tokio[c8952b9032302d18]::runtime::scheduler::current_thread::CoreGuard>::block_on<core[df12db4294e9bfd3]::pin::Pin<&mut core[df12db4294e9bfd3]::pin::Pin<&mut dyn core[df12db4294e9bfd3]::future::future::Future<Output = ()>>>>::{closure#0}, core[df12db4294e9bfd3]::option::Option<()>>::{closure#0}, (alloc[2182bb758b4b3781]::boxed::Box<tokio[c8952b9032302d18]::runtime::scheduler::current_thread::Core>, core[df12db4294e9bfd3]::option::Option<()>)>
[INFO] [stdout]   15:     0x6288030c3b67 - <tokio[c8952b9032302d18]::runtime::scheduler::current_thread::CoreGuard>::block_on::<core[df12db4294e9bfd3]::pin::Pin<&mut core[df12db4294e9bfd3]::pin::Pin<&mut dyn core[df12db4294e9bfd3]::future::future::Future<Output = ()>>>>
[INFO] [stdout]   16:     0x6288030aa98d - tokio[c8952b9032302d18]::runtime::context::runtime::enter_runtime::<<tokio[c8952b9032302d18]::runtime::scheduler::current_thread::CurrentThread>::block_on<core[df12db4294e9bfd3]::pin::Pin<&mut dyn core[df12db4294e9bfd3]::future::future::Future<Output = ()>>>::{closure#0}, ()>
[INFO] [stdout]   17:     0x6288030c36f5 - <tokio[c8952b9032302d18]::runtime::runtime::Runtime>::block_on::<core[df12db4294e9bfd3]::pin::Pin<&mut dyn core[df12db4294e9bfd3]::future::future::Future<Output = ()>>>
[INFO] [stdout]   18:     0x628803062eaa - <integration[e78b6b014f96fc08]::set_auth::{closure#0} as core[df12db4294e9bfd3]::ops::function::FnOnce<()>>::call_once
[INFO] [stdout]   19:     0x6288030c821b - test[9d35eded1c95d3be]::__rust_begin_short_backtrace::<core[df12db4294e9bfd3]::result::Result<(), alloc[2182bb758b4b3781]::string::String>, fn() -> core[df12db4294e9bfd3]::result::Result<(), alloc[2182bb758b4b3781]::string::String>>
[INFO] [stdout]   20:     0x6288030d5885 - test[9d35eded1c95d3be]::run_test::{closure#0}
[INFO] [stdout]   21:     0x6288030cf144 - std[70759c8f55707aa4]::sys::backtrace::__rust_begin_short_backtrace::<test[9d35eded1c95d3be]::run_test::{closure#1}, ()>
[INFO] [stdout]   22:     0x6288030d89e2 - <std[70759c8f55707aa4]::thread::lifecycle::spawn_unchecked<test[9d35eded1c95d3be]::run_test::{closure#1}, ()>::{closure#1} as core[df12db4294e9bfd3]::ops::function::FnOnce<()>>::call_once::{shim:vtable#0}
[INFO] [stdout]   23:     0x628803226909 - <std[70759c8f55707aa4]::sys::thread::unix::Thread>::new::thread_start
[INFO] [stdout]   24:     0x7832ccfbadfa - <unknown>
[INFO] [stdout]   25:     0x7832cd04e3d4 - clone
[INFO] [stdout]   26:                0x0 - <unknown>
[INFO] [stdout] 
[INFO] [stdout] ---- get_config stdout ----
[INFO] [stdout] 
[INFO] [stdout] thread 'get_config' (1580) panicked at tests/integration.rs:195:39:
[INFO] [stdout] get config should succeed: Connection { message: "Network(ConnectionRefused)" }
[INFO] [stdout] stack backtrace:
[INFO] [stdout]    0:     0x6288032273a1 - <<std[70759c8f55707aa4]::sys::backtrace::BacktraceLock>::print::DisplayBacktrace as core[df12db4294e9bfd3]::fmt::Display>::fmt
[INFO] [stdout]    1:     0x62880323bf2a - core[df12db4294e9bfd3]::fmt::write
[INFO] [stdout]    2:     0x62880322bbcc - <alloc[2182bb758b4b3781]::vec::Vec<u8> as core[df12db4294e9bfd3]::io::write::Write>::write_fmt
[INFO] [stdout]    3:     0x628803202ef6 - std[70759c8f55707aa4]::panicking::default_hook::{closure#0}
[INFO] [stdout]    4:     0x62880321f6a9 - std[70759c8f55707aa4]::panicking::default_hook
[INFO] [stdout]    5:     0x6288030d4f30 - test[9d35eded1c95d3be]::test_main_inner::<test[9d35eded1c95d3be]::test_main_static::{closure#0}>::{closure#0}
[INFO] [stdout]    6:     0x62880321f862 - std[70759c8f55707aa4]::panicking::panic_with_hook
[INFO] [stdout]    7:     0x628803202fa2 - std[70759c8f55707aa4]::panicking::panic_handler::{closure#0}
[INFO] [stdout]    8:     0x6288031fbc79 - std[70759c8f55707aa4]::sys::backtrace::__rust_end_short_backtrace::<std[70759c8f55707aa4]::panicking::panic_handler::{closure#0}, !>
[INFO] [stdout]    9:     0x628803203d8d - __rustc[8fa7c3cbc660c2b3]::rust_begin_unwind
[INFO] [stdout]   10:     0x62880323c68c - core[df12db4294e9bfd3]::panicking::panic_fmt
[INFO] [stdout]   11:     0x62880323c462 - core[df12db4294e9bfd3]::result::unwrap_failed
[INFO] [stdout]   12:     0x62880304dc1a - integration[e78b6b014f96fc08]::get_config::{closure#0}
[INFO] [stdout]   13:     0x6288030c3813 - <tokio[c8952b9032302d18]::runtime::scheduler::current_thread::Context>::enter::<core[df12db4294e9bfd3]::task::poll::Poll<()>, <tokio[c8952b9032302d18]::runtime::scheduler::current_thread::CoreGuard>::block_on<core[df12db4294e9bfd3]::pin::Pin<&mut core[df12db4294e9bfd3]::pin::Pin<&mut dyn core[df12db4294e9bfd3]::future::future::Future<Output = ()>>>>::{closure#0}::{closure#0}>
[INFO] [stdout]   14:     0x6288030a665c - <tokio[c8952b9032302d18]::runtime::context::scoped::Scoped<tokio[c8952b9032302d18]::runtime::scheduler::Context>>::set::<<tokio[c8952b9032302d18]::runtime::scheduler::current_thread::CoreGuard>::enter<<tokio[c8952b9032302d18]::runtime::scheduler::current_thread::CoreGuard>::block_on<core[df12db4294e9bfd3]::pin::Pin<&mut core[df12db4294e9bfd3]::pin::Pin<&mut dyn core[df12db4294e9bfd3]::future::future::Future<Output = ()>>>>::{closure#0}, core[df12db4294e9bfd3]::option::Option<()>>::{closure#0}, (alloc[2182bb758b4b3781]::boxed::Box<tokio[c8952b9032302d18]::runtime::scheduler::current_thread::Core>, core[df12db4294e9bfd3]::option::Option<()>)>
[INFO] [stdout]   15:     0x6288030c3b67 - <tokio[c8952b9032302d18]::runtime::scheduler::current_thread::CoreGuard>::block_on::<core[df12db4294e9bfd3]::pin::Pin<&mut core[df12db4294e9bfd3]::pin::Pin<&mut dyn core[df12db4294e9bfd3]::future::future::Future<Output = ()>>>>
[INFO] [stdout]   16:     0x6288030aa98d - tokio[c8952b9032302d18]::runtime::context::runtime::enter_runtime::<<tokio[c8952b9032302d18]::runtime::scheduler::current_thread::CurrentThread>::block_on<core[df12db4294e9bfd3]::pin::Pin<&mut dyn core[df12db4294e9bfd3]::future::future::Future<Output = ()>>>::{closure#0}, ()>
[INFO] [stdout]   17:     0x6288030c36f5 - <tokio[c8952b9032302d18]::runtime::runtime::Runtime>::block_on::<core[df12db4294e9bfd3]::pin::Pin<&mut dyn core[df12db4294e9bfd3]::future::future::Future<Output = ()>>>
[INFO] [stdout]   18:     0x628803061b7a - <integration[e78b6b014f96fc08]::get_config::{closure#0} as core[df12db4294e9bfd3]::ops::function::FnOnce<()>>::call_once
[INFO] [stdout]   19:     0x6288030c821b - test[9d35eded1c95d3be]::__rust_begin_short_backtrace::<core[df12db4294e9bfd3]::result::Result<(), alloc[2182bb758b4b3781]::string::String>, fn() -> core[df12db4294e9bfd3]::result::Result<(), alloc[2182bb758b4b3781]::string::String>>
[INFO] [stdout]   20:     0x6288030d5885 - test[9d35eded1c95d3be]::run_test::{closure#0}
[INFO] [stdout]   21:     0x6288030cf144 - std[70759c8f55707aa4]::sys::backtrace::__rust_begin_short_backtrace::<test[9d35eded1c95d3be]::run_test::{closure#1}, ()>
[INFO] [stdout]   22:     0x6288030d89e2 - <std[70759c8f55707aa4]::thread::lifecycle::spawn_unchecked<test[9d35eded1c95d3be]::run_test::{closure#1}, ()>::{closure#1} as core[df12db4294e9bfd3]::ops::function::FnOnce<()>>::call_once::{shim:vtable#0}
[INFO] [stdout]   23:     0x628803226909 - <std[70759c8f55707aa4]::sys::thread::unix::Thread>::new::thread_start
[INFO] [stdout]   24:     0x7832ccfbadfa - <unknown>
[INFO] [stdout]   25:     0x7832cd04e3d4 - clone
[INFO] [stdout]   26:                0x0 - <unknown>
[INFO] [stdout] 
[INFO] [stdout] ---- update_session stdout ----
[INFO] [stdout] 
[INFO] [stdout] thread 'update_session' (1595) panicked at tests/integration.rs:149:59:
[INFO] [stdout] called `Result::unwrap()` on an `Err` value: Connection { message: "Network(ConnectionRefused)" }
[INFO] [stdout] stack backtrace:
[INFO] [stdout]    0:     0x6288032273a1 - <<std[70759c8f55707aa4]::sys::backtrace::BacktraceLock>::print::DisplayBacktrace as core[df12db4294e9bfd3]::fmt::Display>::fmt
[INFO] [stdout]    1:     0x62880323bf2a - core[df12db4294e9bfd3]::fmt::write
[INFO] [stdout]    2:     0x62880322bbcc - <alloc[2182bb758b4b3781]::vec::Vec<u8> as core[df12db4294e9bfd3]::io::write::Write>::write_fmt
[INFO] [stdout]    3:     0x628803202ef6 - std[70759c8f55707aa4]::panicking::default_hook::{closure#0}
[INFO] [stdout]    4:     0x62880321f6a9 - std[70759c8f55707aa4]::panicking::default_hook
[INFO] [stdout]    5:     0x6288030d4f30 - test[9d35eded1c95d3be]::test_main_inner::<test[9d35eded1c95d3be]::test_main_static::{closure#0}>::{closure#0}
[INFO] [stdout]    6:     0x62880321f862 - std[70759c8f55707aa4]::panicking::panic_with_hook
[INFO] [stdout]    7:     0x628803202fa2 - std[70759c8f55707aa4]::panicking::panic_handler::{closure#0}
[INFO] [stdout]    8:     0x6288031fbc79 - std[70759c8f55707aa4]::sys::backtrace::__rust_end_short_backtrace::<std[70759c8f55707aa4]::panicking::panic_handler::{closure#0}, !>
[INFO] [stdout]    9:     0x628803203d8d - __rustc[8fa7c3cbc660c2b3]::rust_begin_unwind
[INFO] [stdout]   10:     0x62880323c68c - core[df12db4294e9bfd3]::panicking::panic_fmt
[INFO] [stdout]   11:     0x62880323c462 - core[df12db4294e9bfd3]::result::unwrap_failed
[INFO] [stdout]   12:     0x628803050f20 - integration[e78b6b014f96fc08]::update_session::{closure#0}
[INFO] [stdout]   13:     0x6288030c3813 - <tokio[c8952b9032302d18]::runtime::scheduler::current_thread::Context>::enter::<core[df12db4294e9bfd3]::task::poll::Poll<()>, <tokio[c8952b9032302d18]::runtime::scheduler::current_thread::CoreGuard>::block_on<core[df12db4294e9bfd3]::pin::Pin<&mut core[df12db4294e9bfd3]::pin::Pin<&mut dyn core[df12db4294e9bfd3]::future::future::Future<Output = ()>>>>::{closure#0}::{closure#0}>
[INFO] [stdout]   14:     0x6288030a665c - <tokio[c8952b9032302d18]::runtime::context::scoped::Scoped<tokio[c8952b9032302d18]::runtime::scheduler::Context>>::set::<<tokio[c8952b9032302d18]::runtime::scheduler::current_thread::CoreGuard>::enter<<tokio[c8952b9032302d18]::runtime::scheduler::current_thread::CoreGuard>::block_on<core[df12db4294e9bfd3]::pin::Pin<&mut core[df12db4294e9bfd3]::pin::Pin<&mut dyn core[df12db4294e9bfd3]::future::future::Future<Output = ()>>>>::{closure#0}, core[df12db4294e9bfd3]::option::Option<()>>::{closure#0}, (alloc[2182bb758b4b3781]::boxed::Box<tokio[c8952b9032302d18]::runtime::scheduler::current_thread::Core>, core[df12db4294e9bfd3]::option::Option<()>)>
[INFO] [stdout]   15:     0x6288030c3b67 - <tokio[c8952b9032302d18]::runtime::scheduler::current_thread::CoreGuard>::block_on::<core[df12db4294e9bfd3]::pin::Pin<&mut core[df12db4294e9bfd3]::pin::Pin<&mut dyn core[df12db4294e9bfd3]::future::future::Future<Output = ()>>>>
[INFO] [stdout]   16:     0x6288030aa98d - tokio[c8952b9032302d18]::runtime::context::runtime::enter_runtime::<<tokio[c8952b9032302d18]::runtime::scheduler::current_thread::CurrentThread>::block_on<core[df12db4294e9bfd3]::pin::Pin<&mut dyn core[df12db4294e9bfd3]::future::future::Future<Output = ()>>>::{closure#0}, ()>
[INFO] [stdout]   17:     0x6288030c36f5 - <tokio[c8952b9032302d18]::runtime::runtime::Runtime>::block_on::<core[df12db4294e9bfd3]::pin::Pin<&mut dyn core[df12db4294e9bfd3]::future::future::Future<Output = ()>>>
[INFO] [stdout]   18:     0x6288030624da - <integration[e78b6b014f96fc08]::update_session::{closure#0} as core[df12db4294e9bfd3]::ops::function::FnOnce<()>>::call_once
[INFO] [stdout]   19:     0x6288030c821b - test[9d35eded1c95d3be]::__rust_begin_short_backtrace::<core[df12db4294e9bfd3]::result::Result<(), alloc[2182bb758b4b3781]::string::String>, fn() -> core[df12db4294e9bfd3]::result::Result<(), alloc[2182bb758b4b3781]::string::String>>
[INFO] [stdout]   20:     0x6288030d5885 - test[9d35eded1c95d3be]::run_test::{closure#0}
[INFO] [stdout]   21:     0x6288030cf144 - std[70759c8f55707aa4]::sys::backtrace::__rust_begin_short_backtrace::<test[9d35eded1c95d3be]::run_test::{closure#1}, ()>
[INFO] [stdout]   22:     0x6288030d89e2 - <std[70759c8f55707aa4]::thread::lifecycle::spawn_unchecked<test[9d35eded1c95d3be]::run_test::{closure#1}, ()>::{closure#1} as core[df12db4294e9bfd3]::ops::function::FnOnce<()>>::call_once::{shim:vtable#0}
[INFO] [stdout]   23:     0x628803226909 - <std[70759c8f55707aa4]::sys::thread::unix::Thread>::new::thread_start
[INFO] [stdout]   24:     0x7832ccfbadfa - <unknown>
[INFO] [stdout]   25:     0x7832cd04e3d4 - clone
[INFO] [stdout]   26:                0x0 - <unknown>
[INFO] [stdout] 
[INFO] [stdout] ---- full_roundtrip stdout ----
[INFO] [stdout] 
[INFO] [stdout] thread 'full_roundtrip' (1579) panicked at tests/integration.rs:316:30:
[INFO] [stdout] called `Result::unwrap()` on an `Err` value: Connection { message: "Network(ConnectionRefused)" }
[INFO] [stdout] stack backtrace:
[INFO] [stdout]    0:     0x6288032273a1 - <<std[70759c8f55707aa4]::sys::backtrace::BacktraceLock>::print::DisplayBacktrace as core[df12db4294e9bfd3]::fmt::Display>::fmt
[INFO] [stdout]    1:     0x62880323bf2a - core[df12db4294e9bfd3]::fmt::write
[INFO] [stdout]    2:     0x62880322bbcc - <alloc[2182bb758b4b3781]::vec::Vec<u8> as core[df12db4294e9bfd3]::io::write::Write>::write_fmt
[INFO] [stdout]    3:     0x628803202ef6 - std[70759c8f55707aa4]::panicking::default_hook::{closure#0}
[INFO] [stdout]    4:     0x62880321f6a9 - std[70759c8f55707aa4]::panicking::default_hook
[INFO] [stdout]    5:     0x6288030d4f30 - test[9d35eded1c95d3be]::test_main_inner::<test[9d35eded1c95d3be]::test_main_static::{closure#0}>::{closure#0}
[INFO] [stdout]    6:     0x62880321f862 - std[70759c8f55707aa4]::panicking::panic_with_hook
[INFO] [stdout]    7:     0x628803202fa2 - std[70759c8f55707aa4]::panicking::panic_handler::{closure#0}
[INFO] [stdout]    8:     0x6288031fbc79 - std[70759c8f55707aa4]::sys::backtrace::__rust_end_short_backtrace::<std[70759c8f55707aa4]::panicking::panic_handler::{closure#0}, !>
[INFO] [stdout]    9:     0x628803203d8d - __rustc[8fa7c3cbc660c2b3]::rust_begin_unwind
[INFO] [stdout]   10:     0x62880323c68c - core[df12db4294e9bfd3]::panicking::panic_fmt
[INFO] [stdout]   11:     0x62880323c462 - core[df12db4294e9bfd3]::result::unwrap_failed
[INFO] [stdout]   12:     0x62880305081e - integration[e78b6b014f96fc08]::full_roundtrip::{closure#0}
[INFO] [stdout]   13:     0x6288030c3813 - <tokio[c8952b9032302d18]::runtime::scheduler::current_thread::Context>::enter::<core[df12db4294e9bfd3]::task::poll::Poll<()>, <tokio[c8952b9032302d18]::runtime::scheduler::current_thread::CoreGuard>::block_on<core[df12db4294e9bfd3]::pin::Pin<&mut core[df12db4294e9bfd3]::pin::Pin<&mut dyn core[df12db4294e9bfd3]::future::future::Future<Output = ()>>>>::{closure#0}::{closure#0}>
[INFO] [stdout]   14:     0x6288030a665c - <tokio[c8952b9032302d18]::runtime::context::scoped::Scoped<tokio[c8952b9032302d18]::runtime::scheduler::Context>>::set::<<tokio[c8952b9032302d18]::runtime::scheduler::current_thread::CoreGuard>::enter<<tokio[c8952b9032302d18]::runtime::scheduler::current_thread::CoreGuard>::block_on<core[df12db4294e9bfd3]::pin::Pin<&mut core[df12db4294e9bfd3]::pin::Pin<&mut dyn core[df12db4294e9bfd3]::future::future::Future<Output = ()>>>>::{closure#0}, core[df12db4294e9bfd3]::option::Option<()>>::{closure#0}, (alloc[2182bb758b4b3781]::boxed::Box<tokio[c8952b9032302d18]::runtime::scheduler::current_thread::Core>, core[df12db4294e9bfd3]::option::Option<()>)>
[INFO] [stdout]   15:     0x6288030c3b67 - <tokio[c8952b9032302d18]::runtime::scheduler::current_thread::CoreGuard>::block_on::<core[df12db4294e9bfd3]::pin::Pin<&mut core[df12db4294e9bfd3]::pin::Pin<&mut dyn core[df12db4294e9bfd3]::future::future::Future<Output = ()>>>>
[INFO] [stdout]   16:     0x6288030aa98d - tokio[c8952b9032302d18]::runtime::context::runtime::enter_runtime::<<tokio[c8952b9032302d18]::runtime::scheduler::current_thread::CurrentThread>::block_on<core[df12db4294e9bfd3]::pin::Pin<&mut dyn core[df12db4294e9bfd3]::future::future::Future<Output = ()>>>::{closure#0}, ()>
[INFO] [stdout]   17:     0x6288030c36f5 - <tokio[c8952b9032302d18]::runtime::runtime::Runtime>::block_on::<core[df12db4294e9bfd3]::pin::Pin<&mut dyn core[df12db4294e9bfd3]::future::future::Future<Output = ()>>>
[INFO] [stdout]   18:     0x62880306234a - <integration[e78b6b014f96fc08]::full_roundtrip::{closure#0} as core[df12db4294e9bfd3]::ops::function::FnOnce<()>>::call_once
[INFO] [stdout]   19:     0x6288030c821b - test[9d35eded1c95d3be]::__rust_begin_short_backtrace::<core[df12db4294e9bfd3]::result::Result<(), alloc[2182bb758b4b3781]::string::String>, fn() -> core[df12db4294e9bfd3]::result::Result<(), alloc[2182bb758b4b3781]::string::String>>
[INFO] [stdout]   20:     0x6288030d5885 - test[9d35eded1c95d3be]::run_test::{closure#0}
[INFO] [stdout]   21:     0x6288030cf144 - std[70759c8f55707aa4]::sys::backtrace::__rust_begin_short_backtrace::<test[9d35eded1c95d3be]::run_test::{closure#1}, ()>
[INFO] [stdout]   22:     0x6288030d89e2 - <std[70759c8f55707aa4]::thread::lifecycle::spawn_unchecked<test[9d35eded1c95d3be]::run_test::{closure#1}, ()>::{closure#1} as core[df12db4294e9bfd3]::ops::function::FnOnce<()>>::call_once::{shim:vtable#0}
[INFO] [stdout]   23:     0x628803226909 - <std[70759c8f55707aa4]::sys::thread::unix::Thread>::new::thread_start
[INFO] [stdout]   24:     0x7832ccfbadfa - <unknown>
[INFO] [stdout]   25:     0x7832cd04e3d4 - clone
[INFO] [stdout]   26:                0x0 - <unknown>
[INFO] [stdout] 
[INFO] [stdout] ---- create_and_get_session stdout ----
[INFO] [stdout] 
[INFO] [stdout] thread 'create_and_get_session' (1576) panicked at tests/integration.rs:115:10:
[INFO] [stdout] create session should succeed: Connection { message: "Network(ConnectionRefused)" }
[INFO] [stdout] stack backtrace:
[INFO] [stdout]    0:     0x6288032273a1 - <<std[70759c8f55707aa4]::sys::backtrace::BacktraceLock>::print::DisplayBacktrace as core[df12db4294e9bfd3]::fmt::Display>::fmt
[INFO] [stdout]    1:     0x62880323bf2a - core[df12db4294e9bfd3]::fmt::write
[INFO] [stdout]    2:     0x62880322bbcc - <alloc[2182bb758b4b3781]::vec::Vec<u8> as core[df12db4294e9bfd3]::io::write::Write>::write_fmt
[INFO] [stdout]    3:     0x628803202ef6 - std[70759c8f55707aa4]::panicking::default_hook::{closure#0}
[INFO] [stdout]    4:     0x62880321f6a9 - std[70759c8f55707aa4]::panicking::default_hook
[INFO] [stdout]    5:     0x6288030d4f30 - test[9d35eded1c95d3be]::test_main_inner::<test[9d35eded1c95d3be]::test_main_static::{closure#0}>::{closure#0}
[INFO] [stdout]    6:     0x62880321f862 - std[70759c8f55707aa4]::panicking::panic_with_hook
[INFO] [stdout]    7:     0x628803202fa2 - std[70759c8f55707aa4]::panicking::panic_handler::{closure#0}
[INFO] [stdout]    8:     0x6288031fbc79 - std[70759c8f55707aa4]::sys::backtrace::__rust_end_short_backtrace::<std[70759c8f55707aa4]::panicking::panic_handler::{closure#0}, !>
[INFO] [stdout]    9:     0x628803203d8d - __rustc[8fa7c3cbc660c2b3]::rust_begin_unwind
[INFO] [stdout]   10:     0x62880323c68c - core[df12db4294e9bfd3]::panicking::panic_fmt
[INFO] [stdout]   11:     0x62880323c462 - core[df12db4294e9bfd3]::result::unwrap_failed
[INFO] [stdout]   12:     0x6288030532d2 - integration[e78b6b014f96fc08]::create_and_get_session::{closure#0}
[INFO] [stdout]   13:     0x6288030c3813 - <tokio[c8952b9032302d18]::runtime::scheduler::current_thread::Context>::enter::<core[df12db4294e9bfd3]::task::poll::Poll<()>, <tokio[c8952b9032302d18]::runtime::scheduler::current_thread::CoreGuard>::block_on<core[df12db4294e9bfd3]::pin::Pin<&mut core[df12db4294e9bfd3]::pin::Pin<&mut dyn core[df12db4294e9bfd3]::future::future::Future<Output = ()>>>>::{closure#0}::{closure#0}>
[INFO] [stdout]   14:     0x6288030a665c - <tokio[c8952b9032302d18]::runtime::context::scoped::Scoped<tokio[c8952b9032302d18]::runtime::scheduler::Context>>::set::<<tokio[c8952b9032302d18]::runtime::scheduler::current_thread::CoreGuard>::enter<<tokio[c8952b9032302d18]::runtime::scheduler::current_thread::CoreGuard>::block_on<core[df12db4294e9bfd3]::pin::Pin<&mut core[df12db4294e9bfd3]::pin::Pin<&mut dyn core[df12db4294e9bfd3]::future::future::Future<Output = ()>>>>::{closure#0}, core[df12db4294e9bfd3]::option::Option<()>>::{closure#0}, (alloc[2182bb758b4b3781]::boxed::Box<tokio[c8952b9032302d18]::runtime::scheduler::current_thread::Core>, core[df12db4294e9bfd3]::option::Option<()>)>
[INFO] [stdout]   15:     0x6288030c3b67 - <tokio[c8952b9032302d18]::runtime::scheduler::current_thread::CoreGuard>::block_on::<core[df12db4294e9bfd3]::pin::Pin<&mut core[df12db4294e9bfd3]::pin::Pin<&mut dyn core[df12db4294e9bfd3]::future::future::Future<Output = ()>>>>
[INFO] [stdout]   16:     0x6288030aa98d - tokio[c8952b9032302d18]::runtime::context::runtime::enter_runtime::<<tokio[c8952b9032302d18]::runtime::scheduler::current_thread::CurrentThread>::block_on<core[df12db4294e9bfd3]::pin::Pin<&mut dyn core[df12db4294e9bfd3]::future::future::Future<Output = ()>>>::{closure#0}, ()>
[INFO] [stdout]   17:     0x6288030c36f5 - <tokio[c8952b9032302d18]::runtime::runtime::Runtime>::block_on::<core[df12db4294e9bfd3]::pin::Pin<&mut dyn core[df12db4294e9bfd3]::future::future::Future<Output = ()>>>
[INFO] [stdout]   18:     0x628803062b8a - <integration[e78b6b014f96fc08]::create_and_get_session::{closure#0} as core[df12db4294e9bfd3]::ops::function::FnOnce<()>>::call_once
[INFO] [stdout]   19:     0x6288030c821b - test[9d35eded1c95d3be]::__rust_begin_short_backtrace::<core[df12db4294e9bfd3]::result::Result<(), alloc[2182bb758b4b3781]::string::String>, fn() -> core[df12db4294e9bfd3]::result::Result<(), alloc[2182bb758b4b3781]::string::String>>
[INFO] [stdout]   20:     0x6288030d5885 - test[9d35eded1c95d3be]::run_test::{closure#0}
[INFO] [stdout]   21:     0x6288030cf144 - std[70759c8f55707aa4]::sys::backtrace::__rust_begin_short_backtrace::<test[9d35eded1c95d3be]::run_test::{closure#1}, ()>
[INFO] [stdout]   22:     0x6288030d89e2 - <std[70759c8f55707aa4]::thread::lifecycle::spawn_unchecked<test[9d35eded1c95d3be]::run_test::{closure#1}, ()>::{closure#1} as core[df12db4294e9bfd3]::ops::function::FnOnce<()>>::call_once::{shim:vtable#0}
[INFO] [stdout]   23:     0x628803226909 - <std[70759c8f55707aa4]::sys::thread::unix::Thread>::new::thread_start
[INFO] [stdout]   24:     0x7832ccfbadfa - <unknown>
[INFO] [stdout]   25:     0x7832cd04e3d4 - clone
[INFO] [stdout]   26:                0x0 - <unknown>
[INFO] [stdout] 
[INFO] [stdout] ---- abort_session stdout ----
[INFO] [stdout] 
[INFO] [stdout] thread 'abort_session' (1574) panicked at tests/integration.rs:175:58:
[INFO] [stdout] called `Result::unwrap()` on an `Err` value: Connection { message: "Network(ConnectionRefused)" }
[INFO] [stdout] stack backtrace:
[INFO] [stdout]    0:     0x6288032273a1 - <<std[70759c8f55707aa4]::sys::backtrace::BacktraceLock>::print::DisplayBacktrace as core[df12db4294e9bfd3]::fmt::Display>::fmt
[INFO] [stdout]    1:     0x62880323bf2a - core[df12db4294e9bfd3]::fmt::write
[INFO] [stdout]    2:     0x62880322bbcc - <alloc[2182bb758b4b3781]::vec::Vec<u8> as core[df12db4294e9bfd3]::io::write::Write>::write_fmt
[INFO] [stdout]    3:     0x628803202ef6 - std[70759c8f55707aa4]::panicking::default_hook::{closure#0}
[INFO] [stdout]    4:     0x62880321f6a9 - std[70759c8f55707aa4]::panicking::default_hook
[INFO] [stdout]    5:     0x6288030d4f30 - test[9d35eded1c95d3be]::test_main_inner::<test[9d35eded1c95d3be]::test_main_static::{closure#0}>::{closure#0}
[INFO] [stdout]    6:     0x62880321f862 - std[70759c8f55707aa4]::panicking::panic_with_hook
[INFO] [stdout]    7:     0x628803202fa2 - std[70759c8f55707aa4]::panicking::panic_handler::{closure#0}
[INFO] [stdout]    8:     0x6288031fbc79 - std[70759c8f55707aa4]::sys::backtrace::__rust_end_short_backtrace::<std[70759c8f55707aa4]::panicking::panic_handler::{closure#0}, !>
[INFO] [stdout]    9:     0x628803203d8d - __rustc[8fa7c3cbc660c2b3]::rust_begin_unwind
[INFO] [stdout]   10:     0x62880323c68c - core[df12db4294e9bfd3]::panicking::panic_fmt
[INFO] [stdout]   11:     0x62880323c462 - core[df12db4294e9bfd3]::result::unwrap_failed
[INFO] [stdout]   12:     0x62880304eec7 - integration[e78b6b014f96fc08]::abort_session::{closure#0}
[INFO] [stdout]   13:     0x6288030c3813 - <tokio[c8952b9032302d18]::runtime::scheduler::current_thread::Context>::enter::<core[df12db4294e9bfd3]::task::poll::Poll<()>, <tokio[c8952b9032302d18]::runtime::scheduler::current_thread::CoreGuard>::block_on<core[df12db4294e9bfd3]::pin::Pin<&mut core[df12db4294e9bfd3]::pin::Pin<&mut dyn core[df12db4294e9bfd3]::future::future::Future<Output = ()>>>>::{closure#0}::{closure#0}>
[INFO] [stdout]   14:     0x6288030a665c - <tokio[c8952b9032302d18]::runtime::context::scoped::Scoped<tokio[c8952b9032302d18]::runtime::scheduler::Context>>::set::<<tokio[c8952b9032302d18]::runtime::scheduler::current_thread::CoreGuard>::enter<<tokio[c8952b9032302d18]::runtime::scheduler::current_thread::CoreGuard>::block_on<core[df12db4294e9bfd3]::pin::Pin<&mut core[df12db4294e9bfd3]::pin::Pin<&mut dyn core[df12db4294e9bfd3]::future::future::Future<Output = ()>>>>::{closure#0}, core[df12db4294e9bfd3]::option::Option<()>>::{closure#0}, (alloc[2182bb758b4b3781]::boxed::Box<tokio[c8952b9032302d18]::runtime::scheduler::current_thread::Core>, core[df12db4294e9bfd3]::option::Option<()>)>
[INFO] [stdout]   15:     0x6288030c3b67 - <tokio[c8952b9032302d18]::runtime::scheduler::current_thread::CoreGuard>::block_on::<core[df12db4294e9bfd3]::pin::Pin<&mut core[df12db4294e9bfd3]::pin::Pin<&mut dyn core[df12db4294e9bfd3]::future::future::Future<Output = ()>>>>
[INFO] [stdout]   16:     0x6288030aa98d - tokio[c8952b9032302d18]::runtime::context::runtime::enter_runtime::<<tokio[c8952b9032302d18]::runtime::scheduler::current_thread::CurrentThread>::block_on<core[df12db4294e9bfd3]::pin::Pin<&mut dyn core[df12db4294e9bfd3]::future::future::Future<Output = ()>>>::{closure#0}, ()>
[INFO] [stdout]   17:     0x6288030c36f5 - <tokio[c8952b9032302d18]::runtime::runtime::Runtime>::block_on::<core[df12db4294e9bfd3]::pin::Pin<&mut dyn core[df12db4294e9bfd3]::future::future::Future<Output = ()>>>
[INFO] [stdout]   18:     0x628803061e9a - <integration[e78b6b014f96fc08]::abort_session::{closure#0} as core[df12db4294e9bfd3]::ops::function::FnOnce<()>>::call_once
[INFO] [stdout]   19:     0x6288030c821b - test[9d35eded1c95d3be]::__rust_begin_short_backtrace::<core[df12db4294e9bfd3]::result::Result<(), alloc[2182bb758b4b3781]::string::String>, fn() -> core[df12db4294e9bfd3]::result::Result<(), alloc[2182bb758b4b3781]::string::String>>
[INFO] [stdout]   20:     0x6288030d5885 - test[9d35eded1c95d3be]::run_test::{closure#0}
[INFO] [stdout]   21:     0x6288030cf144 - std[70759c8f55707aa4]::sys::backtrace::__rust_begin_short_backtrace::<test[9d35eded1c95d3be]::run_test::{closure#1}, ()>
[INFO] [stdout]   22:     0x6288030d89e2 - <std[70759c8f55707aa4]::thread::lifecycle::spawn_unchecked<test[9d35eded1c95d3be]::run_test::{closure#1}, ()>::{closure#1} as core[df12db4294e9bfd3]::ops::function::FnOnce<()>>::call_once::{shim:vtable#0}
[INFO] [stdout]   23:     0x628803226909 - <std[70759c8f55707aa4]::sys::thread::unix::Thread>::new::thread_start
[INFO] [stdout]   24:     0x7832ccfbadfa - <unknown>
[INFO] [stdout]   25:     0x7832cd04e3d4 - clone
[INFO] [stdout]   26:                0x0 - <unknown>
[INFO] [stdout] 
[INFO] [stdout] ---- children_sessions stdout ----
[INFO] [stdout] 
[INFO] [stdout] thread 'children_sessions' (1575) panicked at tests/integration.rs:163:64:
[INFO] [stdout] called `Result::unwrap()` on an `Err` value: Connection { message: "Network(ConnectionRefused)" }
[INFO] [stdout] stack backtrace:
[INFO] [stdout]    0:     0x6288032273a1 - <<std[70759c8f55707aa4]::sys::backtrace::BacktraceLock>::print::DisplayBacktrace as core[df12db4294e9bfd3]::fmt::Display>::fmt
[INFO] [stdout]    1:     0x62880323bf2a - core[df12db4294e9bfd3]::fmt::write
[INFO] [stdout]    2:     0x62880322bbcc - <alloc[2182bb758b4b3781]::vec::Vec<u8> as core[df12db4294e9bfd3]::io::write::Write>::write_fmt
[INFO] [stdout]    3:     0x628803202ef6 - std[70759c8f55707aa4]::panicking::default_hook::{closure#0}
[INFO] [stdout]    4:     0x62880321f6a9 - std[70759c8f55707aa4]::panicking::default_hook
[INFO] [stdout]    5:     0x6288030d4f30 - test[9d35eded1c95d3be]::test_main_inner::<test[9d35eded1c95d3be]::test_main_static::{closure#0}>::{closure#0}
[INFO] [stdout]    6:     0x62880321f862 - std[70759c8f55707aa4]::panicking::panic_with_hook
[INFO] [stdout]    7:     0x628803202fa2 - std[70759c8f55707aa4]::panicking::panic_handler::{closure#0}
[INFO] [stdout]    8:     0x6288031fbc79 - std[70759c8f55707aa4]::sys::backtrace::__rust_end_short_backtrace::<std[70759c8f55707aa4]::panicking::panic_handler::{closure#0}, !>
[INFO] [stdout]    9:     0x628803203d8d - __rustc[8fa7c3cbc660c2b3]::rust_begin_unwind
[INFO] [stdout]   10:     0x62880323c68c - core[df12db4294e9bfd3]::panicking::panic_fmt
[INFO] [stdout]   11:     0x62880323c462 - core[df12db4294e9bfd3]::result::unwrap_failed
[INFO] [stdout]   12:     0x6288030515dc - integration[e78b6b014f96fc08]::children_sessions::{closure#0}
[INFO] [stdout]   13:     0x6288030c3813 - <tokio[c8952b9032302d18]::runtime::scheduler::current_thread::Context>::enter::<core[df12db4294e9bfd3]::task::poll::Poll<()>, <tokio[c8952b9032302d18]::runtime::scheduler::current_thread::CoreGuard>::block_on<core[df12db4294e9bfd3]::pin::Pin<&mut core[df12db4294e9bfd3]::pin::Pin<&mut dyn core[df12db4294e9bfd3]::future::future::Future<Output = ()>>>>::{closure#0}::{closure#0}>
[INFO] [stdout]   14:     0x6288030a665c - <tokio[c8952b9032302d18]::runtime::context::scoped::Scoped<tokio[c8952b9032302d18]::runtime::scheduler::Context>>::set::<<tokio[c8952b9032302d18]::runtime::scheduler::current_thread::CoreGuard>::enter<<tokio[c8952b9032302d18]::runtime::scheduler::current_thread::CoreGuard>::block_on<core[df12db4294e9bfd3]::pin::Pin<&mut core[df12db4294e9bfd3]::pin::Pin<&mut dyn core[df12db4294e9bfd3]::future::future::Future<Output = ()>>>>::{closure#0}, core[df12db4294e9bfd3]::option::Option<()>>::{closure#0}, (alloc[2182bb758b4b3781]::boxed::Box<tokio[c8952b9032302d18]::runtime::scheduler::current_thread::Core>, core[df12db4294e9bfd3]::option::Option<()>)>
[INFO] [stdout]   15:     0x6288030c3b67 - <tokio[c8952b9032302d18]::runtime::scheduler::current_thread::CoreGuard>::block_on::<core[df12db4294e9bfd3]::pin::Pin<&mut core[df12db4294e9bfd3]::pin::Pin<&mut dyn core[df12db4294e9bfd3]::future::future::Future<Output = ()>>>>
[INFO] [stdout]   16:     0x6288030aa98d - tokio[c8952b9032302d18]::runtime::context::runtime::enter_runtime::<<tokio[c8952b9032302d18]::runtime::scheduler::current_thread::CurrentThread>::block_on<core[df12db4294e9bfd3]::pin::Pin<&mut dyn core[df12db4294e9bfd3]::future::future::Future<Output = ()>>>::{closure#0}, ()>
[INFO] [stdout]   17:     0x6288030c36f5 - <tokio[c8952b9032302d18]::runtime::runtime::Runtime>::block_on::<core[df12db4294e9bfd3]::pin::Pin<&mut dyn core[df12db4294e9bfd3]::future::future::Future<Output = ()>>>
[INFO] [stdout]   18:     0x62880306266a - <integration[e78b6b014f96fc08]::children_sessions::{closure#0} as core[df12db4294e9bfd3]::ops::function::FnOnce<()>>::call_once
[INFO] [stdout]   19:     0x6288030c821b - test[9d35eded1c95d3be]::__rust_begin_short_backtrace::<core[df12db4294e9bfd3]::result::Result<(), alloc[2182bb758b4b3781]::string::String>, fn() -> core[df12db4294e9bfd3]::result::Result<(), alloc[2182bb758b4b3781]::string::String>>
[INFO] [stdout]   20:     0x6288030d5885 - test[9d35eded1c95d3be]::run_test::{closure#0}
[INFO] [stdout]   21:     0x6288030cf144 - std[70759c8f55707aa4]::sys::backtrace::__rust_begin_short_backtrace::<test[9d35eded1c95d3be]::run_test::{closure#1}, ()>
[INFO] [stdout]   22:     0x6288030d89e2 - <std[70759c8f55707aa4]::thread::lifecycle::spawn_unchecked<test[9d35eded1c95d3be]::run_test::{closure#1}, ()>::{closure#1} as core[df12db4294e9bfd3]::ops::function::FnOnce<()>>::call_once::{shim:vtable#0}
[INFO] [stdout]   23:     0x628803226909 - <std[70759c8f55707aa4]::sys::thread::unix::Thread>::new::thread_start
[INFO] [stdout]   24:     0x7832ccfbadfa - <unknown>
[INFO] [stdout]   25:     0x7832cd04e3d4 - clone
[INFO] [stdout]   26:                0x0 - <unknown>
[INFO] [stdout] 
[INFO] [stdout] ---- prompt_and_messages stdout ----
[INFO] [stdout] 
[INFO] [stdout] thread 'prompt_and_messages' (1588) panicked at tests/integration.rs:213:59:
[INFO] [stdout] called `Result::unwrap()` on an `Err` value: Connection { message: "Network(ConnectionRefused)" }
[INFO] [stdout] stack backtrace:
[INFO] [stdout]    0:     0x6288032273a1 - <<std[70759c8f55707aa4]::sys::backtrace::BacktraceLock>::print::DisplayBacktrace as core[df12db4294e9bfd3]::fmt::Display>::fmt
[INFO] [stdout]    1:     0x62880323bf2a - core[df12db4294e9bfd3]::fmt::write
[INFO] [stdout]    2:     0x62880322bbcc - <alloc[2182bb758b4b3781]::vec::Vec<u8> as core[df12db4294e9bfd3]::io::write::Write>::write_fmt
[INFO] [stdout]    3:     0x628803202ef6 - std[70759c8f55707aa4]::panicking::default_hook::{closure#0}
[INFO] [stdout]    4:     0x62880321f6a9 - std[70759c8f55707aa4]::panicking::default_hook
[INFO] [stdout]    5:     0x6288030d4f30 - test[9d35eded1c95d3be]::test_main_inner::<test[9d35eded1c95d3be]::test_main_static::{closure#0}>::{closure#0}
[INFO] [stdout]    6:     0x62880321f862 - std[70759c8f55707aa4]::panicking::panic_with_hook
[INFO] [stdout]    7:     0x628803202fa2 - std[70759c8f55707aa4]::panicking::panic_handler::{closure#0}
[INFO] [stdout]    8:     0x6288031fbc79 - std[70759c8f55707aa4]::sys::backtrace::__rust_end_short_backtrace::<std[70759c8f55707aa4]::panicking::panic_handler::{closure#0}, !>
[INFO] [stdout]    9:     0x628803203d8d - __rustc[8fa7c3cbc660c2b3]::rust_begin_unwind
[INFO] [stdout]   10:     0x62880323c68c - core[df12db4294e9bfd3]::panicking::panic_fmt
[INFO] [stdout]   11:     0x62880323c462 - core[df12db4294e9bfd3]::result::unwrap_failed
[INFO] [stdout]   12:     0x628803052329 - integration[e78b6b014f96fc08]::prompt_and_messages::{closure#0}
[INFO] [stdout]   13:     0x6288030c3813 - <tokio[c8952b9032302d18]::runtime::scheduler::current_thread::Context>::enter::<core[df12db4294e9bfd3]::task::poll::Poll<()>, <tokio[c8952b9032302d18]::runtime::scheduler::current_thread::CoreGuard>::block_on<core[df12db4294e9bfd3]::pin::Pin<&mut core[df12db4294e9bfd3]::pin::Pin<&mut dyn core[df12db4294e9bfd3]::future::future::Future<Output = ()>>>>::{closure#0}::{closure#0}>
[INFO] [stdout]   14:     0x6288030a665c - <tokio[c8952b9032302d18]::runtime::context::scoped::Scoped<tokio[c8952b9032302d18]::runtime::scheduler::Context>>::set::<<tokio[c8952b9032302d18]::runtime::scheduler::current_thread::CoreGuard>::enter<<tokio[c8952b9032302d18]::runtime::scheduler::current_thread::CoreGuard>::block_on<core[df12db4294e9bfd3]::pin::Pin<&mut core[df12db4294e9bfd3]::pin::Pin<&mut dyn core[df12db4294e9bfd3]::future::future::Future<Output = ()>>>>::{closure#0}, core[df12db4294e9bfd3]::option::Option<()>>::{closure#0}, (alloc[2182bb758b4b3781]::boxed::Box<tokio[c8952b9032302d18]::runtime::scheduler::current_thread::Core>, core[df12db4294e9bfd3]::option::Option<()>)>
[INFO] [stdout]   15:     0x6288030c3b67 - <tokio[c8952b9032302d18]::runtime::scheduler::current_thread::CoreGuard>::block_on::<core[df12db4294e9bfd3]::pin::Pin<&mut core[df12db4294e9bfd3]::pin::Pin<&mut dyn core[df12db4294e9bfd3]::future::future::Future<Output = ()>>>>
[INFO] [stdout]   16:     0x6288030aa98d - tokio[c8952b9032302d18]::runtime::context::runtime::enter_runtime::<<tokio[c8952b9032302d18]::runtime::scheduler::current_thread::CurrentThread>::block_on<core[df12db4294e9bfd3]::pin::Pin<&mut dyn core[df12db4294e9bfd3]::future::future::Future<Output = ()>>>::{closure#0}, ()>
[INFO] [stdout]   17:     0x6288030c36f5 - <tokio[c8952b9032302d18]::runtime::runtime::Runtime>::block_on::<core[df12db4294e9bfd3]::pin::Pin<&mut dyn core[df12db4294e9bfd3]::future::future::Future<Output = ()>>>
[INFO] [stdout]   18:     0x6288030629fa - <integration[e78b6b014f96fc08]::prompt_and_messages::{closure#0} as core[df12db4294e9bfd3]::ops::function::FnOnce<()>>::call_once
[INFO] [stdout]   19:     0x6288030c821b - test[9d35eded1c95d3be]::__rust_begin_short_backtrace::<core[df12db4294e9bfd3]::result::Result<(), alloc[2182bb758b4b3781]::string::String>, fn() -> core[df12db4294e9bfd3]::result::Result<(), alloc[2182bb758b4b3781]::string::String>>
[INFO] [stdout]   20:     0x6288030d5885 - test[9d35eded1c95d3be]::run_test::{closure#0}
[INFO] [stdout]   21:     0x6288030cf144 - std[70759c8f55707aa4]::sys::backtrace::__rust_begin_short_backtrace::<test[9d35eded1c95d3be]::run_test::{closure#1}, ()>
[INFO] [stdout]   22:     0x6288030d89e2 - <std[70759c8f55707aa4]::thread::lifecycle::spawn_unchecked<test[9d35eded1c95d3be]::run_test::{closure#1}, ()>::{closure#1} as core[df12db4294e9bfd3]::ops::function::FnOnce<()>>::call_once::{shim:vtable#0}
[INFO] [stdout]   23:     0x628803226909 - <std[70759c8f55707aa4]::sys::thread::unix::Thread>::new::thread_start
[INFO] [stdout]   24:     0x7832ccfbadfa - <unknown>
[INFO] [stdout]   25:     0x7832cd04e3d4 - clone
[INFO] [stdout]   26:                0x0 - <unknown>
[INFO] [stdout] 
[INFO] [stdout] ---- send_command stdout ----
[INFO] [stdout] 
[INFO] [stdout] thread 'send_command' (1589) panicked at tests/integration.rs:263:60:
[INFO] [stdout] called `Result::unwrap()` on an `Err` value: Connection { message: "Network(ConnectionRefused)" }
[INFO] [stdout] stack backtrace:
[INFO] [stdout]    0:     0x6288032273a1 - <<std[70759c8f55707aa4]::sys::backtrace::BacktraceLock>::print::DisplayBacktrace as core[df12db4294e9bfd3]::fmt::Display>::fmt
[INFO] [stdout]    1:     0x62880323bf2a - core[df12db4294e9bfd3]::fmt::write
[INFO] [stdout]    2:     0x62880322bbcc - <alloc[2182bb758b4b3781]::vec::Vec<u8> as core[df12db4294e9bfd3]::io::write::Write>::write_fmt
[INFO] [stdout]    3:     0x628803202ef6 - std[70759c8f55707aa4]::panicking::default_hook::{closure#0}
[INFO] [stdout]    4:     0x62880321f6a9 - std[70759c8f55707aa4]::panicking::default_hook
[INFO] [stdout]    5:     0x6288030d4f30 - test[9d35eded1c95d3be]::test_main_inner::<test[9d35eded1c95d3be]::test_main_static::{closure#0}>::{closure#0}
[INFO] [stdout]    6:     0x62880321f862 - std[70759c8f55707aa4]::panicking::panic_with_hook
[INFO] [stdout]    7:     0x628803202fa2 - std[70759c8f55707aa4]::panicking::panic_handler::{closure#0}
[INFO] [stdout]    8:     0x6288031fbc79 - std[70759c8f55707aa4]::sys::backtrace::__rust_end_short_backtrace::<std[70759c8f55707aa4]::panicking::panic_handler::{closure#0}, !>
[INFO] [stdout]    9:     0x628803203d8d - __rustc[8fa7c3cbc660c2b3]::rust_begin_unwind
[INFO] [stdout]   10:     0x62880323c68c - core[df12db4294e9bfd3]::panicking::panic_fmt
[INFO] [stdout]   11:     0x62880323c462 - core[df12db4294e9bfd3]::result::unwrap_failed
[INFO] [stdout]   12:     0x62880304e551 - integration[e78b6b014f96fc08]::send_command::{closure#0}
[INFO] [stdout]   13:     0x6288030c3813 - <tokio[c8952b9032302d18]::runtime::scheduler::current_thread::Context>::enter::<core[df12db4294e9bfd3]::task::poll::Poll<()>, <tokio[c8952b9032302d18]::runtime::scheduler::current_thread::CoreGuard>::block_on<core[df12db4294e9bfd3]::pin::Pin<&mut core[df12db4294e9bfd3]::pin::Pin<&mut dyn core[df12db4294e9bfd3]::future::future::Future<Output = ()>>>>::{closure#0}::{closure#0}>
[INFO] [stdout]   14:     0x6288030a665c - <tokio[c8952b9032302d18]::runtime::context::scoped::Scoped<tokio[c8952b9032302d18]::runtime::scheduler::Context>>::set::<<tokio[c8952b9032302d18]::runtime::scheduler::current_thread::CoreGuard>::enter<<tokio[c8952b9032302d18]::runtime::scheduler::current_thread::CoreGuard>::block_on<core[df12db4294e9bfd3]::pin::Pin<&mut core[df12db4294e9bfd3]::pin::Pin<&mut dyn core[df12db4294e9bfd3]::future::future::Future<Output = ()>>>>::{closure#0}, core[df12db4294e9bfd3]::option::Option<()>>::{closure#0}, (alloc[2182bb758b4b3781]::boxed::Box<tokio[c8952b9032302d18]::runtime::scheduler::current_thread::Core>, core[df12db4294e9bfd3]::option::Option<()>)>
[INFO] [stdout]   15:     0x6288030c3b67 - <tokio[c8952b9032302d18]::runtime::scheduler::current_thread::CoreGuard>::block_on::<core[df12db4294e9bfd3]::pin::Pin<&mut core[df12db4294e9bfd3]::pin::Pin<&mut dyn core[df12db4294e9bfd3]::future::future::Future<Output = ()>>>>
[INFO] [stdout]   16:     0x6288030aa98d - tokio[c8952b9032302d18]::runtime::context::runtime::enter_runtime::<<tokio[c8952b9032302d18]::runtime::scheduler::current_thread::CurrentThread>::block_on<core[df12db4294e9bfd3]::pin::Pin<&mut dyn core[df12db4294e9bfd3]::future::future::Future<Output = ()>>>::{closure#0}, ()>
[INFO] [stdout]   17:     0x6288030c36f5 - <tokio[c8952b9032302d18]::runtime::runtime::Runtime>::block_on::<core[df12db4294e9bfd3]::pin::Pin<&mut dyn core[df12db4294e9bfd3]::future::future::Future<Output = ()>>>
[INFO] [stdout]   18:     0x628803061d0a - <integration[e78b6b014f96fc08]::send_command::{closure#0} as core[df12db4294e9bfd3]::ops::function::FnOnce<()>>::call_once
[INFO] [stdout]   19:     0x6288030c821b - test[9d35eded1c95d3be]::__rust_begin_short_backtrace::<core[df12db4294e9bfd3]::result::Result<(), alloc[2182bb758b4b3781]::string::String>, fn() -> core[df12db4294e9bfd3]::result::Result<(), alloc[2182bb758b4b3781]::string::String>>
[INFO] [stdout]   20:     0x6288030d5885 - test[9d35eded1c95d3be]::run_test::{closure#0}
[INFO] [stdout]   21:     0x6288030cf144 - std[70759c8f55707aa4]::sys::backtrace::__rust_begin_short_backtrace::<test[9d35eded1c95d3be]::run_test::{closure#1}, ()>
[INFO] [stdout]   22:     0x6288030d89e2 - <std[70759c8f55707aa4]::thread::lifecycle::spawn_unchecked<test[9d35eded1c95d3be]::run_test::{closure#1}, ()>::{closure#1} as core[df12db4294e9bfd3]::ops::function::FnOnce<()>>::call_once::{shim:vtable#0}
[INFO] [stdout]   23:     0x628803226909 - <std[70759c8f55707aa4]::sys::thread::unix::Thread>::new::thread_start
[INFO] [stdout]   24:     0x7832ccfbadfa - <unknown>
[INFO] [stdout]   25:     0x7832cd04e3d4 - clone
[INFO] [stdout]   26:                0x0 - <unknown>
[INFO] [stdout] 
[INFO] [stdout] ---- health stdout ----
[INFO] [stdout] 
[INFO] [stdout] thread 'health' (1581) panicked at tests/integration.rs:104:30:
[INFO] [stdout] health should succeed: Connection { message: "Network(ConnectionRefused)" }
[INFO] [stdout] stack backtrace:
[INFO] [stdout]    0:     0x6288032273a1 - <<std[70759c8f55707aa4]::sys::backtrace::BacktraceLock>::print::DisplayBacktrace as core[df12db4294e9bfd3]::fmt::Display>::fmt
[INFO] [stdout]    1:     0x62880323bf2a - core[df12db4294e9bfd3]::fmt::write
[INFO] [stdout]    2:     0x62880322bbcc - <alloc[2182bb758b4b3781]::vec::Vec<u8> as core[df12db4294e9bfd3]::io::write::Write>::write_fmt
[INFO] [stdout]    3:     0x628803202ef6 - std[70759c8f55707aa4]::panicking::default_hook::{closure#0}
[INFO] [stdout]    4:     0x62880321f6a9 - std[70759c8f55707aa4]::panicking::default_hook
[INFO] [stdout]    5:     0x6288030d4f30 - test[9d35eded1c95d3be]::test_main_inner::<test[9d35eded1c95d3be]::test_main_static::{closure#0}>::{closure#0}
[INFO] [stdout]    6:     0x62880321f862 - std[70759c8f55707aa4]::panicking::panic_with_hook
[INFO] [stdout]    7:     0x628803202fa2 - std[70759c8f55707aa4]::panicking::panic_handler::{closure#0}
[INFO] [stdout]    8:     0x6288031fbc79 - std[70759c8f55707aa4]::sys::backtrace::__rust_end_short_backtrace::<std[70759c8f55707aa4]::panicking::panic_handler::{closure#0}, !>
[INFO] [stdout]    9:     0x628803203d8d - __rustc[8fa7c3cbc660c2b3]::rust_begin_unwind
[INFO] [stdout]   10:     0x62880323c68c - core[df12db4294e9bfd3]::panicking::panic_fmt
[INFO] [stdout]   11:     0x62880323c462 - core[df12db4294e9bfd3]::result::unwrap_failed
[INFO] [stdout]   12:     0x6288030535fc - integration[e78b6b014f96fc08]::health::{closure#0}
[INFO] [stdout]   13:     0x6288030c3813 - <tokio[c8952b9032302d18]::runtime::scheduler::current_thread::Context>::enter::<core[df12db4294e9bfd3]::task::poll::Poll<()>, <tokio[c8952b9032302d18]::runtime::scheduler::current_thread::CoreGuard>::block_on<core[df12db4294e9bfd3]::pin::Pin<&mut core[df12db4294e9bfd3]::pin::Pin<&mut dyn core[df12db4294e9bfd3]::future::future::Future<Output = ()>>>>::{closure#0}::{closure#0}>
[INFO] [stdout]   14:     0x6288030a665c - <tokio[c8952b9032302d18]::runtime::context::scoped::Scoped<tokio[c8952b9032302d18]::runtime::scheduler::Context>>::set::<<tokio[c8952b9032302d18]::runtime::scheduler::current_thread::CoreGuard>::enter<<tokio[c8952b9032302d18]::runtime::scheduler::current_thread::CoreGuard>::block_on<core[df12db4294e9bfd3]::pin::Pin<&mut core[df12db4294e9bfd3]::pin::Pin<&mut dyn core[df12db4294e9bfd3]::future::future::Future<Output = ()>>>>::{closure#0}, core[df12db4294e9bfd3]::option::Option<()>>::{closure#0}, (alloc[2182bb758b4b3781]::boxed::Box<tokio[c8952b9032302d18]::runtime::scheduler::current_thread::Core>, core[df12db4294e9bfd3]::option::Option<()>)>
[INFO] [stdout]   15:     0x6288030c3b67 - <tokio[c8952b9032302d18]::runtime::scheduler::current_thread::CoreGuard>::block_on::<core[df12db4294e9bfd3]::pin::Pin<&mut core[df12db4294e9bfd3]::pin::Pin<&mut dyn core[df12db4294e9bfd3]::future::future::Future<Output = ()>>>>
[INFO] [stdout]   16:     0x6288030aa98d - tokio[c8952b9032302d18]::runtime::context::runtime::enter_runtime::<<tokio[c8952b9032302d18]::runtime::scheduler::current_thread::CurrentThread>::block_on<core[df12db4294e9bfd3]::pin::Pin<&mut dyn core[df12db4294e9bfd3]::future::future::Future<Output = ()>>>::{closure#0}, ()>
[INFO] [stdout]   17:     0x6288030c36f5 - <tokio[c8952b9032302d18]::runtime::runtime::Runtime>::block_on::<core[df12db4294e9bfd3]::pin::Pin<&mut dyn core[df12db4294e9bfd3]::future::future::Future<Output = ()>>>
[INFO] [stdout]   18:     0x628803062d1a - <integration[e78b6b014f96fc08]::health::{closure#0} as core[df12db4294e9bfd3]::ops::function::FnOnce<()>>::call_once
[INFO] [stdout]   19:     0x6288030c821b - test[9d35eded1c95d3be]::__rust_begin_short_backtrace::<core[df12db4294e9bfd3]::result::Result<(), alloc[2182bb758b4b3781]::string::String>, fn() -> core[df12db4294e9bfd3]::result::Result<(), alloc[2182bb758b4b3781]::string::String>>
[INFO] [stdout]   20:     0x6288030d5885 - test[9d35eded1c95d3be]::run_test::{closure#0}
[INFO] [stdout]   21:     0x6288030cf144 - std[70759c8f55707aa4]::sys::backtrace::__rust_begin_short_backtrace::<test[9d35eded1c95d3be]::run_test::{closure#1}, ()>
[INFO] [stdout]   22:     0x6288030d89e2 - <std[70759c8f55707aa4]::thread::lifecycle::spawn_unchecked<test[9d35eded1c95d3be]::run_test::{closure#1}, ()>::{closure#1} as core[df12db4294e9bfd3]::ops::function::FnOnce<()>>::call_once::{shim:vtable#0}
[INFO] [stdout]   23:     0x628803226909 - <std[70759c8f55707aa4]::sys::thread::unix::Thread>::new::thread_start
[INFO] [stdout]   24:     0x7832ccfbadfa - <unknown>
[INFO] [stdout]   25:     0x7832cd04e3d4 - clone
[INFO] [stdout]   26:                0x0 - <unknown>
[INFO] [stdout] 
[INFO] [stdout] ---- delete_session stdout ----
[INFO] [stdout] 
[INFO] [stdout] thread 'delete_session' (1577) panicked at tests/integration.rs:293:59:
[INFO] [stdout] called `Result::unwrap()` on an `Err` value: Connection { message: "Network(ConnectionRefused)" }
[INFO] [stdout] stack backtrace:
[INFO] [stdout]    0:     0x6288032273a1 - <<std[70759c8f55707aa4]::sys::backtrace::BacktraceLock>::print::DisplayBacktrace as core[df12db4294e9bfd3]::fmt::Display>::fmt
[INFO] [stdout]    1:     0x62880323bf2a - core[df12db4294e9bfd3]::fmt::write
[INFO] [stdout]    2:     0x62880322bbcc - <alloc[2182bb758b4b3781]::vec::Vec<u8> as core[df12db4294e9bfd3]::io::write::Write>::write_fmt
[INFO] [stdout]    3:     0x628803202ef6 - std[70759c8f55707aa4]::panicking::default_hook::{closure#0}
[INFO] [stdout]    4:     0x62880321f6a9 - std[70759c8f55707aa4]::panicking::default_hook
[INFO] [stdout]    5:     0x6288030d4f30 - test[9d35eded1c95d3be]::test_main_inner::<test[9d35eded1c95d3be]::test_main_static::{closure#0}>::{closure#0}
[INFO] [stdout]    6:     0x62880321f862 - std[70759c8f55707aa4]::panicking::panic_with_hook
[INFO] [stdout]    7:     0x628803202fa2 - std[70759c8f55707aa4]::panicking::panic_handler::{closure#0}
[INFO] [stdout]    8:     0x6288031fbc79 - std[70759c8f55707aa4]::sys::backtrace::__rust_end_short_backtrace::<std[70759c8f55707aa4]::panicking::panic_handler::{closure#0}, !>
[INFO] [stdout]    9:     0x628803203d8d - __rustc[8fa7c3cbc660c2b3]::rust_begin_unwind
[INFO] [stdout]   10:     0x62880323c68c - core[df12db4294e9bfd3]::panicking::panic_fmt
[INFO] [stdout]   11:     0x62880323c462 - core[df12db4294e9bfd3]::result::unwrap_failed
[INFO] [stdout]   12:     0x62880304f906 - integration[e78b6b014f96fc08]::delete_session::{closure#0}
[INFO] [stdout]   13:     0x6288030c3813 - <tokio[c8952b9032302d18]::runtime::scheduler::current_thread::Context>::enter::<core[df12db4294e9bfd3]::task::poll::Poll<()>, <tokio[c8952b9032302d18]::runtime::scheduler::current_thread::CoreGuard>::block_on<core[df12db4294e9bfd3]::pin::Pin<&mut core[df12db4294e9bfd3]::pin::Pin<&mut dyn core[df12db4294e9bfd3]::future::future::Future<Output = ()>>>>::{closure#0}::{closure#0}>
[INFO] [stdout]   14:     0x6288030a665c - <tokio[c8952b9032302d18]::runtime::context::scoped::Scoped<tokio[c8952b9032302d18]::runtime::scheduler::Context>>::set::<<tokio[c8952b9032302d18]::runtime::scheduler::current_thread::CoreGuard>::enter<<tokio[c8952b9032302d18]::runtime::scheduler::current_thread::CoreGuard>::block_on<core[df12db4294e9bfd3]::pin::Pin<&mut core[df12db4294e9bfd3]::pin::Pin<&mut dyn core[df12db4294e9bfd3]::future::future::Future<Output = ()>>>>::{closure#0}, core[df12db4294e9bfd3]::option::Option<()>>::{closure#0}, (alloc[2182bb758b4b3781]::boxed::Box<tokio[c8952b9032302d18]::runtime::scheduler::current_thread::Core>, core[df12db4294e9bfd3]::option::Option<()>)>
[INFO] [stdout]   15:     0x6288030c3b67 - <tokio[c8952b9032302d18]::runtime::scheduler::current_thread::CoreGuard>::block_on::<core[df12db4294e9bfd3]::pin::Pin<&mut core[df12db4294e9bfd3]::pin::Pin<&mut dyn core[df12db4294e9bfd3]::future::future::Future<Output = ()>>>>
[INFO] [stdout]   16:     0x6288030aa98d - tokio[c8952b9032302d18]::runtime::context::runtime::enter_runtime::<<tokio[c8952b9032302d18]::runtime::scheduler::current_thread::CurrentThread>::block_on<core[df12db4294e9bfd3]::pin::Pin<&mut dyn core[df12db4294e9bfd3]::future::future::Future<Output = ()>>>::{closure#0}, ()>
[INFO] [stdout]   17:     0x6288030c36f5 - <tokio[c8952b9032302d18]::runtime::runtime::Runtime>::block_on::<core[df12db4294e9bfd3]::pin::Pin<&mut dyn core[df12db4294e9bfd3]::future::future::Future<Output = ()>>>
[INFO] [stdout]   18:     0x6288030621ba - <integration[e78b6b014f96fc08]::delete_session::{closure#0} as core[df12db4294e9bfd3]::ops::function::FnOnce<()>>::call_once
[INFO] [stdout]   19:     0x6288030c821b - test[9d35eded1c95d3be]::__rust_begin_short_backtrace::<core[df12db4294e9bfd3]::result::Result<(), alloc[2182bb758b4b3781]::string::String>, fn() -> core[df12db4294e9bfd3]::result::Result<(), alloc[2182bb758b4b3781]::string::String>>
[INFO] [stdout]   20:     0x6288030d5885 - test[9d35eded1c95d3be]::run_test::{closure#0}
[INFO] [stdout]   21:     0x6288030cf144 - std[70759c8f55707aa4]::sys::backtrace::__rust_begin_short_backtrace::<test[9d35eded1c95d3be]::run_test::{closure#1}, ()>
[INFO] [stdout]   22:     0x6288030d89e2 - <std[70759c8f55707aa4]::thread::lifecycle::spawn_unchecked<test[9d35eded1c95d3be]::run_test::{closure#1}, ()>::{closure#1} as core[df12db4294e9bfd3]::ops::function::FnOnce<()>>::call_once::{shim:vtable#0}
[INFO] [stdout]   23:     0x628803226909 - <std[70759c8f55707aa4]::sys::thread::unix::Thread>::new::thread_start
[INFO] [stdout]   24:     0x7832ccfbadfa - <unknown>
[INFO] [stdout]   25:     0x7832cd04e3d4 - clone
[INFO] [stdout]   26:                0x0 - <unknown>
[INFO] [stdout] 
[INFO] [stdout] ---- find_text stdout ----
[INFO] [stdout] 
[INFO] [stdout] thread 'find_text' (1578) panicked at tests/integration.rs:185:10:
[INFO] [stdout] find should succeed: Connection { message: "Network(ConnectionRefused)" }
[INFO] [stdout] stack backtrace:
[INFO] [stdout]    0:     0x6288032273a1 - <<std[70759c8f55707aa4]::sys::backtrace::BacktraceLock>::print::DisplayBacktrace as core[df12db4294e9bfd3]::fmt::Display>::fmt
[INFO] [stdout]    1:     0x62880323bf2a - core[df12db4294e9bfd3]::fmt::write
[INFO] [stdout]    2:     0x62880322bbcc - <alloc[2182bb758b4b3781]::vec::Vec<u8> as core[df12db4294e9bfd3]::io::write::Write>::write_fmt
[INFO] [stdout]    3:     0x628803202ef6 - std[70759c8f55707aa4]::panicking::default_hook::{closure#0}
[INFO] [stdout]    4:     0x62880321f6a9 - std[70759c8f55707aa4]::panicking::default_hook
[INFO] [stdout]    5:     0x6288030d4f30 - test[9d35eded1c95d3be]::test_main_inner::<test[9d35eded1c95d3be]::test_main_static::{closure#0}>::{closure#0}
[INFO] [stdout]    6:     0x62880321f862 - std[70759c8f55707aa4]::panicking::panic_with_hook
[INFO] [stdout]    7:     0x628803202fa2 - std[70759c8f55707aa4]::panicking::panic_handler::{closure#0}
[INFO] [stdout]    8:     0x6288031fbc79 - std[70759c8f55707aa4]::sys::backtrace::__rust_end_short_backtrace::<std[70759c8f55707aa4]::panicking::panic_handler::{closure#0}, !>
[INFO] [stdout]    9:     0x628803203d8d - __rustc[8fa7c3cbc660c2b3]::rust_begin_unwind
[INFO] [stdout]   10:     0x62880323c68c - core[df12db4294e9bfd3]::panicking::panic_fmt
[INFO] [stdout]   11:     0x62880323c462 - core[df12db4294e9bfd3]::result::unwrap_failed
[INFO] [stdout]   12:     0x628803054039 - integration[e78b6b014f96fc08]::find_text::{closure#0}
[INFO] [stdout]   13:     0x6288030c3813 - <tokio[c8952b9032302d18]::runtime::scheduler::current_thread::Context>::enter::<core[df12db4294e9bfd3]::task::poll::Poll<()>, <tokio[c8952b9032302d18]::runtime::scheduler::current_thread::CoreGuard>::block_on<core[df12db4294e9bfd3]::pin::Pin<&mut core[df12db4294e9bfd3]::pin::Pin<&mut dyn core[df12db4294e9bfd3]::future::future::Future<Output = ()>>>>::{closure#0}::{closure#0}>
[INFO] [stdout]   14:     0x6288030a665c - <tokio[c8952b9032302d18]::runtime::context::scoped::Scoped<tokio[c8952b9032302d18]::runtime::scheduler::Context>>::set::<<tokio[c8952b9032302d18]::runtime::scheduler::current_thread::CoreGuard>::enter<<tokio[c8952b9032302d18]::runtime::scheduler::current_thread::CoreGuard>::block_on<core[df12db4294e9bfd3]::pin::Pin<&mut core[df12db4294e9bfd3]::pin::Pin<&mut dyn core[df12db4294e9bfd3]::future::future::Future<Output = ()>>>>::{closure#0}, core[df12db4294e9bfd3]::option::Option<()>>::{closure#0}, (alloc[2182bb758b4b3781]::boxed::Box<tokio[c8952b9032302d18]::runtime::scheduler::current_thread::Core>, core[df12db4294e9bfd3]::option::Option<()>)>
[INFO] [stdout]   15:     0x6288030c3b67 - <tokio[c8952b9032302d18]::runtime::scheduler::current_thread::CoreGuard>::block_on::<core[df12db4294e9bfd3]::pin::Pin<&mut core[df12db4294e9bfd3]::pin::Pin<&mut dyn core[df12db4294e9bfd3]::future::future::Future<Output = ()>>>>
[INFO] [stdout]   16:     0x6288030aa98d - tokio[c8952b9032302d18]::runtime::context::runtime::enter_runtime::<<tokio[c8952b9032302d18]::runtime::scheduler::current_thread::CurrentThread>::block_on<core[df12db4294e9bfd3]::pin::Pin<&mut dyn core[df12db4294e9bfd3]::future::future::Future<Output = ()>>>::{closure#0}, ()>
[INFO] [stdout]   17:     0x6288030c36f5 - <tokio[c8952b9032302d18]::runtime::runtime::Runtime>::block_on::<core[df12db4294e9bfd3]::pin::Pin<&mut dyn core[df12db4294e9bfd3]::future::future::Future<Output = ()>>>
[INFO] [stdout]   18:     0x62880306303a - <integration[e78b6b014f96fc08]::find_text::{closure#0} as core[df12db4294e9bfd3]::ops::function::FnOnce<()>>::call_once
[INFO] [stdout]   19:     0x6288030c821b - test[9d35eded1c95d3be]::__rust_begin_short_backtrace::<core[df12db4294e9bfd3]::result::Result<(), alloc[2182bb758b4b3781]::string::String>, fn() -> core[df12db4294e9bfd3]::result::Result<(), alloc[2182bb758b4b3781]::string::String>>
[INFO] [stdout]   20:     0x6288030d5885 - test[9d35eded1c95d3be]::run_test::{closure#0}
[INFO] [stdout]   21:     0x6288030cf144 - std[70759c8f55707aa4]::sys::backtrace::__rust_begin_short_backtrace::<test[9d35eded1c95d3be]::run_test::{closure#1}, ()>
[INFO] [stdout]   22:     0x6288030d89e2 - <std[70759c8f55707aa4]::thread::lifecycle::spawn_unchecked<test[9d35eded1c95d3be]::run_test::{closure#1}, ()>::{closure#1} as core[df12db4294e9bfd3]::ops::function::FnOnce<()>>::call_once::{shim:vtable#0}
[INFO] [stdout]   23:     0x628803226909 - <std[70759c8f55707aa4]::sys::thread::unix::Thread>::new::thread_start
[INFO] [stdout]   24:     0x7832ccfbadfa - <unknown>
[INFO] [stdout]   25:     0x7832cd04e3d4 - clone
[INFO] [stdout]   26:                0x0 - <unknown>
[INFO] [stdout] 
[INFO] [stdout] ---- list_sessions stdout ----
[INFO] [stdout] 
[INFO] [stdout] thread 'list_sessions' (1585) panicked at tests/integration.rs:140:10:
[INFO] [stdout] list sessions should succeed: Connection { message: "Network(ConnectionRefused)" }
[INFO] [stdout] stack backtrace:
[INFO] [stdout]    0:     0x6288032273a1 - <<std[70759c8f55707aa4]::sys::backtrace::BacktraceLock>::print::DisplayBacktrace as core[df12db4294e9bfd3]::fmt::Display>::fmt
[INFO] [stdout]    1:     0x62880323bf2a - core[df12db4294e9bfd3]::fmt::write
[INFO] [stdout]    2:     0x62880322bbcc - <alloc[2182bb758b4b3781]::vec::Vec<u8> as core[df12db4294e9bfd3]::io::write::Write>::write_fmt
[INFO] [stdout]    3:     0x628803202ef6 - std[70759c8f55707aa4]::panicking::default_hook::{closure#0}
[INFO] [stdout]    4:     0x62880321f6a9 - std[70759c8f55707aa4]::panicking::default_hook
[INFO] [stdout]    5:     0x6288030d4f30 - test[9d35eded1c95d3be]::test_main_inner::<test[9d35eded1c95d3be]::test_main_static::{closure#0}>::{closure#0}
[INFO] [stdout]    6:     0x62880321f862 - std[70759c8f55707aa4]::panicking::panic_with_hook
[INFO] [stdout]    7:     0x628803202fa2 - std[70759c8f55707aa4]::panicking::panic_handler::{closure#0}
[INFO] [stdout]    8:     0x6288031fbc79 - std[70759c8f55707aa4]::sys::backtrace::__rust_end_short_backtrace::<std[70759c8f55707aa4]::panicking::panic_handler::{closure#0}, !>
[INFO] [stdout]    9:     0x628803203d8d - __rustc[8fa7c3cbc660c2b3]::rust_begin_unwind
[INFO] [stdout]   10:     0x62880323c68c - core[df12db4294e9bfd3]::panicking::panic_fmt
[INFO] [stdout]   11:     0x62880323c462 - core[df12db4294e9bfd3]::result::unwrap_failed
[INFO] [stdout]   12:     0x62880304f3d3 - integration[e78b6b014f96fc08]::list_sessions::{closure#0}
[INFO] [stdout]   13:     0x6288030c3813 - <tokio[c8952b9032302d18]::runtime::scheduler::current_thread::Context>::enter::<core[df12db4294e9bfd3]::task::poll::Poll<()>, <tokio[c8952b9032302d18]::runtime::scheduler::current_thread::CoreGuard>::block_on<core[df12db4294e9bfd3]::pin::Pin<&mut core[df12db4294e9bfd3]::pin::Pin<&mut dyn core[df12db4294e9bfd3]::future::future::Future<Output = ()>>>>::{closure#0}::{closure#0}>
[INFO] [stdout]   14:     0x6288030a665c - <tokio[c8952b9032302d18]::runtime::context::scoped::Scoped<tokio[c8952b9032302d18]::runtime::scheduler::Context>>::set::<<tokio[c8952b9032302d18]::runtime::scheduler::current_thread::CoreGuard>::enter<<tokio[c8952b9032302d18]::runtime::scheduler::current_thread::CoreGuard>::block_on<core[df12db4294e9bfd3]::pin::Pin<&mut core[df12db4294e9bfd3]::pin::Pin<&mut dyn core[df12db4294e9bfd3]::future::future::Future<Output = ()>>>>::{closure#0}, core[df12db4294e9bfd3]::option::Option<()>>::{closure#0}, (alloc[2182bb758b4b3781]::boxed::Box<tokio[c8952b9032302d18]::runtime::scheduler::current_thread::Core>, core[df12db4294e9bfd3]::option::Option<()>)>
[INFO] [stdout]   15:     0x6288030c3b67 - <tokio[c8952b9032302d18]::runtime::scheduler::current_thread::CoreGuard>::block_on::<core[df12db4294e9bfd3]::pin::Pin<&mut core[df12db4294e9bfd3]::pin::Pin<&mut dyn core[df12db4294e9bfd3]::future::future::Future<Output = ()>>>>
[INFO] [stdout]   16:     0x6288030aa98d - tokio[c8952b9032302d18]::runtime::context::runtime::enter_runtime::<<tokio[c8952b9032302d18]::runtime::scheduler::current_thread::CurrentThread>::block_on<core[df12db4294e9bfd3]::pin::Pin<&mut dyn core[df12db4294e9bfd3]::future::future::Future<Output = ()>>>::{closure#0}, ()>
[INFO] [stdout]   17:     0x6288030c36f5 - <tokio[c8952b9032302d18]::runtime::runtime::Runtime>::block_on::<core[df12db4294e9bfd3]::pin::Pin<&mut dyn core[df12db4294e9bfd3]::future::future::Future<Output = ()>>>
[INFO] [stdout]   18:     0x62880306202a - <integration[e78b6b014f96fc08]::list_sessions::{closure#0} as core[df12db4294e9bfd3]::ops::function::FnOnce<()>>::call_once
[INFO] [stdout]   19:     0x6288030c821b - test[9d35eded1c95d3be]::__rust_begin_short_backtrace::<core[df12db4294e9bfd3]::result::Result<(), alloc[2182bb758b4b3781]::string::String>, fn() -> core[df12db4294e9bfd3]::result::Result<(), alloc[2182bb758b4b3781]::string::String>>
[INFO] [stdout]   20:     0x6288030d5885 - test[9d35eded1c95d3be]::run_test::{closure#0}
[INFO] [stdout]   21:     0x6288030cf144 - std[70759c8f55707aa4]::sys::backtrace::__rust_begin_short_backtrace::<test[9d35eded1c95d3be]::run_test::{closure#1}, ()>
[INFO] [stdout]   22:     0x6288030d89e2 - <std[70759c8f55707aa4]::thread::lifecycle::spawn_unchecked<test[9d35eded1c95d3be]::run_test::{closure#1}, ()>::{closure#1} as core[df12db4294e9bfd3]::ops::function::FnOnce<()>>::call_once::{shim:vtable#0}
[INFO] [stdout]   23:     0x628803226909 - <std[70759c8f55707aa4]::sys::thread::unix::Thread>::new::thread_start
[INFO] [stdout]   24:     0x7832ccfbadfa - <unknown>
[INFO] [stdout]   25:     0x7832cd04e3d4 - clone
[INFO] [stdout]   26:                0x0 - <unknown>
[INFO] [stdout] 
[INFO] [stdout] 
[INFO] [stdout] failures:
[INFO] [stdout]     abort_session
[INFO] [stdout]     children_sessions
[INFO] [stdout]     create_and_get_session
[INFO] [stdout]     delete_session
[INFO] [stdout]     find_text
[INFO] [stdout]     full_roundtrip
[INFO] [stdout]     get_config
[INFO] [stdout]     health
[INFO] [stdout]     list_sessions
[INFO] [stdout]     prompt_and_messages
[INFO] [stdout]     send_command
[INFO] [stdout]     set_auth
[INFO] [stdout]     update_session
[INFO] [stdout] 
[INFO] [stdout] test result: FAILED. 1 passed; 13 failed; 0 ignored; 0 measured; 0 filtered out; finished in 0.01s
[INFO] [stdout] 
[INFO] running `Command { std: "docker" "inspect" "5e556cb82d456530a4b7296c12728d8828869557165383855cc2a593ca6d83b7", kill_on_drop: false }`
[INFO] running `Command { std: "docker" "rm" "-f" "5e556cb82d456530a4b7296c12728d8828869557165383855cc2a593ca6d83b7", kill_on_drop: false }`
[INFO] [stdout] 5e556cb82d456530a4b7296c12728d8828869557165383855cc2a593ca6d83b7
