[INFO] fetching crate ocmf-cli 0.1.0...
[INFO] testing ocmf-cli-0.1.0 against 1.99.0-beta.8+cargoflags=--release for beta-release-1.100-2
[INFO] extracting crate ocmf-cli 0.1.0 into /workspace/builds/worker-6-tc1/source
[INFO] started tweaking crates.io crate ocmf-cli 0.1.0
[INFO] removed 0 missing tests
[INFO] finished tweaking crates.io crate ocmf-cli 0.1.0
[INFO] tweaked toml for crates.io crate ocmf-cli 0.1.0 written to /workspace/builds/worker-6-tc1/source/Cargo.toml
[INFO] validating manifest of crates.io crate ocmf-cli 0.1.0 on toolchain 1.99.0-beta.8
[INFO] running `Command { std: CARGO_HOME="/workspace/cargo-home" RUSTUP_HOME="/workspace/rustup-home" "/workspace/cargo-home/bin/cargo" "+1.99.0-beta.8" "metadata" "--manifest-path" "Cargo.toml" "--no-deps", kill_on_drop: false }`
[INFO] crate crates.io crate ocmf-cli 0.1.0 already has a lockfile, it will not be regenerated
[INFO] running `Command { std: CARGO_HOME="/workspace/cargo-home" RUSTUP_HOME="/workspace/rustup-home" "/workspace/cargo-home/bin/cargo" "+1.99.0-beta.8" "fetch" "--manifest-path" "Cargo.toml", kill_on_drop: false }`
[INFO] [stderr]     Updating crates.io index
[INFO] [stderr]  Downloading crates ...
[INFO] [stderr]   Downloaded rust_decimal v1.43.0
[INFO] [stderr]   Downloaded p192 v0.13.0
[INFO] [stderr]   Downloaded p384 v0.13.1
[INFO] [stderr]   Downloaded ocmf v0.1.0
[INFO] [stderr]   Downloaded quick-xml v0.42.0
[INFO] running `Command { std: "docker" "create" "-v" "/var/lib/crater-agent-workspace/builds/worker-6-tc1/source:/opt/rustwide/workdir:ro,Z" "-v" "/var/lib/crater-agent-workspace/builds/worker-6-tc1/target:/opt/rustwide/target:rw,Z" "-v" "/var/lib/crater-agent-workspace/cargo-home:/opt/rustwide/cargo-home:ro,Z" "-v" "/var/lib/crater-agent-workspace/rustup-home:/opt/rustwide/rustup-home:ro,Z" "-m" "1610612736" "--network" "none" "ghcr.io/rust-lang/crates-build-env/linux@sha256:77db811e55d90add9212f6832c23229e3de5f1c1f9905e8cb07319ea15df73ac" "sleep" "infinity", kill_on_drop: false }`
[INFO] [stdout] b522cf08ac13d762fe53883c2bf05078744765e16e03820bc95c14c79c2abe3a
[INFO] running `Command { std: "docker" "start" "b522cf08ac13d762fe53883c2bf05078744765e16e03820bc95c14c79c2abe3a", kill_on_drop: false }`
[INFO] running `Command { std: "docker" "inspect" "b522cf08ac13d762fe53883c2bf05078744765e16e03820bc95c14c79c2abe3a", kill_on_drop: false }`
[INFO] running `Command { std: "docker" "exec" "-e" "SOURCE_DIR=/opt/rustwide/workdir" "-e" "CARGO_HOME=/opt/rustwide/cargo-home" "-e" "RUSTUP_HOME=/opt/rustwide/rustup-home" "-e" "CARGO_TARGET_DIR=/opt/rustwide/target" "-w" "/opt/rustwide/workdir" "--user" "0:0" "b522cf08ac13d762fe53883c2bf05078744765e16e03820bc95c14c79c2abe3a" "/opt/rustwide/cargo-home/bin/cargo" "+1.99.0-beta.8" "metadata" "--no-deps" "--format-version=1", kill_on_drop: false }`
[INFO] running `Command { std: "docker" "inspect" "b522cf08ac13d762fe53883c2bf05078744765e16e03820bc95c14c79c2abe3a", kill_on_drop: false }`
[INFO] running `Command { std: "docker" "exec" "-e" "SOURCE_DIR=/opt/rustwide/workdir" "-e" "CARGO_HOME=/opt/rustwide/cargo-home" "-e" "RUSTUP_HOME=/opt/rustwide/rustup-home" "-e" "CARGO_TARGET_DIR=/opt/rustwide/target" "-e" "CARGO_INCREMENTAL=0" "-e" "RUST_BACKTRACE=full" "-e" "RUSTFLAGS=--cap-lints=warn" "-e" "RUSTDOCFLAGS=--cap-lints=warn" "-w" "/opt/rustwide/workdir" "--user" "0:0" "b522cf08ac13d762fe53883c2bf05078744765e16e03820bc95c14c79c2abe3a" "/opt/rustwide/cargo-home/bin/cargo" "+1.99.0-beta.8" "build" "--frozen" "--message-format=json" "--release", kill_on_drop: false }`
[INFO] [stderr]    Compiling generic-array v0.14.9
[INFO] [stderr]    Compiling zeroize v1.9.0
[INFO] [stderr]    Compiling subtle v2.6.1
[INFO] [stderr]    Compiling const-oid v0.9.6
[INFO] [stderr]    Compiling base16ct v0.2.0
[INFO] [stderr]    Compiling find-msvc-tools v0.1.11
[INFO] [stderr]    Compiling utf8parse v0.2.2
[INFO] [stderr]    Compiling rust_decimal v1.43.0
[INFO] [stderr]    Compiling colorchoice v1.0.5
[INFO] [stderr]    Compiling proc-macro2 v1.0.107
[INFO] [stderr]    Compiling anstyle-query v1.1.5
[INFO] [stderr]    Compiling thiserror v2.0.20
[INFO] [stderr]    Compiling is_terminal_polyfill v1.70.2
[INFO] [stderr]    Compiling serde v1.0.229
[INFO] [stderr]    Compiling strsim v0.11.1
[INFO] [stderr]    Compiling arrayvec v0.7.8
[INFO] [stderr]    Compiling anstyle-parse v1.0.0
[INFO] [stderr]    Compiling quick-xml v0.42.0
[INFO] [stderr]    Compiling serde_json v1.0.151
[INFO] [stderr]    Compiling ff v0.13.1
[INFO] [stderr]    Compiling der v0.7.10
[INFO] [stderr]    Compiling cc v1.4.4
[INFO] [stderr]    Compiling group v0.13.0
[INFO] [stderr]    Compiling anstream v1.0.0
[INFO] [stderr]    Compiling quote v1.0.47
[INFO] [stderr]    Compiling clap_builder v4.6.6
[INFO] [stderr]    Compiling syn v3.0.4
[INFO] [stderr]    Compiling syn v2.0.119
[INFO] [stderr]    Compiling block-buffer v0.10.4
[INFO] [stderr]    Compiling crypto-common v0.1.6
[INFO] [stderr]    Compiling crypto-bigint v0.5.5
[INFO] [stderr]    Compiling digest v0.10.7
[INFO] [stderr]    Compiling sec1 v0.7.3
[INFO] [stderr]    Compiling hmac v0.12.1
[INFO] [stderr]    Compiling signature v2.2.0
[INFO] [stderr]    Compiling sha2 v0.10.9
[INFO] [stderr]    Compiling rfc6979 v0.4.0
[INFO] [stderr]    Compiling openssl-sys v0.9.117
[INFO] [stderr]    Compiling openssl v0.10.81
[INFO] [stderr]    Compiling elliptic-curve v0.13.8
[INFO] [stderr]    Compiling ecdsa v0.16.9
[INFO] [stderr]    Compiling primeorder v0.13.6
[INFO] [stderr]    Compiling p192 v0.13.0
[INFO] [stderr]    Compiling p384 v0.13.1
[INFO] [stderr]    Compiling k256 v0.13.4
[INFO] [stderr]    Compiling p256 v0.13.2
[INFO] [stderr]    Compiling openssl-macros v0.1.1
[INFO] [stderr]    Compiling thiserror-impl v2.0.20
[INFO] [stderr]    Compiling serde_derive v1.0.229
[INFO] [stderr]    Compiling clap_derive v4.6.4
[INFO] [stderr]    Compiling clap v4.6.6
[INFO] [stderr]    Compiling ocmf v0.1.0
[INFO] [stderr]    Compiling ocmf-cli v0.1.0 (/opt/rustwide/workdir)
[INFO] [stderr]     Finished `release` profile [optimized] target(s) in 17.08s
[INFO] running `Command { std: "docker" "inspect" "b522cf08ac13d762fe53883c2bf05078744765e16e03820bc95c14c79c2abe3a", kill_on_drop: false }`
[INFO] running `Command { std: "docker" "exec" "-e" "SOURCE_DIR=/opt/rustwide/workdir" "-e" "CARGO_HOME=/opt/rustwide/cargo-home" "-e" "RUSTUP_HOME=/opt/rustwide/rustup-home" "-e" "CARGO_TARGET_DIR=/opt/rustwide/target" "-e" "CARGO_INCREMENTAL=0" "-e" "RUST_BACKTRACE=full" "-e" "RUSTFLAGS=--cap-lints=warn" "-e" "RUSTDOCFLAGS=--cap-lints=warn" "-w" "/opt/rustwide/workdir" "--user" "0:0" "b522cf08ac13d762fe53883c2bf05078744765e16e03820bc95c14c79c2abe3a" "/opt/rustwide/cargo-home/bin/cargo" "+1.99.0-beta.8" "test" "--frozen" "--no-run" "--message-format=json" "--release", kill_on_drop: false }`
[INFO] [stderr]    Compiling ocmf-cli v0.1.0 (/opt/rustwide/workdir)
[INFO] [stderr]     Finished `release` profile [optimized] target(s) in 0.74s
[INFO] running `Command { std: "docker" "inspect" "b522cf08ac13d762fe53883c2bf05078744765e16e03820bc95c14c79c2abe3a", kill_on_drop: false }`
[INFO] running `Command { std: "docker" "exec" "-e" "SOURCE_DIR=/opt/rustwide/workdir" "-e" "CARGO_HOME=/opt/rustwide/cargo-home" "-e" "RUSTUP_HOME=/opt/rustwide/rustup-home" "-e" "CARGO_TARGET_DIR=/opt/rustwide/target" "-e" "CARGO_INCREMENTAL=0" "-e" "RUST_BACKTRACE=full" "-e" "RUSTFLAGS=--cap-lints=warn" "-e" "RUSTDOCFLAGS=--cap-lints=warn" "-w" "/opt/rustwide/workdir" "--user" "0:0" "b522cf08ac13d762fe53883c2bf05078744765e16e03820bc95c14c79c2abe3a" "/opt/rustwide/cargo-home/bin/cargo" "+1.99.0-beta.8" "test" "--frozen" "--release", kill_on_drop: false }`
[INFO] [stderr]     Finished `release` profile [optimized] target(s) in 0.07s
[INFO] [stderr]      Running unittests src/main.rs (/opt/rustwide/target/release/deps/ocmf-aa155b94481ff2a2)
[INFO] [stdout] 
[INFO] [stdout] running 0 tests
[INFO] [stdout] 
[INFO] [stdout] test result: ok. 0 passed; 0 failed; 0 ignored; 0 measured; 0 filtered out; finished in 0.00s
[INFO] [stdout] 
[INFO] [stderr]      Running tests/cli.rs (/opt/rustwide/target/release/deps/cli-06fc1ebf1adbd31b)
[INFO] [stdout] 
[INFO] [stdout] running 16 tests
[INFO] [stdout] test curves_names_what_this_build_can_and_cannot_check ... ok
[INFO] [stdout] test a_fiscal_sequence_is_not_asked_for_markers_it_cannot_carry ... ok
[INFO] [stdout] test explain_reports_the_fields_and_the_departures ... ok
[INFO] [stdout] test a_byte_order_mark_is_a_property_of_the_file_and_not_of_the_record ... ok
[INFO] [stdout] test explain_under_strict_refuses_and_says_why ... ok
[INFO] [stdout] test a_container_holding_another_format_is_skipped_by_name ... ok
[INFO] [stdout] test a_record_that_is_not_ocmf_fails_rather_than_reporting_nothing ... ok
[INFO] [stdout] test explain_json_is_machine_readable_and_keeps_quantities_exact ... ok
[INFO] [stdout] test the_published_conformance_suite_passes ... FAILED
[INFO] [stdout] test a_split_session_is_written_as_one_transaction_the_official_tool_can_verify ... ok
[INFO] [stdout] test session_json_is_machine_readable_and_keeps_quantities_exact ... ok
[INFO] [stdout] test a_session_is_judged_as_a_sequence_and_not_a_pile_of_records ... ok
[INFO] [stdout] test verify_json_says_which_key_verified_it_and_what_only_verifying_can_see ... ok
[INFO] [stdout] test verify_checks_a_real_signature_and_a_tampered_one ... ok
[INFO] [stdout] test sign_then_verify_is_a_round_trip_through_the_tool ... ok
[INFO] [stdout] test the_two_transports_round_trip_through_the_tool ... ok
[INFO] [stdout] 
[INFO] [stdout] failures:
[INFO] [stdout] 
[INFO] [stdout] ---- the_published_conformance_suite_passes stdout ----
[INFO] [stdout] 
[INFO] [stdout] thread 'the_published_conformance_suite_passes' (1159) panicked at tests/cli.rs:353:5:
[INFO] [stdout] 
[INFO] [stdout] stack backtrace:
[INFO] [stdout]    0:     0x62c36efdbd01 - <<std[70759c8f55707aa4]::sys::backtrace::BacktraceLock>::print::DisplayBacktrace as core[df12db4294e9bfd3]::fmt::Display>::fmt
[INFO] [stdout]    1:     0x62c36eff153a - core[df12db4294e9bfd3]::fmt::write
[INFO] [stdout]    2:     0x62c36efe020c - <alloc[2182bb758b4b3781]::vec::Vec<u8> as core[df12db4294e9bfd3]::io::write::Write>::write_fmt
[INFO] [stdout]    3:     0x62c36efb7e66 - std[70759c8f55707aa4]::panicking::default_hook::{closure#0}
[INFO] [stdout]    4:     0x62c36efd4469 - std[70759c8f55707aa4]::panicking::default_hook
[INFO] [stdout]    5:     0x62c36ef70410 - test[9d35eded1c95d3be]::test_main_inner::<test[9d35eded1c95d3be]::test_main_static::{closure#0}>::{closure#0}
[INFO] [stdout]    6:     0x62c36efd4622 - std[70759c8f55707aa4]::panicking::panic_with_hook
[INFO] [stdout]    7:     0x62c36efb7f12 - std[70759c8f55707aa4]::panicking::panic_handler::{closure#0}
[INFO] [stdout]    8:     0x62c36efb0c99 - std[70759c8f55707aa4]::sys::backtrace::__rust_end_short_backtrace::<std[70759c8f55707aa4]::panicking::panic_handler::{closure#0}, !>
[INFO] [stdout]    9:     0x62c36efb8b0d - __rustc[8fa7c3cbc660c2b3]::rust_begin_unwind
[INFO] [stdout]   10:     0x62c36eff1c6c - core[df12db4294e9bfd3]::panicking::panic_fmt
[INFO] [stdout]   11:     0x62c36ef55344 - <cli[7c6d392dcaf8fa41]::the_published_conformance_suite_passes::{closure#0} as core[df12db4294e9bfd3]::ops::function::FnOnce<()>>::call_once
[INFO] [stdout]   12:     0x62c36ef636fb - test[9d35eded1c95d3be]::__rust_begin_short_backtrace::<core[df12db4294e9bfd3]::result::Result<(), alloc[2182bb758b4b3781]::string::String>, fn() -> core[df12db4294e9bfd3]::result::Result<(), alloc[2182bb758b4b3781]::string::String>>
[INFO] [stdout]   13:     0x62c36ef70d65 - test[9d35eded1c95d3be]::run_test::{closure#0}
[INFO] [stdout]   14:     0x62c36ef6a624 - std[70759c8f55707aa4]::sys::backtrace::__rust_begin_short_backtrace::<test[9d35eded1c95d3be]::run_test::{closure#1}, ()>
[INFO] [stdout]   15:     0x62c36ef73ec2 - <std[70759c8f55707aa4]::thread::lifecycle::spawn_unchecked<test[9d35eded1c95d3be]::run_test::{closure#1}, ()>::{closure#1} as core[df12db4294e9bfd3]::ops::function::FnOnce<()>>::call_once::{shim:vtable#0}
[INFO] [stdout]   16:     0x62c36efdb5d9 - <std[70759c8f55707aa4]::sys::thread::unix::Thread>::new::thread_start
[INFO] [stdout]   17:     0x7a7151065dfa - <unknown>
[INFO] [stdout]   18:     0x7a71510f93d4 - clone
[INFO] [stdout]   19:                0x0 - <unknown>
[INFO] [stdout] 
[INFO] [stdout] 
[INFO] [stdout] failures:
[INFO] [stdout]     the_published_conformance_suite_passes
[INFO] [stdout] 
[INFO] [stdout] test result: FAILED. 15 passed; 1 failed; 0 ignored; 0 measured; 0 filtered out; finished in 0.03s
[INFO] [stdout] 
[INFO] [stderr] error: test failed, to rerun pass `--test cli`
[INFO] running `Command { std: "docker" "inspect" "b522cf08ac13d762fe53883c2bf05078744765e16e03820bc95c14c79c2abe3a", kill_on_drop: false }`
[INFO] running `Command { std: "docker" "rm" "-f" "b522cf08ac13d762fe53883c2bf05078744765e16e03820bc95c14c79c2abe3a", kill_on_drop: false }`
[INFO] [stdout] b522cf08ac13d762fe53883c2bf05078744765e16e03820bc95c14c79c2abe3a
