[INFO] fetching crate ockham 0.1.1...
[INFO] testing ockham-0.1.1 against 1.100.0-beta.1+cargoflags=--release for beta-release-1.100-2
[INFO] extracting crate ockham 0.1.1 into /workspace/builds/worker-7-tc2/source
[INFO] started tweaking crates.io crate ockham 0.1.1
[INFO] removed 0 missing examples
[INFO] finished tweaking crates.io crate ockham 0.1.1
[INFO] tweaked toml for crates.io crate ockham 0.1.1 written to /workspace/builds/worker-7-tc2/source/Cargo.toml
[INFO] validating manifest of crates.io crate ockham 0.1.1 on toolchain 1.100.0-beta.1
[INFO] running `Command { std: CARGO_HOME="/workspace/cargo-home" RUSTUP_HOME="/workspace/rustup-home" "/workspace/cargo-home/bin/cargo" "+1.100.0-beta.1" "metadata" "--manifest-path" "Cargo.toml" "--no-deps", kill_on_drop: false }`
[INFO] crate crates.io crate ockham 0.1.1 already has a lockfile, it will not be regenerated
[INFO] running `Command { std: CARGO_HOME="/workspace/cargo-home" RUSTUP_HOME="/workspace/rustup-home" "/workspace/cargo-home/bin/cargo" "+1.100.0-beta.1" "fetch" "--manifest-path" "Cargo.toml", kill_on_drop: false }`
[INFO] running `Command { std: "docker" "create" "-v" "/var/lib/crater-agent-workspace/builds/worker-7-tc2/source:/opt/rustwide/workdir:ro,Z" "-v" "/var/lib/crater-agent-workspace/builds/worker-7-tc2/target:/opt/rustwide/target:rw,Z" "-v" "/var/lib/crater-agent-workspace/cargo-home:/opt/rustwide/cargo-home:ro,Z" "-v" "/var/lib/crater-agent-workspace/rustup-home:/opt/rustwide/rustup-home:ro,Z" "-m" "1610612736" "--network" "none" "ghcr.io/rust-lang/crates-build-env/linux@sha256:77db811e55d90add9212f6832c23229e3de5f1c1f9905e8cb07319ea15df73ac" "sleep" "infinity", kill_on_drop: false }`
[INFO] [stdout] 7fc5d284b12c7dc619ddb6e41cb748f98f99604b9957d69b55407da0c43a19f6
[INFO] running `Command { std: "docker" "start" "7fc5d284b12c7dc619ddb6e41cb748f98f99604b9957d69b55407da0c43a19f6", kill_on_drop: false }`
[INFO] running `Command { std: "docker" "inspect" "7fc5d284b12c7dc619ddb6e41cb748f98f99604b9957d69b55407da0c43a19f6", kill_on_drop: false }`
[INFO] running `Command { std: "docker" "exec" "-e" "SOURCE_DIR=/opt/rustwide/workdir" "-e" "CARGO_HOME=/opt/rustwide/cargo-home" "-e" "RUSTUP_HOME=/opt/rustwide/rustup-home" "-e" "CARGO_TARGET_DIR=/opt/rustwide/target" "-w" "/opt/rustwide/workdir" "--user" "0:0" "7fc5d284b12c7dc619ddb6e41cb748f98f99604b9957d69b55407da0c43a19f6" "/opt/rustwide/cargo-home/bin/cargo" "+1.100.0-beta.1" "metadata" "--no-deps" "--format-version=1", kill_on_drop: false }`
[INFO] running `Command { std: "docker" "inspect" "7fc5d284b12c7dc619ddb6e41cb748f98f99604b9957d69b55407da0c43a19f6", kill_on_drop: false }`
[INFO] running `Command { std: "docker" "exec" "-e" "SOURCE_DIR=/opt/rustwide/workdir" "-e" "CARGO_HOME=/opt/rustwide/cargo-home" "-e" "RUSTUP_HOME=/opt/rustwide/rustup-home" "-e" "CARGO_TARGET_DIR=/opt/rustwide/target" "-e" "CARGO_INCREMENTAL=0" "-e" "RUST_BACKTRACE=full" "-e" "RUSTFLAGS=--cap-lints=warn" "-e" "RUSTDOCFLAGS=--cap-lints=warn" "-w" "/opt/rustwide/workdir" "--user" "0:0" "7fc5d284b12c7dc619ddb6e41cb748f98f99604b9957d69b55407da0c43a19f6" "/opt/rustwide/cargo-home/bin/cargo" "+1.100.0-beta.1" "build" "--frozen" "--message-format=json" "--release", kill_on_drop: false }`
[INFO] [stderr]    Compiling proc-macro2 v1.0.103
[INFO] [stderr]    Compiling quote v1.0.42
[INFO] [stderr]    Compiling unicode-ident v1.0.22
[INFO] [stderr]    Compiling autocfg v1.5.0
[INFO] [stderr]    Compiling serde_core v1.0.228
[INFO] [stderr]    Compiling serde v1.0.228
[INFO] [stderr]    Compiling thiserror v1.0.69
[INFO] [stderr]    Compiling num-traits v0.2.19
[INFO] [stderr]    Compiling syn v2.0.111
[INFO] [stderr]    Compiling approx v0.5.1
[INFO] [stderr]    Compiling thiserror-impl v1.0.69
[INFO] [stderr]    Compiling serde_derive v1.0.228
[INFO] [stderr]    Compiling ockham v0.1.1 (/opt/rustwide/workdir)
[INFO] [stdout] warning: unused import: `VariableType`
[INFO] [stdout]  --> src/problem/builder.rs:3:78
[INFO] [stdout]   |
[INFO] [stdout] 3 |     Constraint, ConstraintType, Objective, ObjectiveType, Problem, Variable, VariableType,
[INFO] [stdout]   |                                                                              ^^^^^^^^^^^^
[INFO] [stdout]   |
[INFO] [stdout]   = note: `#[warn(unused_imports)]` (part of `#[warn(unused)]`) on by default
[INFO] [stdout] 
[INFO] [stdout] 
[INFO] [stderr]     Finished `release` profile [optimized] target(s) in 4.62s
[INFO] running `Command { std: "docker" "inspect" "7fc5d284b12c7dc619ddb6e41cb748f98f99604b9957d69b55407da0c43a19f6", kill_on_drop: false }`
[INFO] running `Command { std: "docker" "exec" "-e" "SOURCE_DIR=/opt/rustwide/workdir" "-e" "CARGO_HOME=/opt/rustwide/cargo-home" "-e" "RUSTUP_HOME=/opt/rustwide/rustup-home" "-e" "CARGO_TARGET_DIR=/opt/rustwide/target" "-e" "CARGO_INCREMENTAL=0" "-e" "RUST_BACKTRACE=full" "-e" "RUSTFLAGS=--cap-lints=warn" "-e" "RUSTDOCFLAGS=--cap-lints=warn" "-w" "/opt/rustwide/workdir" "--user" "0:0" "7fc5d284b12c7dc619ddb6e41cb748f98f99604b9957d69b55407da0c43a19f6" "/opt/rustwide/cargo-home/bin/cargo" "+1.100.0-beta.1" "test" "--frozen" "--no-run" "--message-format=json" "--release", kill_on_drop: false }`
[INFO] [stderr]    Compiling libc v0.2.178
[INFO] [stderr]    Compiling cfg-if v1.0.4
[INFO] [stderr]    Compiling zerocopy v0.8.31
[INFO] [stderr]    Compiling getrandom v0.3.4
[INFO] [stderr]    Compiling serde_core v1.0.228
[INFO] [stderr]    Compiling crossbeam-utils v0.8.21
[INFO] [stderr]    Compiling serde v1.0.228
[INFO] [stderr]    Compiling rustix v1.1.2
[INFO] [stderr]    Compiling linux-raw-sys v0.11.0
[INFO] [stderr]    Compiling regex-syntax v0.8.8
[INFO] [stderr]    Compiling either v1.15.0
[INFO] [stderr]    Compiling once_cell v1.21.3
[INFO] [stderr]    Compiling num-traits v0.2.19
[INFO] [stderr]    Compiling rayon-core v1.13.0
[INFO] [stderr]    Compiling bitflags v2.10.0
[INFO] [stderr]    Compiling syn v2.0.111
[INFO] [stderr]    Compiling serde_json v1.0.145
[INFO] [stderr]    Compiling clap_lex v0.7.6
[INFO] [stderr]    Compiling memchr v2.7.6
[INFO] [stderr]    Compiling plotters-backend v0.3.7
[INFO] [stderr]    Compiling itoa v1.0.15
[INFO] [stderr]    Compiling ciborium-io v0.2.2
[INFO] [stderr]    Compiling anstyle v1.0.13
[INFO] [stderr]    Compiling fastrand v2.3.0
[INFO] [stderr]    Compiling ryu v1.0.20
[INFO] [stderr]    Compiling itertools v0.10.5
[INFO] [stderr]    Compiling cast v0.3.0
[INFO] [stderr]    Compiling same-file v1.0.6
[INFO] [stderr]    Compiling quick-error v1.2.3
[INFO] [stderr]    Compiling clap_builder v4.5.53
[INFO] [stderr]    Compiling bit-vec v0.8.0
[INFO] [stderr]    Compiling fnv v1.0.7
[INFO] [stderr]    Compiling plotters-svg v0.3.7
[INFO] [stderr]    Compiling walkdir v2.5.0
[INFO] [stderr]    Compiling anes v0.1.6
[INFO] [stderr]    Compiling unarray v0.1.4
[INFO] [stderr]    Compiling oorandom v11.1.5
[INFO] [stderr]    Compiling bit-set v0.8.0
[INFO] [stderr]    Compiling crossbeam-epoch v0.9.18
[INFO] [stderr]    Compiling crossbeam-deque v0.8.6
[INFO] [stderr]    Compiling plotters v0.3.7
[INFO] [stderr]    Compiling approx v0.5.1
[INFO] [stderr]    Compiling wait-timeout v0.2.1
[INFO] [stderr]    Compiling is-terminal v0.4.17
[INFO] [stderr]    Compiling rand_core v0.9.3
[INFO] [stderr]    Compiling rand_xorshift v0.4.0
[INFO] [stderr]    Compiling rand v0.9.2
[INFO] [stderr]    Compiling criterion-plot v0.5.0
[INFO] [stderr]    Compiling rayon v1.11.0
[INFO] [stderr]    Compiling regex-automata v0.4.13
[INFO] [stderr]    Compiling tempfile v3.23.0
[INFO] [stderr]    Compiling clap v4.5.53
[INFO] [stderr]    Compiling rusty-fork v0.3.1
[INFO] [stderr]    Compiling zerocopy-derive v0.8.31
[INFO] [stderr]    Compiling serde_derive v1.0.228
[INFO] [stderr]    Compiling thiserror-impl v1.0.69
[INFO] [stderr]    Compiling thiserror v1.0.69
[INFO] [stderr]    Compiling regex v1.12.2
[INFO] [stderr]    Compiling tinytemplate v1.2.1
[INFO] [stderr]    Compiling ockham v0.1.1 (/opt/rustwide/workdir)
[INFO] [stdout] warning: unused import: `VariableType`
[INFO] [stdout]  --> src/problem/builder.rs:3:78
[INFO] [stdout]   |
[INFO] [stdout] 3 |     Constraint, ConstraintType, Objective, ObjectiveType, Problem, Variable, VariableType,
[INFO] [stdout]   |                                                                              ^^^^^^^^^^^^
[INFO] [stdout]   |
[INFO] [stdout]   = note: `#[warn(unused_imports)]` (part of `#[warn(unused)]`) on by default
[INFO] [stdout] 
[INFO] [stdout] 
[INFO] [stderr]    Compiling half v2.7.1
[INFO] [stderr]    Compiling ppv-lite86 v0.2.21
[INFO] [stderr]    Compiling ciborium-ll v0.2.2
[INFO] [stderr]    Compiling rand_chacha v0.9.0
[INFO] [stderr]    Compiling ciborium v0.2.2
[INFO] [stderr]    Compiling proptest v1.9.0
[INFO] [stderr]    Compiling criterion v0.5.1
[INFO] [stderr]     Finished `release` profile [optimized] target(s) in 35.04s
[INFO] running `Command { std: "docker" "inspect" "7fc5d284b12c7dc619ddb6e41cb748f98f99604b9957d69b55407da0c43a19f6", kill_on_drop: false }`
[INFO] running `Command { std: "docker" "exec" "-e" "SOURCE_DIR=/opt/rustwide/workdir" "-e" "CARGO_HOME=/opt/rustwide/cargo-home" "-e" "RUSTUP_HOME=/opt/rustwide/rustup-home" "-e" "CARGO_TARGET_DIR=/opt/rustwide/target" "-e" "CARGO_INCREMENTAL=0" "-e" "RUST_BACKTRACE=full" "-e" "RUSTFLAGS=--cap-lints=warn" "-e" "RUSTDOCFLAGS=--cap-lints=warn" "-w" "/opt/rustwide/workdir" "--user" "0:0" "7fc5d284b12c7dc619ddb6e41cb748f98f99604b9957d69b55407da0c43a19f6" "/opt/rustwide/cargo-home/bin/cargo" "+1.100.0-beta.1" "test" "--frozen" "--release", kill_on_drop: false }`
[INFO] [stderr] warning: unused import: `VariableType`
[INFO] [stderr]  --> src/problem/builder.rs:3:78
[INFO] [stderr]   |
[INFO] [stderr] 3 |     Constraint, ConstraintType, Objective, ObjectiveType, Problem, Variable, VariableType,
[INFO] [stderr]   |                                                                              ^^^^^^^^^^^^
[INFO] [stderr]   |
[INFO] [stderr]   = note: `#[warn(unused_imports)]` (part of `#[warn(unused)]`) on by default
[INFO] [stderr] 
[INFO] [stderr] warning: `ockham` (lib) generated 1 warning (run `cargo fix --lib -p ockham` to apply 1 suggestion)
[INFO] [stderr]     Finished `release` profile [optimized] target(s) in 0.06s
[INFO] [stderr]      Running unittests src/lib.rs (/opt/rustwide/target/release/build/ockham/7b12a76977b316fe/out/ockham-7b12a76977b316fe)
[INFO] [stdout] 
[INFO] [stdout] running 59 tests
[INFO] [stdout] test problem::builder::tests::test_builder_basic_usage ... ok
[INFO] [stdout] test problem::builder::tests::test_builder_integer_and_binary ... ok
[INFO] [stdout] test problem::builder::tests::test_builder_errors ... ok
[INFO] [stdout] test problem::constraint::tests::test_constraint_creation ... ok
[INFO] [stdout] test problem::builder::tests::test_builder_with_indices ... ok
[INFO] [stdout] test problem::builder::tests::test_builder_multiple_variables ... ok
[INFO] [stdout] test problem::constraint::tests::test_constraint_evaluation ... ok
[INFO] [stdout] test problem::constraint::tests::test_constraint_multiplication ... ok
[INFO] [stdout] test problem::constraint::tests::test_constraint_normalization ... ok
[INFO] [stdout] test problem::constraint::tests::test_constraint_violation ... ok
[INFO] [stdout] test problem::constraint::tests::test_constraint_with_name ... ok
[INFO] [stdout] test problem::constraint::tests::test_invalid_constraint ... ok
[INFO] [stdout] test problem::objective::tests::test_directional_derivative ... ok
[INFO] [stdout] test problem::objective::tests::test_invalid_objective ... ok
[INFO] [stdout] test problem::objective::tests::test_objective_conversion ... ok
[INFO] [stdout] test problem::objective::tests::test_objective_creation ... ok
[INFO] [stdout] test problem::objective::tests::test_objective_evaluation ... ok
[INFO] [stdout] test problem::objective::tests::test_objective_multiplication ... ok
[INFO] [stdout] test problem::objective::tests::test_objective_with_constant ... ok
[INFO] [stdout] test problem::problem::tests::test_feasibility_check ... ok
[INFO] [stdout] test problem::problem::tests::test_problem_creation ... ok
[INFO] [stdout] test problem::problem::tests::test_objective_evaluation ... ok
[INFO] [stdout] test problem::problem::tests::test_problem_statistics ... ok
[INFO] [stdout] test problem::problem::tests::test_problem_validation ... ok
[INFO] [stdout] test problem::variable::tests::test_binary_variable ... ok
[INFO] [stdout] test problem::variable::tests::test_continuous_variable_creation ... ok
[INFO] [stdout] test problem::variable::tests::test_feasibility_checks ... ok
[INFO] [stdout] test problem::variable::tests::test_invalid_bounds ... ok
[INFO] [stdout] test problem::variable::tests::test_projection ... ok
[INFO] [stdout] test solvers::result::tests::test_solution_creation ... ok
[INFO] [stdout] test solvers::result::tests::test_solution_status_display ... ok
[INFO] [stdout] test solvers::result::tests::test_solver_statistics ... ok
[INFO] [stdout] test solvers::simplex::tests::test_simplex_solver_creation ... ok
[INFO] [stdout] test solvers::simplex::tests::test_unbounded_problem ... ok
[INFO] [stdout] test solvers::solver::tests::test_best_solver_selection ... ok
[INFO] [stdout] test solvers::solver::tests::test_solver_config ... ok
[INFO] [stdout] test problem::problem::tests::test_standard_form_conversion ... FAILED
[INFO] [stdout] test tests::test_builder_pattern ... ok
[INFO] [stdout] test solvers::solver::tests::test_solver_factory ... ok
[INFO] [stdout] test tests::test_solver_configuration ... ok
[INFO] [stdout] test utils::presolve::tests::test_fix_variables ... ok
[INFO] [stdout] test solvers::simplex::tests::test_infeasible_problem ... FAILED
[INFO] [stdout] test utils::presolve::tests::test_presolve_statistics ... ok
[INFO] [stdout] test solvers::simplex::tests::test_simplex_solve ... FAILED
[INFO] [stdout] test utils::presolve::tests::test_remove_redundant_constraints ... FAILED
[INFO] [stdout] test solvers::simplex::tests::test_simplex_with_config ... FAILED
[INFO] [stdout] test utils::scaling::tests::test_geometric_scaling ... ok
[INFO] [stdout] test utils::scaling::tests::test_no_scaling ... ok
[INFO] [stdout] test utils::validation::tests::test_dimension_mismatch ... ok
[INFO] [stdout] test utils::scaling::tests::test_solution_unscaling ... ok
[INFO] [stdout] test tests::test_presolve_and_scaling ... FAILED
[INFO] [stdout] test utils::scaling::tests::test_max_element_scaling ... ok
[INFO] [stdout] test tests::test_simple_problem_solve ... FAILED
[INFO] [stdout] test utils::scaling::tests::test_equilibration_scaling ... FAILED
[INFO] [stdout] test utils::validation::tests::test_numerical_warnings ... FAILED
[INFO] [stdout] test utils::validation::tests::test_valid_problem ... ok
[INFO] [stdout] test tests::test_backward_compatibility ... ok
[INFO] [stdout] test utils::validation::tests::test_large_coefficient_range_warning ... ok
[INFO] [stdout] test utils::validation::tests::test_invalid_bounds ... FAILED
[INFO] [stdout] 
[INFO] [stdout] failures:
[INFO] [stdout] 
[INFO] [stdout] ---- problem::problem::tests::test_standard_form_conversion stdout ----
[INFO] [stdout] 
[INFO] [stdout] thread 'problem::problem::tests::test_standard_form_conversion' (1503) panicked at src/problem/problem.rs:454:67:
[INFO] [stdout] called `Result::unwrap()` on an `Err` value: InvalidConstraintLength { expected: 5, actual: 3 }
[INFO] [stdout] stack backtrace:
[INFO] [stdout]    0:     0x55dca652b5b7 - <<std[617be2ca0a6fd877]::sys::backtrace::BacktraceLock>::print::DisplayBacktrace as core[a373ad73a504971]::fmt::Display>::fmt
[INFO] [stdout]    1:     0x55dca651282a - core[a373ad73a504971]::fmt::write
[INFO] [stdout]    2:     0x55dca652ab6b - <alloc[2e1b2a31b91974c5]::vec::Vec<u8> as core[a373ad73a504971]::io::write::Write>::write_fmt
[INFO] [stdout]    3:     0x55dca652a64f - std[617be2ca0a6fd877]::panicking::default_hook::{closure#0}
[INFO] [stdout]    4:     0x55dca652a27a - std[617be2ca0a6fd877]::panicking::default_hook
[INFO] [stdout]    5:     0x55dca6529db5 - std[617be2ca0a6fd877]::panicking::panic_with_hook
[INFO] [stdout]    6:     0x55dca6550b61 - std[617be2ca0a6fd877]::panicking::panic_handler::{closure#0}
[INFO] [stdout]    7:     0x55dca6550b19 - std[617be2ca0a6fd877]::sys::backtrace::__rust_end_short_backtrace::<std[617be2ca0a6fd877]::panicking::panic_handler::{closure#0}, !>
[INFO] [stdout]    8:     0x55dca655101c - __rustc[ea4f61d10b84890b]::rust_begin_unwind
[INFO] [stdout]    9:     0x55dca65126bb - core[a373ad73a504971]::panicking::panic_fmt
[INFO] [stdout]   10:     0x55dca6515b71 - core[a373ad73a504971]::result::unwrap_failed
[INFO] [stdout]   11:     0x55dca650da5b - <ockham[c94b673adf288def]::problem::problem::tests::test_standard_form_conversion::{closure#0} as core[a373ad73a504971]::ops::function::FnOnce<()>>::call_once
[INFO] [stdout]   12:     0x55dca656937b - test[aada8e7e76ba119b]::__rust_begin_short_backtrace::<core[a373ad73a504971]::result::Result<(), alloc[2e1b2a31b91974c5]::string::String>, fn() -> core[a373ad73a504971]::result::Result<(), alloc[2e1b2a31b91974c5]::string::String>>
[INFO] [stdout]   13:     0x55dca65647df - test[aada8e7e76ba119b]::run_test::{closure#0}
[INFO] [stdout]   14:     0x55dca656425c - std[617be2ca0a6fd877]::sys::backtrace::__rust_begin_short_backtrace::<test[aada8e7e76ba119b]::run_test::{closure#1}, ()>
[INFO] [stdout]   15:     0x55dca65844fc - <std[617be2ca0a6fd877]::thread::lifecycle::spawn_unchecked<test[aada8e7e76ba119b]::run_test::{closure#1}, ()>::{closure#1} as core[a373ad73a504971]::ops::function::FnOnce<()>>::call_once::{shim:vtable#0}
[INFO] [stdout]   16:     0x55dca6552854 - <std[617be2ca0a6fd877]::sys::thread::unix::Thread>::new::thread_start
[INFO] [stdout]   17:     0x7e7aade2ddfa - <unknown>
[INFO] [stdout]   18:     0x7e7aadec13d4 - clone
[INFO] [stdout]   19:                0x0 - <unknown>
[INFO] [stdout] 
[INFO] [stdout] ---- solvers::simplex::tests::test_infeasible_problem stdout ----
[INFO] [stdout] 
[INFO] [stdout] thread 'solvers::simplex::tests::test_infeasible_problem' (1512) panicked at src/solvers/simplex.rs:680:9:
[INFO] [stdout] assertion failed: solution.is_infeasible()
[INFO] [stdout] stack backtrace:
[INFO] [stdout]    0:     0x55dca652b5b7 - <<std[617be2ca0a6fd877]::sys::backtrace::BacktraceLock>::print::DisplayBacktrace as core[a373ad73a504971]::fmt::Display>::fmt
[INFO] [stdout]    1:     0x55dca651282a - core[a373ad73a504971]::fmt::write
[INFO] [stdout]    2:     0x55dca652ab6b - <alloc[2e1b2a31b91974c5]::vec::Vec<u8> as core[a373ad73a504971]::io::write::Write>::write_fmt
[INFO] [stdout]    3:     0x55dca652a64f - std[617be2ca0a6fd877]::panicking::default_hook::{closure#0}
[INFO] [stdout]    4:     0x55dca652a27a - std[617be2ca0a6fd877]::panicking::default_hook
[INFO] [stdout]    5:     0x55dca6529db5 - std[617be2ca0a6fd877]::panicking::panic_with_hook
[INFO] [stdout]    6:     0x55dca6550b92 - std[617be2ca0a6fd877]::panicking::panic_handler::{closure#0}
[INFO] [stderr] error: test failed, to rerun pass `--lib`
[INFO] [stdout]    7:     0x55dca6550b19 - std[617be2ca0a6fd877]::sys::backtrace::__rust_end_short_backtrace::<std[617be2ca0a6fd877]::panicking::panic_handler::{closure#0}, !>
[INFO] [stdout]    8:     0x55dca655101c - __rustc[ea4f61d10b84890b]::rust_begin_unwind
[INFO] [stdout]    9:     0x55dca65126bb - core[a373ad73a504971]::panicking::panic_fmt
[INFO] [stdout]   10:     0x55dca6513fb1 - core[a373ad73a504971]::panicking::panic
[INFO] [stdout]   11:     0x55dca6510776 - <ockham[c94b673adf288def]::solvers::simplex::tests::test_infeasible_problem::{closure#0} as core[a373ad73a504971]::ops::function::FnOnce<()>>::call_once
[INFO] [stdout]   12:     0x55dca656937b - test[aada8e7e76ba119b]::__rust_begin_short_backtrace::<core[a373ad73a504971]::result::Result<(), alloc[2e1b2a31b91974c5]::string::String>, fn() -> core[a373ad73a504971]::result::Result<(), alloc[2e1b2a31b91974c5]::string::String>>
[INFO] [stdout]   13:     0x55dca65647df - test[aada8e7e76ba119b]::run_test::{closure#0}
[INFO] [stdout]   14:     0x55dca656425c - std[617be2ca0a6fd877]::sys::backtrace::__rust_begin_short_backtrace::<test[aada8e7e76ba119b]::run_test::{closure#1}, ()>
[INFO] [stdout]   15:     0x55dca65844fc - <std[617be2ca0a6fd877]::thread::lifecycle::spawn_unchecked<test[aada8e7e76ba119b]::run_test::{closure#1}, ()>::{closure#1} as core[a373ad73a504971]::ops::function::FnOnce<()>>::call_once::{shim:vtable#0}
[INFO] [stdout]   16:     0x55dca6552854 - <std[617be2ca0a6fd877]::sys::thread::unix::Thread>::new::thread_start
[INFO] [stdout]   17:     0x7e7aade2ddfa - <unknown>
[INFO] [stdout]   18:     0x7e7aadec13d4 - clone
[INFO] [stdout]   19:                0x0 - <unknown>
[INFO] [stdout] 
[INFO] [stdout] ---- solvers::simplex::tests::test_simplex_solve stdout ----
[INFO] [stdout] 
[INFO] [stdout] thread 'solvers::simplex::tests::test_simplex_solve' (1513) panicked at src/solvers/simplex.rs:644:47:
[INFO] [stdout] called `Result::unwrap()` on an `Err` value: InvalidProblem { reason: "Invalid constraint coefficients: length 3 doesn't match number of variables 5" }
[INFO] [stdout] stack backtrace:
[INFO] [stdout]    0:     0x55dca652b5b7 - <<std[617be2ca0a6fd877]::sys::backtrace::BacktraceLock>::print::DisplayBacktrace as core[a373ad73a504971]::fmt::Display>::fmt
[INFO] [stdout]    1:     0x55dca651282a - core[a373ad73a504971]::fmt::write
[INFO] [stdout]    2:     0x55dca652ab6b - <alloc[2e1b2a31b91974c5]::vec::Vec<u8> as core[a373ad73a504971]::io::write::Write>::write_fmt
[INFO] [stdout]    3:     0x55dca652a64f - std[617be2ca0a6fd877]::panicking::default_hook::{closure#0}
[INFO] [stdout]    4:     0x55dca652a27a - std[617be2ca0a6fd877]::panicking::default_hook
[INFO] [stdout]    5:     0x55dca6529db5 - std[617be2ca0a6fd877]::panicking::panic_with_hook
[INFO] [stdout]    6:     0x55dca6550b61 - std[617be2ca0a6fd877]::panicking::panic_handler::{closure#0}
[INFO] [stdout]    7:     0x55dca6550b19 - std[617be2ca0a6fd877]::sys::backtrace::__rust_end_short_backtrace::<std[617be2ca0a6fd877]::panicking::panic_handler::{closure#0}, !>
[INFO] [stdout]    8:     0x55dca655101c - __rustc[ea4f61d10b84890b]::rust_begin_unwind
[INFO] [stdout]    9:     0x55dca65126bb - core[a373ad73a504971]::panicking::panic_fmt
[INFO] [stdout]   10:     0x55dca6515b71 - core[a373ad73a504971]::result::unwrap_failed
[INFO] [stdout]   11:     0x55dca650fd04 - <ockham[c94b673adf288def]::solvers::simplex::tests::test_simplex_solve::{closure#0} as core[a373ad73a504971]::ops::function::FnOnce<()>>::call_once
[INFO] [stdout]   12:     0x55dca656937b - test[aada8e7e76ba119b]::__rust_begin_short_backtrace::<core[a373ad73a504971]::result::Result<(), alloc[2e1b2a31b91974c5]::string::String>, fn() -> core[a373ad73a504971]::result::Result<(), alloc[2e1b2a31b91974c5]::string::String>>
[INFO] [stdout]   13:     0x55dca65647df - test[aada8e7e76ba119b]::run_test::{closure#0}
[INFO] [stdout]   14:     0x55dca656425c - std[617be2ca0a6fd877]::sys::backtrace::__rust_begin_short_backtrace::<test[aada8e7e76ba119b]::run_test::{closure#1}, ()>
[INFO] [stdout]   15:     0x55dca65844fc - <std[617be2ca0a6fd877]::thread::lifecycle::spawn_unchecked<test[aada8e7e76ba119b]::run_test::{closure#1}, ()>::{closure#1} as core[a373ad73a504971]::ops::function::FnOnce<()>>::call_once::{shim:vtable#0}
[INFO] [stdout]   16:     0x55dca6552854 - <std[617be2ca0a6fd877]::sys::thread::unix::Thread>::new::thread_start
[INFO] [stdout]   17:     0x7e7aade2ddfa - <unknown>
[INFO] [stdout]   18:     0x7e7aadec13d4 - clone
[INFO] [stdout]   19:                0x0 - <unknown>
[INFO] [stdout] 
[INFO] [stdout] ---- utils::presolve::tests::test_remove_redundant_constraints stdout ----
[INFO] [stdout] 
[INFO] [stdout] thread 'utils::presolve::tests::test_remove_redundant_constraints' (1527) panicked at src/utils/presolve.rs:511:9:
[INFO] [stdout] assertion `left == right` failed
[INFO] [stdout]   left: 2
[INFO] [stdout]  right: 1
[INFO] [stdout] stack backtrace:
[INFO] [stdout]    0:     0x55dca652b5b7 - <<std[617be2ca0a6fd877]::sys::backtrace::BacktraceLock>::print::DisplayBacktrace as core[a373ad73a504971]::fmt::Display>::fmt
[INFO] [stdout]    1:     0x55dca651282a - core[a373ad73a504971]::fmt::write
[INFO] [stdout]    2:     0x55dca652ab6b - <alloc[2e1b2a31b91974c5]::vec::Vec<u8> as core[a373ad73a504971]::io::write::Write>::write_fmt
[INFO] [stdout]    3:     0x55dca652a64f - std[617be2ca0a6fd877]::panicking::default_hook::{closure#0}
[INFO] [stdout]    4:     0x55dca652a27a - std[617be2ca0a6fd877]::panicking::default_hook
[INFO] [stdout]    5:     0x55dca6529db5 - std[617be2ca0a6fd877]::panicking::panic_with_hook
[INFO] [stdout]    6:     0x55dca6550b61 - std[617be2ca0a6fd877]::panicking::panic_handler::{closure#0}
[INFO] [stdout]    7:     0x55dca6550b19 - std[617be2ca0a6fd877]::sys::backtrace::__rust_end_short_backtrace::<std[617be2ca0a6fd877]::panicking::panic_handler::{closure#0}, !>
[INFO] [stdout]    8:     0x55dca655101c - __rustc[ea4f61d10b84890b]::rust_begin_unwind
[INFO] [stdout]    9:     0x55dca65126bb - core[a373ad73a504971]::panicking::panic_fmt
[INFO] [stdout]   10:     0x55dca65125dc - core[a373ad73a504971]::panicking::assert_failed_inner
[INFO] [stdout]   11:     0x55dca6513aba - core[a373ad73a504971]::panicking::assert_failed::<usize, usize>
[INFO] [stdout]   12:     0x55dca6508a48 - <ockham[c94b673adf288def]::utils::presolve::tests::test_remove_redundant_constraints::{closure#0} as core[a373ad73a504971]::ops::function::FnOnce<()>>::call_once
[INFO] [stdout]   13:     0x55dca656937b - test[aada8e7e76ba119b]::__rust_begin_short_backtrace::<core[a373ad73a504971]::result::Result<(), alloc[2e1b2a31b91974c5]::string::String>, fn() -> core[a373ad73a504971]::result::Result<(), alloc[2e1b2a31b91974c5]::string::String>>
[INFO] [stdout]   14:     0x55dca65647df - test[aada8e7e76ba119b]::run_test::{closure#0}
[INFO] [stdout]   15:     0x55dca656425c - std[617be2ca0a6fd877]::sys::backtrace::__rust_begin_short_backtrace::<test[aada8e7e76ba119b]::run_test::{closure#1}, ()>
[INFO] [stdout]   16:     0x55dca65844fc - <std[617be2ca0a6fd877]::thread::lifecycle::spawn_unchecked<test[aada8e7e76ba119b]::run_test::{closure#1}, ()>::{closure#1} as core[a373ad73a504971]::ops::function::FnOnce<()>>::call_once::{shim:vtable#0}
[INFO] [stdout]   17:     0x55dca6552854 - <std[617be2ca0a6fd877]::sys::thread::unix::Thread>::new::thread_start
[INFO] [stdout]   18:     0x7e7aade2ddfa - <unknown>
[INFO] [stdout]   19:     0x7e7aadec13d4 - clone
[INFO] [stdout]   20:                0x0 - <unknown>
[INFO] [stdout] 
[INFO] [stdout] ---- solvers::simplex::tests::test_simplex_with_config stdout ----
[INFO] [stdout] Presolve applied: 2 vars -> 1, 2 constraints -> 0
[INFO] [stdout] Scaling applied, condition number: 1.00e0 -> 1.00e0
[INFO] [stdout] 
[INFO] [stdout] thread 'solvers::simplex::tests::test_simplex_with_config' (1515) panicked at src/solvers/simplex.rs:662:9:
[INFO] [stdout] assertion failed: solution.is_optimal()
[INFO] [stdout] stack backtrace:
[INFO] [stdout]    0:     0x55dca652b5b7 - <<std[617be2ca0a6fd877]::sys::backtrace::BacktraceLock>::print::DisplayBacktrace as core[a373ad73a504971]::fmt::Display>::fmt
[INFO] [stdout]    1:     0x55dca651282a - core[a373ad73a504971]::fmt::write
[INFO] [stdout]    2:     0x55dca652ab6b - <alloc[2e1b2a31b91974c5]::vec::Vec<u8> as core[a373ad73a504971]::io::write::Write>::write_fmt
[INFO] [stdout]    3:     0x55dca652a64f - std[617be2ca0a6fd877]::panicking::default_hook::{closure#0}
[INFO] [stdout]    4:     0x55dca652a27a - std[617be2ca0a6fd877]::panicking::default_hook
[INFO] [stdout]    5:     0x55dca6529db5 - std[617be2ca0a6fd877]::panicking::panic_with_hook
[INFO] [stdout]    6:     0x55dca6550b92 - std[617be2ca0a6fd877]::panicking::panic_handler::{closure#0}
[INFO] [stdout]    7:     0x55dca6550b19 - std[617be2ca0a6fd877]::sys::backtrace::__rust_end_short_backtrace::<std[617be2ca0a6fd877]::panicking::panic_handler::{closure#0}, !>
[INFO] [stdout]    8:     0x55dca655101c - __rustc[ea4f61d10b84890b]::rust_begin_unwind
[INFO] [stdout]    9:     0x55dca65126bb - core[a373ad73a504971]::panicking::panic_fmt
[INFO] [stdout]   10:     0x55dca6513fb1 - core[a373ad73a504971]::panicking::panic
[INFO] [stdout]   11:     0x55dca6510a14 - <ockham[c94b673adf288def]::solvers::simplex::tests::test_simplex_with_config::{closure#0} as core[a373ad73a504971]::ops::function::FnOnce<()>>::call_once
[INFO] [stdout]   12:     0x55dca656937b - test[aada8e7e76ba119b]::__rust_begin_short_backtrace::<core[a373ad73a504971]::result::Result<(), alloc[2e1b2a31b91974c5]::string::String>, fn() -> core[a373ad73a504971]::result::Result<(), alloc[2e1b2a31b91974c5]::string::String>>
[INFO] [stdout]   13:     0x55dca65647df - test[aada8e7e76ba119b]::run_test::{closure#0}
[INFO] [stdout]   14:     0x55dca656425c - std[617be2ca0a6fd877]::sys::backtrace::__rust_begin_short_backtrace::<test[aada8e7e76ba119b]::run_test::{closure#1}, ()>
[INFO] [stdout]   15:     0x55dca65844fc - <std[617be2ca0a6fd877]::thread::lifecycle::spawn_unchecked<test[aada8e7e76ba119b]::run_test::{closure#1}, ()>::{closure#1} as core[a373ad73a504971]::ops::function::FnOnce<()>>::call_once::{shim:vtable#0}
[INFO] [stdout]   16:     0x55dca6552854 - <std[617be2ca0a6fd877]::sys::thread::unix::Thread>::new::thread_start
[INFO] [stdout]   17:     0x7e7aade2ddfa - <unknown>
[INFO] [stdout]   18:     0x7e7aadec13d4 - clone
[INFO] [stdout]   19:                0x0 - <unknown>
[INFO] [stdout] 
[INFO] [stdout] ---- tests::test_presolve_and_scaling stdout ----
[INFO] [stdout] 
[INFO] [stdout] thread 'tests::test_presolve_and_scaling' (1522) panicked at src/lib.rs:206:9:
[INFO] [stdout] assertion failed: scaling_result.statistics.condition_number_after <
[INFO] [stdout]     scaling_result.statistics.condition_number_before
[INFO] [stdout] stack backtrace:
[INFO] [stdout]    0:     0x55dca652b5b7 - <<std[617be2ca0a6fd877]::sys::backtrace::BacktraceLock>::print::DisplayBacktrace as core[a373ad73a504971]::fmt::Display>::fmt
[INFO] [stdout]    1:     0x55dca651282a - core[a373ad73a504971]::fmt::write
[INFO] [stdout]    2:     0x55dca652ab6b - <alloc[2e1b2a31b91974c5]::vec::Vec<u8> as core[a373ad73a504971]::io::write::Write>::write_fmt
[INFO] [stdout]    3:     0x55dca652a64f - std[617be2ca0a6fd877]::panicking::default_hook::{closure#0}
[INFO] [stdout]    4:     0x55dca652a27a - std[617be2ca0a6fd877]::panicking::default_hook
[INFO] [stdout]    5:     0x55dca6529db5 - std[617be2ca0a6fd877]::panicking::panic_with_hook
[INFO] [stdout]    6:     0x55dca6550b92 - std[617be2ca0a6fd877]::panicking::panic_handler::{closure#0}
[INFO] [stdout]    7:     0x55dca6550b19 - std[617be2ca0a6fd877]::sys::backtrace::__rust_end_short_backtrace::<std[617be2ca0a6fd877]::panicking::panic_handler::{closure#0}, !>
[INFO] [stdout]    8:     0x55dca655101c - __rustc[ea4f61d10b84890b]::rust_begin_unwind
[INFO] [stdout]    9:     0x55dca65126bb - core[a373ad73a504971]::panicking::panic_fmt
[INFO] [stdout]   10:     0x55dca6513fb1 - core[a373ad73a504971]::panicking::panic
[INFO] [stdout]   11:     0x55dca650363a - <ockham[c94b673adf288def]::tests::test_presolve_and_scaling::{closure#0} as core[a373ad73a504971]::ops::function::FnOnce<()>>::call_once
[INFO] [stdout]   12:     0x55dca656937b - test[aada8e7e76ba119b]::__rust_begin_short_backtrace::<core[a373ad73a504971]::result::Result<(), alloc[2e1b2a31b91974c5]::string::String>, fn() -> core[a373ad73a504971]::result::Result<(), alloc[2e1b2a31b91974c5]::string::String>>
[INFO] [stdout]   13:     0x55dca65647df - test[aada8e7e76ba119b]::run_test::{closure#0}
[INFO] [stdout]   14:     0x55dca656425c - std[617be2ca0a6fd877]::sys::backtrace::__rust_begin_short_backtrace::<test[aada8e7e76ba119b]::run_test::{closure#1}, ()>
[INFO] [stdout]   15:     0x55dca65844fc - <std[617be2ca0a6fd877]::thread::lifecycle::spawn_unchecked<test[aada8e7e76ba119b]::run_test::{closure#1}, ()>::{closure#1} as core[a373ad73a504971]::ops::function::FnOnce<()>>::call_once::{shim:vtable#0}
[INFO] [stdout]   16:     0x55dca6552854 - <std[617be2ca0a6fd877]::sys::thread::unix::Thread>::new::thread_start
[INFO] [stdout]   17:     0x7e7aade2ddfa - <unknown>
[INFO] [stdout]   18:     0x7e7aadec13d4 - clone
[INFO] [stdout]   19:                0x0 - <unknown>
[INFO] [stdout] 
[INFO] [stdout] ---- tests::test_simple_problem_solve stdout ----
[INFO] [stdout] 
[INFO] [stdout] thread 'tests::test_simple_problem_solve' (1523) panicked at src/lib.rs:125:9:
[INFO] [stdout] assert_abs_diff_eq!(solution.objective_value, 30.0, epsilon = 1e-6)
[INFO] [stdout] 
[INFO] [stdout]     left  = -30.0
[INFO] [stdout]     right = 30.0
[INFO] [stdout] 
[INFO] [stdout] 
[INFO] [stdout] stack backtrace:
[INFO] [stdout]    0:     0x55dca652b5b7 - <<std[617be2ca0a6fd877]::sys::backtrace::BacktraceLock>::print::DisplayBacktrace as core[a373ad73a504971]::fmt::Display>::fmt
[INFO] [stdout]    1:     0x55dca651282a - core[a373ad73a504971]::fmt::write
[INFO] [stdout]    2:     0x55dca652ab6b - <alloc[2e1b2a31b91974c5]::vec::Vec<u8> as core[a373ad73a504971]::io::write::Write>::write_fmt
[INFO] [stdout]    3:     0x55dca652a64f - std[617be2ca0a6fd877]::panicking::default_hook::{closure#0}
[INFO] [stdout]    4:     0x55dca652a27a - std[617be2ca0a6fd877]::panicking::default_hook
[INFO] [stdout]    5:     0x55dca6529db5 - std[617be2ca0a6fd877]::panicking::panic_with_hook
[INFO] [stdout]    6:     0x55dca6550b61 - std[617be2ca0a6fd877]::panicking::panic_handler::{closure#0}
[INFO] [stdout]    7:     0x55dca6550b19 - std[617be2ca0a6fd877]::sys::backtrace::__rust_end_short_backtrace::<std[617be2ca0a6fd877]::panicking::panic_handler::{closure#0}, !>
[INFO] [stdout]    8:     0x55dca655101c - __rustc[ea4f61d10b84890b]::rust_begin_unwind
[INFO] [stdout]    9:     0x55dca65126bb - core[a373ad73a504971]::panicking::panic_fmt
[INFO] [stdout]   10:     0x55dca6503d2e - <ockham[c94b673adf288def]::tests::test_simple_problem_solve::{closure#0} as core[a373ad73a504971]::ops::function::FnOnce<()>>::call_once
[INFO] [stdout]   11:     0x55dca656937b - test[aada8e7e76ba119b]::__rust_begin_short_backtrace::<core[a373ad73a504971]::result::Result<(), alloc[2e1b2a31b91974c5]::string::String>, fn() -> core[a373ad73a504971]::result::Result<(), alloc[2e1b2a31b91974c5]::string::String>>
[INFO] [stdout]   12:     0x55dca65647df - test[aada8e7e76ba119b]::run_test::{closure#0}
[INFO] [stdout]   13:     0x55dca656425c - std[617be2ca0a6fd877]::sys::backtrace::__rust_begin_short_backtrace::<test[aada8e7e76ba119b]::run_test::{closure#1}, ()>
[INFO] [stdout]   14:     0x55dca65844fc - <std[617be2ca0a6fd877]::thread::lifecycle::spawn_unchecked<test[aada8e7e76ba119b]::run_test::{closure#1}, ()>::{closure#1} as core[a373ad73a504971]::ops::function::FnOnce<()>>::call_once::{shim:vtable#0}
[INFO] [stdout]   15:     0x55dca6552854 - <std[617be2ca0a6fd877]::sys::thread::unix::Thread>::new::thread_start
[INFO] [stdout]   16:     0x7e7aade2ddfa - <unknown>
[INFO] [stdout]   17:     0x7e7aadec13d4 - clone
[INFO] [stdout]   18:                0x0 - <unknown>
[INFO] [stdout] 
[INFO] [stdout] ---- utils::scaling::tests::test_equilibration_scaling stdout ----
[INFO] [stdout] 
[INFO] [stdout] thread 'utils::scaling::tests::test_equilibration_scaling' (1528) panicked at src/utils/scaling.rs:409:9:
[INFO] [stdout] assertion failed: result.statistics.condition_number_after <
[INFO] [stdout]     result.statistics.condition_number_before
[INFO] [stdout] stack backtrace:
[INFO] [stdout]    0:     0x55dca652b5b7 - <<std[617be2ca0a6fd877]::sys::backtrace::BacktraceLock>::print::DisplayBacktrace as core[a373ad73a504971]::fmt::Display>::fmt
[INFO] [stdout]    1:     0x55dca651282a - core[a373ad73a504971]::fmt::write
[INFO] [stdout]    2:     0x55dca652ab6b - <alloc[2e1b2a31b91974c5]::vec::Vec<u8> as core[a373ad73a504971]::io::write::Write>::write_fmt
[INFO] [stdout]    3:     0x55dca652a64f - std[617be2ca0a6fd877]::panicking::default_hook::{closure#0}
[INFO] [stdout]    4:     0x55dca652a27a - std[617be2ca0a6fd877]::panicking::default_hook
[INFO] [stdout]    5:     0x55dca6529db5 - std[617be2ca0a6fd877]::panicking::panic_with_hook
[INFO] [stdout]    6:     0x55dca6550b92 - std[617be2ca0a6fd877]::panicking::panic_handler::{closure#0}
[INFO] [stdout]    7:     0x55dca6550b19 - std[617be2ca0a6fd877]::sys::backtrace::__rust_end_short_backtrace::<std[617be2ca0a6fd877]::panicking::panic_handler::{closure#0}, !>
[INFO] [stdout]    8:     0x55dca655101c - __rustc[ea4f61d10b84890b]::rust_begin_unwind
[INFO] [stdout]    9:     0x55dca65126bb - core[a373ad73a504971]::panicking::panic_fmt
[INFO] [stdout]   10:     0x55dca6513fb1 - core[a373ad73a504971]::panicking::panic
[INFO] [stdout]   11:     0x55dca6507574 - <ockham[c94b673adf288def]::utils::scaling::tests::test_equilibration_scaling::{closure#0} as core[a373ad73a504971]::ops::function::FnOnce<()>>::call_once
[INFO] [stdout]   12:     0x55dca656937b - test[aada8e7e76ba119b]::__rust_begin_short_backtrace::<core[a373ad73a504971]::result::Result<(), alloc[2e1b2a31b91974c5]::string::String>, fn() -> core[a373ad73a504971]::result::Result<(), alloc[2e1b2a31b91974c5]::string::String>>
[INFO] [stdout]   13:     0x55dca65647df - test[aada8e7e76ba119b]::run_test::{closure#0}
[INFO] [stdout]   14:     0x55dca656425c - std[617be2ca0a6fd877]::sys::backtrace::__rust_begin_short_backtrace::<test[aada8e7e76ba119b]::run_test::{closure#1}, ()>
[INFO] [stdout]   15:     0x55dca65844fc - <std[617be2ca0a6fd877]::thread::lifecycle::spawn_unchecked<test[aada8e7e76ba119b]::run_test::{closure#1}, ()>::{closure#1} as core[a373ad73a504971]::ops::function::FnOnce<()>>::call_once::{shim:vtable#0}
[INFO] [stdout]   16:     0x55dca6552854 - <std[617be2ca0a6fd877]::sys::thread::unix::Thread>::new::thread_start
[INFO] [stdout]   17:     0x7e7aade2ddfa - <unknown>
[INFO] [stdout]   18:     0x7e7aadec13d4 - clone
[INFO] [stdout]   19:                0x0 - <unknown>
[INFO] [stdout] 
[INFO] [stdout] ---- utils::validation::tests::test_numerical_warnings stdout ----
[INFO] [stdout] 
[INFO] [stdout] thread 'utils::validation::tests::test_numerical_warnings' (1536) panicked at src/utils/validation.rs:651:9:
[INFO] [stdout] assertion failed: !result.warnings.is_empty()
[INFO] [stdout] stack backtrace:
[INFO] [stdout]    0:     0x55dca652b5b7 - <<std[617be2ca0a6fd877]::sys::backtrace::BacktraceLock>::print::DisplayBacktrace as core[a373ad73a504971]::fmt::Display>::fmt
[INFO] [stdout]    1:     0x55dca651282a - core[a373ad73a504971]::fmt::write
[INFO] [stdout]    2:     0x55dca652ab6b - <alloc[2e1b2a31b91974c5]::vec::Vec<u8> as core[a373ad73a504971]::io::write::Write>::write_fmt
[INFO] [stdout]    3:     0x55dca652a64f - std[617be2ca0a6fd877]::panicking::default_hook::{closure#0}
[INFO] [stdout]    4:     0x55dca652a27a - std[617be2ca0a6fd877]::panicking::default_hook
[INFO] [stdout]    5:     0x55dca6529db5 - std[617be2ca0a6fd877]::panicking::panic_with_hook
[INFO] [stdout]    6:     0x55dca6550b92 - std[617be2ca0a6fd877]::panicking::panic_handler::{closure#0}
[INFO] [stdout]    7:     0x55dca6550b19 - std[617be2ca0a6fd877]::sys::backtrace::__rust_end_short_backtrace::<std[617be2ca0a6fd877]::panicking::panic_handler::{closure#0}, !>
[INFO] [stdout]    8:     0x55dca655101c - __rustc[ea4f61d10b84890b]::rust_begin_unwind
[INFO] [stdout]    9:     0x55dca65126bb - core[a373ad73a504971]::panicking::panic_fmt
[INFO] [stdout]   10:     0x55dca6513fb1 - core[a373ad73a504971]::panicking::panic
[INFO] [stdout]   11:     0x55dca6505ec0 - <ockham[c94b673adf288def]::utils::validation::tests::test_numerical_warnings::{closure#0} as core[a373ad73a504971]::ops::function::FnOnce<()>>::call_once
[INFO] [stdout]   12:     0x55dca656937b - test[aada8e7e76ba119b]::__rust_begin_short_backtrace::<core[a373ad73a504971]::result::Result<(), alloc[2e1b2a31b91974c5]::string::String>, fn() -> core[a373ad73a504971]::result::Result<(), alloc[2e1b2a31b91974c5]::string::String>>
[INFO] [stdout]   13:     0x55dca65647df - test[aada8e7e76ba119b]::run_test::{closure#0}
[INFO] [stdout]   14:     0x55dca656425c - std[617be2ca0a6fd877]::sys::backtrace::__rust_begin_short_backtrace::<test[aada8e7e76ba119b]::run_test::{closure#1}, ()>
[INFO] [stdout]   15:     0x55dca65844fc - <std[617be2ca0a6fd877]::thread::lifecycle::spawn_unchecked<test[aada8e7e76ba119b]::run_test::{closure#1}, ()>::{closure#1} as core[a373ad73a504971]::ops::function::FnOnce<()>>::call_once::{shim:vtable#0}
[INFO] [stdout]   16:     0x55dca6552854 - <std[617be2ca0a6fd877]::sys::thread::unix::Thread>::new::thread_start
[INFO] [stdout]   17:     0x7e7aade2ddfa - <unknown>
[INFO] [stdout]   18:     0x7e7aadec13d4 - clone
[INFO] [stdout]   19:                0x0 - <unknown>
[INFO] [stdout] 
[INFO] [stdout] ---- utils::validation::tests::test_invalid_bounds stdout ----
[INFO] [stdout] 
[INFO] [stdout] thread 'utils::validation::tests::test_invalid_bounds' (1534) panicked at src/utils/validation.rs:599:14:
[INFO] [stdout] called `Result::unwrap()` on an `Err` value: InvalidBounds { lower: 10.0, upper: 5.0 }
[INFO] [stdout] stack backtrace:
[INFO] [stdout]    0:     0x55dca652b5b7 - <<std[617be2ca0a6fd877]::sys::backtrace::BacktraceLock>::print::DisplayBacktrace as core[a373ad73a504971]::fmt::Display>::fmt
[INFO] [stdout]    1:     0x55dca651282a - core[a373ad73a504971]::fmt::write
[INFO] [stdout]    2:     0x55dca652ab6b - <alloc[2e1b2a31b91974c5]::vec::Vec<u8> as core[a373ad73a504971]::io::write::Write>::write_fmt
[INFO] [stdout]    3:     0x55dca652a64f - std[617be2ca0a6fd877]::panicking::default_hook::{closure#0}
[INFO] [stdout]    4:     0x55dca652a27a - std[617be2ca0a6fd877]::panicking::default_hook
[INFO] [stdout]    5:     0x55dca6529db5 - std[617be2ca0a6fd877]::panicking::panic_with_hook
[INFO] [stdout]    6:     0x55dca6550b61 - std[617be2ca0a6fd877]::panicking::panic_handler::{closure#0}
[INFO] [stdout]    7:     0x55dca6550b19 - std[617be2ca0a6fd877]::sys::backtrace::__rust_end_short_backtrace::<std[617be2ca0a6fd877]::panicking::panic_handler::{closure#0}, !>
[INFO] [stdout]    8:     0x55dca655101c - __rustc[ea4f61d10b84890b]::rust_begin_unwind
[INFO] [stdout]    9:     0x55dca65126bb - core[a373ad73a504971]::panicking::panic_fmt
[INFO] [stdout]   10:     0x55dca6515b71 - core[a373ad73a504971]::result::unwrap_failed
[INFO] [stdout]   11:     0x55dca6505537 - <ockham[c94b673adf288def]::utils::validation::tests::test_invalid_bounds::{closure#0} as core[a373ad73a504971]::ops::function::FnOnce<()>>::call_once
[INFO] [stdout]   12:     0x55dca656937b - test[aada8e7e76ba119b]::__rust_begin_short_backtrace::<core[a373ad73a504971]::result::Result<(), alloc[2e1b2a31b91974c5]::string::String>, fn() -> core[a373ad73a504971]::result::Result<(), alloc[2e1b2a31b91974c5]::string::String>>
[INFO] [stdout]   13:     0x55dca65647df - test[aada8e7e76ba119b]::run_test::{closure#0}
[INFO] [stdout]   14:     0x55dca656425c - std[617be2ca0a6fd877]::sys::backtrace::__rust_begin_short_backtrace::<test[aada8e7e76ba119b]::run_test::{closure#1}, ()>
[INFO] [stdout]   15:     0x55dca65844fc - <std[617be2ca0a6fd877]::thread::lifecycle::spawn_unchecked<test[aada8e7e76ba119b]::run_test::{closure#1}, ()>::{closure#1} as core[a373ad73a504971]::ops::function::FnOnce<()>>::call_once::{shim:vtable#0}
[INFO] [stdout]   16:     0x55dca6552854 - <std[617be2ca0a6fd877]::sys::thread::unix::Thread>::new::thread_start
[INFO] [stdout]   17:     0x7e7aade2ddfa - <unknown>
[INFO] [stdout]   18:     0x7e7aadec13d4 - clone
[INFO] [stdout]   19:                0x0 - <unknown>
[INFO] [stdout] 
[INFO] [stdout] 
[INFO] [stdout] failures:
[INFO] [stdout]     problem::problem::tests::test_standard_form_conversion
[INFO] [stdout]     solvers::simplex::tests::test_infeasible_problem
[INFO] [stdout]     solvers::simplex::tests::test_simplex_solve
[INFO] [stdout]     solvers::simplex::tests::test_simplex_with_config
[INFO] [stdout]     tests::test_presolve_and_scaling
[INFO] [stdout]     tests::test_simple_problem_solve
[INFO] [stdout]     utils::presolve::tests::test_remove_redundant_constraints
[INFO] [stdout]     utils::scaling::tests::test_equilibration_scaling
[INFO] [stdout]     utils::validation::tests::test_invalid_bounds
[INFO] [stdout]     utils::validation::tests::test_numerical_warnings
[INFO] [stdout] 
[INFO] [stdout] test result: FAILED. 49 passed; 10 failed; 0 ignored; 0 measured; 0 filtered out; finished in 0.00s
[INFO] [stdout] 
[INFO] running `Command { std: "docker" "inspect" "7fc5d284b12c7dc619ddb6e41cb748f98f99604b9957d69b55407da0c43a19f6", kill_on_drop: false }`
[INFO] running `Command { std: "docker" "rm" "-f" "7fc5d284b12c7dc619ddb6e41cb748f98f99604b9957d69b55407da0c43a19f6", kill_on_drop: false }`
[INFO] [stdout] 7fc5d284b12c7dc619ddb6e41cb748f98f99604b9957d69b55407da0c43a19f6
