[INFO] fetching crate ociman 0.8.0...
[INFO] testing ociman-0.8.0 against 1.100.0-beta.1+cargoflags=--release for beta-release-1.100-2
[INFO] extracting crate ociman 0.8.0 into /workspace/builds/worker-6-tc2/source
[INFO] started tweaking crates.io crate ociman 0.8.0
[INFO] removed 0 missing tests
[INFO] finished tweaking crates.io crate ociman 0.8.0
[INFO] tweaked toml for crates.io crate ociman 0.8.0 written to /workspace/builds/worker-6-tc2/source/Cargo.toml
[INFO] validating manifest of crates.io crate ociman 0.8.0 on toolchain 1.100.0-beta.1
[INFO] running `Command { std: CARGO_HOME="/workspace/cargo-home" RUSTUP_HOME="/workspace/rustup-home" "/workspace/cargo-home/bin/cargo" "+1.100.0-beta.1" "metadata" "--manifest-path" "Cargo.toml" "--no-deps", kill_on_drop: false }`
[INFO] crate crates.io crate ociman 0.8.0 already has a lockfile, it will not be regenerated
[INFO] running `Command { std: CARGO_HOME="/workspace/cargo-home" RUSTUP_HOME="/workspace/rustup-home" "/workspace/cargo-home/bin/cargo" "+1.100.0-beta.1" "fetch" "--manifest-path" "Cargo.toml", kill_on_drop: false }`
[INFO] [stderr]     Blocking waiting for file lock on package cache
[INFO] running `Command { std: "docker" "create" "-v" "/var/lib/crater-agent-workspace/builds/worker-6-tc2/source:/opt/rustwide/workdir:ro,Z" "-v" "/var/lib/crater-agent-workspace/builds/worker-6-tc2/target:/opt/rustwide/target:rw,Z" "-v" "/var/lib/crater-agent-workspace/cargo-home:/opt/rustwide/cargo-home:ro,Z" "-v" "/var/lib/crater-agent-workspace/rustup-home:/opt/rustwide/rustup-home:ro,Z" "-m" "1610612736" "--network" "none" "ghcr.io/rust-lang/crates-build-env/linux@sha256:77db811e55d90add9212f6832c23229e3de5f1c1f9905e8cb07319ea15df73ac" "sleep" "infinity", kill_on_drop: false }`
[INFO] [stdout] 571075d59e444e11bd09dc16b69106310e3553b93e6e7297aedd16a5168f320d
[INFO] running `Command { std: "docker" "start" "571075d59e444e11bd09dc16b69106310e3553b93e6e7297aedd16a5168f320d", kill_on_drop: false }`
[INFO] running `Command { std: "docker" "inspect" "571075d59e444e11bd09dc16b69106310e3553b93e6e7297aedd16a5168f320d", kill_on_drop: false }`
[INFO] running `Command { std: "docker" "exec" "-e" "SOURCE_DIR=/opt/rustwide/workdir" "-e" "CARGO_HOME=/opt/rustwide/cargo-home" "-e" "RUSTUP_HOME=/opt/rustwide/rustup-home" "-e" "CARGO_TARGET_DIR=/opt/rustwide/target" "-w" "/opt/rustwide/workdir" "--user" "0:0" "571075d59e444e11bd09dc16b69106310e3553b93e6e7297aedd16a5168f320d" "/opt/rustwide/cargo-home/bin/cargo" "+1.100.0-beta.1" "metadata" "--no-deps" "--format-version=1", kill_on_drop: false }`
[INFO] running `Command { std: "docker" "inspect" "571075d59e444e11bd09dc16b69106310e3553b93e6e7297aedd16a5168f320d", kill_on_drop: false }`
[INFO] running `Command { std: "docker" "exec" "-e" "SOURCE_DIR=/opt/rustwide/workdir" "-e" "CARGO_HOME=/opt/rustwide/cargo-home" "-e" "RUSTUP_HOME=/opt/rustwide/rustup-home" "-e" "CARGO_TARGET_DIR=/opt/rustwide/target" "-e" "CARGO_INCREMENTAL=0" "-e" "RUST_BACKTRACE=full" "-e" "RUSTFLAGS=--cap-lints=warn" "-e" "RUSTDOCFLAGS=--cap-lints=warn" "-w" "/opt/rustwide/workdir" "--user" "0:0" "571075d59e444e11bd09dc16b69106310e3553b93e6e7297aedd16a5168f320d" "/opt/rustwide/cargo-home/bin/cargo" "+1.100.0-beta.1" "build" "--frozen" "--message-format=json" "--release", kill_on_drop: false }`
[INFO] [stderr]    Compiling hybrid-array v0.4.12
[INFO] [stderr]    Compiling indexmap v2.14.0
[INFO] [stderr]    Compiling rustix v1.1.4
[INFO] [stderr]    Compiling serde_json v1.0.150
[INFO] [stderr]    Compiling winnow v1.0.3
[INFO] [stderr]    Compiling bitflags v2.12.1
[INFO] [stderr]    Compiling linux-raw-sys v0.12.1
[INFO] [stderr]    Compiling errno v0.3.14
[INFO] [stderr]    Compiling tokio-macros v2.7.0
[INFO] [stderr]    Compiling mio v1.2.1
[INFO] [stderr]    Compiling clap_builder v4.6.0
[INFO] [stderr]    Compiling serde_spanned v1.1.1
[INFO] [stderr]    Compiling dirs-sys v0.5.0
[INFO] [stderr]    Compiling toml_datetime v1.1.1+spec-1.1.0
[INFO] [stderr]    Compiling serde v1.0.228
[INFO] [stderr]    Compiling clap_derive v4.6.1
[INFO] [stderr]    Compiling signal-hook-registry v1.4.8
[INFO] [stderr]    Compiling toml_writer v1.1.1+spec-1.1.0
[INFO] [stderr]    Compiling log v0.4.32
[INFO] [stderr]    Compiling dirs v6.0.0
[INFO] [stderr]    Compiling toml_parser v1.1.2+spec-1.1.0
[INFO] [stderr]    Compiling nom v8.0.0
[INFO] [stderr]    Compiling semver v1.0.28
[INFO] [stderr]    Compiling tokio v1.52.3
[INFO] [stderr]    Compiling ipnet v2.12.0
[INFO] [stderr]    Compiling block-buffer v0.12.0
[INFO] [stderr]    Compiling crypto-common v0.2.2
[INFO] [stderr]    Compiling toml v1.1.2+spec-1.1.0
[INFO] [stderr]    Compiling digest v0.11.3
[INFO] [stderr]    Compiling sha2 v0.11.0
[INFO] [stderr]    Compiling clap v4.6.1
[INFO] [stderr]    Compiling cmd-proc v0.6.2
[INFO] [stderr]    Compiling ociman v0.8.0 (/opt/rustwide/workdir)
[INFO] [stderr]     Finished `release` profile [optimized] target(s) in 14.67s
[INFO] running `Command { std: "docker" "inspect" "571075d59e444e11bd09dc16b69106310e3553b93e6e7297aedd16a5168f320d", kill_on_drop: false }`
[INFO] running `Command { std: "docker" "exec" "-e" "SOURCE_DIR=/opt/rustwide/workdir" "-e" "CARGO_HOME=/opt/rustwide/cargo-home" "-e" "RUSTUP_HOME=/opt/rustwide/rustup-home" "-e" "CARGO_TARGET_DIR=/opt/rustwide/target" "-e" "CARGO_INCREMENTAL=0" "-e" "RUST_BACKTRACE=full" "-e" "RUSTFLAGS=--cap-lints=warn" "-e" "RUSTDOCFLAGS=--cap-lints=warn" "-w" "/opt/rustwide/workdir" "--user" "0:0" "571075d59e444e11bd09dc16b69106310e3553b93e6e7297aedd16a5168f320d" "/opt/rustwide/cargo-home/bin/cargo" "+1.100.0-beta.1" "test" "--frozen" "--no-run" "--message-format=json" "--release", kill_on_drop: false }`
[INFO] [stderr]    Compiling ociman v0.8.0 (/opt/rustwide/workdir)
[INFO] [stderr]     Finished `release` profile [optimized] target(s) in 5.82s
[INFO] running `Command { std: "docker" "inspect" "571075d59e444e11bd09dc16b69106310e3553b93e6e7297aedd16a5168f320d", kill_on_drop: false }`
[INFO] running `Command { std: "docker" "exec" "-e" "SOURCE_DIR=/opt/rustwide/workdir" "-e" "CARGO_HOME=/opt/rustwide/cargo-home" "-e" "RUSTUP_HOME=/opt/rustwide/rustup-home" "-e" "CARGO_TARGET_DIR=/opt/rustwide/target" "-e" "CARGO_INCREMENTAL=0" "-e" "RUST_BACKTRACE=full" "-e" "RUSTFLAGS=--cap-lints=warn" "-e" "RUSTDOCFLAGS=--cap-lints=warn" "-w" "/opt/rustwide/workdir" "--user" "0:0" "571075d59e444e11bd09dc16b69106310e3553b93e6e7297aedd16a5168f320d" "/opt/rustwide/cargo-home/bin/cargo" "+1.100.0-beta.1" "test" "--frozen" "--release", kill_on_drop: false }`
[INFO] [stderr]     Finished `release` profile [optimized] target(s) in 0.09s
[INFO] [stderr]      Running unittests src/lib.rs (/opt/rustwide/target/release/build/ociman/b9ebdfbf305e97f9/out/ociman-b9ebdfbf305e97f9)
[INFO] [stdout] 
[INFO] [stdout] running 66 tests
[INFO] [stdout] test backend::tests::test_classify_pull_result_network_error_is_other ... ok
[INFO] [stdout] test backend::tests::test_classify_push_result_failure_captures_stderr ... ok
[INFO] [stdout] test backend::tests::test_classify_pull_result_success ... ok
[INFO] [stdout] test backend::tests::test_classify_pull_result_not_found_docker ... ok
[INFO] [stdout] test backend::tests::test_docker_bridge_json_parsing ... ok
[INFO] [stdout] test backend::tests::test_podman_bridge_json_parsing ... ok
[INFO] [stdout] test backend::tests::test_classify_pull_result_not_found_podman ... ok
[INFO] [stdout] test container::tests::container_name_accepts_at_max_length ... ok
[INFO] [stdout] test container::tests::container_name_rejects_invalid_inner_char ... ok
[INFO] [stdout] test container::tests::container_name_rejects_invalid_start ... ok
[INFO] [stdout] test backend::tests::test_classify_push_result_success ... ok
[INFO] [stdout] test backend::tests::test_classify_pull_result_auth_failure_is_other ... ok
[INFO] [stdout] test container::tests::container_name_from_static_or_panic_is_const ... ok
[INFO] [stdout] test container::tests::container_name_accepts_valid ... ok
[INFO] [stdout] test container::tests::container_name_rejects_empty ... ok
[INFO] [stdout] test container::tests::container_name_rejects_too_long ... ok
[INFO] [stdout] test hasher::tests::single_hello_push ... ok
[INFO] [stdout] test hasher::tests::two_pushes_ab_c ... ok
[INFO] [stdout] test label::tests::cross_family_value_equality ... ok
[INFO] [stdout] test label::tests::filter_display_key_only ... ok
[INFO] [stdout] test label::tests::key_accepts_at_max_length ... ok
[INFO] [stdout] test label::tests::key_accepts_legacy_and_foreign_styles ... ok
[INFO] [stdout] test hasher::tests::empty_digest ... ok
[INFO] [stdout] test label::tests::cross_family_key_equality_image ... ok
[INFO] [stdout] test hasher::tests::two_pushes_a_bc ... ok
[INFO] [stdout] test label::tests::key_accepts_reverse_dns ... ok
[INFO] [stdout] test label::tests::cross_family_key_equality_container ... ok
[INFO] [stdout] test label::tests::key_rejects_comma ... ok
[INFO] [stdout] test hasher::tests::single_empty_push ... ok
[INFO] [stdout] test label::tests::key_from_static_or_panic_is_const ... ok
[INFO] [stdout] test label::tests::filter_display_exact ... ok
[INFO] [stdout] test label::tests::value_rejects_too_long ... ok
[INFO] [stdout] test label::tests::read_labels_get_by_typed_key ... ok
[INFO] [stdout] test label::tests::key_rejects_too_long ... ok
[INFO] [stdout] test label::tests::value_accepts_at_max_length ... ok
[INFO] [stdout] test label::tests::map_preserves_ordering ... ok
[INFO] [stdout] test label::tests::key_rejects_equals ... ok
[INFO] [stdout] test label::tests::key_rejects_whitespace ... ok
[INFO] [stdout] test label::tests::value_from_static_or_panic_is_const ... ok
[INFO] [stdout] test label::tests::key_rejects_empty ... ok
[INFO] [stdout] test reference::tests::test_name_deserialize_from_string ... ok
[INFO] [stdout] test reference::tests::test_domain_is_registry_ipv4 ... ok
[INFO] [stdout] test platform::tests::test_platform_support_consistency ... ok
[INFO] [stdout] test reference::tests::test_domain_is_registry_localhost ... ok
[INFO] [stdout] test reference::tests::test_domain_is_not_registry_single_component ... ok
[INFO] [stdout] test reference::tests::test_name_dotted_is_domain ... ok
[INFO] [stdout] test reference::tests::test_name_single_component_not_domain ... ok
[INFO] [stdout] test reference::tests::test_name_localhost_is_domain ... ok
[INFO] [stdout] test reference::tests::test_name_with_port_is_domain ... ok
[INFO] [stdout] test reference::tests::test_path_component_from_static_or_panic_const_context ... ok
[INFO] [stdout] test reference::tests::test_name_deserialize_invalid_string_fails ... ok
[INFO] [stdout] test reference::tests::test_domain_is_registry_localhost_with_port ... ok
[INFO] [stdout] test reference::tests::test_domain_is_registry_with_dots ... ok
[INFO] [stdout] test reference::tests::test_domain_is_registry_with_port ... ok
[INFO] [stdout] test reference::tests::test_name_bare_path ... ok
[INFO] [stdout] test reference::tests::test_path_component_from_static_or_panic_rejects_empty - should panic ... ok
[INFO] [stdout] test reference::tests::test_path_component_from_static_or_panic_rejects_trailing_dash - should panic ... ok
[INFO] [stdout] test reference::tests::test_path_component_from_static_or_panic_rejects_leading_dash - should panic ... ok
[INFO] [stdout] test reference::tests::test_name_multi_segment_path_no_domain ... ok
[INFO] [stdout] test backend::tests::test_container_resolver_nonexistent ... FAILED
[INFO] [stdout] test backend::tests::test_container_resolver_with_add_host ... FAILED
[INFO] [stdout] test backend::tests::test_image_references_by_name ... FAILED
[INFO] [stdout] test backend::tests::test_resolve_container_host ... FAILED
[INFO] [stdout] test backend::tests::test_container_resolver_localhost ... FAILED
[INFO] [stdout] test backend::tests::test_container_resolver_builder_pattern ... FAILED
[INFO] [stdout] test backend::tests::test_container_resolver_with_multiple_arguments ... FAILED
[INFO] [stdout] 
[INFO] [stdout] failures:
[INFO] [stdout] 
[INFO] [stdout] ---- backend::tests::test_container_resolver_nonexistent stdout ----
[INFO] [stdout] 
[INFO] [stdout] thread 'backend::tests::test_container_resolver_nonexistent' (801) panicked at src/backend.rs:1455:23:
[INFO] [stdout] No container backend detected: NoContainerToolDetected
[INFO] [stdout] stack backtrace:
[INFO] [stdout]    0:     0x5ade5dce70a1 - <<std[617be2ca0a6fd877]::sys::backtrace::BacktraceLock>::print::DisplayBacktrace as core[a373ad73a504971]::fmt::Display>::fmt
[INFO] [stdout]    1:     0x5ade5dcfe67a - core[a373ad73a504971]::fmt::write
[INFO] [stdout]    2:     0x5ade5dcec91c - <alloc[2e1b2a31b91974c5]::vec::Vec<u8> as core[a373ad73a504971]::io::write::Write>::write_fmt
[INFO] [stdout]    3:     0x5ade5dcc2646 - std[617be2ca0a6fd877]::panicking::default_hook::{closure#0}
[INFO] [stdout]    4:     0x5ade5dcdf179 - std[617be2ca0a6fd877]::panicking::default_hook
[INFO] [stdout]    5:     0x5ade5dc62790 - test[aada8e7e76ba119b]::test_main_inner::{closure#0}
[INFO] [stdout]    6:     0x5ade5dcdf4a2 - std[617be2ca0a6fd877]::panicking::panic_with_hook
[INFO] [stdout]    7:     0x5ade5dcc26f2 - std[617be2ca0a6fd877]::panicking::panic_handler::{closure#0}
[INFO] [stdout]    8:     0x5ade5dcbb279 - std[617be2ca0a6fd877]::sys::backtrace::__rust_end_short_backtrace::<std[617be2ca0a6fd877]::panicking::panic_handler::{closure#0}, !>
[INFO] [stdout]    9:     0x5ade5dcc32fd - __rustc[ea4f61d10b84890b]::rust_begin_unwind
[INFO] [stdout]   10:     0x5ade5dcfee1c - core[a373ad73a504971]::panicking::panic_fmt
[INFO] [stdout]   11:     0x5ade5dcfebf2 - core[a373ad73a504971]::result::unwrap_failed
[INFO] [stdout]   12:     0x5ade5dc0b6fd - ociman[da2d0b9230c127e4]::backend::tests::test_container_resolver_nonexistent::{closure#0}
[INFO] [stdout]   13:     0x5ade5dc3615d - <tokio[37a96cdfd8969c4b]::runtime::scheduler::current_thread::CurrentThread>::block_on::<core[a373ad73a504971]::pin::Pin<&mut dyn core[a373ad73a504971]::future::future::Future<Output = ()>>>
[INFO] [stdout]   14:     0x5ade5dc1c3bd - <tokio[37a96cdfd8969c4b]::runtime::runtime::Runtime>::block_on::<core[a373ad73a504971]::pin::Pin<&mut dyn core[a373ad73a504971]::future::future::Future<Output = ()>>>
[INFO] [stdout]   15:     0x5ade5dc10579 - <ociman[da2d0b9230c127e4]::backend::tests::test_container_resolver_nonexistent::{closure#0} as core[a373ad73a504971]::ops::function::FnOnce<()>>::call_once
[INFO] [stdout]   16:     0x5ade5dc55bdb - test[aada8e7e76ba119b]::__rust_begin_short_backtrace::<core[a373ad73a504971]::result::Result<(), alloc[2e1b2a31b91974c5]::string::String>, fn() -> core[a373ad73a504971]::result::Result<(), alloc[2e1b2a31b91974c5]::string::String>>
[INFO] [stdout]   17:     0x5ade5dc62db5 - test[aada8e7e76ba119b]::run_test::{closure#0}
[INFO] [stdout]   18:     0x5ade5dc5c6a4 - std[617be2ca0a6fd877]::sys::backtrace::__rust_begin_short_backtrace::<test[aada8e7e76ba119b]::run_test::{closure#1}, ()>
[INFO] [stdout]   19:     0x5ade5dc65e42 - <std[617be2ca0a6fd877]::thread::lifecycle::spawn_unchecked<test[aada8e7e76ba119b]::run_test::{closure#1}, ()>::{closure#1} as core[a373ad73a504971]::ops::function::FnOnce<()>>::call_once::{shim:vtable#0}
[INFO] [stdout]   20:     0x5ade5dce650f - <std[617be2ca0a6fd877]::sys::thread::unix::Thread>::new::thread_start
[INFO] [stdout]   21:     0x788d6584edfa - <unknown>
[INFO] [stdout]   22:     0x788d658e23d4 - clone
[INFO] [stdout]   23:                0x0 - <unknown>
[INFO] [stdout] 
[INFO] [stdout] ---- backend::tests::test_container_resolver_with_add_host stdout ----
[INFO] [stdout] 
[INFO] [stdout] thread 'backend::tests::test_container_resolver_with_add_host' (802) panicked at src/backend.rs:1440:23:
[INFO] [stdout] No container backend detected: NoContainerToolDetected
[INFO] [stdout] stack backtrace:
[INFO] [stdout]    0:     0x5ade5dce70a1 - <<std[617be2ca0a6fd877]::sys::backtrace::BacktraceLock>::print::DisplayBacktrace as core[a373ad73a504971]::fmt::Display>::fmt
[INFO] [stdout]    1:     0x5ade5dcfe67a - core[a373ad73a504971]::fmt::write
[INFO] [stdout]    2:     0x5ade5dcec91c - <alloc[2e1b2a31b91974c5]::vec::Vec<u8> as core[a373ad73a504971]::io::write::Write>::write_fmt
[INFO] [stdout]    3:     0x5ade5dcc2646 - std[617be2ca0a6fd877]::panicking::default_hook::{closure#0}
[INFO] [stdout]    4:     0x5ade5dcdf179 - std[617be2ca0a6fd877]::panicking::default_hook
[INFO] [stdout]    5:     0x5ade5dc62790 - test[aada8e7e76ba119b]::test_main_inner::{closure#0}
[INFO] [stdout]    6:     0x5ade5dcdf4a2 - std[617be2ca0a6fd877]::panicking::panic_with_hook
[INFO] [stdout]    7:     0x5ade5dcc26f2 - std[617be2ca0a6fd877]::panicking::panic_handler::{closure#0}
[INFO] [stdout]    8:     0x5ade5dcbb279 - std[617be2ca0a6fd877]::sys::backtrace::__rust_end_short_backtrace::<std[617be2ca0a6fd877]::panicking::panic_handler::{closure#0}, !>
[INFO] [stdout]    9:     0x5ade5dcc32fd - __rustc[ea4f61d10b84890b]::rust_begin_unwind
[INFO] [stdout]   10:     0x5ade5dcfee1c - core[a373ad73a504971]::panicking::panic_fmt
[INFO] [stdout]   11:     0x5ade5dcfebf2 - core[a373ad73a504971]::result::unwrap_failed
[INFO] [stdout]   12:     0x5ade5dc0bb0a - ociman[da2d0b9230c127e4]::backend::tests::test_container_resolver_with_add_host::{closure#0}
[INFO] [stdout]   13:     0x5ade5dc3615d - <tokio[37a96cdfd8969c4b]::runtime::scheduler::current_thread::CurrentThread>::block_on::<core[a373ad73a504971]::pin::Pin<&mut dyn core[a373ad73a504971]::future::future::Future<Output = ()>>>
[INFO] [stdout]   14:     0x5ade5dc1c3bd - <tokio[37a96cdfd8969c4b]::runtime::runtime::Runtime>::block_on::<core[a373ad73a504971]::pin::Pin<&mut dyn core[a373ad73a504971]::future::future::Future<Output = ()>>>
[INFO] [stdout]   15:     0x5ade5dc106b9 - <ociman[da2d0b9230c127e4]::backend::tests::test_container_resolver_with_add_host::{closure#0} as core[a373ad73a504971]::ops::function::FnOnce<()>>::call_once
[INFO] [stdout]   16:     0x5ade5dc55bdb - test[aada8e7e76ba119b]::__rust_begin_short_backtrace::<core[a373ad73a504971]::result::Result<(), alloc[2e1b2a31b91974c5]::string::String>, fn() -> core[a373ad73a504971]::result::Result<(), alloc[2e1b2a31b91974c5]::string::String>>
[INFO] [stdout]   17:     0x5ade5dc62db5 - test[aada8e7e76ba119b]::run_test::{closure#0}
[INFO] [stdout]   18:     0x5ade5dc5c6a4 - std[617be2ca0a6fd877]::sys::backtrace::__rust_begin_short_backtrace::<test[aada8e7e76ba119b]::run_test::{closure#1}, ()>
[INFO] [stdout]   19:     0x5ade5dc65e42 - <std[617be2ca0a6fd877]::thread::lifecycle::spawn_unchecked<test[aada8e7e76ba119b]::run_test::{closure#1}, ()>::{closure#1} as core[a373ad73a504971]::ops::function::FnOnce<()>>::call_once::{shim:vtable#0}
[INFO] [stdout]   20:     0x5ade5dce650f - <std[617be2ca0a6fd877]::sys::thread::unix::Thread>::new::thread_start
[INFO] [stdout]   21:     0x788d6584edfa - <unknown>
[INFO] [stdout]   22:     0x788d658e23d4 - clone
[INFO] [stdout]   23:                0x0 - <unknown>
[INFO] [stdout] 
[INFO] [stdout] ---- backend::tests::test_image_references_by_name stdout ----
[INFO] [stdout] 
[INFO] [stdout] thread 'backend::tests::test_image_references_by_name' (805) panicked at src/backend.rs:1546:23:
[INFO] [stdout] No container backend detected: NoContainerToolDetected
[INFO] [stdout] stack backtrace:
[INFO] [stdout]    0:     0x5ade5dce70a1 - <<std[617be2ca0a6fd877]::sys::backtrace::BacktraceLock>::print::DisplayBacktrace as core[a373ad73a504971]::fmt::Display>::fmt
[INFO] [stdout]    1:     0x5ade5dcfe67a - core[a373ad73a504971]::fmt::write
[INFO] [stdout]    2:     0x5ade5dcec91c - <alloc[2e1b2a31b91974c5]::vec::Vec<u8> as core[a373ad73a504971]::io::write::Write>::write_fmt
[INFO] [stdout]    3:     0x5ade5dcc2646 - std[617be2ca0a6fd877]::panicking::default_hook::{closure#0}
[INFO] [stdout]    4:     0x5ade5dcdf179 - std[617be2ca0a6fd877]::panicking::default_hook
[INFO] [stdout]    5:     0x5ade5dc62790 - test[aada8e7e76ba119b]::test_main_inner::{closure#0}
[INFO] [stdout]    6:     0x5ade5dcdf4a2 - std[617be2ca0a6fd877]::panicking::panic_with_hook
[INFO] [stdout]    7:     0x5ade5dcc26f2 - std[617be2ca0a6fd877]::panicking::panic_handler::{closure#0}
[INFO] [stdout]    8:     0x5ade5dcbb279 - std[617be2ca0a6fd877]::sys::backtrace::__rust_end_short_backtrace::<std[617be2ca0a6fd877]::panicking::panic_handler::{closure#0}, !>
[INFO] [stdout]    9:     0x5ade5dcc32fd - __rustc[ea4f61d10b84890b]::rust_begin_unwind
[INFO] [stdout]   10:     0x5ade5dcfee1c - core[a373ad73a504971]::panicking::panic_fmt
[INFO] [stdout]   11:     0x5ade5dcfebf2 - core[a373ad73a504971]::result::unwrap_failed
[INFO] [stdout]   12:     0x5ade5dc08fe3 - ociman[da2d0b9230c127e4]::backend::tests::test_image_references_by_name::{closure#0}
[INFO] [stdout]   13:     0x5ade5dc3615d - <tokio[37a96cdfd8969c4b]::runtime::scheduler::current_thread::CurrentThread>::block_on::<core[a373ad73a504971]::pin::Pin<&mut dyn core[a373ad73a504971]::future::future::Future<Output = ()>>>
[INFO] [stdout]   14:     0x5ade5dc1c3bd - <tokio[37a96cdfd8969c4b]::runtime::runtime::Runtime>::block_on::<core[a373ad73a504971]::pin::Pin<&mut dyn core[a373ad73a504971]::future::future::Future<Output = ()>>>
[INFO] [stdout]   15:     0x5ade5dc0fba9 - <ociman[da2d0b9230c127e4]::backend::tests::test_image_references_by_name::{closure#0} as core[a373ad73a504971]::ops::function::FnOnce<()>>::call_once
[INFO] [stdout]   16:     0x5ade5dc55bdb - test[aada8e7e76ba119b]::__rust_begin_short_backtrace::<core[a373ad73a504971]::result::Result<(), alloc[2e1b2a31b91974c5]::string::String>, fn() -> core[a373ad73a504971]::result::Result<(), alloc[2e1b2a31b91974c5]::string::String>>
[INFO] [stdout]   17:     0x5ade5dc62db5 - test[aada8e7e76ba119b]::run_test::{closure#0}
[INFO] [stdout]   18:     0x5ade5dc5c6a4 - std[617be2ca0a6fd877]::sys::backtrace::__rust_begin_short_backtrace::<test[aada8e7e76ba119b]::run_test::{closure#1}, ()>
[INFO] [stdout]   19:     0x5ade5dc65e42 - <std[617be2ca0a6fd877]::thread::lifecycle::spawn_unchecked<test[aada8e7e76ba119b]::run_test::{closure#1}, ()>::{closure#1} as core[a373ad73a504971]::ops::function::FnOnce<()>>::call_once::{shim:vtable#0}
[INFO] [stdout]   20:     0x5ade5dce650f - <std[617be2ca0a6fd877]::sys::thread::unix::Thread>::new::thread_start
[INFO] [stdout]   21:     0x788d6584edfa - <unknown>
[INFO] [stdout]   22:     0x788d658e23d4 - clone
[INFO] [stdout]   23:                0x0 - <unknown>
[INFO] [stdout] 
[INFO] [stdout] ---- backend::tests::test_resolve_container_host stdout ----
[INFO] [stdout] 
[INFO] [stdout] thread 'backend::tests::test_resolve_container_host' (807) panicked at src/backend.rs:1507:23:
[INFO] [stdout] No container backend detected: NoContainerToolDetected
[INFO] [stdout] stack backtrace:
[INFO] [stdout]    0:     0x5ade5dce70a1 - <<std[617be2ca0a6fd877]::sys::backtrace::BacktraceLock>::print::DisplayBacktrace as core[a373ad73a504971]::fmt::Display>::fmt
[INFO] [stdout]    1:     0x5ade5dcfe67a - core[a373ad73a504971]::fmt::write
[INFO] [stdout]    2:     0x5ade5dcec91c - <alloc[2e1b2a31b91974c5]::vec::Vec<u8> as core[a373ad73a504971]::io::write::Write>::write_fmt
[INFO] [stdout]    3:     0x5ade5dcc2646 - std[617be2ca0a6fd877]::panicking::default_hook::{closure#0}
[INFO] [stdout]    4:     0x5ade5dcdf179 - std[617be2ca0a6fd877]::panicking::default_hook
[INFO] [stdout]    5:     0x5ade5dc62790 - test[aada8e7e76ba119b]::test_main_inner::{closure#0}
[INFO] [stdout]    6:     0x5ade5dcdf4a2 - std[617be2ca0a6fd877]::panicking::panic_with_hook
[INFO] [stdout]    7:     0x5ade5dcc26f2 - std[617be2ca0a6fd877]::panicking::panic_handler::{closure#0}
[INFO] [stdout]    8:     0x5ade5dcbb279 - std[617be2ca0a6fd877]::sys::backtrace::__rust_end_short_backtrace::<std[617be2ca0a6fd877]::panicking::panic_handler::{closure#0}, !>
[INFO] [stdout]    9:     0x5ade5dcc32fd - __rustc[ea4f61d10b84890b]::rust_begin_unwind
[INFO] [stdout]   10:     0x5ade5dcfee1c - core[a373ad73a504971]::panicking::panic_fmt
[INFO] [stdout]   11:     0x5ade5dcfebf2 - core[a373ad73a504971]::result::unwrap_failed
[INFO] [stdout]   12:     0x5ade5dc089dd - ociman[da2d0b9230c127e4]::backend::tests::test_resolve_container_host::{closure#0}
[INFO] [stdout]   13:     0x5ade5dc3615d - <tokio[37a96cdfd8969c4b]::runtime::scheduler::current_thread::CurrentThread>::block_on::<core[a373ad73a504971]::pin::Pin<&mut dyn core[a373ad73a504971]::future::future::Future<Output = ()>>>
[INFO] [stdout]   14:     0x5ade5dc1c3bd - <tokio[37a96cdfd8969c4b]::runtime::runtime::Runtime>::block_on::<core[a373ad73a504971]::pin::Pin<&mut dyn core[a373ad73a504971]::future::future::Future<Output = ()>>>
[INFO] [stdout]   15:     0x5ade5dc0fa69 - <ociman[da2d0b9230c127e4]::backend::tests::test_resolve_container_host::{closure#0} as core[a373ad73a504971]::ops::function::FnOnce<()>>::call_once
[INFO] [stdout]   16:     0x5ade5dc55bdb - test[aada8e7e76ba119b]::__rust_begin_short_backtrace::<core[a373ad73a504971]::result::Result<(), alloc[2e1b2a31b91974c5]::string::String>, fn() -> core[a373ad73a504971]::result::Result<(), alloc[2e1b2a31b91974c5]::string::String>>
[INFO] [stdout]   17:     0x5ade5dc62db5 - test[aada8e7e76ba119b]::run_test::{closure#0}
[INFO] [stdout]   18:     0x5ade5dc5c6a4 - std[617be2ca0a6fd877]::sys::backtrace::__rust_begin_short_backtrace::<test[aada8e7e76ba119b]::run_test::{closure#1}, ()>
[INFO] [stdout]   19:     0x5ade5dc65e42 - <std[617be2ca0a6fd877]::thread::lifecycle::spawn_unchecked<test[aada8e7e76ba119b]::run_test::{closure#1}, ()>::{closure#1} as core[a373ad73a504971]::ops::function::FnOnce<()>>::call_once::{shim:vtable#0}
[INFO] [stdout]   20:     0x5ade5dce650f - <std[617be2ca0a6fd877]::sys::thread::unix::Thread>::new::thread_start
[INFO] [stdout]   21:     0x788d6584edfa - <unknown>
[INFO] [stdout]   22:     0x788d658e23d4 - clone
[INFO] [stdout]   23:                0x0 - <unknown>
[INFO] [stdout] 
[INFO] [stdout] ---- backend::tests::test_container_resolver_localhost stdout ----
[INFO] [stdout] 
[INFO] [stdout] thread 'backend::tests::test_container_resolver_localhost' (800) panicked at src/backend.rs:1427:23:
[INFO] [stdout] No container backend detected: NoContainerToolDetected
[INFO] [stdout] stack backtrace:
[INFO] [stdout]    0:     0x5ade5dce70a1 - <<std[617be2ca0a6fd877]::sys::backtrace::BacktraceLock>::print::DisplayBacktrace as core[a373ad73a504971]::fmt::Display>::fmt
[INFO] [stdout]    1:     0x5ade5dcfe67a - core[a373ad73a504971]::fmt::write
[INFO] [stdout]    2:     0x5ade5dcec91c - <alloc[2e1b2a31b91974c5]::vec::Vec<u8> as core[a373ad73a504971]::io::write::Write>::write_fmt
[INFO] [stdout]    3:     0x5ade5dcc2646 - std[617be2ca0a6fd877]::panicking::default_hook::{closure#0}
[INFO] [stdout]    4:     0x5ade5dcdf179 - std[617be2ca0a6fd877]::panicking::default_hook
[INFO] [stdout]    5:     0x5ade5dc62790 - test[aada8e7e76ba119b]::test_main_inner::{closure#0}
[INFO] [stdout]    6:     0x5ade5dcdf4a2 - std[617be2ca0a6fd877]::panicking::panic_with_hook
[INFO] [stdout]    7:     0x5ade5dcc26f2 - std[617be2ca0a6fd877]::panicking::panic_handler::{closure#0}
[INFO] [stdout]    8:     0x5ade5dcbb279 - std[617be2ca0a6fd877]::sys::backtrace::__rust_end_short_backtrace::<std[617be2ca0a6fd877]::panicking::panic_handler::{closure#0}, !>
[INFO] [stdout]    9:     0x5ade5dcc32fd - __rustc[ea4f61d10b84890b]::rust_begin_unwind
[INFO] [stdout]   10:     0x5ade5dcfee1c - core[a373ad73a504971]::panicking::panic_fmt
[INFO] [stdout]   11:     0x5ade5dcfebf2 - core[a373ad73a504971]::result::unwrap_failed
[INFO] [stdout]   12:     0x5ade5dc0b31d - ociman[da2d0b9230c127e4]::backend::tests::test_container_resolver_localhost::{closure#0}
[INFO] [stdout]   13:     0x5ade5dc3615d - <tokio[37a96cdfd8969c4b]::runtime::scheduler::current_thread::CurrentThread>::block_on::<core[a373ad73a504971]::pin::Pin<&mut dyn core[a373ad73a504971]::future::future::Future<Output = ()>>>
[INFO] [stdout]   14:     0x5ade5dc1c3bd - <tokio[37a96cdfd8969c4b]::runtime::runtime::Runtime>::block_on::<core[a373ad73a504971]::pin::Pin<&mut dyn core[a373ad73a504971]::future::future::Future<Output = ()>>>
[INFO] [stdout]   15:     0x5ade5dc10439 - <ociman[da2d0b9230c127e4]::backend::tests::test_container_resolver_localhost::{closure#0} as core[a373ad73a504971]::ops::function::FnOnce<()>>::call_once
[INFO] [stdout]   16:     0x5ade5dc55bdb - test[aada8e7e76ba119b]::__rust_begin_short_backtrace::<core[a373ad73a504971]::result::Result<(), alloc[2e1b2a31b91974c5]::string::String>, fn() -> core[a373ad73a504971]::result::Result<(), alloc[2e1b2a31b91974c5]::string::String>>
[INFO] [stdout]   17:     0x5ade5dc62db5 - test[aada8e7e76ba119b]::run_test::{closure#0}
[INFO] [stdout]   18:     0x5ade5dc5c6a4 - std[617be2ca0a6fd877]::sys::backtrace::__rust_begin_short_backtrace::<test[aada8e7e76ba119b]::run_test::{closure#1}, ()>
[INFO] [stdout]   19:     0x5ade5dc65e42 - <std[617be2ca0a6fd877]::thread::lifecycle::spawn_unchecked<test[aada8e7e76ba119b]::run_test::{closure#1}, ()>::{closure#1} as core[a373ad73a504971]::ops::function::FnOnce<()>>::call_once::{shim:vtable#0}
[INFO] [stdout]   20:     0x5ade5dce650f - <std[617be2ca0a6fd877]::sys::thread::unix::Thread>::new::thread_start
[INFO] [stdout]   21:     0x788d6584edfa - <unknown>
[INFO] [stdout]   22:     0x788d658e23d4 - clone
[INFO] [stdout]   23:                0x0 - <unknown>
[INFO] [stdout] 
[INFO] [stdout] ---- backend::tests::test_container_resolver_builder_pattern stdout ----
[INFO] [stdout] 
[INFO] [stdout] thread 'backend::tests::test_container_resolver_builder_pattern' (799) panicked at src/backend.rs:1490:23:
[INFO] [stdout] No container backend detected: NoContainerToolDetected
[INFO] [stdout] stack backtrace:
[INFO] [stdout]    0:     0x5ade5dce70a1 - <<std[617be2ca0a6fd877]::sys::backtrace::BacktraceLock>::print::DisplayBacktrace as core[a373ad73a504971]::fmt::Display>::fmt
[INFO] [stdout]    1:     0x5ade5dcfe67a - core[a373ad73a504971]::fmt::write
[INFO] [stdout]    2:     0x5ade5dcec91c - <alloc[2e1b2a31b91974c5]::vec::Vec<u8> as core[a373ad73a504971]::io::write::Write>::write_fmt
[INFO] [stdout]    3:     0x5ade5dcc2646 - std[617be2ca0a6fd877]::panicking::default_hook::{closure#0}
[INFO] [stdout]    4:     0x5ade5dcdf179 - std[617be2ca0a6fd877]::panicking::default_hook
[INFO] [stdout]    5:     0x5ade5dc62790 - test[aada8e7e76ba119b]::test_main_inner::{closure#0}
[INFO] [stdout]    6:     0x5ade5dcdf4a2 - std[617be2ca0a6fd877]::panicking::panic_with_hook
[INFO] [stdout]    7:     0x5ade5dcc26f2 - std[617be2ca0a6fd877]::panicking::panic_handler::{closure#0}
[INFO] [stdout]    8:     0x5ade5dcbb279 - std[617be2ca0a6fd877]::sys::backtrace::__rust_end_short_backtrace::<std[617be2ca0a6fd877]::panicking::panic_handler::{closure#0}, !>
[INFO] [stdout]    9:     0x5ade5dcc32fd - __rustc[ea4f61d10b84890b]::rust_begin_unwind
[INFO] [stdout]   10:     0x5ade5dcfee1c - core[a373ad73a504971]::panicking::panic_fmt
[INFO] [stdout]   11:     0x5ade5dcfebf2 - core[a373ad73a504971]::result::unwrap_failed
[INFO] [stdout]   12:     0x5ade5dc0bf11 - ociman[da2d0b9230c127e4]::backend::tests::test_container_resolver_builder_pattern::{closure#0}
[INFO] [stdout]   13:     0x5ade5dc3615d - <tokio[37a96cdfd8969c4b]::runtime::scheduler::current_thread::CurrentThread>::block_on::<core[a373ad73a504971]::pin::Pin<&mut dyn core[a373ad73a504971]::future::future::Future<Output = ()>>>
[INFO] [stdout]   14:     0x5ade5dc1c3bd - <tokio[37a96cdfd8969c4b]::runtime::runtime::Runtime>::block_on::<core[a373ad73a504971]::pin::Pin<&mut dyn core[a373ad73a504971]::future::future::Future<Output = ()>>>
[INFO] [stdout]   15:     0x5ade5dc107f9 - <ociman[da2d0b9230c127e4]::backend::tests::test_container_resolver_builder_pattern::{closure#0} as core[a373ad73a504971]::ops::function::FnOnce<()>>::call_once
[INFO] [stdout]   16:     0x5ade5dc55bdb - test[aada8e7e76ba119b]::__rust_begin_short_backtrace::<core[a373ad73a504971]::result::Result<(), alloc[2e1b2a31b91974c5]::string::String>, fn() -> core[a373ad73a504971]::result::Result<(), alloc[2e1b2a31b91974c5]::string::String>>
[INFO] [stdout]   17:     0x5ade5dc62db5 - test[aada8e7e76ba119b]::run_test::{closure#0}
[INFO] [stdout]   18:     0x5ade5dc5c6a4 - std[617be2ca0a6fd877]::sys::backtrace::__rust_begin_short_backtrace::<test[aada8e7e76ba119b]::run_test::{closure#1}, ()>
[INFO] [stdout]   19:     0x5ade5dc65e42 - <std[617be2ca0a6fd877]::thread::lifecycle::spawn_unchecked<test[aada8e7e76ba119b]::run_test::{closure#1}, ()>::{closure#1} as core[a373ad73a504971]::ops::function::FnOnce<()>>::call_once::{shim:vtable#0}
[INFO] [stdout]   20:     0x5ade5dce650f - <std[617be2ca0a6fd877]::sys::thread::unix::Thread>::new::thread_start
[INFO] [stdout]   21:     0x788d6584edfa - <unknown>
[INFO] [stdout]   22:     0x788d658e23d4 - clone
[INFO] [stdout]   23:                0x0 - <unknown>
[INFO] [stdout] 
[INFO] [stdout] ---- backend::tests::test_container_resolver_with_multiple_arguments stdout ----
[INFO] [stdout] 
[INFO] [stdout] thread 'backend::tests::test_container_resolver_with_multiple_arguments' (803) panicked at src/backend.rs:1473:23:
[INFO] [stdout] No container backend detected: NoContainerToolDetected
[INFO] [stdout] stack backtrace:
[INFO] [stdout]    0:     0x5ade5dce70a1 - <<std[617be2ca0a6fd877]::sys::backtrace::BacktraceLock>::print::DisplayBacktrace as core[a373ad73a504971]::fmt::Display>::fmt
[INFO] [stdout]    1:     0x5ade5dcfe67a - core[a373ad73a504971]::fmt::write
[INFO] [stdout]    2:     0x5ade5dcec91c - <alloc[2e1b2a31b91974c5]::vec::Vec<u8> as core[a373ad73a504971]::io::write::Write>::write_fmt
[INFO] [stdout]    3:     0x5ade5dcc2646 - std[617be2ca0a6fd877]::panicking::default_hook::{closure#0}
[INFO] [stdout]    4:     0x5ade5dcdf179 - std[617be2ca0a6fd877]::panicking::default_hook
[INFO] [stdout]    5:     0x5ade5dc62790 - test[aada8e7e76ba119b]::test_main_inner::{closure#0}
[INFO] [stdout]    6:     0x5ade5dcdf4a2 - std[617be2ca0a6fd877]::panicking::panic_with_hook
[INFO] [stdout]    7:     0x5ade5dcc26f2 - std[617be2ca0a6fd877]::panicking::panic_handler::{closure#0}
[INFO] [stdout]    8:     0x5ade5dcbb279 - std[617be2ca0a6fd877]::sys::backtrace::__rust_end_short_backtrace::<std[617be2ca0a6fd877]::panicking::panic_handler::{closure#0}, !>
[INFO] [stdout]    9:     0x5ade5dcc32fd - __rustc[ea4f61d10b84890b]::rust_begin_unwind
[INFO] [stdout]   10:     0x5ade5dcfee1c - core[a373ad73a504971]::panicking::panic_fmt
[INFO] [stdout]   11:     0x5ade5dcfebf2 - core[a373ad73a504971]::result::unwrap_failed
[INFO] [stdout]   12:     0x5ade5dc0c348 - ociman[da2d0b9230c127e4]::backend::tests::test_container_resolver_with_multiple_arguments::{closure#0}
[INFO] [stdout]   13:     0x5ade5dc3615d - <tokio[37a96cdfd8969c4b]::runtime::scheduler::current_thread::CurrentThread>::block_on::<core[a373ad73a504971]::pin::Pin<&mut dyn core[a373ad73a504971]::future::future::Future<Output = ()>>>
[INFO] [stdout]   14:     0x5ade5dc1c3bd - <tokio[37a96cdfd8969c4b]::runtime::runtime::Runtime>::block_on::<core[a373ad73a504971]::pin::Pin<&mut dyn core[a373ad73a504971]::future::future::Future<Output = ()>>>
[INFO] [stdout]   15:     0x5ade5dc113b9 - <ociman[da2d0b9230c127e4]::backend::tests::test_container_resolver_with_multiple_arguments::{closure#0} as core[a373ad73a504971]::ops::function::FnOnce<()>>::call_once
[INFO] [stdout]   16:     0x5ade5dc55bdb - test[aada8e7e76ba119b]::__rust_begin_short_backtrace::<core[a373ad73a504971]::result::Result<(), alloc[2e1b2a31b91974c5]::string::String>, fn() -> core[a373ad73a504971]::result::Result<(), alloc[2e1b2a31b91974c5]::string::String>>
[INFO] [stdout]   17:     0x5ade5dc62db5 - test[aada8e7e76ba119b]::run_test::{closure#0}
[INFO] [stdout]   18:     0x5ade5dc5c6a4 - std[617be2ca0a6fd877]::sys::backtrace::__rust_begin_short_backtrace::<test[aada8e7e76ba119b]::run_test::{closure#1}, ()>
[INFO] [stdout]   19:     0x5ade5dc65e42 - <std[617be2ca0a6fd877]::thread::lifecycle::spawn_unchecked<test[aada8e7e76ba119b]::run_test::{closure#1}, ()>::{closure#1} as core[a373ad73a504971]::ops::function::FnOnce<()>>::call_once::{shim:vtable#0}
[INFO] [stdout]   20:     0x5ade5dce650f - <std[617be2ca0a6fd877]::sys::thread::unix::Thread>::new::thread_start
[INFO] [stdout]   21:     0x788d6584edfa - <unknown>
[INFO] [stdout]   22:     0x788d658e23d4 - clone
[INFO] [stdout]   23:                0x0 - <unknown>
[INFO] [stdout] 
[INFO] [stdout] 
[INFO] [stdout] failures:
[INFO] [stdout]     backend::tests::test_container_resolver_builder_pattern
[INFO] [stdout]     backend::tests::test_container_resolver_localhost
[INFO] [stdout]     backend::tests::test_container_resolver_nonexistent
[INFO] [stdout]     backend::tests::test_container_resolver_with_add_host
[INFO] [stdout]     backend::tests::test_container_resolver_with_multiple_arguments
[INFO] [stdout]     backend::tests::test_image_references_by_name
[INFO] [stdout]     backend::tests::test_resolve_container_host
[INFO] [stdout] 
[INFO] [stdout] test result: FAILED. 59 passed; 7 failed; 0 ignored; 0 measured; 0 filtered out; finished in 0.14s
[INFO] [stdout] 
[INFO] [stderr] error: test failed, to rerun pass `--lib`
[INFO] running `Command { std: "docker" "inspect" "571075d59e444e11bd09dc16b69106310e3553b93e6e7297aedd16a5168f320d", kill_on_drop: false }`
[INFO] running `Command { std: "docker" "rm" "-f" "571075d59e444e11bd09dc16b69106310e3553b93e6e7297aedd16a5168f320d", kill_on_drop: false }`
[INFO] [stdout] 571075d59e444e11bd09dc16b69106310e3553b93e6e7297aedd16a5168f320d
