[INFO] fetching crate oca-store 2.0.0...
[INFO] testing oca-store-2.0.0 against 1.99.0-beta.8+cargoflags=--release for beta-release-1.100-2
[INFO] extracting crate oca-store 2.0.0 into /workspace/builds/worker-3-tc1/source
[INFO] started tweaking crates.io crate oca-store 2.0.0
[INFO] finished tweaking crates.io crate oca-store 2.0.0
[INFO] tweaked toml for crates.io crate oca-store 2.0.0 written to /workspace/builds/worker-3-tc1/source/Cargo.toml
[INFO] validating manifest of crates.io crate oca-store 2.0.0 on toolchain 1.99.0-beta.8
[INFO] running `Command { std: CARGO_HOME="/workspace/cargo-home" RUSTUP_HOME="/workspace/rustup-home" "/workspace/cargo-home/bin/cargo" "+1.99.0-beta.8" "metadata" "--manifest-path" "Cargo.toml" "--no-deps", kill_on_drop: false }`
[INFO] crate crates.io crate oca-store 2.0.0 already has a lockfile, it will not be regenerated
[INFO] running `Command { std: CARGO_HOME="/workspace/cargo-home" RUSTUP_HOME="/workspace/rustup-home" "/workspace/cargo-home/bin/cargo" "+1.99.0-beta.8" "fetch" "--manifest-path" "Cargo.toml", kill_on_drop: false }`
[INFO] [stderr]     Updating crates.io index
[INFO] [stderr]  Downloading crates ...
[INFO] [stderr]   Downloaded clap v4.5.55
[INFO] [stderr]   Downloaded said v0.5.2
[INFO] [stderr]   Downloaded overlay-file v1.0.0
[INFO] [stderr]   Downloaded gc-arena-derive v0.5.3
[INFO] [stderr]   Downloaded dyn-clonable v0.9.2
[INFO] [stderr]   Downloaded dyn-clonable-impl v0.9.2
[INFO] [stderr]   Downloaded cascade v1.0.1
[INFO] [stderr]   Downloaded cesrox v2.0.0-alpha.3
[INFO] [stderr]   Downloaded oca-file v2.0.0
[INFO] [stderr]   Downloaded oca-ast v2.0.0
[INFO] [stderr]   Downloaded oca-bundle v2.0.0
[INFO] [stderr]   Downloaded pest_generator v2.8.5
[INFO] [stderr]   Downloaded oca-dag v2.0.0
[INFO] [stderr]   Downloaded pest_derive v2.8.5
[INFO] [stderr]   Downloaded pest_meta v2.8.5
[INFO] [stderr]   Downloaded gc-arena v0.5.3
[INFO] [stderr]   Downloaded clap_builder v4.5.55
[INFO] [stderr]   Downloaded jiff-static v0.2.18
[INFO] [stderr]   Downloaded pest v2.8.5
[INFO] [stderr]   Downloaded zerocopy-derive v0.8.35
[INFO] [stderr]   Downloaded piccolo v0.3.3
[INFO] [stderr]   Downloaded rusqlite v0.37.0
[INFO] [stderr]   Downloaded zerocopy v0.8.35
[INFO] [stderr]   Downloaded isolang v2.4.0
[INFO] [stderr]   Downloaded sled v0.34.7
[INFO] [stderr]   Downloaded jiff v0.2.18
[INFO] [stderr]   Downloaded recursion v0.5.4
[INFO] [stderr]   Downloaded libsqlite3-sys v0.35.0
[INFO] running `Command { std: "docker" "create" "-v" "/var/lib/crater-agent-workspace/builds/worker-3-tc1/source:/opt/rustwide/workdir:ro,Z" "-v" "/var/lib/crater-agent-workspace/builds/worker-3-tc1/target:/opt/rustwide/target:rw,Z" "-v" "/var/lib/crater-agent-workspace/cargo-home:/opt/rustwide/cargo-home:ro,Z" "-v" "/var/lib/crater-agent-workspace/rustup-home:/opt/rustwide/rustup-home:ro,Z" "-m" "1610612736" "--network" "none" "ghcr.io/rust-lang/crates-build-env/linux@sha256:77db811e55d90add9212f6832c23229e3de5f1c1f9905e8cb07319ea15df73ac" "sleep" "infinity", kill_on_drop: false }`
[INFO] [stdout] 7b56bc8b39925deba38a698654bb9b7a8ef193753b931168a3cd9d88d8708f95
[INFO] running `Command { std: "docker" "start" "7b56bc8b39925deba38a698654bb9b7a8ef193753b931168a3cd9d88d8708f95", kill_on_drop: false }`
[INFO] running `Command { std: "docker" "inspect" "7b56bc8b39925deba38a698654bb9b7a8ef193753b931168a3cd9d88d8708f95", kill_on_drop: false }`
[INFO] running `Command { std: "docker" "exec" "-e" "SOURCE_DIR=/opt/rustwide/workdir" "-e" "CARGO_HOME=/opt/rustwide/cargo-home" "-e" "RUSTUP_HOME=/opt/rustwide/rustup-home" "-e" "CARGO_TARGET_DIR=/opt/rustwide/target" "-w" "/opt/rustwide/workdir" "--user" "0:0" "7b56bc8b39925deba38a698654bb9b7a8ef193753b931168a3cd9d88d8708f95" "/opt/rustwide/cargo-home/bin/cargo" "+1.99.0-beta.8" "metadata" "--no-deps" "--format-version=1", kill_on_drop: false }`
[INFO] running `Command { std: "docker" "inspect" "7b56bc8b39925deba38a698654bb9b7a8ef193753b931168a3cd9d88d8708f95", kill_on_drop: false }`
[INFO] running `Command { std: "docker" "exec" "-e" "SOURCE_DIR=/opt/rustwide/workdir" "-e" "CARGO_HOME=/opt/rustwide/cargo-home" "-e" "RUSTUP_HOME=/opt/rustwide/rustup-home" "-e" "CARGO_TARGET_DIR=/opt/rustwide/target" "-e" "CARGO_INCREMENTAL=0" "-e" "RUST_BACKTRACE=full" "-e" "RUSTFLAGS=--cap-lints=warn" "-e" "RUSTDOCFLAGS=--cap-lints=warn" "-w" "/opt/rustwide/workdir" "--user" "0:0" "7b56bc8b39925deba38a698654bb9b7a8ef193753b931168a3cd9d88d8708f95" "/opt/rustwide/cargo-home/bin/cargo" "+1.99.0-beta.8" "build" "--frozen" "--message-format=json" "--release", kill_on_drop: false }`
[INFO] [stderr]    Compiling syn v2.0.114
[INFO] [stderr]    Compiling wasm-bindgen-shared v0.2.108
[INFO] [stderr]    Compiling num-traits v0.2.19
[INFO] [stderr]    Compiling zerocopy v0.8.35
[INFO] [stderr]    Compiling indexmap v2.13.0
[INFO] [stderr]    Compiling memchr v2.7.6
[INFO] [stderr]    Compiling find-msvc-tools v0.1.8
[INFO] [stderr]    Compiling bumpalo v3.19.1
[INFO] [stderr]    Compiling digest v0.10.7
[INFO] [stderr]    Compiling cc v1.2.54
[INFO] [stderr]    Compiling serde_json v1.0.149
[INFO] [stderr]    Compiling wasm-bindgen v0.2.108
[INFO] [stderr]    Compiling getrandom v0.3.4
[INFO] [stderr]    Compiling unicode-ident v1.0.22
[INFO] [stderr]    Compiling parking_lot_core v0.8.6
[INFO] [stderr]    Compiling pest v2.8.5
[INFO] [stderr]    Compiling half v1.8.3
[INFO] [stderr]    Compiling rmp v0.8.15
[INFO] [stderr]    Compiling clap_lex v0.7.7
[INFO] [stderr]    Compiling chrono v0.4.43
[INFO] [stderr]    Compiling clap_builder v4.5.55
[INFO] [stderr]    Compiling nom v7.1.3
[INFO] [stderr]    Compiling blake3 v1.8.3
[INFO] [stderr]    Compiling pest_meta v2.8.5
[INFO] [stderr]    Compiling phf_shared v0.11.3
[INFO] [stderr]    Compiling env_filter v0.1.4
[INFO] [stderr]    Compiling getrandom v0.2.17
[INFO] [stderr]    Compiling instant v0.1.13
[INFO] [stderr]    Compiling jiff v0.2.18
[INFO] [stderr]    Compiling rand_core v0.6.4
[INFO] [stderr]    Compiling sha3 v0.10.8
[INFO] [stderr]    Compiling ppv-lite86 v0.2.21
[INFO] [stderr]    Compiling ahash v0.8.12
[INFO] [stderr]    Compiling wasm-bindgen-macro-support v0.2.108
[INFO] [stderr]    Compiling pest_generator v2.8.5
[INFO] [stderr]    Compiling synstructure v0.13.2
[INFO] [stderr]    Compiling phf v0.11.3
[INFO] [stderr]    Compiling sha2 v0.10.9
[INFO] [stderr]    Compiling blake2 v0.10.6
[INFO] [stderr]    Compiling nom v8.0.0
[INFO] [stderr]    Compiling allocator-api2 v0.2.21
[INFO] [stderr]    Compiling parking_lot v0.11.2
[INFO] [stderr]    Compiling serde_derive v1.0.228
[INFO] [stderr]    Compiling thiserror-impl v2.0.18
[INFO] [stderr]    Compiling clap_derive v4.5.55
[INFO] [stderr]    Compiling pest_derive v2.8.5
[INFO] [stderr]    Compiling hashbrown v0.14.5
[INFO] [stderr]    Compiling thiserror v2.0.18
[INFO] [stderr]    Compiling wasm-bindgen-macro v0.2.108
[INFO] [stderr]    Compiling gc-arena-derive v0.5.3
[INFO] [stderr]    Compiling strum_macros v0.27.2
[INFO] [stderr]    Compiling thiserror-impl v1.0.69
[INFO] [stderr]    Compiling js-sys v0.3.85
[INFO] [stderr]    Compiling clap v4.5.55
[INFO] [stderr]    Compiling env_logger v0.11.8
[INFO] [stderr]    Compiling crossbeam-epoch v0.9.18
[INFO] [stderr]    Compiling serde v1.0.228
[INFO] [stderr]    Compiling rand_chacha v0.3.1
[INFO] [stderr]    Compiling fs2 v0.4.3
[INFO] [stderr]    Compiling strum v0.27.2
[INFO] [stderr]    Compiling sptr v0.3.2
[INFO] [stderr]    Compiling recursion v0.5.4
[INFO] [stderr]    Compiling erased-serde v0.4.9
[INFO] [stderr]    Compiling libsqlite3-sys v0.35.0
[INFO] [stderr]    Compiling convert_case v0.10.0
[INFO] [stderr]    Compiling gc-arena v0.5.3
[INFO] [stderr]    Compiling rmp-serde v1.3.1
[INFO] [stderr]    Compiling serde_cbor v0.11.2
[INFO] [stderr]    Compiling overlay-file v1.0.0
[INFO] [stderr]    Compiling isolang v2.4.0
[INFO] [stderr]    Compiling sled v0.34.7
[INFO] [stderr]    Compiling cesrox v2.0.0-alpha.3
[INFO] [stderr]    Compiling rand v0.8.5
[INFO] [stderr]    Compiling said v0.5.2
[INFO] [stderr]    Compiling serde-wasm-bindgen v0.6.5
[INFO] [stderr]    Compiling oca-ast v2.0.0
[INFO] [stderr]    Compiling thiserror v1.0.69
[INFO] [stderr]    Compiling dyn-clonable-impl v0.9.2
[INFO] [stderr]    Compiling ordered-float v2.10.1
[INFO] [stderr]    Compiling serde_yaml v0.9.34+deprecated
[INFO] [stderr]    Compiling oca-file v2.0.0
[INFO] [stderr]    Compiling dyn-clonable v0.9.2
[INFO] [stderr]    Compiling serde-value v0.7.0
[INFO] [stderr]    Compiling piccolo v0.3.3
[INFO] [stderr]    Compiling linked-hash-map v0.5.6
[INFO] [stderr]    Compiling cascade v1.0.1
[INFO] [stderr]    Compiling urn v0.7.0
[INFO] [stderr]    Compiling hashlink v0.10.0
[INFO] [stderr]    Compiling rusqlite v0.37.0
[INFO] [stderr]    Compiling oca-bundle v2.0.0
[INFO] [stderr]    Compiling oca-dag v2.0.0
[INFO] [stderr]    Compiling oca-store v2.0.0 (/opt/rustwide/workdir)
[INFO] [stdout] warning: unused import: `std::str::FromStr`
[INFO] [stdout]   --> src/facade/build.rs:20:5
[INFO] [stdout]    |
[INFO] [stdout] 20 | use std::str::FromStr;
[INFO] [stdout]    |     ^^^^^^^^^^^^^^^^^
[INFO] [stdout]    |
[INFO] [stdout]    = note: `#[warn(unused_imports)]` (part of `#[warn(unused)]`) on by default
[INFO] [stdout] 
[INFO] [stdout] 
[INFO] [stdout] warning: unused variable: `name`
[INFO] [stdout]    --> src/facade/build.rs:258:36
[INFO] [stdout]     |
[INFO] [stdout] 258 |                     RefValue::Name(name) => {
[INFO] [stdout]     |                                    ^^^^ help: if this is intentional, prefix it with an underscore: `_name`
[INFO] [stdout]     |
[INFO] [stdout]     = note: `#[warn(unused_variables)]` (part of `#[warn(unused)]`) on by default
[INFO] [stdout] 
[INFO] [stdout] 
[INFO] [stderr]     Finished `release` profile [optimized] target(s) in 48.80s
[INFO] running `Command { std: "docker" "inspect" "7b56bc8b39925deba38a698654bb9b7a8ef193753b931168a3cd9d88d8708f95", kill_on_drop: false }`
[INFO] running `Command { std: "docker" "exec" "-e" "SOURCE_DIR=/opt/rustwide/workdir" "-e" "CARGO_HOME=/opt/rustwide/cargo-home" "-e" "RUSTUP_HOME=/opt/rustwide/rustup-home" "-e" "CARGO_TARGET_DIR=/opt/rustwide/target" "-e" "CARGO_INCREMENTAL=0" "-e" "RUST_BACKTRACE=full" "-e" "RUSTFLAGS=--cap-lints=warn" "-e" "RUSTDOCFLAGS=--cap-lints=warn" "-w" "/opt/rustwide/workdir" "--user" "0:0" "7b56bc8b39925deba38a698654bb9b7a8ef193753b931168a3cd9d88d8708f95" "/opt/rustwide/cargo-home/bin/cargo" "+1.99.0-beta.8" "test" "--frozen" "--no-run" "--message-format=json" "--release", kill_on_drop: false }`
[INFO] [stdout] warning: unused import: `std::str::FromStr`
[INFO] [stdout]   --> src/facade/build.rs:20:5
[INFO] [stdout]    |
[INFO] [stdout] 20 | use std::str::FromStr;
[INFO] [stdout]    |     ^^^^^^^^^^^^^^^^^
[INFO] [stdout]    |
[INFO] [stdout]    = note: `#[warn(unused_imports)]` (part of `#[warn(unused)]`) on by default
[INFO] [stdout] 
[INFO] [stdout] 
[INFO] [stdout] warning: unused variable: `name`
[INFO] [stdout]    --> src/facade/build.rs:258:36
[INFO] [stdout]     |
[INFO] [stdout] 258 |                     RefValue::Name(name) => {
[INFO] [stdout]     |                                    ^^^^ help: if this is intentional, prefix it with an underscore: `_name`
[INFO] [stdout]     |
[INFO] [stdout]     = note: `#[warn(unused_variables)]` (part of `#[warn(unused)]`) on by default
[INFO] [stdout] 
[INFO] [stdout] 
[INFO] [stderr]    Compiling oca-store v2.0.0 (/opt/rustwide/workdir)
[INFO] [stdout] warning: unused import: `std::str::FromStr`
[INFO] [stdout]   --> src/facade/build.rs:20:5
[INFO] [stdout]    |
[INFO] [stdout] 20 | use std::str::FromStr;
[INFO] [stdout]    |     ^^^^^^^^^^^^^^^^^
[INFO] [stdout]    |
[INFO] [stdout]    = note: `#[warn(unused_imports)]` (part of `#[warn(unused)]`) on by default
[INFO] [stdout] 
[INFO] [stdout] 
[INFO] [stdout] warning: unused variable: `name`
[INFO] [stdout]    --> src/facade/build.rs:258:36
[INFO] [stdout]     |
[INFO] [stdout] 258 |                     RefValue::Name(name) => {
[INFO] [stdout]     |                                    ^^^^ help: if this is intentional, prefix it with an underscore: `_name`
[INFO] [stdout]     |
[INFO] [stdout]     = note: `#[warn(unused_variables)]` (part of `#[warn(unused)]`) on by default
[INFO] [stdout] 
[INFO] [stdout] 
[INFO] [stderr]     Finished `release` profile [optimized] target(s) in 3.88s
[INFO] running `Command { std: "docker" "inspect" "7b56bc8b39925deba38a698654bb9b7a8ef193753b931168a3cd9d88d8708f95", kill_on_drop: false }`
[INFO] running `Command { std: "docker" "exec" "-e" "SOURCE_DIR=/opt/rustwide/workdir" "-e" "CARGO_HOME=/opt/rustwide/cargo-home" "-e" "RUSTUP_HOME=/opt/rustwide/rustup-home" "-e" "CARGO_TARGET_DIR=/opt/rustwide/target" "-e" "CARGO_INCREMENTAL=0" "-e" "RUST_BACKTRACE=full" "-e" "RUSTFLAGS=--cap-lints=warn" "-e" "RUSTDOCFLAGS=--cap-lints=warn" "-w" "/opt/rustwide/workdir" "--user" "0:0" "7b56bc8b39925deba38a698654bb9b7a8ef193753b931168a3cd9d88d8708f95" "/opt/rustwide/cargo-home/bin/cargo" "+1.99.0-beta.8" "test" "--frozen" "--release", kill_on_drop: false }`
[INFO] [stderr] warning: unused import: `std::str::FromStr`
[INFO] [stderr]   --> src/facade/build.rs:20:5
[INFO] [stderr]    |
[INFO] [stderr] 20 | use std::str::FromStr;
[INFO] [stderr]    |     ^^^^^^^^^^^^^^^^^
[INFO] [stderr]    |
[INFO] [stderr]    = note: `#[warn(unused_imports)]` (part of `#[warn(unused)]`) on by default
[INFO] [stderr] 
[INFO] [stderr] warning: unused variable: `name`
[INFO] [stderr]    --> src/facade/build.rs:258:36
[INFO] [stderr]     |
[INFO] [stderr] 258 |                     RefValue::Name(name) => {
[INFO] [stderr]     |                                    ^^^^ help: if this is intentional, prefix it with an underscore: `_name`
[INFO] [stderr]     |
[INFO] [stderr]     = note: `#[warn(unused_variables)]` (part of `#[warn(unused)]`) on by default
[INFO] [stderr] 
[INFO] [stderr] warning: `oca-store` (lib) generated 2 warnings (run `cargo fix --lib -p oca-store` to apply 2 suggestions)
[INFO] [stderr] warning: `oca-store` (lib test) generated 2 warnings (2 duplicates)
[INFO] [stderr]     Finished `release` profile [optimized] target(s) in 0.13s
[INFO] [stderr]      Running unittests src/lib.rs (/opt/rustwide/target/release/deps/oca_store-c112499007ca63de)
[INFO] [stdout] 
[INFO] [stdout] running 1 test
[INFO] [stdout] test facade::fetch::test::facade_get_ocafile ... FAILED
[INFO] [stdout] 
[INFO] [stdout] failures:
[INFO] [stdout] 
[INFO] [stdout] ---- facade::fetch::test::facade_get_ocafile stdout ----
[INFO] [stdout] 
[INFO] [stdout] thread 'facade::fetch::test::facade_get_ocafile' (1854) panicked at src/facade/fetch.rs:649:78:
[INFO] [stdout] called `Result::unwrap()` on an `Err` value: Os { code: 2, kind: NotFound, message: "No such file or directory" }
[INFO] [stdout] stack backtrace:
[INFO] [stdout]    0:     0x639b70518231 - <<std[70759c8f55707aa4]::sys::backtrace::BacktraceLock>::print::DisplayBacktrace as core[df12db4294e9bfd3]::fmt::Display>::fmt
[INFO] [stdout]    1:     0x639b7053027a - core[df12db4294e9bfd3]::fmt::write
[INFO] [stdout]    2:     0x639b7051e0ec - <alloc[2182bb758b4b3781]::vec::Vec<u8> as core[df12db4294e9bfd3]::io::write::Write>::write_fmt
[INFO] [stdout]    3:     0x639b704f3596 - std[70759c8f55707aa4]::panicking::default_hook::{closure#0}
[INFO] [stdout]    4:     0x639b70510399 - std[70759c8f55707aa4]::panicking::default_hook
[INFO] [stdout]    5:     0x639b703ae0d0 - test[9d35eded1c95d3be]::test_main_inner::<test[9d35eded1c95d3be]::test_main_static::{closure#0}>::{closure#0}
[INFO] [stdout]    6:     0x639b70510552 - std[70759c8f55707aa4]::panicking::panic_with_hook
[INFO] [stdout]    7:     0x639b704f3642 - std[70759c8f55707aa4]::panicking::panic_handler::{closure#0}
[INFO] [stdout]    8:     0x639b704ec079 - std[70759c8f55707aa4]::sys::backtrace::__rust_end_short_backtrace::<std[70759c8f55707aa4]::panicking::panic_handler::{closure#0}, !>
[INFO] [stdout]    9:     0x639b704f423d - __rustc[8fa7c3cbc660c2b3]::rust_begin_unwind
[INFO] [stdout]   10:     0x639b70530a5c - core[df12db4294e9bfd3]::panicking::panic_fmt
[INFO] [stdout]   11:     0x639b70530832 - core[df12db4294e9bfd3]::result::unwrap_failed
[INFO] [stdout]   12:     0x639b702c16d3 - oca_store[e68184a866d0eb6f]::facade::fetch::test::facade_get_ocafile
[INFO] [stdout]   13:     0x639b702d3ef7 - <oca_store[e68184a866d0eb6f]::facade::fetch::test::facade_get_ocafile::{closure#0} as core[df12db4294e9bfd3]::ops::function::FnOnce<()>>::call_once
[INFO] [stdout]   14:     0x639b703a13bb - test[9d35eded1c95d3be]::__rust_begin_short_backtrace::<core[df12db4294e9bfd3]::result::Result<(), alloc[2182bb758b4b3781]::string::String>, fn() -> core[df12db4294e9bfd3]::result::Result<(), alloc[2182bb758b4b3781]::string::String>>
[INFO] [stdout]   15:     0x639b703aea25 - test[9d35eded1c95d3be]::run_test::{closure#0}
[INFO] [stdout]   16:     0x639b703a82e4 - std[70759c8f55707aa4]::sys::backtrace::__rust_begin_short_backtrace::<test[9d35eded1c95d3be]::run_test::{closure#1}, ()>
[INFO] [stdout]   17:     0x639b703b1b82 - <std[70759c8f55707aa4]::thread::lifecycle::spawn_unchecked<test[9d35eded1c95d3be]::run_test::{closure#1}, ()>::{closure#1} as core[df12db4294e9bfd3]::ops::function::FnOnce<()>>::call_once::{shim:vtable#0}
[INFO] [stdout]   18:     0x639b70517799 - <std[70759c8f55707aa4]::sys::thread::unix::Thread>::new::thread_start
[INFO] [stdout]   19:     0x727fa009fdfa - <unknown>
[INFO] [stdout]   20:     0x727fa01333d4 - clone
[INFO] [stdout]   21:                0x0 - <unknown>
[INFO] [stdout] 
[INFO] [stdout] 
[INFO] [stdout] failures:
[INFO] [stdout]     facade::fetch::test::facade_get_ocafile
[INFO] [stdout] 
[INFO] [stdout] test result: FAILED. 0 passed; 1 failed; 0 ignored; 0 measured; 0 filtered out; finished in 0.01s
[INFO] [stdout] 
[INFO] [stderr] error: test failed, to rerun pass `--lib`
[INFO] running `Command { std: "docker" "inspect" "7b56bc8b39925deba38a698654bb9b7a8ef193753b931168a3cd9d88d8708f95", kill_on_drop: false }`
[INFO] running `Command { std: "docker" "rm" "-f" "7b56bc8b39925deba38a698654bb9b7a8ef193753b931168a3cd9d88d8708f95", kill_on_drop: false }`
[INFO] [stdout] 7b56bc8b39925deba38a698654bb9b7a8ef193753b931168a3cd9d88d8708f95
