[INFO] fetching crate oca-bundle 2.0.0...
[INFO] testing oca-bundle-2.0.0 against 1.99.0-beta.8+cargoflags=--release for beta-release-1.100-2
[INFO] extracting crate oca-bundle 2.0.0 into /workspace/builds/worker-4-tc1/source
[INFO] started tweaking crates.io crate oca-bundle 2.0.0
[INFO] finished tweaking crates.io crate oca-bundle 2.0.0
[INFO] tweaked toml for crates.io crate oca-bundle 2.0.0 written to /workspace/builds/worker-4-tc1/source/Cargo.toml
[INFO] validating manifest of crates.io crate oca-bundle 2.0.0 on toolchain 1.99.0-beta.8
[INFO] running `Command { std: CARGO_HOME="/workspace/cargo-home" RUSTUP_HOME="/workspace/rustup-home" "/workspace/cargo-home/bin/cargo" "+1.99.0-beta.8" "metadata" "--manifest-path" "Cargo.toml" "--no-deps", kill_on_drop: false }`
[INFO] crate crates.io crate oca-bundle 2.0.0 already has a lockfile, it will not be regenerated
[INFO] running `Command { std: CARGO_HOME="/workspace/cargo-home" RUSTUP_HOME="/workspace/rustup-home" "/workspace/cargo-home/bin/cargo" "+1.99.0-beta.8" "fetch" "--manifest-path" "Cargo.toml", kill_on_drop: false }`
[INFO] [stderr]     Updating crates.io index
[INFO] [stderr]  Downloading crates ...
[INFO] [stderr]   Downloaded serde_cbor v0.11.2
[INFO] [stderr]   Downloaded half v1.8.3
[INFO] [stderr]   Downloaded urn v0.7.0
[INFO] [stderr]   Downloaded said v0.5.2
[INFO] [stderr]   Downloaded cesrox v2.0.0-alpha.3
[INFO] [stderr]   Downloaded gc-arena v0.5.3
[INFO] [stderr]   Downloaded gc-arena-derive v0.5.3
[INFO] [stderr]   Downloaded env_filter v0.1.4
[INFO] [stderr]   Downloaded dyn-clonable-impl v0.9.2
[INFO] [stderr]   Downloaded overlay-file v1.0.0
[INFO] [stderr]   Downloaded pest_generator v2.8.5
[INFO] [stderr]   Downloaded cascade v1.0.1
[INFO] [stderr]   Downloaded dyn-clonable v0.9.2
[INFO] [stderr]   Downloaded oca-file v2.0.0
[INFO] [stderr]   Downloaded erased-serde v0.4.9
[INFO] [stderr]   Downloaded oca-ast v2.0.0
[INFO] [stderr]   Downloaded pest_derive v2.8.5
[INFO] [stderr]   Downloaded pest_meta v2.8.5
[INFO] [stderr]   Downloaded jiff-static v0.2.18
[INFO] [stderr]   Downloaded cc v1.2.54
[INFO] [stderr]   Downloaded zerocopy-derive v0.8.35
[INFO] [stderr]   Downloaded piccolo v0.3.3
[INFO] [stderr]   Downloaded pest v2.8.5
[INFO] [stderr]   Downloaded portable-atomic v1.13.0
[INFO] [stderr]   Downloaded zerocopy v0.8.35
[INFO] [stderr]   Downloaded isolang v2.4.0
[INFO] [stderr]   Downloaded jiff v0.2.18
[INFO] [stderr]   Downloaded recursion v0.5.4
[INFO] running `Command { std: "docker" "create" "-v" "/var/lib/crater-agent-workspace/builds/worker-4-tc1/source:/opt/rustwide/workdir:ro,Z" "-v" "/var/lib/crater-agent-workspace/builds/worker-4-tc1/target:/opt/rustwide/target:rw,Z" "-v" "/var/lib/crater-agent-workspace/cargo-home:/opt/rustwide/cargo-home:ro,Z" "-v" "/var/lib/crater-agent-workspace/rustup-home:/opt/rustwide/rustup-home:ro,Z" "-m" "1610612736" "--network" "none" "ghcr.io/rust-lang/crates-build-env/linux@sha256:77db811e55d90add9212f6832c23229e3de5f1c1f9905e8cb07319ea15df73ac" "sleep" "infinity", kill_on_drop: false }`
[INFO] [stdout] 04e0437d98245db5afbbd4eb461513e3ef0f0c1f4a182911ae4d59bf2198c970
[INFO] running `Command { std: "docker" "start" "04e0437d98245db5afbbd4eb461513e3ef0f0c1f4a182911ae4d59bf2198c970", kill_on_drop: false }`
[INFO] running `Command { std: "docker" "inspect" "04e0437d98245db5afbbd4eb461513e3ef0f0c1f4a182911ae4d59bf2198c970", kill_on_drop: false }`
[INFO] running `Command { std: "docker" "exec" "-e" "SOURCE_DIR=/opt/rustwide/workdir" "-e" "CARGO_HOME=/opt/rustwide/cargo-home" "-e" "RUSTUP_HOME=/opt/rustwide/rustup-home" "-e" "CARGO_TARGET_DIR=/opt/rustwide/target" "-w" "/opt/rustwide/workdir" "--user" "0:0" "04e0437d98245db5afbbd4eb461513e3ef0f0c1f4a182911ae4d59bf2198c970" "/opt/rustwide/cargo-home/bin/cargo" "+1.99.0-beta.8" "metadata" "--no-deps" "--format-version=1", kill_on_drop: false }`
[INFO] running `Command { std: "docker" "inspect" "04e0437d98245db5afbbd4eb461513e3ef0f0c1f4a182911ae4d59bf2198c970", kill_on_drop: false }`
[INFO] running `Command { std: "docker" "exec" "-e" "SOURCE_DIR=/opt/rustwide/workdir" "-e" "CARGO_HOME=/opt/rustwide/cargo-home" "-e" "RUSTUP_HOME=/opt/rustwide/rustup-home" "-e" "CARGO_TARGET_DIR=/opt/rustwide/target" "-e" "CARGO_INCREMENTAL=0" "-e" "RUST_BACKTRACE=full" "-e" "RUSTFLAGS=--cap-lints=warn" "-e" "RUSTDOCFLAGS=--cap-lints=warn" "-w" "/opt/rustwide/workdir" "--user" "0:0" "04e0437d98245db5afbbd4eb461513e3ef0f0c1f4a182911ae4d59bf2198c970" "/opt/rustwide/cargo-home/bin/cargo" "+1.99.0-beta.8" "build" "--frozen" "--message-format=json" "--release", kill_on_drop: false }`
[INFO] [stderr]    Compiling libc v0.2.180
[INFO] [stderr]    Compiling proc-macro2 v1.0.106
[INFO] [stderr]    Compiling wasm-bindgen-shared v0.2.108
[INFO] [stderr]    Compiling typenum v1.19.0
[INFO] [stderr]    Compiling num-traits v0.2.19
[INFO] [stderr]    Compiling zerocopy v0.8.35
[INFO] [stderr]    Compiling zmij v1.0.17
[INFO] [stderr]    Compiling hashbrown v0.16.1
[INFO] [stderr]    Compiling aho-corasick v1.1.4
[INFO] [stderr]    Compiling memchr v2.7.6
[INFO] [stderr]    Compiling regex-syntax v0.8.8
[INFO] [stderr]    Compiling quote v1.0.44
[INFO] [stderr]    Compiling serde_json v1.0.149
[INFO] [stderr]    Compiling bumpalo v3.19.1
[INFO] [stderr]    Compiling find-msvc-tools v0.1.8
[INFO] [stderr]    Compiling syn v2.0.114
[INFO] [stderr]    Compiling indexmap v2.13.0
[INFO] [stderr]    Compiling generic-array v0.14.7
[INFO] [stderr]    Compiling cc v1.2.54
[INFO] [stderr]    Compiling pest v2.8.5
[INFO] [stderr]    Compiling block-buffer v0.10.4
[INFO] [stderr]    Compiling crypto-common v0.1.7
[INFO] [stderr]    Compiling wasm-bindgen v0.2.108
[INFO] [stderr]    Compiling digest v0.10.7
[INFO] [stderr]    Compiling unicode-ident v1.0.22
[INFO] [stderr]    Compiling getrandom v0.3.4
[INFO] [stderr]    Compiling blake3 v1.8.3
[INFO] [stderr]    Compiling pest_meta v2.8.5
[INFO] [stderr]    Compiling rmp v0.8.15
[INFO] [stderr]    Compiling clap_lex v0.7.7
[INFO] [stderr]    Compiling regex-automata v0.4.13
[INFO] [stderr]    Compiling parking_lot_core v0.8.6
[INFO] [stderr]    Compiling half v1.8.3
[INFO] [stderr]    Compiling siphasher v1.0.2
[INFO] [stderr]    Compiling nom v7.1.3
[INFO] [stderr]    Compiling phf_shared v0.11.3
[INFO] [stderr]    Compiling clap_builder v4.5.55
[INFO] [stderr]    Compiling chrono v0.4.43
[INFO] [stderr]    Compiling wasm-bindgen-macro-support v0.2.108
[INFO] [stderr]    Compiling regex v1.12.2
[INFO] [stderr]    Compiling pest_generator v2.8.5
[INFO] [stderr]    Compiling serde_derive v1.0.228
[INFO] [stderr]    Compiling thiserror-impl v2.0.18
[INFO] [stderr]    Compiling clap_derive v4.5.55
[INFO] [stderr]    Compiling env_filter v0.1.4
[INFO] [stderr]    Compiling wasm-bindgen-macro v0.2.108
[INFO] [stderr]    Compiling thiserror v2.0.18
[INFO] [stderr]    Compiling getrandom v0.2.17
[INFO] [stderr]    Compiling instant v0.1.13
[INFO] [stderr]    Compiling constant_time_eq v0.4.2
[INFO] [stderr]    Compiling arrayvec v0.7.6
[INFO] [stderr]    Compiling arrayref v0.3.9
[INFO] [stderr]    Compiling jiff v0.2.18
[INFO] [stderr]    Compiling keccak v0.1.5
[INFO] [stderr]    Compiling sha3 v0.10.8
[INFO] [stderr]    Compiling js-sys v0.3.85
[INFO] [stderr]    Compiling clap v4.5.55
[INFO] [stderr]    Compiling serde v1.0.228
[INFO] [stderr]    Compiling rand_core v0.6.4
[INFO] [stderr]    Compiling ahash v0.8.12
[INFO] [stderr]    Compiling rmp-serde v1.3.1
[INFO] [stderr]    Compiling serde_cbor v0.11.2
[INFO] [stderr]    Compiling pest_derive v2.8.5
[INFO] [stderr]    Compiling synstructure v0.13.2
[INFO] [stderr]    Compiling phf v0.11.3
[INFO] [stderr]    Compiling ppv-lite86 v0.2.21
[INFO] [stderr]    Compiling sha2 v0.10.9
[INFO] [stderr]    Compiling cesrox v2.0.0-alpha.3
[INFO] [stderr]    Compiling blake2 v0.10.6
[INFO] [stderr]    Compiling nom v8.0.0
[INFO] [stderr]    Compiling typeid v1.0.3
[INFO] [stderr]    Compiling allocator-api2 v0.2.21
[INFO] [stderr]    Compiling hashbrown v0.14.5
[INFO] [stderr]    Compiling serde-wasm-bindgen v0.6.5
[INFO] [stderr]    Compiling env_logger v0.11.8
[INFO] [stderr]    Compiling rand_chacha v0.3.1
[INFO] [stderr]    Compiling isolang v2.4.0
[INFO] [stderr]    Compiling overlay-file v1.0.0
[INFO] [stderr]    Compiling gc-arena-derive v0.5.3
[INFO] [stderr]    Compiling crossbeam-epoch v0.9.18
[INFO] [stderr]    Compiling parking_lot v0.11.2
[INFO] [stderr]    Compiling thiserror-impl v1.0.69
[INFO] [stderr]    Compiling strum_macros v0.27.2
[INFO] [stderr]    Compiling said v0.5.2
[INFO] [stderr]    Compiling fs2 v0.4.3
[INFO] [stderr]    Compiling sptr v0.3.2
[INFO] [stderr]    Compiling strum v0.27.2
[INFO] [stderr]    Compiling erased-serde v0.4.9
[INFO] [stderr]    Compiling recursion v0.5.4
[INFO] [stderr]    Compiling thiserror v1.0.69
[INFO] [stderr]    Compiling gc-arena v0.5.3
[INFO] [stderr]    Compiling convert_case v0.10.0
[INFO] [stderr]    Compiling sled v0.34.7
[INFO] [stderr]    Compiling rand v0.8.5
[INFO] [stderr]    Compiling oca-ast v2.0.0
[INFO] [stderr]    Compiling dyn-clonable-impl v0.9.2
[INFO] [stderr]    Compiling ordered-float v2.10.1
[INFO] [stderr]    Compiling ryu v1.0.22
[INFO] [stderr]    Compiling dyn-clonable v0.9.2
[INFO] [stderr]    Compiling piccolo v0.3.3
[INFO] [stderr]    Compiling serde-value v0.7.0
[INFO] [stderr]    Compiling serde_yaml v0.9.34+deprecated
[INFO] [stderr]    Compiling linked-hash-map v0.5.6
[INFO] [stderr]    Compiling urn v0.7.0
[INFO] [stderr]    Compiling cascade v1.0.1
[INFO] [stderr]    Compiling oca-file v2.0.0
[INFO] [stderr]    Compiling oca-bundle v2.0.0 (/opt/rustwide/workdir)
[INFO] [stderr]     Finished `release` profile [optimized] target(s) in 2m 20s
[INFO] running `Command { std: "docker" "inspect" "04e0437d98245db5afbbd4eb461513e3ef0f0c1f4a182911ae4d59bf2198c970", kill_on_drop: false }`
[INFO] running `Command { std: "docker" "exec" "-e" "SOURCE_DIR=/opt/rustwide/workdir" "-e" "CARGO_HOME=/opt/rustwide/cargo-home" "-e" "RUSTUP_HOME=/opt/rustwide/rustup-home" "-e" "CARGO_TARGET_DIR=/opt/rustwide/target" "-e" "CARGO_INCREMENTAL=0" "-e" "RUST_BACKTRACE=full" "-e" "RUSTFLAGS=--cap-lints=warn" "-e" "RUSTDOCFLAGS=--cap-lints=warn" "-w" "/opt/rustwide/workdir" "--user" "0:0" "04e0437d98245db5afbbd4eb461513e3ef0f0c1f4a182911ae4d59bf2198c970" "/opt/rustwide/cargo-home/bin/cargo" "+1.99.0-beta.8" "test" "--frozen" "--no-run" "--message-format=json" "--release", kill_on_drop: false }`
[INFO] [stderr]    Compiling maplit v1.0.2
[INFO] [stderr]    Compiling oca-bundle v2.0.0 (/opt/rustwide/workdir)
[INFO] [stderr]     Finished `release` profile [optimized] target(s) in 7.59s
[INFO] running `Command { std: "docker" "inspect" "04e0437d98245db5afbbd4eb461513e3ef0f0c1f4a182911ae4d59bf2198c970", kill_on_drop: false }`
[INFO] running `Command { std: "docker" "exec" "-e" "SOURCE_DIR=/opt/rustwide/workdir" "-e" "CARGO_HOME=/opt/rustwide/cargo-home" "-e" "RUSTUP_HOME=/opt/rustwide/rustup-home" "-e" "CARGO_TARGET_DIR=/opt/rustwide/target" "-e" "CARGO_INCREMENTAL=0" "-e" "RUST_BACKTRACE=full" "-e" "RUSTFLAGS=--cap-lints=warn" "-e" "RUSTDOCFLAGS=--cap-lints=warn" "-w" "/opt/rustwide/workdir" "--user" "0:0" "04e0437d98245db5afbbd4eb461513e3ef0f0c1f4a182911ae4d59bf2198c970" "/opt/rustwide/cargo-home/bin/cargo" "+1.99.0-beta.8" "test" "--frozen" "--release", kill_on_drop: false }`
[INFO] [stderr]     Finished `release` profile [optimized] target(s) in 0.14s
[INFO] [stderr]      Running unittests src/lib.rs (/opt/rustwide/target/release/deps/oca_bundle-30365f6ea99c73c9)
[INFO] [stdout] 
[INFO] [stdout] running 11 tests
[INFO] [stdout] test state::validator::tests::validate_oca_with_invalid_saids ... ignored
[INFO] [stdout] test build::tests::test_add_step ... FAILED
[INFO] [stdout] test state::validator::tests::validate_oca_with_missing_name_translation ... ok
[INFO] [stdout] test controller::tests::load_oca_bundle_json_from_str ... FAILED
[INFO] [stdout] test build::tests::merge_label_overlays_conflict_should_error_and_keep_single_overlay ... FAILED
[INFO] [stdout] test build::tests::build_from_ast ... FAILED
[INFO] [stdout] test build::tests::merge_label_overlays_disjoint_should_merge ... FAILED
[INFO] [stdout] test state::oca_bundle::overlay::tests::overlay_deserialize_collects_properties_and_sets_defaults ... ok
[INFO] [stdout] test state::oca_bundle::tests::build_oca_bundle ... FAILED
[INFO] [stderr] error: test failed, to rerun pass `--lib`
[INFO] [stdout] test state::validator::tests::validate_unique_keys_multiple_and_duplicate_overlay ... ok
[INFO] [stdout] test state::validator::tests::validate_valid_oca ... ok
[INFO] [stdout] 
[INFO] [stdout] failures:
[INFO] [stdout] 
[INFO] [stdout] ---- build::tests::test_add_step stdout ----
[INFO] [stdout] Error: Os { code: 2, kind: NotFound, message: "No such file or directory" }
[INFO] [stdout] 
[INFO] [stdout] ---- controller::tests::load_oca_bundle_json_from_str stdout ----
[INFO] [stdout] 
[INFO] [stdout] thread 'controller::tests::load_oca_bundle_json_from_str' (2090) panicked at src/controller.rs:83:89:
[INFO] [stdout] called `Result::unwrap()` on an `Err` value: Os { code: 2, kind: NotFound, message: "No such file or directory" }
[INFO] [stdout] stack backtrace:
[INFO] [stdout]    0:     0x5f42ec888111 - <<std[70759c8f55707aa4]::sys::backtrace::BacktraceLock>::print::DisplayBacktrace as core[df12db4294e9bfd3]::fmt::Display>::fmt
[INFO] [stdout]    1:     0x5f42ec8a014a - core[df12db4294e9bfd3]::fmt::write
[INFO] [stdout]    2:     0x5f42ec88dfcc - <alloc[2182bb758b4b3781]::vec::Vec<u8> as core[df12db4294e9bfd3]::io::write::Write>::write_fmt
[INFO] [stdout]    3:     0x5f42ec863d26 - std[70759c8f55707aa4]::panicking::default_hook::{closure#0}
[INFO] [stdout]    4:     0x5f42ec880279 - std[70759c8f55707aa4]::panicking::default_hook
[INFO] [stdout]    5:     0x5f42ec750da0 - test[9d35eded1c95d3be]::test_main_inner::<test[9d35eded1c95d3be]::test_main_static::{closure#0}>::{closure#0}
[INFO] [stdout]    6:     0x5f42ec880432 - std[70759c8f55707aa4]::panicking::panic_with_hook
[INFO] [stdout]    7:     0x5f42ec863dd2 - std[70759c8f55707aa4]::panicking::panic_handler::{closure#0}
[INFO] [stdout]    8:     0x5f42ec85c929 - std[70759c8f55707aa4]::sys::backtrace::__rust_end_short_backtrace::<std[70759c8f55707aa4]::panicking::panic_handler::{closure#0}, !>
[INFO] [stdout]    9:     0x5f42ec8649cd - __rustc[8fa7c3cbc660c2b3]::rust_begin_unwind
[INFO] [stdout]   10:     0x5f42ec8a092c - core[df12db4294e9bfd3]::panicking::panic_fmt
[INFO] [stdout]   11:     0x5f42ec8a0702 - core[df12db4294e9bfd3]::result::unwrap_failed
[INFO] [stdout]   12:     0x5f42ec661898 - <oca_bundle[fb72e95063ffee75]::controller::tests::load_oca_bundle_json_from_str::{closure#0} as core[df12db4294e9bfd3]::ops::function::FnOnce<()>>::call_once
[INFO] [stdout]   13:     0x5f42ec74408b - test[9d35eded1c95d3be]::__rust_begin_short_backtrace::<core[df12db4294e9bfd3]::result::Result<(), alloc[2182bb758b4b3781]::string::String>, fn() -> core[df12db4294e9bfd3]::result::Result<(), alloc[2182bb758b4b3781]::string::String>>
[INFO] [stdout]   14:     0x5f42ec7516f5 - test[9d35eded1c95d3be]::run_test::{closure#0}
[INFO] [stdout]   15:     0x5f42ec74afb4 - std[70759c8f55707aa4]::sys::backtrace::__rust_begin_short_backtrace::<test[9d35eded1c95d3be]::run_test::{closure#1}, ()>
[INFO] [stdout]   16:     0x5f42ec754852 - <std[70759c8f55707aa4]::thread::lifecycle::spawn_unchecked<test[9d35eded1c95d3be]::run_test::{closure#1}, ()>::{closure#1} as core[df12db4294e9bfd3]::ops::function::FnOnce<()>>::call_once::{shim:vtable#0}
[INFO] [stdout]   17:     0x5f42ec887679 - <std[70759c8f55707aa4]::sys::thread::unix::Thread>::new::thread_start
[INFO] [stdout]   18:     0x7bc192d04dfa - <unknown>
[INFO] [stdout]   19:     0x7bc192d983d4 - clone
[INFO] [stdout]   20:                0x0 - <unknown>
[INFO] [stdout] 
[INFO] [stdout] ---- build::tests::merge_label_overlays_conflict_should_error_and_keep_single_overlay stdout ----
[INFO] [stdout] 
[INFO] [stdout] thread 'build::tests::merge_label_overlays_conflict_should_error_and_keep_single_overlay' (2087) panicked at src/build.rs:463:89:
[INFO] [stdout] called `Result::unwrap()` on an `Err` value: Os { code: 2, kind: NotFound, message: "No such file or directory" }
[INFO] [stdout] stack backtrace:
[INFO] [stdout]    0:     0x5f42ec888111 - <<std[70759c8f55707aa4]::sys::backtrace::BacktraceLock>::print::DisplayBacktrace as core[df12db4294e9bfd3]::fmt::Display>::fmt
[INFO] [stdout]    1:     0x5f42ec8a014a - core[df12db4294e9bfd3]::fmt::write
[INFO] [stdout]    2:     0x5f42ec88dfcc - <alloc[2182bb758b4b3781]::vec::Vec<u8> as core[df12db4294e9bfd3]::io::write::Write>::write_fmt
[INFO] [stdout]    3:     0x5f42ec863d26 - std[70759c8f55707aa4]::panicking::default_hook::{closure#0}
[INFO] [stdout]    4:     0x5f42ec880279 - std[70759c8f55707aa4]::panicking::default_hook
[INFO] [stdout]    5:     0x5f42ec750da0 - test[9d35eded1c95d3be]::test_main_inner::<test[9d35eded1c95d3be]::test_main_static::{closure#0}>::{closure#0}
[INFO] [stdout]    6:     0x5f42ec880432 - std[70759c8f55707aa4]::panicking::panic_with_hook
[INFO] [stdout]    7:     0x5f42ec863dd2 - std[70759c8f55707aa4]::panicking::panic_handler::{closure#0}
[INFO] [stdout]    8:     0x5f42ec85c929 - std[70759c8f55707aa4]::sys::backtrace::__rust_end_short_backtrace::<std[70759c8f55707aa4]::panicking::panic_handler::{closure#0}, !>
[INFO] [stdout]    9:     0x5f42ec8649cd - __rustc[8fa7c3cbc660c2b3]::rust_begin_unwind
[INFO] [stdout]   10:     0x5f42ec8a092c - core[df12db4294e9bfd3]::panicking::panic_fmt
[INFO] [stdout]   11:     0x5f42ec8a0702 - core[df12db4294e9bfd3]::result::unwrap_failed
[INFO] [stdout]   12:     0x5f42ec646b72 - oca_bundle[fb72e95063ffee75]::build::tests::merge_label_overlays_conflict_should_error_and_keep_single_overlay
[INFO] [stdout]   13:     0x5f42ec661ae9 - <oca_bundle[fb72e95063ffee75]::build::tests::merge_label_overlays_conflict_should_error_and_keep_single_overlay::{closure#0} as core[df12db4294e9bfd3]::ops::function::FnOnce<()>>::call_once
[INFO] [stdout]   14:     0x5f42ec74408b - test[9d35eded1c95d3be]::__rust_begin_short_backtrace::<core[df12db4294e9bfd3]::result::Result<(), alloc[2182bb758b4b3781]::string::String>, fn() -> core[df12db4294e9bfd3]::result::Result<(), alloc[2182bb758b4b3781]::string::String>>
[INFO] [stdout]   15:     0x5f42ec7516f5 - test[9d35eded1c95d3be]::run_test::{closure#0}
[INFO] [stdout]   16:     0x5f42ec74afb4 - std[70759c8f55707aa4]::sys::backtrace::__rust_begin_short_backtrace::<test[9d35eded1c95d3be]::run_test::{closure#1}, ()>
[INFO] [stdout]   17:     0x5f42ec754852 - <std[70759c8f55707aa4]::thread::lifecycle::spawn_unchecked<test[9d35eded1c95d3be]::run_test::{closure#1}, ()>::{closure#1} as core[df12db4294e9bfd3]::ops::function::FnOnce<()>>::call_once::{shim:vtable#0}
[INFO] [stdout]   18:     0x5f42ec887679 - <std[70759c8f55707aa4]::sys::thread::unix::Thread>::new::thread_start
[INFO] [stdout]   19:     0x7bc192d04dfa - <unknown>
[INFO] [stdout]   20:     0x7bc192d983d4 - clone
[INFO] [stdout]   21:                0x0 - <unknown>
[INFO] [stdout] 
[INFO] [stdout] ---- build::tests::build_from_ast stdout ----
[INFO] [stdout] 
[INFO] [stdout] thread 'build::tests::build_from_ast' (2086) panicked at src/build.rs:539:88:
[INFO] [stdout] called `Result::unwrap()` on an `Err` value: Os { code: 2, kind: NotFound, message: "No such file or directory" }
[INFO] [stdout] stack backtrace:
[INFO] [stdout]    0:     0x5f42ec888111 - <<std[70759c8f55707aa4]::sys::backtrace::BacktraceLock>::print::DisplayBacktrace as core[df12db4294e9bfd3]::fmt::Display>::fmt
[INFO] [stdout]    1:     0x5f42ec8a014a - core[df12db4294e9bfd3]::fmt::write
[INFO] [stdout]    2:     0x5f42ec88dfcc - <alloc[2182bb758b4b3781]::vec::Vec<u8> as core[df12db4294e9bfd3]::io::write::Write>::write_fmt
[INFO] [stdout]    3:     0x5f42ec863d26 - std[70759c8f55707aa4]::panicking::default_hook::{closure#0}
[INFO] [stdout]    4:     0x5f42ec880279 - std[70759c8f55707aa4]::panicking::default_hook
[INFO] [stdout]    5:     0x5f42ec750da0 - test[9d35eded1c95d3be]::test_main_inner::<test[9d35eded1c95d3be]::test_main_static::{closure#0}>::{closure#0}
[INFO] [stdout]    6:     0x5f42ec880432 - std[70759c8f55707aa4]::panicking::panic_with_hook
[INFO] [stdout]    7:     0x5f42ec863dd2 - std[70759c8f55707aa4]::panicking::panic_handler::{closure#0}
[INFO] [stdout]    8:     0x5f42ec85c929 - std[70759c8f55707aa4]::sys::backtrace::__rust_end_short_backtrace::<std[70759c8f55707aa4]::panicking::panic_handler::{closure#0}, !>
[INFO] [stdout]    9:     0x5f42ec8649cd - __rustc[8fa7c3cbc660c2b3]::rust_begin_unwind
[INFO] [stdout]   10:     0x5f42ec8a092c - core[df12db4294e9bfd3]::panicking::panic_fmt
[INFO] [stdout]   11:     0x5f42ec8a0702 - core[df12db4294e9bfd3]::result::unwrap_failed
[INFO] [stdout]   12:     0x5f42ec645ca7 - oca_bundle[fb72e95063ffee75]::build::tests::build_from_ast
[INFO] [stdout]   13:     0x5f42ec661aa9 - <oca_bundle[fb72e95063ffee75]::build::tests::build_from_ast::{closure#0} as core[df12db4294e9bfd3]::ops::function::FnOnce<()>>::call_once
[INFO] [stdout]   14:     0x5f42ec74408b - test[9d35eded1c95d3be]::__rust_begin_short_backtrace::<core[df12db4294e9bfd3]::result::Result<(), alloc[2182bb758b4b3781]::string::String>, fn() -> core[df12db4294e9bfd3]::result::Result<(), alloc[2182bb758b4b3781]::string::String>>
[INFO] [stdout]   15:     0x5f42ec7516f5 - test[9d35eded1c95d3be]::run_test::{closure#0}
[INFO] [stdout]   16:     0x5f42ec74afb4 - std[70759c8f55707aa4]::sys::backtrace::__rust_begin_short_backtrace::<test[9d35eded1c95d3be]::run_test::{closure#1}, ()>
[INFO] [stdout]   17:     0x5f42ec754852 - <std[70759c8f55707aa4]::thread::lifecycle::spawn_unchecked<test[9d35eded1c95d3be]::run_test::{closure#1}, ()>::{closure#1} as core[df12db4294e9bfd3]::ops::function::FnOnce<()>>::call_once::{shim:vtable#0}
[INFO] [stdout]   18:     0x5f42ec887679 - <std[70759c8f55707aa4]::sys::thread::unix::Thread>::new::thread_start
[INFO] [stdout]   19:     0x7bc192d04dfa - <unknown>
[INFO] [stdout]   20:     0x7bc192d983d4 - clone
[INFO] [stdout]   21:                0x0 - <unknown>
[INFO] [stdout] 
[INFO] [stdout] ---- build::tests::merge_label_overlays_disjoint_should_merge stdout ----
[INFO] [stdout] 
[INFO] [stdout] thread 'build::tests::merge_label_overlays_disjoint_should_merge' (2088) panicked at src/build.rs:495:89:
[INFO] [stdout] called `Result::unwrap()` on an `Err` value: Os { code: 2, kind: NotFound, message: "No such file or directory" }
[INFO] [stdout] stack backtrace:
[INFO] [stdout]    0:     0x5f42ec888111 - <<std[70759c8f55707aa4]::sys::backtrace::BacktraceLock>::print::DisplayBacktrace as core[df12db4294e9bfd3]::fmt::Display>::fmt
[INFO] [stdout]    1:     0x5f42ec8a014a - core[df12db4294e9bfd3]::fmt::write
[INFO] [stdout]    2:     0x5f42ec88dfcc - <alloc[2182bb758b4b3781]::vec::Vec<u8> as core[df12db4294e9bfd3]::io::write::Write>::write_fmt
[INFO] [stdout]    3:     0x5f42ec863d26 - std[70759c8f55707aa4]::panicking::default_hook::{closure#0}
[INFO] [stdout]    4:     0x5f42ec880279 - std[70759c8f55707aa4]::panicking::default_hook
[INFO] [stdout]    5:     0x5f42ec750da0 - test[9d35eded1c95d3be]::test_main_inner::<test[9d35eded1c95d3be]::test_main_static::{closure#0}>::{closure#0}
[INFO] [stdout]    6:     0x5f42ec880432 - std[70759c8f55707aa4]::panicking::panic_with_hook
[INFO] [stdout]    7:     0x5f42ec863dd2 - std[70759c8f55707aa4]::panicking::panic_handler::{closure#0}
[INFO] [stdout]    8:     0x5f42ec85c929 - std[70759c8f55707aa4]::sys::backtrace::__rust_end_short_backtrace::<std[70759c8f55707aa4]::panicking::panic_handler::{closure#0}, !>
[INFO] [stdout]    9:     0x5f42ec8649cd - __rustc[8fa7c3cbc660c2b3]::rust_begin_unwind
[INFO] [stdout]   10:     0x5f42ec8a092c - core[df12db4294e9bfd3]::panicking::panic_fmt
[INFO] [stdout]   11:     0x5f42ec8a0702 - core[df12db4294e9bfd3]::result::unwrap_failed
[INFO] [stdout]   12:     0x5f42ec646420 - oca_bundle[fb72e95063ffee75]::build::tests::merge_label_overlays_disjoint_should_merge
[INFO] [stdout]   13:     0x5f42ec661ac9 - <oca_bundle[fb72e95063ffee75]::build::tests::merge_label_overlays_disjoint_should_merge::{closure#0} as core[df12db4294e9bfd3]::ops::function::FnOnce<()>>::call_once
[INFO] [stdout]   14:     0x5f42ec74408b - test[9d35eded1c95d3be]::__rust_begin_short_backtrace::<core[df12db4294e9bfd3]::result::Result<(), alloc[2182bb758b4b3781]::string::String>, fn() -> core[df12db4294e9bfd3]::result::Result<(), alloc[2182bb758b4b3781]::string::String>>
[INFO] [stdout]   15:     0x5f42ec7516f5 - test[9d35eded1c95d3be]::run_test::{closure#0}
[INFO] [stdout]   16:     0x5f42ec74afb4 - std[70759c8f55707aa4]::sys::backtrace::__rust_begin_short_backtrace::<test[9d35eded1c95d3be]::run_test::{closure#1}, ()>
[INFO] [stdout]   17:     0x5f42ec754852 - <std[70759c8f55707aa4]::thread::lifecycle::spawn_unchecked<test[9d35eded1c95d3be]::run_test::{closure#1}, ()>::{closure#1} as core[df12db4294e9bfd3]::ops::function::FnOnce<()>>::call_once::{shim:vtable#0}
[INFO] [stdout]   18:     0x5f42ec887679 - <std[70759c8f55707aa4]::sys::thread::unix::Thread>::new::thread_start
[INFO] [stdout]   19:     0x7bc192d04dfa - <unknown>
[INFO] [stdout]   20:     0x7bc192d983d4 - clone
[INFO] [stdout]   21:                0x0 - <unknown>
[INFO] [stdout] 
[INFO] [stdout] ---- state::oca_bundle::tests::build_oca_bundle stdout ----
[INFO] [stdout] 
[INFO] [stdout] thread 'state::oca_bundle::tests::build_oca_bundle' (2092) panicked at src/state/oca_bundle.rs:288:89:
[INFO] [stdout] called `Result::unwrap()` on an `Err` value: Os { code: 2, kind: NotFound, message: "No such file or directory" }
[INFO] [stdout] stack backtrace:
[INFO] [stdout]    0:     0x5f42ec888111 - <<std[70759c8f55707aa4]::sys::backtrace::BacktraceLock>::print::DisplayBacktrace as core[df12db4294e9bfd3]::fmt::Display>::fmt
[INFO] [stdout]    1:     0x5f42ec8a014a - core[df12db4294e9bfd3]::fmt::write
[INFO] [stdout]    2:     0x5f42ec88dfcc - <alloc[2182bb758b4b3781]::vec::Vec<u8> as core[df12db4294e9bfd3]::io::write::Write>::write_fmt
[INFO] [stdout]    3:     0x5f42ec863d26 - std[70759c8f55707aa4]::panicking::default_hook::{closure#0}
[INFO] [stdout]    4:     0x5f42ec880279 - std[70759c8f55707aa4]::panicking::default_hook
[INFO] [stdout]    5:     0x5f42ec750da0 - test[9d35eded1c95d3be]::test_main_inner::<test[9d35eded1c95d3be]::test_main_static::{closure#0}>::{closure#0}
[INFO] [stdout]    6:     0x5f42ec880432 - std[70759c8f55707aa4]::panicking::panic_with_hook
[INFO] [stdout]    7:     0x5f42ec863dd2 - std[70759c8f55707aa4]::panicking::panic_handler::{closure#0}
[INFO] [stdout]    8:     0x5f42ec85c929 - std[70759c8f55707aa4]::sys::backtrace::__rust_end_short_backtrace::<std[70759c8f55707aa4]::panicking::panic_handler::{closure#0}, !>
[INFO] [stdout]    9:     0x5f42ec8649cd - __rustc[8fa7c3cbc660c2b3]::rust_begin_unwind
[INFO] [stdout]   10:     0x5f42ec8a092c - core[df12db4294e9bfd3]::panicking::panic_fmt
[INFO] [stdout]   11:     0x5f42ec8a0702 - core[df12db4294e9bfd3]::result::unwrap_failed
[INFO] [stdout]   12:     0x5f42ec6570ef - oca_bundle[fb72e95063ffee75]::state::oca_bundle::tests::build_oca_bundle
[INFO] [stdout]   13:     0x5f42ec661b09 - <oca_bundle[fb72e95063ffee75]::state::oca_bundle::tests::build_oca_bundle::{closure#0} as core[df12db4294e9bfd3]::ops::function::FnOnce<()>>::call_once
[INFO] [stdout]   14:     0x5f42ec74408b - test[9d35eded1c95d3be]::__rust_begin_short_backtrace::<core[df12db4294e9bfd3]::result::Result<(), alloc[2182bb758b4b3781]::string::String>, fn() -> core[df12db4294e9bfd3]::result::Result<(), alloc[2182bb758b4b3781]::string::String>>
[INFO] [stdout]   15:     0x5f42ec7516f5 - test[9d35eded1c95d3be]::run_test::{closure#0}
[INFO] [stdout]   16:     0x5f42ec74afb4 - std[70759c8f55707aa4]::sys::backtrace::__rust_begin_short_backtrace::<test[9d35eded1c95d3be]::run_test::{closure#1}, ()>
[INFO] [stdout]   17:     0x5f42ec754852 - <std[70759c8f55707aa4]::thread::lifecycle::spawn_unchecked<test[9d35eded1c95d3be]::run_test::{closure#1}, ()>::{closure#1} as core[df12db4294e9bfd3]::ops::function::FnOnce<()>>::call_once::{shim:vtable#0}
[INFO] [stdout]   18:     0x5f42ec887679 - <std[70759c8f55707aa4]::sys::thread::unix::Thread>::new::thread_start
[INFO] [stdout]   19:     0x7bc192d04dfa - <unknown>
[INFO] [stdout]   20:     0x7bc192d983d4 - clone
[INFO] [stdout]   21:                0x0 - <unknown>
[INFO] [stdout] 
[INFO] [stdout] 
[INFO] [stdout] failures:
[INFO] [stdout]     build::tests::build_from_ast
[INFO] [stdout]     build::tests::merge_label_overlays_conflict_should_error_and_keep_single_overlay
[INFO] [stdout]     build::tests::merge_label_overlays_disjoint_should_merge
[INFO] [stdout]     build::tests::test_add_step
[INFO] [stdout]     controller::tests::load_oca_bundle_json_from_str
[INFO] [stdout]     state::oca_bundle::tests::build_oca_bundle
[INFO] [stdout] 
[INFO] [stdout] test result: FAILED. 4 passed; 6 failed; 1 ignored; 0 measured; 0 filtered out; finished in 0.02s
[INFO] [stdout] 
[INFO] running `Command { std: "docker" "inspect" "04e0437d98245db5afbbd4eb461513e3ef0f0c1f4a182911ae4d59bf2198c970", kill_on_drop: false }`
[INFO] running `Command { std: "docker" "rm" "-f" "04e0437d98245db5afbbd4eb461513e3ef0f0c1f4a182911ae4d59bf2198c970", kill_on_drop: false }`
[INFO] [stdout] 04e0437d98245db5afbbd4eb461513e3ef0f0c1f4a182911ae4d59bf2198c970
