[INFO] fetching crate oca-ast 2.0.0...
[INFO] testing oca-ast-2.0.0 against 1.100.0-beta.1+cargoflags=--release for beta-release-1.100-2
[INFO] extracting crate oca-ast 2.0.0 into /workspace/builds/worker-5-tc2/source
[INFO] started tweaking crates.io crate oca-ast 2.0.0
[INFO] finished tweaking crates.io crate oca-ast 2.0.0
[INFO] tweaked toml for crates.io crate oca-ast 2.0.0 written to /workspace/builds/worker-5-tc2/source/Cargo.toml
[INFO] validating manifest of crates.io crate oca-ast 2.0.0 on toolchain 1.100.0-beta.1
[INFO] running `Command { std: CARGO_HOME="/workspace/cargo-home" RUSTUP_HOME="/workspace/rustup-home" "/workspace/cargo-home/bin/cargo" "+1.100.0-beta.1" "metadata" "--manifest-path" "Cargo.toml" "--no-deps", kill_on_drop: false }`
[INFO] crate crates.io crate oca-ast 2.0.0 already has a lockfile, it will not be regenerated
[INFO] running `Command { std: CARGO_HOME="/workspace/cargo-home" RUSTUP_HOME="/workspace/rustup-home" "/workspace/cargo-home/bin/cargo" "+1.100.0-beta.1" "fetch" "--manifest-path" "Cargo.toml", kill_on_drop: false }`
[INFO] running `Command { std: "docker" "create" "-v" "/var/lib/crater-agent-workspace/builds/worker-5-tc2/source:/opt/rustwide/workdir:ro,Z" "-v" "/var/lib/crater-agent-workspace/builds/worker-5-tc2/target:/opt/rustwide/target:rw,Z" "-v" "/var/lib/crater-agent-workspace/cargo-home:/opt/rustwide/cargo-home:ro,Z" "-v" "/var/lib/crater-agent-workspace/rustup-home:/opt/rustwide/rustup-home:ro,Z" "-m" "1610612736" "--network" "none" "ghcr.io/rust-lang/crates-build-env/linux@sha256:77db811e55d90add9212f6832c23229e3de5f1c1f9905e8cb07319ea15df73ac" "sleep" "infinity", kill_on_drop: false }`
[INFO] [stdout] 0d9b22a057fb244b8414ed80d84fb31d5c7b6c5c25d9f4378d19183a124fc647
[INFO] running `Command { std: "docker" "start" "0d9b22a057fb244b8414ed80d84fb31d5c7b6c5c25d9f4378d19183a124fc647", kill_on_drop: false }`
[INFO] running `Command { std: "docker" "inspect" "0d9b22a057fb244b8414ed80d84fb31d5c7b6c5c25d9f4378d19183a124fc647", kill_on_drop: false }`
[INFO] running `Command { std: "docker" "exec" "-e" "SOURCE_DIR=/opt/rustwide/workdir" "-e" "CARGO_HOME=/opt/rustwide/cargo-home" "-e" "RUSTUP_HOME=/opt/rustwide/rustup-home" "-e" "CARGO_TARGET_DIR=/opt/rustwide/target" "-w" "/opt/rustwide/workdir" "--user" "0:0" "0d9b22a057fb244b8414ed80d84fb31d5c7b6c5c25d9f4378d19183a124fc647" "/opt/rustwide/cargo-home/bin/cargo" "+1.100.0-beta.1" "metadata" "--no-deps" "--format-version=1", kill_on_drop: false }`
[INFO] running `Command { std: "docker" "inspect" "0d9b22a057fb244b8414ed80d84fb31d5c7b6c5c25d9f4378d19183a124fc647", kill_on_drop: false }`
[INFO] running `Command { std: "docker" "exec" "-e" "SOURCE_DIR=/opt/rustwide/workdir" "-e" "CARGO_HOME=/opt/rustwide/cargo-home" "-e" "RUSTUP_HOME=/opt/rustwide/rustup-home" "-e" "CARGO_TARGET_DIR=/opt/rustwide/target" "-e" "CARGO_INCREMENTAL=0" "-e" "RUST_BACKTRACE=full" "-e" "RUSTFLAGS=--cap-lints=warn" "-e" "RUSTDOCFLAGS=--cap-lints=warn" "-w" "/opt/rustwide/workdir" "--user" "0:0" "0d9b22a057fb244b8414ed80d84fb31d5c7b6c5c25d9f4378d19183a124fc647" "/opt/rustwide/cargo-home/bin/cargo" "+1.100.0-beta.1" "build" "--frozen" "--message-format=json" "--release", kill_on_drop: false }`
[INFO] [stderr]    Compiling wasm-bindgen-shared v0.2.108
[INFO] [stderr]    Compiling anstyle v1.0.13
[INFO] [stderr]    Compiling colorchoice v1.0.4
[INFO] [stderr]    Compiling num-traits v0.2.19
[INFO] [stderr]    Compiling anstyle-parse v0.2.7
[INFO] [stderr]    Compiling syn v2.0.114
[INFO] [stderr]    Compiling bumpalo v3.19.1
[INFO] [stderr]    Compiling serde_json v1.0.149
[INFO] [stderr]    Compiling indexmap v2.13.0
[INFO] [stderr]    Compiling cc v1.2.54
[INFO] [stderr]    Compiling wasm-bindgen v0.2.108
[INFO] [stderr]    Compiling pest v2.8.5
[INFO] [stderr]    Compiling digest v0.10.7
[INFO] [stderr]    Compiling unicode-ident v1.0.22
[INFO] [stderr]    Compiling clap_lex v0.7.7
[INFO] [stderr]    Compiling once_cell v1.21.3
[INFO] [stderr]    Compiling phf_shared v0.11.3
[INFO] [stderr]    Compiling env_filter v0.1.4
[INFO] [stderr]    Compiling nom v7.1.3
[INFO] [stderr]    Compiling constant_time_eq v0.4.2
[INFO] [stderr]    Compiling jiff v0.2.18
[INFO] [stderr]    Compiling anstream v0.6.21
[INFO] [stderr]    Compiling phf v0.11.3
[INFO] [stderr]    Compiling sha3 v0.10.8
[INFO] [stderr]    Compiling sha2 v0.10.9
[INFO] [stderr]    Compiling blake2 v0.10.6
[INFO] [stderr]    Compiling nom v8.0.0
[INFO] [stderr]    Compiling isolang v2.4.0
[INFO] [stderr]    Compiling clap_builder v4.5.55
[INFO] [stderr]    Compiling rmp v0.8.15
[INFO] [stderr]    Compiling chrono v0.4.43
[INFO] [stderr]    Compiling recursion v0.5.4
[INFO] [stderr]    Compiling strum v0.27.2
[INFO] [stderr]    Compiling blake3 v1.8.3
[INFO] [stderr]    Compiling pest_meta v2.8.5
[INFO] [stderr]    Compiling wasm-bindgen-macro-support v0.2.108
[INFO] [stderr]    Compiling pest_generator v2.8.5
[INFO] [stderr]    Compiling serde_derive v1.0.228
[INFO] [stderr]    Compiling thiserror-impl v2.0.18
[INFO] [stderr]    Compiling strum_macros v0.27.2
[INFO] [stderr]    Compiling pest_derive v2.8.5
[INFO] [stderr]    Compiling clap v4.5.55
[INFO] [stderr]    Compiling thiserror v2.0.18
[INFO] [stderr]    Compiling wasm-bindgen-macro v0.2.108
[INFO] [stderr]    Compiling env_logger v0.11.8
[INFO] [stderr]    Compiling serde v1.0.228
[INFO] [stderr]    Compiling js-sys v0.3.85
[INFO] [stderr]    Compiling serde_cbor v0.11.2
[INFO] [stderr]    Compiling rmp-serde v1.3.1
[INFO] [stderr]    Compiling overlay-file v1.0.0
[INFO] [stderr]    Compiling cesrox v2.0.0-alpha.3
[INFO] [stderr]    Compiling said v0.5.2
[INFO] [stderr]    Compiling serde-wasm-bindgen v0.6.5
[INFO] [stderr]    Compiling oca-ast v2.0.0 (/opt/rustwide/workdir)
[INFO] [stderr] warning: unused dependency `strum`
[INFO] [stderr]   --> Cargo.toml:37:15
[INFO] [stderr]    |
[INFO] [stderr] 37 | [dependencies.strum]
[INFO] [stderr]    |               ^^^^^^
[INFO] [stderr]    |
[INFO] [stderr]    = note: `cargo::unused_dependencies` is set to `warn` by default
[INFO] [stderr] help: consider removing the dependency on `strum`
[INFO] [stderr] warning: `oca-ast` (manifest) generated 1 warning
[INFO] [stderr]     Finished `release` profile [optimized] target(s) in 23.32s
[INFO] running `Command { std: "docker" "inspect" "0d9b22a057fb244b8414ed80d84fb31d5c7b6c5c25d9f4378d19183a124fc647", kill_on_drop: false }`
[INFO] running `Command { std: "docker" "exec" "-e" "SOURCE_DIR=/opt/rustwide/workdir" "-e" "CARGO_HOME=/opt/rustwide/cargo-home" "-e" "RUSTUP_HOME=/opt/rustwide/rustup-home" "-e" "CARGO_TARGET_DIR=/opt/rustwide/target" "-e" "CARGO_INCREMENTAL=0" "-e" "RUST_BACKTRACE=full" "-e" "RUSTFLAGS=--cap-lints=warn" "-e" "RUSTDOCFLAGS=--cap-lints=warn" "-w" "/opt/rustwide/workdir" "--user" "0:0" "0d9b22a057fb244b8414ed80d84fb31d5c7b6c5c25d9f4378d19183a124fc647" "/opt/rustwide/cargo-home/bin/cargo" "+1.100.0-beta.1" "test" "--frozen" "--no-run" "--message-format=json" "--release", kill_on_drop: false }`
[INFO] [stderr]    Compiling oca-ast v2.0.0 (/opt/rustwide/workdir)
[INFO] [stderr] warning: unused dependency `strum`
[INFO] [stderr]   --> Cargo.toml:37:15
[INFO] [stderr]    |
[INFO] [stderr] 37 | [dependencies.strum]
[INFO] [stderr]    |               ^^^^^^
[INFO] [stderr]    |
[INFO] [stderr]    = note: `cargo::unused_dependencies` is set to `warn` by default
[INFO] [stderr] help: consider removing the dependency on `strum`
[INFO] [stderr] warning: `oca-ast` (manifest) generated 1 warning
[INFO] [stderr]     Finished `release` profile [optimized] target(s) in 2.39s
[INFO] running `Command { std: "docker" "inspect" "0d9b22a057fb244b8414ed80d84fb31d5c7b6c5c25d9f4378d19183a124fc647", kill_on_drop: false }`
[INFO] running `Command { std: "docker" "exec" "-e" "SOURCE_DIR=/opt/rustwide/workdir" "-e" "CARGO_HOME=/opt/rustwide/cargo-home" "-e" "RUSTUP_HOME=/opt/rustwide/rustup-home" "-e" "CARGO_TARGET_DIR=/opt/rustwide/target" "-e" "CARGO_INCREMENTAL=0" "-e" "RUST_BACKTRACE=full" "-e" "RUSTFLAGS=--cap-lints=warn" "-e" "RUSTDOCFLAGS=--cap-lints=warn" "-w" "/opt/rustwide/workdir" "--user" "0:0" "0d9b22a057fb244b8414ed80d84fb31d5c7b6c5c25d9f4378d19183a124fc647" "/opt/rustwide/cargo-home/bin/cargo" "+1.100.0-beta.1" "test" "--frozen" "--release", kill_on_drop: false }`
[INFO] [stderr] warning: unused dependency `strum`
[INFO] [stderr]   --> Cargo.toml:37:15
[INFO] [stderr]    |
[INFO] [stderr] 37 | [dependencies.strum]
[INFO] [stderr]    |               ^^^^^^
[INFO] [stderr]    |
[INFO] [stderr]    = note: `cargo::unused_dependencies` is set to `warn` by default
[INFO] [stderr] help: consider removing the dependency on `strum`
[INFO] [stderr] warning: `oca-ast` (manifest) generated 1 warning
[INFO] [stderr]     Finished `release` profile [optimized] target(s) in 0.06s
[INFO] [stderr]      Running unittests src/lib.rs (/opt/rustwide/target/release/build/oca-ast/fec2da8dfd0d0ba2/out/oca_ast-fec2da8dfd0d0ba2)
[INFO] [stdout] 
[INFO] [stdout] running 11 tests
[INFO] [stdout] test ast::attributes::tests::test_nested_array_attribute_type_serialization ... ok
[INFO] [stdout] test ast::attributes::tests::test_reference_attribute_deserialize ... ok
[INFO] [stdout] test ast::attributes::tests::test_nested_attribute_deserialize ... ok
[INFO] [stdout] test utils::tests::test_invalid_code ... ok
[INFO] [stdout] test utils::tests::test_parse_iso_639_3 ... ok
[INFO] [stdout] test utils::tests::test_parse_iso_639_1 ... ok
[INFO] [stdout] test utils::tests::test_parse_with_country_code ... ok
[INFO] [stdout] test validator::tests::test_rule_add_if_not_exist ... ok
[INFO] [stdout] test validator::tests::test_rule_remove_if_exist ... ok
[INFO] [stdout] test validator::tests::test_validate_overlay_against_definition ... ok
[INFO] [stdout] test ast::tests::test_ocaast_serialize ... FAILED
[INFO] [stdout] 
[INFO] [stdout] failures:
[INFO] [stdout] 
[INFO] [stdout] ---- ast::tests::test_ocaast_serialize stdout ----
[INFO] [stdout] 
[INFO] [stdout] thread 'ast::tests::test_ocaast_serialize' (1240) panicked at src/ast/mod.rs:517:78:
[INFO] [stdout] called `Result::unwrap()` on an `Err` value: Os { code: 2, kind: NotFound, message: "No such file or directory" }
[INFO] [stdout] stack backtrace:
[INFO] [stdout]    0:     0x564acadd2841 - <<std[617be2ca0a6fd877]::sys::backtrace::BacktraceLock>::print::DisplayBacktrace as core[a373ad73a504971]::fmt::Display>::fmt
[INFO] [stdout]    1:     0x564acadea59a - core[a373ad73a504971]::fmt::write
[INFO] [stdout]    2:     0x564acadd847c - <alloc[2e1b2a31b91974c5]::vec::Vec<u8> as core[a373ad73a504971]::io::write::Write>::write_fmt
[INFO] [stdout]    3:     0x564acadae356 - std[617be2ca0a6fd877]::panicking::default_hook::{closure#0}
[INFO] [stdout]    4:     0x564acadca969 - std[617be2ca0a6fd877]::panicking::default_hook
[INFO] [stdout]    5:     0x564acacf82c0 - test[aada8e7e76ba119b]::test_main_inner::{closure#0}
[INFO] [stdout]    6:     0x564acadcab22 - std[617be2ca0a6fd877]::panicking::panic_with_hook
[INFO] [stdout]    7:     0x564acadae402 - std[617be2ca0a6fd877]::panicking::panic_handler::{closure#0}
[INFO] [stdout]    8:     0x564acada6ee9 - std[617be2ca0a6fd877]::sys::backtrace::__rust_end_short_backtrace::<std[617be2ca0a6fd877]::panicking::panic_handler::{closure#0}, !>
[INFO] [stdout]    9:     0x564acadaf00d - __rustc[ea4f61d10b84890b]::rust_begin_unwind
[INFO] [stdout]   10:     0x564acadead7c - core[a373ad73a504971]::panicking::panic_fmt
[INFO] [stdout]   11:     0x564acadeab52 - core[a373ad73a504971]::result::unwrap_failed
[INFO] [stdout]   12:     0x564acabffab4 - <oca_ast[c77796e11a7f58a5]::ast::tests::test_ocaast_serialize::{closure#0} as core[a373ad73a504971]::ops::function::FnOnce<()>>::call_once
[INFO] [stderr] error: test failed, to rerun pass `--lib`
[INFO] [stdout]   13:     0x564acaceb70b - test[aada8e7e76ba119b]::__rust_begin_short_backtrace::<core[a373ad73a504971]::result::Result<(), alloc[2e1b2a31b91974c5]::string::String>, fn() -> core[a373ad73a504971]::result::Result<(), alloc[2e1b2a31b91974c5]::string::String>>
[INFO] [stdout]   14:     0x564acacf88e5 - test[aada8e7e76ba119b]::run_test::{closure#0}
[INFO] [stdout]   15:     0x564acacf21d4 - std[617be2ca0a6fd877]::sys::backtrace::__rust_begin_short_backtrace::<test[aada8e7e76ba119b]::run_test::{closure#1}, ()>
[INFO] [stdout]   16:     0x564acacfb972 - <std[617be2ca0a6fd877]::thread::lifecycle::spawn_unchecked<test[aada8e7e76ba119b]::run_test::{closure#1}, ()>::{closure#1} as core[a373ad73a504971]::ops::function::FnOnce<()>>::call_once::{shim:vtable#0}
[INFO] [stdout]   17:     0x564acadd1d3f - <std[617be2ca0a6fd877]::sys::thread::unix::Thread>::new::thread_start
[INFO] [stdout]   18:     0x73967cc43dfa - <unknown>
[INFO] [stdout]   19:     0x73967ccd73d4 - clone
[INFO] [stdout]   20:                0x0 - <unknown>
[INFO] [stdout] 
[INFO] [stdout] 
[INFO] [stdout] failures:
[INFO] [stdout]     ast::tests::test_ocaast_serialize
[INFO] [stdout] 
[INFO] [stdout] test result: FAILED. 10 passed; 1 failed; 0 ignored; 0 measured; 0 filtered out; finished in 0.00s
[INFO] [stdout] 
[INFO] running `Command { std: "docker" "inspect" "0d9b22a057fb244b8414ed80d84fb31d5c7b6c5c25d9f4378d19183a124fc647", kill_on_drop: false }`
[INFO] running `Command { std: "docker" "rm" "-f" "0d9b22a057fb244b8414ed80d84fb31d5c7b6c5c25d9f4378d19183a124fc647", kill_on_drop: false }`
[INFO] [stdout] 0d9b22a057fb244b8414ed80d84fb31d5c7b6c5c25d9f4378d19183a124fc647
