[INFO] fetching crate oc-format 0.0.5...
[INFO] testing oc-format-0.0.5 against 1.100.0-beta.1+cargoflags=--release for beta-release-1.100-2
[INFO] extracting crate oc-format 0.0.5 into /workspace/builds/worker-4-tc2/source
[INFO] started tweaking crates.io crate oc-format 0.0.5
[INFO] removed 0 missing examples
[INFO] removed 0 missing tests
[INFO] finished tweaking crates.io crate oc-format 0.0.5
[INFO] tweaked toml for crates.io crate oc-format 0.0.5 written to /workspace/builds/worker-4-tc2/source/Cargo.toml
[INFO] validating manifest of crates.io crate oc-format 0.0.5 on toolchain 1.100.0-beta.1
[INFO] running `Command { std: CARGO_HOME="/workspace/cargo-home" RUSTUP_HOME="/workspace/rustup-home" "/workspace/cargo-home/bin/cargo" "+1.100.0-beta.1" "metadata" "--manifest-path" "Cargo.toml" "--no-deps", kill_on_drop: false }`
[INFO] crate crates.io crate oc-format 0.0.5 already has a lockfile, it will not be regenerated
[INFO] running `Command { std: CARGO_HOME="/workspace/cargo-home" RUSTUP_HOME="/workspace/rustup-home" "/workspace/cargo-home/bin/cargo" "+1.100.0-beta.1" "fetch" "--manifest-path" "Cargo.toml", kill_on_drop: false }`
[INFO] running `Command { std: "docker" "create" "-v" "/var/lib/crater-agent-workspace/builds/worker-4-tc2/source:/opt/rustwide/workdir:ro,Z" "-v" "/var/lib/crater-agent-workspace/builds/worker-4-tc2/target:/opt/rustwide/target:rw,Z" "-v" "/var/lib/crater-agent-workspace/cargo-home:/opt/rustwide/cargo-home:ro,Z" "-v" "/var/lib/crater-agent-workspace/rustup-home:/opt/rustwide/rustup-home:ro,Z" "-m" "1610612736" "--network" "none" "ghcr.io/rust-lang/crates-build-env/linux@sha256:77db811e55d90add9212f6832c23229e3de5f1c1f9905e8cb07319ea15df73ac" "sleep" "infinity", kill_on_drop: false }`
[INFO] [stdout] b84603dadff2d42cfeb890974836639c07bb656756ec732b27a7fb6feaa570fd
[INFO] running `Command { std: "docker" "start" "b84603dadff2d42cfeb890974836639c07bb656756ec732b27a7fb6feaa570fd", kill_on_drop: false }`
[INFO] running `Command { std: "docker" "inspect" "b84603dadff2d42cfeb890974836639c07bb656756ec732b27a7fb6feaa570fd", kill_on_drop: false }`
[INFO] running `Command { std: "docker" "exec" "-e" "SOURCE_DIR=/opt/rustwide/workdir" "-e" "CARGO_HOME=/opt/rustwide/cargo-home" "-e" "RUSTUP_HOME=/opt/rustwide/rustup-home" "-e" "CARGO_TARGET_DIR=/opt/rustwide/target" "-w" "/opt/rustwide/workdir" "--user" "0:0" "b84603dadff2d42cfeb890974836639c07bb656756ec732b27a7fb6feaa570fd" "/opt/rustwide/cargo-home/bin/cargo" "+1.100.0-beta.1" "metadata" "--no-deps" "--format-version=1", kill_on_drop: false }`
[INFO] running `Command { std: "docker" "inspect" "b84603dadff2d42cfeb890974836639c07bb656756ec732b27a7fb6feaa570fd", kill_on_drop: false }`
[INFO] running `Command { std: "docker" "exec" "-e" "SOURCE_DIR=/opt/rustwide/workdir" "-e" "CARGO_HOME=/opt/rustwide/cargo-home" "-e" "RUSTUP_HOME=/opt/rustwide/rustup-home" "-e" "CARGO_TARGET_DIR=/opt/rustwide/target" "-e" "CARGO_INCREMENTAL=0" "-e" "RUST_BACKTRACE=full" "-e" "RUSTFLAGS=--cap-lints=warn" "-e" "RUSTDOCFLAGS=--cap-lints=warn" "-w" "/opt/rustwide/workdir" "--user" "0:0" "b84603dadff2d42cfeb890974836639c07bb656756ec732b27a7fb6feaa570fd" "/opt/rustwide/cargo-home/bin/cargo" "+1.100.0-beta.1" "build" "--frozen" "--message-format=json" "--release", kill_on_drop: false }`
[INFO] [stderr]    Compiling subtle v2.6.1
[INFO] [stderr]    Compiling find-msvc-tools v0.1.10
[INFO] [stderr]    Compiling syn v2.0.119
[INFO] [stderr]    Compiling base16ct v1.0.0
[INFO] [stderr]    Compiling keccak v0.2.2
[INFO] [stderr]    Compiling curve25519-dalek v5.0.0
[INFO] [stderr]    Compiling signature v3.0.0
[INFO] [stderr]    Compiling oc-policy v0.0.5
[INFO] [stderr]    Compiling ctutils v0.4.2
[INFO] [stderr]    Compiling ff v0.14.0
[INFO] [stderr]    Compiling cc v1.4.2
[INFO] [stderr]    Compiling ed25519 v3.0.0
[INFO] [stderr]    Compiling group v0.14.0
[INFO] [stderr]    Compiling blake3 v1.8.6
[INFO] [stderr]    Compiling zeroize_derive v1.5.0
[INFO] [stderr]    Compiling curve25519-dalek-derive v0.1.1
[INFO] [stderr]    Compiling zeroize v1.9.0
[INFO] [stderr]    Compiling hybrid-array v0.4.14
[INFO] [stderr]    Compiling der v0.8.1
[INFO] [stderr]    Compiling crypto-common v0.2.2
[INFO] [stderr]    Compiling block-buffer v0.12.1
[INFO] [stderr]    Compiling crypto-bigint v0.7.5
[INFO] [stderr]    Compiling inout v0.2.2
[INFO] [stderr]    Compiling module-lattice v0.2.3
[INFO] [stderr]    Compiling sec1 v0.8.1
[INFO] [stderr]    Compiling digest v0.11.3
[INFO] [stderr]    Compiling cipher v0.5.2
[INFO] [stderr]    Compiling universal-hash v0.6.1
[INFO] [stderr]    Compiling kem v0.3.0
[INFO] [stderr]    Compiling aead v0.6.1
[INFO] [stderr]    Compiling poly1305 v0.9.1
[INFO] [stderr]    Compiling hmac v0.13.0
[INFO] [stderr]    Compiling sha2 v0.11.0
[INFO] [stderr]    Compiling sha3 v0.11.0
[INFO] [stderr]    Compiling chacha20 v0.10.2
[INFO] [stderr]    Compiling hkdf v0.13.0
[INFO] [stderr]    Compiling chacha20poly1305 v0.11.0
[INFO] [stderr]    Compiling ml-kem v0.3.2
[INFO] [stderr]    Compiling x25519-dalek v3.0.0
[INFO] [stderr]    Compiling ed25519-dalek v3.0.0
[INFO] [stderr]    Compiling primefield v0.14.0
[INFO] [stderr]    Compiling elliptic-curve v0.14.1
[INFO] [stderr]    Compiling wnaf v0.14.1
[INFO] [stderr]    Compiling primeorder v0.14.0
[INFO] [stderr]    Compiling p256 v0.14.0
[INFO] [stderr]    Compiling oc-crypto v0.0.5
[INFO] [stderr]    Compiling oc-format v0.0.5 (/opt/rustwide/workdir)
[INFO] [stderr]     Finished `release` profile [optimized] target(s) in 17.71s
[INFO] running `Command { std: "docker" "inspect" "b84603dadff2d42cfeb890974836639c07bb656756ec732b27a7fb6feaa570fd", kill_on_drop: false }`
[INFO] running `Command { std: "docker" "exec" "-e" "SOURCE_DIR=/opt/rustwide/workdir" "-e" "CARGO_HOME=/opt/rustwide/cargo-home" "-e" "RUSTUP_HOME=/opt/rustwide/rustup-home" "-e" "CARGO_TARGET_DIR=/opt/rustwide/target" "-e" "CARGO_INCREMENTAL=0" "-e" "RUST_BACKTRACE=full" "-e" "RUSTFLAGS=--cap-lints=warn" "-e" "RUSTDOCFLAGS=--cap-lints=warn" "-w" "/opt/rustwide/workdir" "--user" "0:0" "b84603dadff2d42cfeb890974836639c07bb656756ec732b27a7fb6feaa570fd" "/opt/rustwide/cargo-home/bin/cargo" "+1.100.0-beta.1" "test" "--frozen" "--no-run" "--message-format=json" "--release", kill_on_drop: false }`
[INFO] [stderr]    Compiling oc-crypto v0.0.5
[INFO] [stderr]    Compiling oc-format v0.0.5 (/opt/rustwide/workdir)
[INFO] [stderr]     Finished `release` profile [optimized] target(s) in 8.22s
[INFO] running `Command { std: "docker" "inspect" "b84603dadff2d42cfeb890974836639c07bb656756ec732b27a7fb6feaa570fd", kill_on_drop: false }`
[INFO] running `Command { std: "docker" "exec" "-e" "SOURCE_DIR=/opt/rustwide/workdir" "-e" "CARGO_HOME=/opt/rustwide/cargo-home" "-e" "RUSTUP_HOME=/opt/rustwide/rustup-home" "-e" "CARGO_TARGET_DIR=/opt/rustwide/target" "-e" "CARGO_INCREMENTAL=0" "-e" "RUST_BACKTRACE=full" "-e" "RUSTFLAGS=--cap-lints=warn" "-e" "RUSTDOCFLAGS=--cap-lints=warn" "-w" "/opt/rustwide/workdir" "--user" "0:0" "b84603dadff2d42cfeb890974836639c07bb656756ec732b27a7fb6feaa570fd" "/opt/rustwide/cargo-home/bin/cargo" "+1.100.0-beta.1" "test" "--frozen" "--release", kill_on_drop: false }`
[INFO] [stderr]     Finished `release` profile [optimized] target(s) in 0.07s
[INFO] [stderr]      Running unittests src/lib.rs (/opt/rustwide/target/release/build/oc-format/e9723dcf49eed3b3/out/oc_format-e9723dcf49eed3b3)
[INFO] [stdout] 
[INFO] [stdout] running 121 tests
[INFO] [stdout] test content::tests::a_description_never_verifies_under_a_foreign_mac_key ... ok
[INFO] [stdout] test content::tests::a_field_of_the_wrong_length_is_refused_rather_than_padded ... ok
[INFO] [stdout] test content::tests::a_description_round_trips_through_encode_and_decode ... ok
[INFO] [stdout] test content::tests::a_description_does_not_carry_over_to_another_file ... ok
[INFO] [stdout] test content::tests::a_missing_journal_head_is_encoded_and_differs_from_a_present_one ... ok
[INFO] [stdout] test content::tests::a_missing_required_field_is_refused_rather_than_defaulted ... ok
[INFO] [stdout] test content::tests::a_declared_length_beyond_the_cap_is_refused_before_the_buffer_is_touched ... ok
[INFO] [stdout] test content::tests::a_chunk_count_of_zero_is_impossible_to_write_and_to_read ... ok
[INFO] [stdout] test content::tests::an_editor_signature_survives_a_round_trip_in_version_four ... ok
[INFO] [stdout] test content::tests::an_editor_signature_is_refused_by_older_versions ... ok
[INFO] [stdout] test content::tests::an_inconsistent_total_len_and_chunk_count_never_pass_the_chunk_size_check ... ok
[INFO] [stdout] test content::tests::an_oversized_certificate_is_refused_on_write ... ok
[INFO] [stdout] test content::tests::an_unknown_optional_tag_is_ignored_and_an_unknown_critical_tag_is_refused ... ok
[INFO] [stdout] test content::tests::every_length_inside_the_editor_record_is_exact ... ok
[INFO] [stdout] test content::tests::every_field_is_covered_by_the_mac ... ok
[INFO] [stdout] test content::tests::never_panics_on_arbitrary_input ... ok
[INFO] [stdout] test content::tests::corrupting_any_byte_of_the_body_or_the_mac_is_refused ... ok
[INFO] [stdout] test content::tests::every_field_of_the_editor_record_is_required ... ok
[INFO] [stdout] test content::tests::only_rsa_pss_is_accepted_as_the_editor_signature_algorithm ... ok
[INFO] [stdout] test content::tests::the_payload_that_follows_is_not_part_of_the_description ... ok
[INFO] [stdout] test encoding::tests::a_short_run_is_refused_rather_than_guessed ... ok
[INFO] [stdout] test content::tests::truncation_at_every_boundary_is_an_error_not_a_panic ... ok
[INFO] [stdout] test content::tests::the_mac_is_checked_before_the_body_is_parsed ... ok
[INFO] [stdout] test content::tests::writing_an_editor_signature_below_version_four_is_refused ... ok
[INFO] [stdout] test encoding::tests::each_encoding_is_recognised_from_its_own_bytes ... ok
[INFO] [stdout] test encoding::tests::the_two_lookalikes_are_told_apart ... ok
[INFO] [stdout] test footer::tests::the_imprint_binds_every_field ... ok
[INFO] [stdout] test header::tests::a_bad_chunk_size_is_refused_on_both_write_and_read ... ok
[INFO] [stdout] test header::tests::a_header_declaring_a_tree_hash_this_build_cannot_compute_is_refused_both_ways ... ok
[INFO] [stdout] test encoding::tests::binary_bytes_are_not_declared_to_be_text ... ok
[INFO] [stdout] test header::tests::a_coauthor_roster_survives_the_encoding_round_trip ... ok
[INFO] [stdout] test header::tests::a_missing_required_field_is_refused_rather_than_defaulted ... ok
[INFO] [stdout] test header::tests::a_non_utf8_authority_url_is_refused ... ok
[INFO] [stdout] test header::tests::a_slot_of_an_unknown_kind_is_kept_and_does_not_break_parsing ... ok
[INFO] [stdout] test header::tests::a_header_field_of_the_wrong_length_is_refused_by_the_reader ... ok
[INFO] [stdout] test header::tests::a_header_round_trips_through_encode_and_decode ... ok
[INFO] [stdout] test header::tests::a_header_with_a_duplicated_tag_is_refused_by_the_reader ... ok
[INFO] [stdout] test header::tests::adding_a_recipient_slot_leaves_the_core_hash_alone ... ok
[INFO] [stdout] test header::tests::an_authority_url_outside_printable_ascii_is_refused ... ok
[INFO] [stdout] test header::tests::an_authority_with_a_zero_key_is_refused_both_ways ... ok
[INFO] [stdout] test header::tests::an_older_reader_skips_the_roster_instead_of_refusing_the_file ... ok
[INFO] [stdout] test footer::tests::a_footer_round_trips_and_refuses_damage ... ok
[INFO] [stdout] test header::tests::an_unknown_critical_tag_is_refused_and_an_unknown_optional_tag_is_ignored ... ok
[INFO] [stdout] test frame::tests::the_ceiling_holds_in_both_directions ... ok
[INFO] [stdout] test header::tests::an_unsatisfiable_roster_is_refused_before_it_freezes_the_file ... ok
[INFO] [stdout] test header::tests::no_quorum_is_a_statement_and_differs_from_saying_nothing ... ok
[INFO] [stdout] test header::tests::never_panics_on_arbitrary_bytes ... ok
[INFO] [stdout] test header::tests::the_core_hash_changes_when_anything_signed_changes ... ok
[INFO] [stdout] test header::tests::the_core_hash_cuts_whole_records_tag_and_length_included ... ok
[INFO] [stdout] test policy_codec::tests::a_known_action_tag_listed_as_unknown_is_written_once_with_the_authors_rule ... ok
[INFO] [stdout] test policy_codec::tests::a_malformed_open_limit_is_refused_rather_than_read_as_no_limit ... ok
[INFO] [stdout] test header::tests::the_core_hash_ignores_the_key_material_but_notices_everything_else ... ok
[INFO] [stdout] test header::tests::the_length_tables_are_silent_exactly_about_the_unexecutable_mechanism ... ok
[INFO] [stdout] test header::tests::the_policy_hash_follows_the_policy_and_nothing_else ... ok
[INFO] [stdout] test header::tests::two_recipients_fit_in_one_file ... ok
[INFO] [stdout] test policy_codec::tests::a_missing_required_field_is_refused_rather_than_defaulted ... ok
[INFO] [stdout] test policy_codec::tests::a_watermark_value_this_client_does_not_know_keeps_the_obligation ... ok
[INFO] [stdout] test header::tests::optional_fields_round_trip_when_present ... ok
[INFO] [stdout] test policy_codec::tests::a_policy_round_trips_through_encode_and_decode ... ok
[INFO] [stdout] test policy_codec::tests::a_per_action_binding_survives_the_round_trip_in_version_four ... ok
[INFO] [stdout] test policy_codec::tests::an_action_this_client_did_not_understand_is_re_encoded_as_a_denial ... ok
[INFO] [stdout] test policy_codec::tests::a_truncated_variant_body_is_refused ... ok
[INFO] [stdout] test policy_codec::tests::an_absent_watermark_field_leaves_the_obligation_standing ... ok
[INFO] [stdout] test policy_codec::tests::an_unknown_permission_value_is_read_as_a_denial ... ok
[INFO] [stdout] test policy_codec::tests::an_unknown_policy_field_is_refused_whatever_its_tag_range ... ok
[INFO] [stdout] test policy_codec::tests::an_action_this_client_does_not_know_is_denied_and_remembered ... ok
[INFO] [stdout] test policy_codec::tests::an_unknown_binding_strength_is_refused_not_rounded ... ok
[INFO] [stdout] test policy_codec::tests::in_version_four_a_missing_field_is_a_refusal_rather_than_a_guess ... ok
[INFO] [stdout] test policy_codec::tests::no_limit_on_opens_is_something_the_author_writes_and_never_something_inferred ... ok
[INFO] [stdout] test policy_codec::tests::never_panics_on_arbitrary_bytes ... ok
[INFO] [stdout] test policy_codec::tests::re_encoding_a_policy_keeps_every_action_this_client_did_not_understand ... ok
[INFO] [stdout] test policy_codec::tests::no_absent_field_ever_makes_the_policy_weaker ... ok
[INFO] [stdout] test policy_codec::tests::version_three_does_not_know_the_tag_and_refuses_it ... ok
[INFO] [stdout] test tests::a_read_across_a_boundary_touches_both_chunks ... ok
[INFO] [stdout] test policy_codec::tests::every_wire_number_matches_the_specification_literally ... ok
[INFO] [stdout] test tests::a_read_past_the_end_is_clamped ... ok
[INFO] [stdout] test tests::empty_file_still_has_one_chunk ... ok
[INFO] [stdout] test tests::maps_a_small_read_to_exactly_one_chunk ... ok
[INFO] [stdout] test tests::never_panics_on_arbitrary_input ... ok
[INFO] [stdout] test tests::rejects_foreign_files ... ok
[INFO] [stdout] test tests::rejects_truncation_at_every_boundary ... ok
[INFO] [stdout] test tests::spans_are_contiguous_and_cover_the_payload ... ok
[INFO] [stdout] test tests::rejects_declared_length_beyond_the_cap ... ok
[INFO] [stdout] test tests::transcript_binds_the_suite_id ... ok
[INFO] [stdout] test tests::rejects_inconsistent_chunk_count ... ok
[INFO] [stdout] test text::tests::every_listed_point_is_unsafe ... ok
[INFO] [stdout] test tests::transcript_covers_magic_length_and_header ... ok
[INFO] [stdout] test text::tests::control_characters_are_unsafe ... ok
[INFO] [stdout] test text::tests::letters_of_living_scripts_are_safe ... ok
[INFO] [stdout] test tlv::tests::empty_buffer_yields_no_fields ... ok
[INFO] [stdout] test tlv::tests::a_declared_length_larger_than_the_buffer_is_refused ... ok
[INFO] [stdout] test tests::refuses_to_address_chunks_that_do_not_exist ... ok
[INFO] [stdout] test tests::rejects_chunk_sizes_outside_the_contract ... ok
[INFO] [stdout] test tests::splits_a_well_formed_prologue ... ok
[INFO] [stdout] test tlv::tests::duplicate_tags_are_impossible_to_write_and_to_read ... ok
[INFO] [stdout] test tlv::tests::never_panics_on_arbitrary_bytes ... ok
[INFO] [stdout] test tlv::tests::reordered_fields_are_refused ... ok
[INFO] [stdout] test tlv::tests::round_trips_fields_in_order ... ok
[INFO] [stdout] test tlv::tests::truncation_at_every_boundary_is_an_error_not_a_panic ... ok
[INFO] [stdout] test tlv::tests::typed_accessors_check_length_exactly ... ok
[INFO] [stdout] test verify::tests::a_correctly_signed_header_this_client_cannot_understand_is_still_refused ... ok
[INFO] [stdout] test verify::tests::a_container_shorter_than_its_own_prologue_is_refused_before_any_crypto ... ok
[INFO] [stdout] test verify::tests::a_container_demanding_a_newer_client_is_refused_as_such ... ok
[INFO] [stdout] test verify::tests::a_file_demanding_a_newer_reader_is_refused_even_with_a_valid_signature ... ok
[INFO] [stdout] test tlv::tests::spans_point_at_the_original_bytes ... ok
[INFO] [stdout] test verify::tests::an_empty_trust_store_never_reports_a_pinned_signer ... ok
[INFO] [stdout] test verify::tests::a_store_that_knows_the_key_reports_it_as_pinned ... ok
[INFO] [stdout] test verify::tests::a_signature_made_under_another_domain_label_is_refused ... ok
[INFO] [stdout] test tlv::tests::unknown_critical_tags_are_refused_and_optional_ones_ignored ... ok
[INFO] [stdout] test verify::tests::a_well_formed_container_parses_and_exposes_the_bytes_it_was_parsed_from ... ok
[INFO] [stdout] test verify::tests::a_header_signed_by_a_stranger_verifies_but_is_never_trusted ... ok
[INFO] [stdout] test verify::tests::a_signature_from_the_authors_key_over_a_foreign_header_is_refused ... ok
[INFO] [stdout] test verify::tests::the_suite_identifier_is_the_signature_algorithm ... ok
[INFO] [stdout] test verify::tests::the_fuzzing_entry_point_accepts_what_verification_refuses ... ok
[INFO] [stdout] test verify::tests::the_refusal_names_the_readable_range_not_the_history ... ok
[INFO] [stdout] test verify::tests::the_reader_accepts_all_released_versions_and_refuses_the_neighbours ... ok
[INFO] [stdout] test verify::tests::never_panics_on_arbitrary_input ... ok
[INFO] [stdout] test verify::tests::corrupting_a_single_signature_byte_breaks_verification ... ok
[INFO] [stdout] test verify::tests::the_signed_bytes_are_exactly_those_named_by_the_specification ... ok
[INFO] [stdout] test verify::tests::the_transcript_agrees_with_the_prologues_own_encoding ... ok
[INFO] [stdout] test verify::tests::corrupting_a_single_header_byte_breaks_the_signature ... ok
[INFO] [stdout] 
[INFO] [stdout] test result: ok. 121 passed; 0 failed; 0 ignored; 0 measured; 0 filtered out; finished in 0.13s
[INFO] [stdout] 
[INFO] [stdout] 
[INFO] [stderr]      Running tests/crypto_continuation.rs (/opt/rustwide/target/release/build/oc-format/03382385f67daa6c/out/crypto_continuation-03382385f67daa6c)
[INFO] [stdout] running 3 tests
[INFO] [stdout] test writer_debug_omits_field_contents ... ok
[INFO] [stderr]      Running tests/edit.rs (/opt/rustwide/target/release/build/oc-format/9c701a0deff7e9bd/out/edit-9c701a0deff7e9bd)
[INFO] [stdout] test field_debug_omits_value_contents ... ok
[INFO] [stdout] test reader_debug_omits_input_contents ... ok
[INFO] [stdout] 
[INFO] [stdout] test result: ok. 3 passed; 0 failed; 0 ignored; 0 measured; 0 filtered out; finished in 0.00s
[INFO] [stdout] 
[INFO] [stdout] 
[INFO] [stdout] running 11 tests
[INFO] [stdout] test print_edit_kat ... ignored, печать вектора, не проба
[INFO] [stdout] test certificate_bytes_round_trip_and_reject_damage ... ok
[INFO] [stdout] test the_frozen_edit_vector_still_holds ... FAILED
[INFO] [stdout] test an_edition_without_a_signature_or_permission_is_refused ... ok
[INFO] [stdout] test the_session_chain_binds_the_base_and_every_save ... ok
[INFO] [stdout] test an_unedited_file_needs_no_editor_and_refuses_one ... ok
[INFO] [stdout] test the_cut_removes_exactly_the_signature_sub_record ... ok
[INFO] [stdout] test a_properly_signed_edition_is_accepted_through_the_mac ... ok
[INFO] [stdout] test the_digest_does_not_depend_on_the_random_salt ... ok
[INFO] [stdout] test certificates_are_checked_by_issuer_signature_file_and_time ... ok
[INFO] [stdout] test the_editor_signature_binds_the_key_the_header_and_every_field ... ok
[INFO] [stdout] 
[INFO] [stdout] failures:
[INFO] [stdout] 
[INFO] [stdout] ---- the_frozen_edit_vector_still_holds stdout ----
[INFO] [stdout] 
[INFO] [stdout] thread 'the_frozen_edit_vector_still_holds' (1188) panicked at tests/edit.rs:340:47:
[INFO] [stdout] called `Result::unwrap()` on an `Err` value: Os { code: 2, kind: NotFound, message: "No such file or directory" }
[INFO] [stdout] stack backtrace:
[INFO] [stdout]    0:     0x5c88f6638641 - <<std[617be2ca0a6fd877]::sys::backtrace::BacktraceLock>::print::DisplayBacktrace as core[a373ad73a504971]::fmt::Display>::fmt
[INFO] [stdout]    1:     0x5c88f664ca8a - core[a373ad73a504971]::fmt::write
[INFO] [stdout]    2:     0x5c88f663c85c - <alloc[2e1b2a31b91974c5]::vec::Vec<u8> as core[a373ad73a504971]::io::write::Write>::write_fmt
[INFO] [stdout]    3:     0x5c88f66145b6 - std[617be2ca0a6fd877]::panicking::default_hook::{closure#0}
[INFO] [stdout]    4:     0x5c88f6630979 - std[617be2ca0a6fd877]::panicking::default_hook
[INFO] [stdout]    5:     0x5c88f6599ed0 - test[aada8e7e76ba119b]::test_main_inner::{closure#0}
[INFO] [stdout]    6:     0x5c88f6630b32 - std[617be2ca0a6fd877]::panicking::panic_with_hook
[INFO] [stdout]    7:     0x5c88f6614662 - std[617be2ca0a6fd877]::panicking::panic_handler::{closure#0}
[INFO] [stdout]    8:     0x5c88f660d1e9 - std[617be2ca0a6fd877]::sys::backtrace::__rust_end_short_backtrace::<std[617be2ca0a6fd877]::panicking::panic_handler::{closure#0}, !>
[INFO] [stdout]    9:     0x5c88f661526d - __rustc[ea4f61d10b84890b]::rust_begin_unwind
[INFO] [stdout]   10:     0x5c88f664d1bc - core[a373ad73a504971]::panicking::panic_fmt
[INFO] [stdout]   11:     0x5c88f664cf92 - core[a373ad73a504971]::result::unwrap_failed
[INFO] [stdout]   12:     0x5c88f65826ef - <edit[baf4ccf16f1ae1b2]::the_frozen_edit_vector_still_holds::{closure#0} as core[a373ad73a504971]::ops::function::FnOnce<()>>::call_once
[INFO] [stdout]   13:     0x5c88f658d31b - test[aada8e7e76ba119b]::__rust_begin_short_backtrace::<core[a373ad73a504971]::result::Result<(), alloc[2e1b2a31b91974c5]::string::String>, fn() -> core[a373ad73a504971]::result::Result<(), alloc[2e1b2a31b91974c5]::string::String>>
[INFO] [stdout]   14:     0x5c88f659a4f5 - test[aada8e7e76ba119b]::run_test::{closure#0}
[INFO] [stdout]   15:     0x5c88f6593de4 - std[617be2ca0a6fd877]::sys::backtrace::__rust_begin_short_backtrace::<test[aada8e7e76ba119b]::run_test::{closure#1}, ()>
[INFO] [stdout]   16:     0x5c88f659d582 - <std[617be2ca0a6fd877]::thread::lifecycle::spawn_unchecked<test[aada8e7e76ba119b]::run_test::{closure#1}, ()>::{closure#1} as core[a373ad73a504971]::ops::function::FnOnce<()>>::call_once::{shim:vtable#0}
[INFO] [stdout]   17:     0x5c88f6637b3f - <std[617be2ca0a6fd877]::sys::thread::unix::Thread>::new::thread_start
[INFO] [stdout]   18:     0x7ab875d66dfa - <unknown>
[INFO] [stdout]   19:     0x7ab875dfa3d4 - clone
[INFO] [stdout]   20:                0x0 - <unknown>
[INFO] [stdout] 
[INFO] [stdout] 
[INFO] [stdout] failures:
[INFO] [stdout]     the_frozen_edit_vector_still_holds
[INFO] [stdout] 
[INFO] [stdout] test result: FAILED. 9 passed; 1 failed; 1 ignored; 0 measured; 0 filtered out; finished in 0.15s
[INFO] [stdout] 
[INFO] [stderr] error: test failed, to rerun pass `--test edit`
[INFO] running `Command { std: "docker" "inspect" "b84603dadff2d42cfeb890974836639c07bb656756ec732b27a7fb6feaa570fd", kill_on_drop: false }`
[INFO] running `Command { std: "docker" "rm" "-f" "b84603dadff2d42cfeb890974836639c07bb656756ec732b27a7fb6feaa570fd", kill_on_drop: false }`
[INFO] [stdout] b84603dadff2d42cfeb890974836639c07bb656756ec732b27a7fb6feaa570fd
