[INFO] fetching crate obws 0.15.0...
[INFO] testing obws-0.15.0 against 1.100.0-beta.1+cargoflags=--release for beta-release-1.100-2
[INFO] extracting crate obws 0.15.0 into /workspace/builds/worker-1-tc2/source
[INFO] started tweaking crates.io crate obws 0.15.0
[INFO] removed 0 missing examples
[INFO] removed 0 missing tests
[INFO] finished tweaking crates.io crate obws 0.15.0
[INFO] tweaked toml for crates.io crate obws 0.15.0 written to /workspace/builds/worker-1-tc2/source/Cargo.toml
[INFO] validating manifest of crates.io crate obws 0.15.0 on toolchain 1.100.0-beta.1
[INFO] running `Command { std: CARGO_HOME="/workspace/cargo-home" RUSTUP_HOME="/workspace/rustup-home" "/workspace/cargo-home/bin/cargo" "+1.100.0-beta.1" "metadata" "--manifest-path" "Cargo.toml" "--no-deps", kill_on_drop: false }`
[INFO] crate crates.io crate obws 0.15.0 already has a lockfile, it will not be regenerated
[INFO] running `Command { std: CARGO_HOME="/workspace/cargo-home" RUSTUP_HOME="/workspace/rustup-home" "/workspace/cargo-home/bin/cargo" "+1.100.0-beta.1" "fetch" "--manifest-path" "Cargo.toml", kill_on_drop: false }`
[INFO] [stderr] warning: `package.homepage` is redundant with `package.repository`
[INFO] [stderr]    --> Cargo.toml:144:12
[INFO] [stderr]     |
[INFO] [stderr] 144 | homepage = "https://forge.dnaka91.rocks/dnaka91/obws"
[INFO] [stderr]     |            ^^^^^^^^^^^^^^^^^^^^^^^^^^^^^^^^^^^^^^^^^^
[INFO] [stderr] ...
[INFO] [stderr] 150 | repository = "https://forge.dnaka91.rocks/dnaka91/obws"
[INFO] [stderr]     |              ------------------------------------------
[INFO] [stderr]     |
[INFO] [stderr]     = note: `cargo::redundant_homepage` is set to `warn` by default
[INFO] [stderr] help: consider removing `package.homepage`
[INFO] [stderr] warning: `obws` (manifest) generated 1 warning
[INFO] running `Command { std: "docker" "create" "-v" "/var/lib/crater-agent-workspace/builds/worker-1-tc2/source:/opt/rustwide/workdir:ro,Z" "-v" "/var/lib/crater-agent-workspace/builds/worker-1-tc2/target:/opt/rustwide/target:rw,Z" "-v" "/var/lib/crater-agent-workspace/cargo-home:/opt/rustwide/cargo-home:ro,Z" "-v" "/var/lib/crater-agent-workspace/rustup-home:/opt/rustwide/rustup-home:ro,Z" "-m" "1610612736" "--network" "none" "ghcr.io/rust-lang/crates-build-env/linux@sha256:77db811e55d90add9212f6832c23229e3de5f1c1f9905e8cb07319ea15df73ac" "sleep" "infinity", kill_on_drop: false }`
[INFO] [stdout] ea45d17373c3331c63d5bcd6219b080d768b6cab68d7d23b1f42c06f35375c38
[INFO] running `Command { std: "docker" "start" "ea45d17373c3331c63d5bcd6219b080d768b6cab68d7d23b1f42c06f35375c38", kill_on_drop: false }`
[INFO] running `Command { std: "docker" "inspect" "ea45d17373c3331c63d5bcd6219b080d768b6cab68d7d23b1f42c06f35375c38", kill_on_drop: false }`
[INFO] running `Command { std: "docker" "exec" "-e" "SOURCE_DIR=/opt/rustwide/workdir" "-e" "CARGO_HOME=/opt/rustwide/cargo-home" "-e" "RUSTUP_HOME=/opt/rustwide/rustup-home" "-e" "CARGO_TARGET_DIR=/opt/rustwide/target" "-w" "/opt/rustwide/workdir" "--user" "0:0" "ea45d17373c3331c63d5bcd6219b080d768b6cab68d7d23b1f42c06f35375c38" "/opt/rustwide/cargo-home/bin/cargo" "+1.100.0-beta.1" "metadata" "--no-deps" "--format-version=1", kill_on_drop: false }`
[INFO] running `Command { std: "docker" "inspect" "ea45d17373c3331c63d5bcd6219b080d768b6cab68d7d23b1f42c06f35375c38", kill_on_drop: false }`
[INFO] running `Command { std: "docker" "exec" "-e" "SOURCE_DIR=/opt/rustwide/workdir" "-e" "CARGO_HOME=/opt/rustwide/cargo-home" "-e" "RUSTUP_HOME=/opt/rustwide/rustup-home" "-e" "CARGO_TARGET_DIR=/opt/rustwide/target" "-e" "CARGO_INCREMENTAL=0" "-e" "RUST_BACKTRACE=full" "-e" "RUSTFLAGS=--cap-lints=warn" "-e" "RUSTDOCFLAGS=--cap-lints=warn" "-w" "/opt/rustwide/workdir" "--user" "0:0" "ea45d17373c3331c63d5bcd6219b080d768b6cab68d7d23b1f42c06f35375c38" "/opt/rustwide/cargo-home/bin/cargo" "+1.100.0-beta.1" "build" "--frozen" "--message-format=json" "--release", kill_on_drop: false }`
[INFO] [stderr] warning: `package.homepage` is redundant with `package.repository`
[INFO] [stderr]    --> Cargo.toml:144:12
[INFO] [stderr]     |
[INFO] [stderr] 144 | homepage = "https://forge.dnaka91.rocks/dnaka91/obws"
[INFO] [stderr]     |            ^^^^^^^^^^^^^^^^^^^^^^^^^^^^^^^^^^^^^^^^^^
[INFO] [stderr] ...
[INFO] [stderr] 150 | repository = "https://forge.dnaka91.rocks/dnaka91/obws"
[INFO] [stderr]     |              ------------------------------------------
[INFO] [stderr]     |
[INFO] [stderr]     = note: `cargo::redundant_homepage` is set to `warn` by default
[INFO] [stderr] help: consider removing `package.homepage`
[INFO] [stderr] warning: `obws` (manifest) generated 1 warning
[INFO] [stderr]    Compiling libc v0.2.183
[INFO] [stderr]    Compiling deranged v0.5.8
[INFO] [stderr]    Compiling fastrand v2.3.0
[INFO] [stderr]    Compiling num-conv v0.2.0
[INFO] [stderr]    Compiling simdutf8 v0.1.5
[INFO] [stderr]    Compiling uuid v1.22.0
[INFO] [stderr]    Compiling bitflags v2.11.0
[INFO] [stderr]    Compiling semver v1.0.27
[INFO] [stderr]    Compiling rgb v0.8.53
[INFO] [stderr]    Compiling darling_core v0.21.3
[INFO] [stderr]    Compiling thiserror-impl v2.0.18
[INFO] [stderr]    Compiling derive_more-impl v2.1.1
[INFO] [stderr]    Compiling futures-macro v0.3.32
[INFO] [stderr]    Compiling tracing v0.1.44
[INFO] [stderr]    Compiling serde v1.0.228
[INFO] [stderr]    Compiling serde_json v1.0.149
[INFO] [stderr]    Compiling futures-util v0.3.32
[INFO] [stderr]    Compiling thiserror v2.0.18
[INFO] [stderr]    Compiling derive_more v2.1.1
[INFO] [stderr]    Compiling mio v1.1.1
[INFO] [stderr]    Compiling socket2 v0.6.3
[INFO] [stderr]    Compiling time v0.3.47
[INFO] [stderr]    Compiling tokio v1.50.0
[INFO] [stderr]    Compiling darling_macro v0.21.3
[INFO] [stderr]    Compiling darling v0.21.3
[INFO] [stderr]    Compiling serde_with_macros v3.17.0
[INFO] [stderr]    Compiling serde_with v3.17.0
[INFO] [stderr]    Compiling tokio-util v0.7.18
[INFO] [stderr]    Compiling tokio-websockets v0.13.1
[INFO] [stderr]    Compiling obws v0.15.0 (/opt/rustwide/workdir)
[INFO] [stderr]     Finished `release` profile [optimized] target(s) in 9.88s
[INFO] running `Command { std: "docker" "inspect" "ea45d17373c3331c63d5bcd6219b080d768b6cab68d7d23b1f42c06f35375c38", kill_on_drop: false }`
[INFO] running `Command { std: "docker" "exec" "-e" "SOURCE_DIR=/opt/rustwide/workdir" "-e" "CARGO_HOME=/opt/rustwide/cargo-home" "-e" "RUSTUP_HOME=/opt/rustwide/rustup-home" "-e" "CARGO_TARGET_DIR=/opt/rustwide/target" "-e" "CARGO_INCREMENTAL=0" "-e" "RUST_BACKTRACE=full" "-e" "RUSTFLAGS=--cap-lints=warn" "-e" "RUSTDOCFLAGS=--cap-lints=warn" "-w" "/opt/rustwide/workdir" "--user" "0:0" "ea45d17373c3331c63d5bcd6219b080d768b6cab68d7d23b1f42c06f35375c38" "/opt/rustwide/cargo-home/bin/cargo" "+1.100.0-beta.1" "test" "--frozen" "--no-run" "--message-format=json" "--release", kill_on_drop: false }`
[INFO] [stderr] warning: `package.homepage` is redundant with `package.repository`
[INFO] [stderr]    --> Cargo.toml:144:12
[INFO] [stderr]     |
[INFO] [stderr] 144 | homepage = "https://forge.dnaka91.rocks/dnaka91/obws"
[INFO] [stderr]     |            ^^^^^^^^^^^^^^^^^^^^^^^^^^^^^^^^^^^^^^^^^^
[INFO] [stderr] ...
[INFO] [stderr] 150 | repository = "https://forge.dnaka91.rocks/dnaka91/obws"
[INFO] [stderr]     |              ------------------------------------------
[INFO] [stderr]     |
[INFO] [stderr]     = note: `cargo::redundant_homepage` is set to `warn` by default
[INFO] [stderr] help: consider removing `package.homepage`
[INFO] [stderr] warning: `obws` (manifest) generated 1 warning
[INFO] [stderr]    Compiling tracing-core v0.1.36
[INFO] [stderr]    Compiling regex-automata v0.4.14
[INFO] [stderr]    Compiling thread_local v1.1.9
[INFO] [stderr]    Compiling tokio-macros v2.6.1
[INFO] [stderr]    Compiling test-log-macros v0.2.19
[INFO] [stderr]    Compiling uuid v1.22.0
[INFO] [stderr]    Compiling serde_test v1.0.177
[INFO] [stderr]    Compiling dotenvy v0.15.7
[INFO] [stderr]    Compiling tracing v0.1.44
[INFO] [stderr]    Compiling tracing-log v0.2.0
[INFO] [stderr]    Compiling tokio v1.50.0
[INFO] [stderr]    Compiling matchers v0.2.0
[INFO] [stderr]    Compiling tracing-subscriber v0.3.22
[INFO] [stderr]    Compiling test-log v0.2.19
[INFO] [stderr]    Compiling tokio-util v0.7.18
[INFO] [stderr]    Compiling tokio-websockets v0.13.1
[INFO] [stderr]    Compiling obws v0.15.0 (/opt/rustwide/workdir)
[INFO] [stderr]     Finished `release` profile [optimized] target(s) in 12.03s
[INFO] running `Command { std: "docker" "inspect" "ea45d17373c3331c63d5bcd6219b080d768b6cab68d7d23b1f42c06f35375c38", kill_on_drop: false }`
[INFO] running `Command { std: "docker" "exec" "-e" "SOURCE_DIR=/opt/rustwide/workdir" "-e" "CARGO_HOME=/opt/rustwide/cargo-home" "-e" "RUSTUP_HOME=/opt/rustwide/rustup-home" "-e" "CARGO_TARGET_DIR=/opt/rustwide/target" "-e" "CARGO_INCREMENTAL=0" "-e" "RUST_BACKTRACE=full" "-e" "RUSTFLAGS=--cap-lints=warn" "-e" "RUSTDOCFLAGS=--cap-lints=warn" "-w" "/opt/rustwide/workdir" "--user" "0:0" "ea45d17373c3331c63d5bcd6219b080d768b6cab68d7d23b1f42c06f35375c38" "/opt/rustwide/cargo-home/bin/cargo" "+1.100.0-beta.1" "test" "--frozen" "--release", kill_on_drop: false }`
[INFO] [stderr] warning: `package.homepage` is redundant with `package.repository`
[INFO] [stderr]    --> Cargo.toml:144:12
[INFO] [stderr]     |
[INFO] [stderr] 144 | homepage = "https://forge.dnaka91.rocks/dnaka91/obws"
[INFO] [stderr]     |            ^^^^^^^^^^^^^^^^^^^^^^^^^^^^^^^^^^^^^^^^^^
[INFO] [stderr] ...
[INFO] [stderr] 150 | repository = "https://forge.dnaka91.rocks/dnaka91/obws"
[INFO] [stderr]     |              ------------------------------------------
[INFO] [stderr]     |
[INFO] [stderr]     = note: `cargo::redundant_homepage` is set to `warn` by default
[INFO] [stderr] help: consider removing `package.homepage`
[INFO] [stderr] warning: `obws` (manifest) generated 1 warning
[INFO] [stderr]     Finished `release` profile [optimized] target(s) in 0.07s
[INFO] [stderr]      Running unittests src/lib.rs (/opt/rustwide/target/release/build/obws/566055a67abdc15c/out/obws-566055a67abdc15c)
[INFO] [stdout] 
[INFO] [stdout] running 10 tests
[INFO] [stdout] test serde::audio_tracks::tests::deser ... ok
[INFO] [stdout] test serde::audio_tracks::tests::roundtrip ... ok
[INFO] [stdout] test serde::duration_millis::option::tests::deser ... ok
[INFO] [stdout] test serde::duration_millis::option::tests::roundtrip ... ok
[INFO] [stdout] test serde::duration_millis::tests::roundtrip ... ok
[INFO] [stdout] test serde::duration_timecode::tests::roundtrip ... ok
[INFO] [stdout] test serde::json_string::tests::deser ... ok
[INFO] [stdout] test serde::json_string::tests::roundtrip ... ok
[INFO] [stdout] test serde::rgba8_inverse::tests::roundtrip ... ok
[INFO] [stdout] test serde::duration_millis::tests::deser ... FAILED
[INFO] [stdout] 
[INFO] [stdout] failures:
[INFO] [stdout] 
[INFO] [stdout] ---- serde::duration_millis::tests::deser stdout ----
[INFO] [stdout] 
[INFO] [stdout] thread 'serde::duration_millis::tests::deser' (1113) panicked at src/serde/duration_millis.rs:214:9:
[INFO] [stdout] assertion `left == right` failed
[INFO] [stdout]   left: Error { msg: "value is too large for an i64: number too large to fit in target type" }
[INFO] [stdout]  right: "value is too large for an i64: out of range integral type conversion attempted"
[INFO] [stdout] stack backtrace:
[INFO] [stdout]    0:     0x5f54efa83091 - <<std[617be2ca0a6fd877]::sys::backtrace::BacktraceLock>::print::DisplayBacktrace as core[a373ad73a504971]::fmt::Display>::fmt
[INFO] [stdout]    1:     0x5f54efa987da - core[a373ad73a504971]::fmt::write
[INFO] [stdout]    2:     0x5f54efa872ac - <alloc[2e1b2a31b91974c5]::vec::Vec<u8> as core[a373ad73a504971]::io::write::Write>::write_fmt
[INFO] [stdout]    3:     0x5f54efa5f4f6 - std[617be2ca0a6fd877]::panicking::default_hook::{closure#0}
[INFO] [stdout]    4:     0x5f54efa7b729 - std[617be2ca0a6fd877]::panicking::default_hook
[INFO] [stdout]    5:     0x5f54efa14a10 - test[aada8e7e76ba119b]::test_main_inner::{closure#0}
[INFO] [stdout]    6:     0x5f54efa7b8e2 - std[617be2ca0a6fd877]::panicking::panic_with_hook
[INFO] [stdout]    7:     0x5f54efa5f5a2 - std[617be2ca0a6fd877]::panicking::panic_handler::{closure#0}
[INFO] [stdout]    8:     0x5f54efa582b9 - std[617be2ca0a6fd877]::sys::backtrace::__rust_end_short_backtrace::<std[617be2ca0a6fd877]::panicking::panic_handler::{closure#0}, !>
[INFO] [stdout]    9:     0x5f54efa601ad - __rustc[ea4f61d10b84890b]::rust_begin_unwind
[INFO] [stdout]   10:     0x5f54efa98f0c - core[a373ad73a504971]::panicking::panic_fmt
[INFO] [stdout]   11:     0x5f54efa98e23 - core[a373ad73a504971]::panicking::assert_failed_inner
[INFO] [stdout]   12:     0x5f54ef9faed7 - core[a373ad73a504971]::panicking::assert_failed::<serde_test[48d5d40cce95b0db]::error::Error, str>
[INFO] [stdout]   13:     0x5f54ef9ffd11 - serde_test[48d5d40cce95b0db]::assert::assert_de_tokens_error::<obws[14429842f229f179]::serde::duration_millis::tests::SimpleDuration>
[INFO] [stdout]   14:     0x5f54ef9fad68 - <obws[14429842f229f179]::serde::duration_millis::tests::deser::{closure#0} as core[a373ad73a504971]::ops::function::FnOnce<()>>::call_once
[INFO] [stdout]   15:     0x5f54efa07e5b - test[aada8e7e76ba119b]::__rust_begin_short_backtrace::<core[a373ad73a504971]::result::Result<(), alloc[2e1b2a31b91974c5]::string::String>, fn() -> core[a373ad73a504971]::result::Result<(), alloc[2e1b2a31b91974c5]::string::String>>
[INFO] [stdout]   16:     0x5f54efa15035 - test[aada8e7e76ba119b]::run_test::{closure#0}
[INFO] [stdout]   17:     0x5f54efa0e924 - std[617be2ca0a6fd877]::sys::backtrace::__rust_begin_short_backtrace::<test[aada8e7e76ba119b]::run_test::{closure#1}, ()>
[INFO] [stdout]   18:     0x5f54efa180c2 - <std[617be2ca0a6fd877]::thread::lifecycle::spawn_unchecked<test[aada8e7e76ba119b]::run_test::{closure#1}, ()>::{closure#1} as core[a373ad73a504971]::ops::function::FnOnce<()>>::call_once::{shim:vtable#0}
[INFO] [stdout]   19:     0x5f54efa828ef - <std[617be2ca0a6fd877]::sys::thread::unix::Thread>::new::thread_start
[INFO] [stdout]   20:     0x7ce9890afdfa - <unknown>
[INFO] [stdout]   21:     0x7ce9891433d4 - clone
[INFO] [stdout]   22:                0x0 - <unknown>
[INFO] [stdout] 
[INFO] [stdout] 
[INFO] [stdout] failures:
[INFO] [stdout]     serde::duration_millis::tests::deser
[INFO] [stdout] 
[INFO] [stdout] test result: FAILED. 9 passed; 1 failed; 0 ignored; 0 measured; 0 filtered out; finished in 0.00s
[INFO] [stdout] 
[INFO] [stderr] error: test failed, to rerun pass `--lib`
[INFO] running `Command { std: "docker" "inspect" "ea45d17373c3331c63d5bcd6219b080d768b6cab68d7d23b1f42c06f35375c38", kill_on_drop: false }`
[INFO] running `Command { std: "docker" "rm" "-f" "ea45d17373c3331c63d5bcd6219b080d768b6cab68d7d23b1f42c06f35375c38", kill_on_drop: false }`
[INFO] [stdout] ea45d17373c3331c63d5bcd6219b080d768b6cab68d7d23b1f42c06f35375c38
