[INFO] fetching crate obstruct 0.1.0...
[INFO] testing obstruct-0.1.0 against 1.100.0-beta.1+cargoflags=--release for beta-release-1.100-2
[INFO] extracting crate obstruct 0.1.0 into /workspace/builds/worker-6-tc2/source
[INFO] started tweaking crates.io crate obstruct 0.1.0
[INFO] finished tweaking crates.io crate obstruct 0.1.0
[INFO] tweaked toml for crates.io crate obstruct 0.1.0 written to /workspace/builds/worker-6-tc2/source/Cargo.toml
[INFO] validating manifest of crates.io crate obstruct 0.1.0 on toolchain 1.100.0-beta.1
[INFO] running `Command { std: CARGO_HOME="/workspace/cargo-home" RUSTUP_HOME="/workspace/rustup-home" "/workspace/cargo-home/bin/cargo" "+1.100.0-beta.1" "metadata" "--manifest-path" "Cargo.toml" "--no-deps", kill_on_drop: false }`
[INFO] running `Command { std: CARGO_HOME="/workspace/cargo-home" RUSTUP_HOME="/workspace/rustup-home" "/workspace/cargo-home/bin/cargo" "+1.100.0-beta.1" "generate-lockfile" "--manifest-path" "Cargo.toml", kill_on_drop: false }`
[INFO] [stderr]     Updating crates.io index
[INFO] [stderr]      Locking 31 packages to highest compatible versions
[INFO] running `Command { std: CARGO_HOME="/workspace/cargo-home" RUSTUP_HOME="/workspace/rustup-home" "/workspace/cargo-home/bin/cargo" "+1.100.0-beta.1" "fetch" "--manifest-path" "Cargo.toml", kill_on_drop: false }`
[INFO] running `Command { std: "docker" "create" "-v" "/var/lib/crater-agent-workspace/builds/worker-6-tc2/source:/opt/rustwide/workdir:ro,Z" "-v" "/var/lib/crater-agent-workspace/builds/worker-6-tc2/target:/opt/rustwide/target:rw,Z" "-v" "/var/lib/crater-agent-workspace/cargo-home:/opt/rustwide/cargo-home:ro,Z" "-v" "/var/lib/crater-agent-workspace/rustup-home:/opt/rustwide/rustup-home:ro,Z" "-m" "1610612736" "--network" "none" "ghcr.io/rust-lang/crates-build-env/linux@sha256:77db811e55d90add9212f6832c23229e3de5f1c1f9905e8cb07319ea15df73ac" "sleep" "infinity", kill_on_drop: false }`
[INFO] [stdout] a4972da934d94b4bbf0b9dbff98bd0676c6e0a2db452f4745b0983bc08c05a88
[INFO] running `Command { std: "docker" "start" "a4972da934d94b4bbf0b9dbff98bd0676c6e0a2db452f4745b0983bc08c05a88", kill_on_drop: false }`
[INFO] running `Command { std: "docker" "inspect" "a4972da934d94b4bbf0b9dbff98bd0676c6e0a2db452f4745b0983bc08c05a88", kill_on_drop: false }`
[INFO] running `Command { std: "docker" "exec" "-e" "SOURCE_DIR=/opt/rustwide/workdir" "-e" "CARGO_HOME=/opt/rustwide/cargo-home" "-e" "RUSTUP_HOME=/opt/rustwide/rustup-home" "-e" "CARGO_TARGET_DIR=/opt/rustwide/target" "-w" "/opt/rustwide/workdir" "--user" "0:0" "a4972da934d94b4bbf0b9dbff98bd0676c6e0a2db452f4745b0983bc08c05a88" "/opt/rustwide/cargo-home/bin/cargo" "+1.100.0-beta.1" "metadata" "--no-deps" "--format-version=1", kill_on_drop: false }`
[INFO] running `Command { std: "docker" "inspect" "a4972da934d94b4bbf0b9dbff98bd0676c6e0a2db452f4745b0983bc08c05a88", kill_on_drop: false }`
[INFO] running `Command { std: "docker" "exec" "-e" "SOURCE_DIR=/opt/rustwide/workdir" "-e" "CARGO_HOME=/opt/rustwide/cargo-home" "-e" "RUSTUP_HOME=/opt/rustwide/rustup-home" "-e" "CARGO_TARGET_DIR=/opt/rustwide/target" "-e" "CARGO_INCREMENTAL=0" "-e" "RUST_BACKTRACE=full" "-e" "RUSTFLAGS=--cap-lints=warn" "-e" "RUSTDOCFLAGS=--cap-lints=warn" "-w" "/opt/rustwide/workdir" "--user" "0:0" "a4972da934d94b4bbf0b9dbff98bd0676c6e0a2db452f4745b0983bc08c05a88" "/opt/rustwide/cargo-home/bin/cargo" "+1.100.0-beta.1" "build" "--frozen" "--message-format=json" "--release", kill_on_drop: false }`
[INFO] [stderr]    Compiling serde v1.0.229
[INFO] [stderr]    Compiling winnow v1.0.4
[INFO] [stderr]    Compiling target-tuple v1.0.2
[INFO] [stderr]    Compiling serde_spanned v1.1.2
[INFO] [stderr]    Compiling toml_datetime v1.1.2+spec-1.1.0
[INFO] [stderr]    Compiling syn v3.0.9
[INFO] [stderr]    Compiling toml_writer v1.1.3+spec-1.1.0
[INFO] [stderr]    Compiling serde_json v1.0.154
[INFO] [stderr]    Compiling syn v2.0.119
[INFO] [stderr]    Compiling glob v0.3.4
[INFO] [stderr]    Compiling toml_parser v1.1.5+spec-1.1.0
[INFO] [stderr]    Compiling toml v1.1.8+spec-1.1.0
[INFO] [stderr]    Compiling serde_derive v1.0.229
[INFO] [stderr]    Compiling trybuild v1.0.122
[INFO] [stderr]    Compiling obstruct-macros v0.1.0
[INFO] [stderr]    Compiling obstruct v0.1.0 (/opt/rustwide/workdir)
[INFO] [stderr] warning: unused dependency `trybuild`
[INFO] [stderr]  --> Cargo.toml:4:15
[INFO] [stderr]   |
[INFO] [stderr] 4 | [dependencies.trybuild]
[INFO] [stderr]   |               ^^^^^^^^^
[INFO] [stderr]   |
[INFO] [stderr]   = note: `cargo::unused_dependencies` is set to `warn` by default
[INFO] [stderr] help: consider removing the dependency on `trybuild`
[INFO] [stderr] warning: `obstruct` (manifest) generated 1 warning
[INFO] [stderr]     Finished `release` profile [optimized] target(s) in 37.65s
[INFO] running `Command { std: "docker" "inspect" "a4972da934d94b4bbf0b9dbff98bd0676c6e0a2db452f4745b0983bc08c05a88", kill_on_drop: false }`
[INFO] running `Command { std: "docker" "exec" "-e" "SOURCE_DIR=/opt/rustwide/workdir" "-e" "CARGO_HOME=/opt/rustwide/cargo-home" "-e" "RUSTUP_HOME=/opt/rustwide/rustup-home" "-e" "CARGO_TARGET_DIR=/opt/rustwide/target" "-e" "CARGO_INCREMENTAL=0" "-e" "RUST_BACKTRACE=full" "-e" "RUSTFLAGS=--cap-lints=warn" "-e" "RUSTDOCFLAGS=--cap-lints=warn" "-w" "/opt/rustwide/workdir" "--user" "0:0" "a4972da934d94b4bbf0b9dbff98bd0676c6e0a2db452f4745b0983bc08c05a88" "/opt/rustwide/cargo-home/bin/cargo" "+1.100.0-beta.1" "test" "--frozen" "--no-run" "--message-format=json" "--release", kill_on_drop: false }`
[INFO] [stderr]    Compiling obstruct v0.1.0 (/opt/rustwide/workdir)
[INFO] [stderr] warning: unused dependency `trybuild`
[INFO] [stderr]  --> Cargo.toml:4:15
[INFO] [stderr]   |
[INFO] [stderr] 4 | [dependencies.trybuild]
[INFO] [stderr]   |               ^^^^^^^^^
[INFO] [stderr]   |
[INFO] [stderr]   = note: `cargo::unused_dependencies` is set to `warn` by default
[INFO] [stderr] help: consider removing the dependency on `trybuild`
[INFO] [stderr] help: to still use for development builds, move to `dev-dependencies`
[INFO] [stderr] warning: `obstruct` (manifest) generated 1 warning
[INFO] [stderr]     Finished `release` profile [optimized] target(s) in 0.29s
[INFO] running `Command { std: "docker" "inspect" "a4972da934d94b4bbf0b9dbff98bd0676c6e0a2db452f4745b0983bc08c05a88", kill_on_drop: false }`
[INFO] running `Command { std: "docker" "exec" "-e" "SOURCE_DIR=/opt/rustwide/workdir" "-e" "CARGO_HOME=/opt/rustwide/cargo-home" "-e" "RUSTUP_HOME=/opt/rustwide/rustup-home" "-e" "CARGO_TARGET_DIR=/opt/rustwide/target" "-e" "CARGO_INCREMENTAL=0" "-e" "RUST_BACKTRACE=full" "-e" "RUSTFLAGS=--cap-lints=warn" "-e" "RUSTDOCFLAGS=--cap-lints=warn" "-w" "/opt/rustwide/workdir" "--user" "0:0" "a4972da934d94b4bbf0b9dbff98bd0676c6e0a2db452f4745b0983bc08c05a88" "/opt/rustwide/cargo-home/bin/cargo" "+1.100.0-beta.1" "test" "--frozen" "--release", kill_on_drop: false }`
[INFO] [stderr] warning: unused dependency `trybuild`
[INFO] [stderr]  --> Cargo.toml:4:15
[INFO] [stderr]   |
[INFO] [stderr] 4 | [dependencies.trybuild]
[INFO] [stderr]   |               ^^^^^^^^^
[INFO] [stderr]   |
[INFO] [stderr]   = note: `cargo::unused_dependencies` is set to `warn` by default
[INFO] [stderr] help: consider removing the dependency on `trybuild`
[INFO] [stderr] help: to still use for development builds, move to `dev-dependencies`
[INFO] [stderr] warning: `obstruct` (manifest) generated 1 warning
[INFO] [stderr]     Finished `release` profile [optimized] target(s) in 0.10s
[INFO] [stderr]      Running unittests src/lib.rs (/opt/rustwide/target/release/build/obstruct/c9e296a0c0727c25/out/obstruct-c9e296a0c0727c25)
[INFO] [stdout] 
[INFO] [stderr]      Running tests/runner.rs (/opt/rustwide/target/release/build/obstruct/9a114316aea7836e/out/runner-9a114316aea7836e)
[INFO] [stdout] running 0 tests
[INFO] [stdout] 
[INFO] [stdout] test result: ok. 0 passed; 0 failed; 0 ignored; 0 measured; 0 filtered out; finished in 0.00s
[INFO] [stdout] 
[INFO] [stdout] 
[INFO] [stdout] running 1 test
[INFO] [stderr]    Compiling serde_core v1.0.229
[INFO] [stderr]    Compiling proc-macro2 v1.0.107
[INFO] [stderr]    Compiling unicode-ident v1.0.27
[INFO] [stderr]    Compiling quote v1.0.47
[INFO] [stderr]    Compiling zmij v1.0.23
[INFO] [stderr]    Compiling target-tuple v1.0.2
[INFO] [stderr]    Compiling serde v1.0.229
[INFO] [stderr]    Compiling serde_json v1.0.154
[INFO] [stderr]     Checking winnow v1.0.4
[INFO] [stderr]     Checking toml_writer v1.1.3+spec-1.1.0
[INFO] [stderr]     Checking itoa v1.0.18
[INFO] [stderr]    Compiling either v1.19.0
[INFO] [stderr]     Checking memchr v2.8.3
[INFO] [stderr]     Checking glob v0.3.4
[INFO] [stderr]     Checking termcolor v1.4.1
[INFO] [stderr]     Checking toml_parser v1.1.5+spec-1.1.0
[INFO] [stderr]    Compiling itertools v0.10.5
[INFO] [stderr]    Compiling syn v3.0.9
[INFO] [stderr]    Compiling syn v2.0.119
[INFO] [stderr]     Checking serde_spanned v1.1.2
[INFO] [stderr]     Checking toml_datetime v1.1.2+spec-1.1.0
[INFO] [stderr]     Checking toml v1.1.8+spec-1.1.0
[INFO] [stderr]    Compiling serde_derive v1.0.229
[INFO] [stderr]    Compiling obstruct-macros v0.1.0
[INFO] [stderr]     Checking trybuild v1.0.122
[INFO] [stderr]     Checking obstruct v0.1.0 (/opt/rustwide/workdir)
[INFO] [stderr]     Checking obstruct-tests v0.0.0 (/opt/rustwide/target/tests/trybuild/obstruct)
[INFO] [stderr]     Finished `dev` profile [unoptimized + debuginfo] target(s) in 24.12s
[INFO] [stderr] 
[INFO] [stderr] 
[INFO] [stderr] test tests/should_fail/call_bad_arg_name.rs ... mismatch
[INFO] [stdout] test test_should_fail ... FAILED
[INFO] [stderr] 
[INFO] [stdout] 
[INFO] [stderr] EXPECTED:
[INFO] [stdout] failures:
[INFO] [stderr] ┈┈┈┈┈┈┈┈┈┈┈┈┈┈┈┈┈┈┈┈┈┈┈┈┈┈┈┈┈┈┈┈┈┈┈┈┈┈┈┈┈┈┈┈┈┈┈┈┈┈┈┈┈┈┈┈┈┈┈┈
[INFO] [stdout] 
[INFO] [stderr] error[E0271]: type mismatch resolving `<blue<()> as Field<()>>::NAME == "green"`
[INFO] [stdout] ---- test_should_fail stdout ----
[INFO] [stderr]   --> tests/should_fail/call_bad_arg_name.rs:13:5
[INFO] [stdout] 
[INFO] [stderr]    |
[INFO] [stdout] thread 'test_should_fail' (479) panicked at /opt/rustwide/cargo-home/registry/src/index.crates.io-1949cf8c6b5b557f/trybuild-1.0.122/src/run.rs:103:13:
[INFO] [stderr] 13 |     destruct! { let {red, green, oops} = structured }; // Look, we've used oops!
[INFO] [stdout] 4 of 4 tests failed
[INFO] [stderr]    |     ^^^^^^^^^^^^^^^^^^^^^^^^^^^^^^^^^^^^^^^^^^^^^^^^^ expected `"green"`, found `"blue"`
[INFO] [stdout] stack backtrace:
[INFO] [stderr]    |
[INFO] [stdout]    0:     0x5de12f226ba1 - <<std[617be2ca0a6fd877]::sys::backtrace::BacktraceLock>::print::DisplayBacktrace as core[a373ad73a504971]::fmt::Display>::fmt
[INFO] [stderr]    = note: expected constant `"green"`
[INFO] [stdout]    1:     0x5de12f23ce8a - core[a373ad73a504971]::fmt::write
[INFO] [stderr]               found constant `"blue"`
[INFO] [stdout]    2:     0x5de12f22b3ec - <alloc[2e1b2a31b91974c5]::vec::Vec<u8> as core[a373ad73a504971]::io::write::Write>::write_fmt
[INFO] [stderr] note: required by a bound in `struct_bad_field_names::assert_type`
[INFO] [stdout]    3:     0x5de12f200006 - std[617be2ca0a6fd877]::panicking::default_hook::{closure#0}
[INFO] [stderr]   --> tests/should_fail/call_bad_arg_name.rs:13:5
[INFO] [stdout]    4:     0x5de12f21e149 - std[617be2ca0a6fd877]::panicking::default_hook
[INFO] [stderr]    |
[INFO] [stdout]    5:     0x5de12f1b7750 - test[aada8e7e76ba119b]::test_main_inner::{closure#0}
[INFO] [stderr] 13 |     destruct! { let {red, green, oops} = structured }; // Look, we've used oops!
[INFO] [stdout]    6:     0x5de12f21e302 - std[617be2ca0a6fd877]::panicking::panic_with_hook
[INFO] [stderr]    |     ^^^^^^^^^^^^^^^^^^^^^^^^^^^^^^^^^^^^^^^^^^^^^^^^^ required by this bound in `assert_type`
[INFO] [stdout]    7:     0x5de12f2000b2 - std[617be2ca0a6fd877]::panicking::panic_handler::{closure#0}
[INFO] [stderr]    = note: this error originates in the macro `destruct` (in Nightly builds, run with -Z macro-backtrace for more info)
[INFO] [stdout]    8:     0x5de12f1f8909 - std[617be2ca0a6fd877]::sys::backtrace::__rust_end_short_backtrace::<std[617be2ca0a6fd877]::panicking::panic_handler::{closure#0}, !>
[INFO] [stderr] 
[INFO] [stdout]    9:     0x5de12f200cbd - __rustc[ea4f61d10b84890b]::rust_begin_unwind
[INFO] [stderr] error[E0271]: type mismatch resolving `<green<f64> as Field<f64>>::NAME == "oops"`
[INFO] [stdout]   10:     0x5de12f23d5fc - core[a373ad73a504971]::panicking::panic_fmt
[INFO] [stderr]   --> tests/should_fail/call_bad_arg_name.rs:13:5
[INFO] [stdout]   11:     0x5de12f10a67b - <trybuild[4338c63f3696d470]::Runner>::run
[INFO] [stderr]    |
[INFO] [stdout]   12:     0x5de12f10d8f0 - <trybuild[4338c63f3696d470]::TestCases as core[a373ad73a504971]::ops::drop::Drop>::drop
[INFO] [stderr] 13 |     destruct! { let {red, green, oops} = structured }; // Look, we've used oops!
[INFO] [stdout]   13:     0x5de12f103e78 - runner[288069c10b914254]::test_should_fail
[INFO] [stderr]    |     ^^^^^^^^^^^^^^^^^^^^^^^^^^^^^^^^^^^^^^^^^^^^^^^^^ expected `"oops"`, found `"green"`
[INFO] [stdout]   14:     0x5de12f104079 - <runner[288069c10b914254]::test_should_fail::{closure#0} as core[a373ad73a504971]::ops::function::FnOnce<()>>::call_once
[INFO] [stderr]    |
[INFO] [stdout]   15:     0x5de12f1aab9b - test[aada8e7e76ba119b]::__rust_begin_short_backtrace::<core[a373ad73a504971]::result::Result<(), alloc[2e1b2a31b91974c5]::string::String>, fn() -> core[a373ad73a504971]::result::Result<(), alloc[2e1b2a31b91974c5]::string::String>>
[INFO] [stderr]    = note: expected constant `"oops"`
[INFO] [stdout]   16:     0x5de12f1b7d75 - test[aada8e7e76ba119b]::run_test::{closure#0}
[INFO] [stderr]               found constant `"green"`
[INFO] [stdout]   17:     0x5de12f1b1664 - std[617be2ca0a6fd877]::sys::backtrace::__rust_begin_short_backtrace::<test[aada8e7e76ba119b]::run_test::{closure#1}, ()>
[INFO] [stderr] note: required by a bound in `struct_bad_field_names::assert_type`
[INFO] [stdout]   18:     0x5de12f1bae02 - <std[617be2ca0a6fd877]::thread::lifecycle::spawn_unchecked<test[aada8e7e76ba119b]::run_test::{closure#1}, ()>::{closure#1} as core[a373ad73a504971]::ops::function::FnOnce<()>>::call_once::{shim:vtable#0}
[INFO] [stderr]   --> tests/should_fail/call_bad_arg_name.rs:13:5
[INFO] [stdout]   19:     0x5de12f225dff - <std[617be2ca0a6fd877]::sys::thread::unix::Thread>::new::thread_start
[INFO] [stderr]    |
[INFO] [stdout]   20:     0x7b25d4c9cdfa - <unknown>
[INFO] [stderr] 13 |     destruct! { let {red, green, oops} = structured }; // Look, we've used oops!
[INFO] [stdout]   21:     0x7b25d4d303d4 - clone
[INFO] [stderr]    |     ^^^^^^^^^^^^^^^^^^^^^^^^^^^^^^^^^^^^^^^^^^^^^^^^^ required by this bound in `assert_type`
[INFO] [stdout]   22:                0x0 - <unknown>
[INFO] [stderr]    = note: this error originates in the macro `destruct` (in Nightly builds, run with -Z macro-backtrace for more info)
[INFO] [stdout] 
[INFO] [stderr] ┈┈┈┈┈┈┈┈┈┈┈┈┈┈┈┈┈┈┈┈┈┈┈┈┈┈┈┈┈┈┈┈┈┈┈┈┈┈┈┈┈┈┈┈┈┈┈┈┈┈┈┈┈┈┈┈┈┈┈┈
[INFO] [stdout] 
[INFO] [stderr] 
[INFO] [stdout] failures:
[INFO] [stderr] ACTUAL OUTPUT:
[INFO] [stdout]     test_should_fail
[INFO] [stderr] ┈┈┈┈┈┈┈┈┈┈┈┈┈┈┈┈┈┈┈┈┈┈┈┈┈┈┈┈┈┈┈┈┈┈┈┈┈┈┈┈┈┈┈┈┈┈┈┈┈┈┈┈┈┈┈┈┈┈┈┈
[INFO] [stdout] 
[INFO] [stderr] error[E0557]: feature has been removed
[INFO] [stdout] test result: FAILED. 0 passed; 1 failed; 0 ignored; 0 measured; 0 filtered out; finished in 31.02s
[INFO] [stderr]  --> tests/should_fail/call_bad_arg_name.rs:1:12
[INFO] [stdout] 
[INFO] [stderr]   |
[INFO] [stderr] 1 | #![feature(associated_const_equality)]
[INFO] [stderr]   |            ^^^^^^^^^^^^^^^^^^^^^^^^^ feature has been removed
[INFO] [stderr]   |
[INFO] [stderr]   = note: removed in 1.94.0
[INFO] [stderr]   = note: merged into `gca_min_const_items`
[INFO] [stderr] 
[INFO] [stderr] error[E0658]: associated const equality is incomplete
[INFO] [stderr]   --> tests/should_fail/call_bad_arg_name.rs:13:5
[INFO] [stderr]    |
[INFO] [stderr] 13 |     destruct! { let {red, green, oops} = structured }; // Look, we've used oops!
[INFO] [stderr]    |     ^^^^^^^^^^^^^^^^^^^^^^^^^^^^^^^^^^^^^^^^^^^^^^^^^
[INFO] [stderr]    |
[INFO] [stderr]    = note: see issue #132980 <https://github.com/rust-lang/rust/issues/132980> for more information
[INFO] [stderr]    = note: this error originates in the macro `destruct` (in Nightly builds, run with -Z macro-backtrace for more info)
[INFO] [stderr] 
[INFO] [stderr] warning: unused variable: `green`
[INFO] [stderr]   --> tests/should_fail/call_bad_arg_name.rs:13:27
[INFO] [stderr]    |
[INFO] [stderr] 13 |     destruct! { let {red, green, oops} = structured }; // Look, we've used oops!
[INFO] [stderr]    |                           ^^^^^ help: if this is intentional, prefix it with an underscore: `_green`
[INFO] [stderr]    |
[INFO] [stderr]    = note: `#[warn(unused_variables)]` (part of `#[warn(unused)]`) on by default
[INFO] [stderr] 
[INFO] [stderr] warning: unused variable: `oops`
[INFO] [stderr]   --> tests/should_fail/call_bad_arg_name.rs:13:34
[INFO] [stderr]    |
[INFO] [stderr] 13 |     destruct! { let {red, green, oops} = structured }; // Look, we've used oops!
[INFO] [stderr]    |                                  ^^^^ help: if this is intentional, prefix it with an underscore: `_oops`
[INFO] [stderr] 
[INFO] [stderr] warning: unused variable: `red`
[INFO] [stderr]   --> tests/should_fail/call_bad_arg_name.rs:13:22
[INFO] [stderr]    |
[INFO] [stderr] 13 |     destruct! { let {red, green, oops} = structured }; // Look, we've used oops!
[INFO] [stderr]    |                      ^^^ help: if this is intentional, prefix it with an underscore: `_red`
[INFO] [stderr] ┈┈┈┈┈┈┈┈┈┈┈┈┈┈┈┈┈┈┈┈┈┈┈┈┈┈┈┈┈┈┈┈┈┈┈┈┈┈┈┈┈┈┈┈┈┈┈┈┈┈┈┈┈┈┈┈┈┈┈┈
[INFO] [stderr] note: If the actual output is the correct output you can bless it by rerunning
[INFO] [stderr]       your test with the environment variable TRYBUILD=overwrite
[INFO] [stderr] 
[INFO] [stderr] test tests/should_fail/call_missing_args.rs ... mismatch
[INFO] [stderr] 
[INFO] [stderr] EXPECTED:
[INFO] [stderr] ┈┈┈┈┈┈┈┈┈┈┈┈┈┈┈┈┈┈┈┈┈┈┈┈┈┈┈┈┈┈┈┈┈┈┈┈┈┈┈┈┈┈┈┈┈┈┈┈┈┈┈┈┈┈┈┈┈┈┈┈
[INFO] [stderr] error[E0308]: mismatched types
[INFO] [stderr]   --> tests/should_fail/call_missing_args.rs:12:21
[INFO] [stderr]    |
[INFO] [stderr] 12 |     let (a, b, c) = call! { test_foo, { b: B, a: A}}; // Missing argument.
[INFO] [stderr]    |                     ^^^^^^^^--------^^^^^^^^^^^^^^^^
[INFO] [stderr]    |                     |       |
[INFO] [stderr]    |                     |       arguments to this function are incorrect
[INFO] [stderr]    |                     expected a tuple with 3 elements, found one with 2 elements
[INFO] [stderr]    |
[INFO] [stderr]    = note: expected tuple `(a<i32>, b<f64>, _)`
[INFO] [stderr]               found tuple `(a<i32>, b<f64>)`
[INFO] [stderr] note: function defined here
[INFO] [stderr]   --> tests/should_fail/call_missing_args.rs:10:18
[INFO] [stderr]    |
[INFO] [stderr] 10 |     destruct!{fn test_foo({a: i32, b: f64, c: &'static str}) -> (i32, f64, &'static str) { (a, b, c) }};
[INFO] [stderr]    |     -------------^^^^^^^^------------------------------------------------------------------------------
[INFO] [stderr]    = note: this error originates in the macro `call` (in Nightly builds, run with -Z macro-backtrace for more info)
[INFO] [stderr] ┈┈┈┈┈┈┈┈┈┈┈┈┈┈┈┈┈┈┈┈┈┈┈┈┈┈┈┈┈┈┈┈┈┈┈┈┈┈┈┈┈┈┈┈┈┈┈┈┈┈┈┈┈┈┈┈┈┈┈┈
[INFO] [stderr] 
[INFO] [stderr] ACTUAL OUTPUT:
[INFO] [stderr] ┈┈┈┈┈┈┈┈┈┈┈┈┈┈┈┈┈┈┈┈┈┈┈┈┈┈┈┈┈┈┈┈┈┈┈┈┈┈┈┈┈┈┈┈┈┈┈┈┈┈┈┈┈┈┈┈┈┈┈┈
[INFO] [stderr] error[E0557]: feature has been removed
[INFO] [stderr]  --> tests/should_fail/call_missing_args.rs:1:12
[INFO] [stderr]   |
[INFO] [stderr] 1 | #![feature(associated_const_equality)]
[INFO] [stderr]   |            ^^^^^^^^^^^^^^^^^^^^^^^^^ feature has been removed
[INFO] [stderr]   |
[INFO] [stderr]   = note: removed in 1.94.0
[INFO] [stderr]   = note: merged into `gca_min_const_items`
[INFO] [stderr] 
[INFO] [stderr] error[E0658]: associated const equality is incomplete
[INFO] [stderr]   --> tests/should_fail/call_missing_args.rs:10:5
[INFO] [stderr]    |
[INFO] [stderr] 10 |     destruct!{fn test_foo({a: i32, b: f64, c: &'static str}) -> (i32, f64, &'static str) { (a, b, c) }};
[INFO] [stderr]    |     ^^^^^^^^^^^^^^^^^^^^^^^^^^^^^^^^^^^^^^^^^^^^^^^^^^^^^^^^^^^^^^^^^^^^^^^^^^^^^^^^^^^^^^^^^^^^^^^^^^^
[INFO] [stderr]    |
[INFO] [stderr]    = note: see issue #132980 <https://github.com/rust-lang/rust/issues/132980> for more information
[INFO] [stderr]    = note: this error originates in the macro `destruct` (in Nightly builds, run with -Z macro-backtrace for more info)
[INFO] [stderr] 
[INFO] [stderr] error[E0308]: mismatched types
[INFO] [stderr]   --> tests/should_fail/call_missing_args.rs:12:21
[INFO] [stderr]    |
[INFO] [stderr] 12 |     let (a, b, c) = call! { test_foo, { b: B, a: A}}; // Missing argument.
[INFO] [stderr]    |                     ^^^^^^^^--------^^^^^^^^^^^^^^^^
[INFO] [stderr]    |                     |       |
[INFO] [stderr]    |                     |       arguments to this function are incorrect
[INFO] [stderr]    |                     expected a tuple with 3 elements, found one with 2 elements
[INFO] [stderr]    |
[INFO] [stderr]    = note: expected tuple `(a<i32>, b<f64>, _)`
[INFO] [stderr]               found tuple `(a<i32>, b<f64>)`
[INFO] [stderr] note: function defined here
[INFO] [stderr]   --> tests/should_fail/call_missing_args.rs:10:18
[INFO] [stderr]    |
[INFO] [stderr] 10 |     destruct!{fn test_foo({a: i32, b: f64, c: &'static str}) -> (i32, f64, &'static str) { (a, b, c) }};
[INFO] [stderr]    |     -------------^^^^^^^^------------------------------------------------------------------------------
[INFO] [stderr]    = note: this error originates in the macro `call` (in Nightly builds, run with -Z macro-backtrace for more info)
[INFO] [stderr] ┈┈┈┈┈┈┈┈┈┈┈┈┈┈┈┈┈┈┈┈┈┈┈┈┈┈┈┈┈┈┈┈┈┈┈┈┈┈┈┈┈┈┈┈┈┈┈┈┈┈┈┈┈┈┈┈┈┈┈┈
[INFO] [stderr] note: If the actual output is the correct output you can bless it by rerunning
[INFO] [stderr]       your test with the environment variable TRYBUILD=overwrite
[INFO] [stderr] 
[INFO] [stderr] test tests/should_fail/call_too_many_args.rs ... mismatch
[INFO] [stderr] 
[INFO] [stderr] EXPECTED:
[INFO] [stderr] ┈┈┈┈┈┈┈┈┈┈┈┈┈┈┈┈┈┈┈┈┈┈┈┈┈┈┈┈┈┈┈┈┈┈┈┈┈┈┈┈┈┈┈┈┈┈┈┈┈┈┈┈┈┈┈┈┈┈┈┈
[INFO] [stderr] error[E0308]: mismatched types
[INFO] [stderr]   --> tests/should_fail/call_too_many_args.rs:12:21
[INFO] [stderr]    |
[INFO] [stderr] 12 |     let (a, b, c) = call! { test_foo, { b: B, a: A, c: C, oops: 0}}; // Too many arguments.
[INFO] [stderr]    |                     ^^^^^^^^--------^^^^^^^^^^^^^^^^^^^^^^^^^^^^^^^
[INFO] [stderr]    |                     |       |
[INFO] [stderr]    |                     |       arguments to this function are incorrect
[INFO] [stderr]    |                     expected a tuple with 3 elements, found one with 4 elements
[INFO] [stderr]    |
[INFO] [stderr]    = note: expected tuple `(a<i32>, b<f64>, c<&str>)`
[INFO] [stderr]               found tuple `(a<i32>, b<f64>, c<&str>, oops<{integer}>)`
[INFO] [stderr] note: function defined here
[INFO] [stderr]   --> tests/should_fail/call_too_many_args.rs:10:18
[INFO] [stderr]    |
[INFO] [stderr] 10 |     destruct!{fn test_foo({a: i32, b: f64, c: &'static str}) -> (i32, f64, &'static str) { (a, b, c) }};
[INFO] [stderr]    |     -------------^^^^^^^^------------------------------------------------------------------------------
[INFO] [stderr]    = note: this error originates in the macro `call` (in Nightly builds, run with -Z macro-backtrace for more info)
[INFO] [stderr] ┈┈┈┈┈┈┈┈┈┈┈┈┈┈┈┈┈┈┈┈┈┈┈┈┈┈┈┈┈┈┈┈┈┈┈┈┈┈┈┈┈┈┈┈┈┈┈┈┈┈┈┈┈┈┈┈┈┈┈┈
[INFO] [stderr] 
[INFO] [stderr] ACTUAL OUTPUT:
[INFO] [stderr] ┈┈┈┈┈┈┈┈┈┈┈┈┈┈┈┈┈┈┈┈┈┈┈┈┈┈┈┈┈┈┈┈┈┈┈┈┈┈┈┈┈┈┈┈┈┈┈┈┈┈┈┈┈┈┈┈┈┈┈┈
[INFO] [stderr] error[E0557]: feature has been removed
[INFO] [stderr]  --> tests/should_fail/call_too_many_args.rs:1:12
[INFO] [stderr]   |
[INFO] [stderr] 1 | #![feature(associated_const_equality)]
[INFO] [stderr]   |            ^^^^^^^^^^^^^^^^^^^^^^^^^ feature has been removed
[INFO] [stderr]   |
[INFO] [stderr]   = note: removed in 1.94.0
[INFO] [stderr]   = note: merged into `gca_min_const_items`
[INFO] [stderr] 
[INFO] [stderr] error[E0658]: associated const equality is incomplete
[INFO] [stderr]   --> tests/should_fail/call_too_many_args.rs:10:5
[INFO] [stderr]    |
[INFO] [stderr] 10 |     destruct!{fn test_foo({a: i32, b: f64, c: &'static str}) -> (i32, f64, &'static str) { (a, b, c) }};
[INFO] [stderr]    |     ^^^^^^^^^^^^^^^^^^^^^^^^^^^^^^^^^^^^^^^^^^^^^^^^^^^^^^^^^^^^^^^^^^^^^^^^^^^^^^^^^^^^^^^^^^^^^^^^^^^
[INFO] [stderr]    |
[INFO] [stderr]    = note: see issue #132980 <https://github.com/rust-lang/rust/issues/132980> for more information
[INFO] [stderr]    = note: this error originates in the macro `destruct` (in Nightly builds, run with -Z macro-backtrace for more info)
[INFO] [stderr] 
[INFO] [stderr] error[E0308]: mismatched types
[INFO] [stderr]   --> tests/should_fail/call_too_many_args.rs:12:21
[INFO] [stderr]    |
[INFO] [stderr] 12 |     let (a, b, c) = call! { test_foo, { b: B, a: A, c: C, oops: 0}}; // Too many arguments.
[INFO] [stderr]    |                     ^^^^^^^^--------^^^^^^^^^^^^^^^^^^^^^^^^^^^^^^^
[INFO] [stderr]    |                     |       |
[INFO] [stderr]    |                     |       arguments to this function are incorrect
[INFO] [stderr]    |                     expected a tuple with 3 elements, found one with 4 elements
[INFO] [stderr]    |
[INFO] [stderr]    = note: expected tuple `(a<i32>, b<f64>, c<&str>)`
[INFO] [stderr]               found tuple `(a<i32>, b<f64>, c<&str>, oops<{integer}>)`
[INFO] [stderr] note: function defined here
[INFO] [stderr]   --> tests/should_fail/call_too_many_args.rs:10:18
[INFO] [stderr]    |
[INFO] [stderr] 10 |     destruct!{fn test_foo({a: i32, b: f64, c: &'static str}) -> (i32, f64, &'static str) { (a, b, c) }};
[INFO] [stderr]    |     -------------^^^^^^^^------------------------------------------------------------------------------
[INFO] [stderr]    = note: this error originates in the macro `call` (in Nightly builds, run with -Z macro-backtrace for more info)
[INFO] [stderr] ┈┈┈┈┈┈┈┈┈┈┈┈┈┈┈┈┈┈┈┈┈┈┈┈┈┈┈┈┈┈┈┈┈┈┈┈┈┈┈┈┈┈┈┈┈┈┈┈┈┈┈┈┈┈┈┈┈┈┈┈
[INFO] [stderr] note: If the actual output is the correct output you can bless it by rerunning
[INFO] [stderr]       your test with the environment variable TRYBUILD=overwrite
[INFO] [stderr] 
[INFO] [stderr] test tests/should_fail/struct_bad_field_names.rs ... mismatch
[INFO] [stderr] 
[INFO] [stderr] EXPECTED:
[INFO] [stderr] ┈┈┈┈┈┈┈┈┈┈┈┈┈┈┈┈┈┈┈┈┈┈┈┈┈┈┈┈┈┈┈┈┈┈┈┈┈┈┈┈┈┈┈┈┈┈┈┈┈┈┈┈┈┈┈┈┈┈┈┈
[INFO] [stderr] error[E0277]: the trait bound `b<f64>: Field<i32>` is not satisfied
[INFO] [stderr]   --> tests/should_fail/struct_bad_field_names.rs:12:21
[INFO] [stderr]    |
[INFO] [stderr] 12 |     let (a, b, c) = call! { test_foo, { c: C, b: B, oops: A}}; // Arbitrary order
[INFO] [stderr]    |                     ^^^^^^^^--------^^^^^^^^^^^^^^^^^^^^^^^^^
[INFO] [stderr]    |                     |       |
[INFO] [stderr]    |                     |       required by a bound introduced by this call
[INFO] [stderr]    |                     the trait `Field<i32>` is not implemented for `b<f64>`
[INFO] [stderr]    |
[INFO] [stderr]    = help: the trait `Field<f64>` is implemented for `b<f64>`
[INFO] [stderr]    = help: for that trait implementation, expected `f64`, found `i32`
[INFO] [stderr] note: required by a bound in `test_instruct_destruct_bad_field_names::test_foo`
[INFO] [stderr]   --> tests/should_fail/struct_bad_field_names.rs:10:5
[INFO] [stderr]    |
[INFO] [stderr] 10 |     destruct!{fn test_foo({a: i32, b: f64, c: &'static str}) -> (i32, f64, &'static str) { (a, b, c) }};
[INFO] [stderr]    |     ^^^^^^^^^^^^^^^^^^^^^^^^^^^^^^^^^^^^^^^^^^^^^^^^^^^^^^^^^^^^^^^^^^^^^^^^^^^^^^^^^^^^^^^^^^^^^^^^^^^ required by this bound in `test_foo`
[INFO] [stderr]    = note: this error originates in the macro `destruct` (in Nightly builds, run with -Z macro-backtrace for more info)
[INFO] [stderr] 
[INFO] [stderr] error[E0271]: type mismatch resolving `<b<f64> as Field<i32>>::NAME == "a"`
[INFO] [stderr]   --> tests/should_fail/struct_bad_field_names.rs:12:21
[INFO] [stderr]    |
[INFO] [stderr] 12 |     let (a, b, c) = call! { test_foo, { c: C, b: B, oops: A}}; // Arbitrary order
[INFO] [stderr]    |                     ^^^^^^^^--------^^^^^^^^^^^^^^^^^^^^^^^^^
[INFO] [stderr]    |                     |       |
[INFO] [stderr]    |                     |       required by a bound introduced by this call
[INFO] [stderr]    |                     expected `"a"`, found `<b<f64> as Field<i32>>::NAME`
[INFO] [stderr]    |
[INFO] [stderr]    = note: expected constant `"a"`
[INFO] [stderr]               found constant `<b<f64> as Field<i32>>::NAME`
[INFO] [stderr] note: required by a bound in `test_instruct_destruct_bad_field_names::test_foo`
[INFO] [stderr]   --> tests/should_fail/struct_bad_field_names.rs:10:5
[INFO] [stderr]    |
[INFO] [stderr] 10 |     destruct!{fn test_foo({a: i32, b: f64, c: &'static str}) -> (i32, f64, &'static str) { (a, b, c) }};
[INFO] [stderr]    |     ^^^^^^^^^^^^^^^^^^^^^^^^^^^^^^^^^^^^^^^^^^^^^^^^^^^^^^^^^^^^^^^^^^^^^^^^^^^^^^^^^^^^^^^^^^^^^^^^^^^ required by this bound in `test_foo`
[INFO] [stderr]    = note: this error originates in the macro `destruct` (in Nightly builds, run with -Z macro-backtrace for more info)
[INFO] [stderr] 
[INFO] [stderr] error[E0277]: the trait bound `c<&str>: Field<f64>` is not satisfied
[INFO] [stderr]   --> tests/should_fail/struct_bad_field_names.rs:12:21
[INFO] [stderr]    |
[INFO] [stderr] 12 |     let (a, b, c) = call! { test_foo, { c: C, b: B, oops: A}}; // Arbitrary order
[INFO] [stderr]    |                     ^^^^^^^^--------^^^^^^^^^^^^^^^^^^^^^^^^^
[INFO] [stderr]    |                     |       |
[INFO] [stderr]    |                     |       required by a bound introduced by this call
[INFO] [stderr]    |                     the trait `Field<f64>` is not implemented for `c<&str>`
[INFO] [stderr]    |
[INFO] [stderr]    = help: the trait `Field<&str>` is implemented for `c<&str>`
[INFO] [stderr]    = help: for that trait implementation, expected `&str`, found `f64`
[INFO] [stderr] note: required by a bound in `test_instruct_destruct_bad_field_names::test_foo`
[INFO] [stderr]   --> tests/should_fail/struct_bad_field_names.rs:10:5
[INFO] [stderr]    |
[INFO] [stderr] 10 |     destruct!{fn test_foo({a: i32, b: f64, c: &'static str}) -> (i32, f64, &'static str) { (a, b, c) }};
[INFO] [stderr]    |     ^^^^^^^^^^^^^^^^^^^^^^^^^^^^^^^^^^^^^^^^^^^^^^^^^^^^^^^^^^^^^^^^^^^^^^^^^^^^^^^^^^^^^^^^^^^^^^^^^^^ required by this bound in `test_foo`
[INFO] [stderr]    = note: this error originates in the macro `destruct` (in Nightly builds, run with -Z macro-backtrace for more info)
[INFO] [stderr] 
[INFO] [stderr] error[E0271]: type mismatch resolving `<c<&str> as Field<f64>>::NAME == "b"`
[INFO] [stderr]   --> tests/should_fail/struct_bad_field_names.rs:12:21
[INFO] [stderr]    |
[INFO] [stderr] 12 |     let (a, b, c) = call! { test_foo, { c: C, b: B, oops: A}}; // Arbitrary order
[INFO] [stderr]    |                     ^^^^^^^^--------^^^^^^^^^^^^^^^^^^^^^^^^^
[INFO] [stderr]    |                     |       |
[INFO] [stderr]    |                     |       required by a bound introduced by this call
[INFO] [stderr]    |                     expected `"b"`, found `<c<&str> as Field<f64>>::NAME`
[INFO] [stderr]    |
[INFO] [stderr]    = note: expected constant `"b"`
[INFO] [stderr]               found constant `<c<&str> as Field<f64>>::NAME`
[INFO] [stderr] note: required by a bound in `test_instruct_destruct_bad_field_names::test_foo`
[INFO] [stderr]   --> tests/should_fail/struct_bad_field_names.rs:10:5
[INFO] [stderr]    |
[INFO] [stderr] 10 |     destruct!{fn test_foo({a: i32, b: f64, c: &'static str}) -> (i32, f64, &'static str) { (a, b, c) }};
[INFO] [stderr]    |     ^^^^^^^^^^^^^^^^^^^^^^^^^^^^^^^^^^^^^^^^^^^^^^^^^^^^^^^^^^^^^^^^^^^^^^^^^^^^^^^^^^^^^^^^^^^^^^^^^^^ required by this bound in `test_foo`
[INFO] [stderr]    = note: this error originates in the macro `destruct` (in Nightly builds, run with -Z macro-backtrace for more info)
[INFO] [stderr] 
[INFO] [stderr] error[E0277]: the trait bound `oops<i32>: Field<&'static str>` is not satisfied
[INFO] [stderr]   --> tests/should_fail/struct_bad_field_names.rs:12:21
[INFO] [stderr]    |
[INFO] [stderr] 12 |     let (a, b, c) = call! { test_foo, { c: C, b: B, oops: A}}; // Arbitrary order
[INFO] [stderr]    |                     ^^^^^^^^--------^^^^^^^^^^^^^^^^^^^^^^^^^
[INFO] [stderr]    |                     |       |
[INFO] [stderr]    |                     |       required by a bound introduced by this call
[INFO] [stderr]    |                     the trait `Field<&'static str>` is not implemented for `oops<i32>`
[INFO] [stderr]    |
[INFO] [stderr]    = help: the trait `Field<i32>` is implemented for `oops<i32>`
[INFO] [stderr]    = help: for that trait implementation, expected `i32`, found `&'static str`
[INFO] [stderr] note: required by a bound in `test_instruct_destruct_bad_field_names::test_foo`
[INFO] [stderr]   --> tests/should_fail/struct_bad_field_names.rs:10:5
[INFO] [stderr]    |
[INFO] [stderr] 10 |     destruct!{fn test_foo({a: i32, b: f64, c: &'static str}) -> (i32, f64, &'static str) { (a, b, c) }};
[INFO] [stderr]    |     ^^^^^^^^^^^^^^^^^^^^^^^^^^^^^^^^^^^^^^^^^^^^^^^^^^^^^^^^^^^^^^^^^^^^^^^^^^^^^^^^^^^^^^^^^^^^^^^^^^^ required by this bound in `test_foo`
[INFO] [stderr]    = note: this error originates in the macro `destruct` (in Nightly builds, run with -Z macro-backtrace for more info)
[INFO] [stderr] 
[INFO] [stderr] error[E0271]: type mismatch resolving `<oops<i32> as Field<&str>>::NAME == "c"`
[INFO] [stderr]   --> tests/should_fail/struct_bad_field_names.rs:12:21
[INFO] [stderr]    |
[INFO] [stderr] 12 |     let (a, b, c) = call! { test_foo, { c: C, b: B, oops: A}}; // Arbitrary order
[INFO] [stderr]    |                     ^^^^^^^^--------^^^^^^^^^^^^^^^^^^^^^^^^^
[INFO] [stderr]    |                     |       |
[INFO] [stderr]    |                     |       required by a bound introduced by this call
[INFO] [stderr]    |                     expected `"c"`, found `<oops<i32> as Field<&'static str>>::NAME`
[INFO] [stderr]    |
[INFO] [stderr]    = note: expected constant `"c"`
[INFO] [stderr]               found constant `<oops<i32> as Field<&'static str>>::NAME`
[INFO] [stderr] note: required by a bound in `test_instruct_destruct_bad_field_names::test_foo`
[INFO] [stderr]   --> tests/should_fail/struct_bad_field_names.rs:10:5
[INFO] [stderr]    |
[INFO] [stderr] 10 |     destruct!{fn test_foo({a: i32, b: f64, c: &'static str}) -> (i32, f64, &'static str) { (a, b, c) }};
[INFO] [stderr]    |     ^^^^^^^^^^^^^^^^^^^^^^^^^^^^^^^^^^^^^^^^^^^^^^^^^^^^^^^^^^^^^^^^^^^^^^^^^^^^^^^^^^^^^^^^^^^^^^^^^^^ required by this bound in `test_foo`
[INFO] [stderr]    = note: this error originates in the macro `destruct` (in Nightly builds, run with -Z macro-backtrace for more info)
[INFO] [stderr] ┈┈┈┈┈┈┈┈┈┈┈┈┈┈┈┈┈┈┈┈┈┈┈┈┈┈┈┈┈┈┈┈┈┈┈┈┈┈┈┈┈┈┈┈┈┈┈┈┈┈┈┈┈┈┈┈┈┈┈┈
[INFO] [stderr] 
[INFO] [stderr] ACTUAL OUTPUT:
[INFO] [stderr] ┈┈┈┈┈┈┈┈┈┈┈┈┈┈┈┈┈┈┈┈┈┈┈┈┈┈┈┈┈┈┈┈┈┈┈┈┈┈┈┈┈┈┈┈┈┈┈┈┈┈┈┈┈┈┈┈┈┈┈┈
[INFO] [stderr] error[E0557]: feature has been removed
[INFO] [stderr]  --> tests/should_fail/struct_bad_field_names.rs:1:12
[INFO] [stderr]   |
[INFO] [stderr] 1 | #![feature(associated_const_equality)]
[INFO] [stderr]   |            ^^^^^^^^^^^^^^^^^^^^^^^^^ feature has been removed
[INFO] [stderr]   |
[INFO] [stderr]   = note: removed in 1.94.0
[INFO] [stderr]   = note: merged into `gca_min_const_items`
[INFO] [stderr] 
[INFO] [stderr] error[E0658]: associated const equality is incomplete
[INFO] [stderr]   --> tests/should_fail/struct_bad_field_names.rs:10:5
[INFO] [stderr]    |
[INFO] [stderr] 10 |     destruct!{fn test_foo({a: i32, b: f64, c: &'static str}) -> (i32, f64, &'static str) { (a, b, c) }};
[INFO] [stderr]    |     ^^^^^^^^^^^^^^^^^^^^^^^^^^^^^^^^^^^^^^^^^^^^^^^^^^^^^^^^^^^^^^^^^^^^^^^^^^^^^^^^^^^^^^^^^^^^^^^^^^^
[INFO] [stderr]    |
[INFO] [stderr]    = note: see issue #132980 <https://github.com/rust-lang/rust/issues/132980> for more information
[INFO] [stderr]    = note: this error originates in the macro `destruct` (in Nightly builds, run with -Z macro-backtrace for more info)
[INFO] [stderr] 
[INFO] [stderr] error[E0277]: the trait bound `b<f64>: obstruct::Field<i32>` is not satisfied
[INFO] [stderr]   --> tests/should_fail/struct_bad_field_names.rs:12:21
[INFO] [stderr]    |
[INFO] [stderr] 12 |     let (a, b, c) = call! { test_foo, { c: C, b: B, oops: A}}; // Arbitrary order
[INFO] [stderr]    |                     ^^^^^^^^--------^^^^^^^^^^^^^^^^^^^^^^^^^
[INFO] [stderr]    |                     |       |
[INFO] [stderr]    |                     |       required by a bound introduced by this call
[INFO] [stderr]    |                     unsatisfied trait bound
[INFO] [stderr]    |
[INFO] [stderr] help: the trait `Field<i32>` is not implemented for `b<f64>`
[INFO] [stderr]       but trait `Field<f64>` is implemented for it
[INFO] [stderr]   --> tests/should_fail/struct_bad_field_names.rs:12:21
[INFO] [stderr]    |
[INFO] [stderr] 12 |     let (a, b, c) = call! { test_foo, { c: C, b: B, oops: A}}; // Arbitrary order
[INFO] [stderr]    |                     ^^^^^^^^^^^^^^^^^^^^^^^^^^^^^^^^^^^^^^^^^
[INFO] [stderr]    = help: for that trait implementation, expected `f64`, found `i32`
[INFO] [stderr] note: required by a bound in `test_instruct_destruct_bad_field_names::test_foo`
[INFO] [stderr]   --> tests/should_fail/struct_bad_field_names.rs:10:5
[INFO] [stderr]    |
[INFO] [stderr] 10 |     destruct!{fn test_foo({a: i32, b: f64, c: &'static str}) -> (i32, f64, &'static str) { (a, b, c) }};
[INFO] [stderr]    |     ^^^^^^^^^^^^^^^^^^^^^^^^^^^^^^^^^^^^^^^^^^^^^^^^^^^^^^^^^^^^^^^^^^^^^^^^^^^^^^^^^^^^^^^^^^^^^^^^^^^ required by this bound in `test_foo`
[INFO] [stderr]    = note: this error originates in the macro `call` which comes from the expansion of the macro `destruct` (in Nightly builds, run with -Z macro-backtrace for more info)
[INFO] [stderr] 
[INFO] [stderr] error[E0277]: the trait bound `c<&str>: obstruct::Field<f64>` is not satisfied
[INFO] [stderr]   --> tests/should_fail/struct_bad_field_names.rs:12:21
[INFO] [stderr]    |
[INFO] [stderr] 12 |     let (a, b, c) = call! { test_foo, { c: C, b: B, oops: A}}; // Arbitrary order
[INFO] [stderr]    |                     ^^^^^^^^--------^^^^^^^^^^^^^^^^^^^^^^^^^
[INFO] [stderr]    |                     |       |
[INFO] [stderr]    |                     |       required by a bound introduced by this call
[INFO] [stderr]    |                     unsatisfied trait bound
[INFO] [stderr]    |
[INFO] [stderr] help: the trait `Field<f64>` is not implemented for `c<&str>`
[INFO] [stderr]       but trait `Field<&str>` is implemented for it
[INFO] [stderr]   --> tests/should_fail/struct_bad_field_names.rs:12:21
[INFO] [stderr]    |
[INFO] [stderr] 12 |     let (a, b, c) = call! { test_foo, { c: C, b: B, oops: A}}; // Arbitrary order
[INFO] [stderr]    |                     ^^^^^^^^^^^^^^^^^^^^^^^^^^^^^^^^^^^^^^^^^
[INFO] [stderr]    = help: for that trait implementation, expected `&str`, found `f64`
[INFO] [stderr] note: required by a bound in `test_instruct_destruct_bad_field_names::test_foo`
[INFO] [stderr]   --> tests/should_fail/struct_bad_field_names.rs:10:5
[INFO] [stderr]    |
[INFO] [stderr] 10 |     destruct!{fn test_foo({a: i32, b: f64, c: &'static str}) -> (i32, f64, &'static str) { (a, b, c) }};
[INFO] [stderr]    |     ^^^^^^^^^^^^^^^^^^^^^^^^^^^^^^^^^^^^^^^^^^^^^^^^^^^^^^^^^^^^^^^^^^^^^^^^^^^^^^^^^^^^^^^^^^^^^^^^^^^ required by this bound in `test_foo`
[INFO] [stderr]    = note: this error originates in the macro `call` which comes from the expansion of the macro `destruct` (in Nightly builds, run with -Z macro-backtrace for more info)
[INFO] [stderr] 
[INFO] [stderr] error[E0277]: the trait bound `oops<i32>: obstruct::Field<&'static str>` is not satisfied
[INFO] [stderr]   --> tests/should_fail/struct_bad_field_names.rs:12:21
[INFO] [stderr]    |
[INFO] [stderr] 12 |     let (a, b, c) = call! { test_foo, { c: C, b: B, oops: A}}; // Arbitrary order
[INFO] [stderr]    |                     ^^^^^^^^--------^^^^^^^^^^^^^^^^^^^^^^^^^
[INFO] [stderr]    |                     |       |
[INFO] [stderr]    |                     |       required by a bound introduced by this call
[INFO] [stderr]    |                     unsatisfied trait bound
[INFO] [stderr]    |
[INFO] [stderr] help: the trait `Field<&'static str>` is not implemented for `oops<i32>`
[INFO] [stderr]       but trait `Field<i32>` is implemented for it
[INFO] [stderr]   --> tests/should_fail/struct_bad_field_names.rs:12:21
[INFO] [stderr]    |
[INFO] [stderr] 12 |     let (a, b, c) = call! { test_foo, { c: C, b: B, oops: A}}; // Arbitrary order
[INFO] [stderr]    |                     ^^^^^^^^^^^^^^^^^^^^^^^^^^^^^^^^^^^^^^^^^
[INFO] [stderr]    = help: for that trait implementation, expected `i32`, found `&'static str`
[INFO] [stderr] note: required by a bound in `test_instruct_destruct_bad_field_names::test_foo`
[INFO] [stderr]   --> tests/should_fail/struct_bad_field_names.rs:10:5
[INFO] [stderr]    |
[INFO] [stderr] 10 |     destruct!{fn test_foo({a: i32, b: f64, c: &'static str}) -> (i32, f64, &'static str) { (a, b, c) }};
[INFO] [stderr]    |     ^^^^^^^^^^^^^^^^^^^^^^^^^^^^^^^^^^^^^^^^^^^^^^^^^^^^^^^^^^^^^^^^^^^^^^^^^^^^^^^^^^^^^^^^^^^^^^^^^^^ required by this bound in `test_foo`
[INFO] [stderr]    = note: this error originates in the macro `call` which comes from the expansion of the macro `destruct` (in Nightly builds, run with -Z macro-backtrace for more info)
[INFO] [stderr] ┈┈┈┈┈┈┈┈┈┈┈┈┈┈┈┈┈┈┈┈┈┈┈┈┈┈┈┈┈┈┈┈┈┈┈┈┈┈┈┈┈┈┈┈┈┈┈┈┈┈┈┈┈┈┈┈┈┈┈┈
[INFO] [stderr] note: If the actual output is the correct output you can bless it by rerunning
[INFO] [stderr]       your test with the environment variable TRYBUILD=overwrite
[INFO] [stderr] 
[INFO] [stderr] 
[INFO] [stderr] 
[INFO] [stderr] error: test failed, to rerun pass `--test runner`
[INFO] running `Command { std: "docker" "inspect" "a4972da934d94b4bbf0b9dbff98bd0676c6e0a2db452f4745b0983bc08c05a88", kill_on_drop: false }`
[INFO] running `Command { std: "docker" "rm" "-f" "a4972da934d94b4bbf0b9dbff98bd0676c6e0a2db452f4745b0983bc08c05a88", kill_on_drop: false }`
[INFO] [stdout] a4972da934d94b4bbf0b9dbff98bd0676c6e0a2db452f4745b0983bc08c05a88
