[INFO] fetching crate obsidian-export 25.3.0...
[INFO] testing obsidian-export-25.3.0 against 1.99.0-beta.8+cargoflags=--release for beta-release-1.100-2
[INFO] extracting crate obsidian-export 25.3.0 into /workspace/builds/worker-2-tc1/source
[INFO] removed /workspace/builds/worker-2-tc1/source/rust-toolchain.toml
[INFO] started tweaking crates.io crate obsidian-export 25.3.0
[INFO] removed 0 missing tests
[INFO] finished tweaking crates.io crate obsidian-export 25.3.0
[INFO] tweaked toml for crates.io crate obsidian-export 25.3.0 written to /workspace/builds/worker-2-tc1/source/Cargo.toml
[INFO] validating manifest of crates.io crate obsidian-export 25.3.0 on toolchain 1.99.0-beta.8
[INFO] running `Command { std: CARGO_HOME="/workspace/cargo-home" RUSTUP_HOME="/workspace/rustup-home" "/workspace/cargo-home/bin/cargo" "+1.99.0-beta.8" "metadata" "--manifest-path" "Cargo.toml" "--no-deps", kill_on_drop: false }`
[INFO] crate crates.io crate obsidian-export 25.3.0 already has a lockfile, it will not be regenerated
[INFO] running `Command { std: CARGO_HOME="/workspace/cargo-home" RUSTUP_HOME="/workspace/rustup-home" "/workspace/cargo-home/bin/cargo" "+1.99.0-beta.8" "fetch" "--manifest-path" "Cargo.toml", kill_on_drop: false }`
[INFO] [stderr] warning: Cargo.toml: `lints.clippy.string-add` is deprecated in favor of `lints.clippy.string_add` and will not work in a future edition
[INFO] [stderr] warning: Cargo.toml: duplicate lint `string-add` in `[lints.clippy]`, conflicts with `string_add` and will not work in a future edition
[INFO] [stderr] warning: Cargo.toml: `lints.rust.redundant-lifetimes` is deprecated in favor of `lints.rust.redundant_lifetimes` and will not work in a future edition
[INFO] [stderr] warning: `obsidian-export` (manifest) generated 3 warnings
[INFO] [stderr]     Updating crates.io index
[INFO] [stderr]  Downloading crates ...
[INFO] [stderr]   Downloaded once_cell v1.21.1
[INFO] [stderr]   Downloaded rstest v0.24.0
[INFO] [stderr]   Downloaded yansi v0.5.1
[INFO] [stderr]   Downloaded globset v0.4.16
[INFO] [stderr]   Downloaded gumdrop_derive v0.8.1
[INFO] [stderr]   Downloaded rstest_macros v0.24.0
[INFO] [stderr]   Downloaded gumdrop v0.8.1
[INFO] [stderr]   Downloaded pulldown-cmark-to-cmark v20.0.1
[INFO] [stderr]   Downloaded indexmap v2.8.0
[INFO] [stderr]   Downloaded pretty_assertions v1.4.0
[INFO] [stderr]   Downloaded deunicode v1.6.1
[INFO] [stderr]   Downloaded pulldown-cmark v0.12.2
[INFO] [stderr]   Downloaded winnow v0.7.4
[INFO] running `Command { std: "docker" "create" "-v" "/var/lib/crater-agent-workspace/builds/worker-2-tc1/source:/opt/rustwide/workdir:ro,Z" "-v" "/var/lib/crater-agent-workspace/builds/worker-2-tc1/target:/opt/rustwide/target:rw,Z" "-v" "/var/lib/crater-agent-workspace/cargo-home:/opt/rustwide/cargo-home:ro,Z" "-v" "/var/lib/crater-agent-workspace/rustup-home:/opt/rustwide/rustup-home:ro,Z" "-m" "1610612736" "--network" "none" "ghcr.io/rust-lang/crates-build-env/linux@sha256:77db811e55d90add9212f6832c23229e3de5f1c1f9905e8cb07319ea15df73ac" "sleep" "infinity", kill_on_drop: false }`
[INFO] [stdout] 6d1e945fdbf74d1074ad2c7f760d956ac816ab14a57ed5625e5479561007dc7b
[INFO] running `Command { std: "docker" "start" "6d1e945fdbf74d1074ad2c7f760d956ac816ab14a57ed5625e5479561007dc7b", kill_on_drop: false }`
[INFO] running `Command { std: "docker" "inspect" "6d1e945fdbf74d1074ad2c7f760d956ac816ab14a57ed5625e5479561007dc7b", kill_on_drop: false }`
[INFO] running `Command { std: "docker" "exec" "-e" "SOURCE_DIR=/opt/rustwide/workdir" "-e" "CARGO_HOME=/opt/rustwide/cargo-home" "-e" "RUSTUP_HOME=/opt/rustwide/rustup-home" "-e" "CARGO_TARGET_DIR=/opt/rustwide/target" "-w" "/opt/rustwide/workdir" "--user" "0:0" "6d1e945fdbf74d1074ad2c7f760d956ac816ab14a57ed5625e5479561007dc7b" "/opt/rustwide/cargo-home/bin/cargo" "+1.99.0-beta.8" "metadata" "--no-deps" "--format-version=1", kill_on_drop: false }`
[INFO] running `Command { std: "docker" "inspect" "6d1e945fdbf74d1074ad2c7f760d956ac816ab14a57ed5625e5479561007dc7b", kill_on_drop: false }`
[INFO] running `Command { std: "docker" "exec" "-e" "SOURCE_DIR=/opt/rustwide/workdir" "-e" "CARGO_HOME=/opt/rustwide/cargo-home" "-e" "RUSTUP_HOME=/opt/rustwide/rustup-home" "-e" "CARGO_TARGET_DIR=/opt/rustwide/target" "-e" "CARGO_INCREMENTAL=0" "-e" "RUST_BACKTRACE=full" "-e" "RUSTFLAGS=--cap-lints=warn" "-e" "RUSTDOCFLAGS=--cap-lints=warn" "-w" "/opt/rustwide/workdir" "--user" "0:0" "6d1e945fdbf74d1074ad2c7f760d956ac816ab14a57ed5625e5479561007dc7b" "/opt/rustwide/cargo-home/bin/cargo" "+1.99.0-beta.8" "build" "--frozen" "--message-format=json" "--release", kill_on_drop: false }`
[INFO] [stderr] warning: Cargo.toml: `lints.clippy.string-add` is deprecated in favor of `lints.clippy.string_add` and will not work in a future edition
[INFO] [stderr] warning: Cargo.toml: duplicate lint `string-add` in `[lints.clippy]`, conflicts with `string_add` and will not work in a future edition
[INFO] [stderr] warning: Cargo.toml: `lints.rust.redundant-lifetimes` is deprecated in favor of `lints.rust.redundant_lifetimes` and will not work in a future edition
[INFO] [stderr] warning: `obsidian-export` (manifest) generated 3 warnings
[INFO] [stderr]    Compiling pulldown-cmark v0.12.2
[INFO] [stderr]    Compiling serde v1.0.219
[INFO] [stderr]    Compiling libc v0.2.171
[INFO] [stderr]    Compiling rayon-core v1.12.1
[INFO] [stderr]    Compiling unicase v2.8.1
[INFO] [stderr]    Compiling pulldown-cmark-escape v0.11.0
[INFO] [stderr]    Compiling aho-corasick v1.1.3
[INFO] [stderr]    Compiling bstr v1.11.3
[INFO] [stderr]    Compiling getopts v0.2.21
[INFO] [stderr]    Compiling eyre v0.6.12
[INFO] [stderr]    Compiling log v0.4.26
[INFO] [stderr]    Compiling indexmap v2.8.0
[INFO] [stderr]    Compiling tinyvec v1.9.0
[INFO] [stderr]    Compiling syn v1.0.109
[INFO] [stderr]    Compiling syn v2.0.100
[INFO] [stderr]    Compiling once_cell v1.21.1
[INFO] [stderr]    Compiling indenter v0.3.3
[INFO] [stderr]    Compiling unsafe-libyaml v0.2.11
[INFO] [stderr]    Compiling deunicode v1.6.1
[INFO] [stderr]    Compiling pathdiff v0.2.3
[INFO] [stderr]    Compiling slug v0.1.6
[INFO] [stderr]    Compiling rayon v1.10.0
[INFO] [stderr]    Compiling unicode-normalization v0.1.24
[INFO] [stderr]    Compiling regex-automata v0.4.9
[INFO] [stderr]    Compiling pulldown-cmark-to-cmark v20.0.1
[INFO] [stderr]    Compiling filetime v0.2.25
[INFO] [stderr]    Compiling gumdrop_derive v0.8.1
[INFO] [stderr]    Compiling gumdrop v0.8.1
[INFO] [stderr]    Compiling serde_yaml v0.9.34+deprecated
[INFO] [stderr]    Compiling globset v0.4.16
[INFO] [stderr]    Compiling regex v1.11.1
[INFO] [stderr]    Compiling snafu-derive v0.8.5
[INFO] [stderr]    Compiling ignore v0.4.23
[INFO] [stderr]    Compiling snafu v0.8.5
[INFO] [stderr]    Compiling obsidian-export v25.3.0 (/opt/rustwide/workdir)
[INFO] [stderr]     Finished `release` profile [optimized] target(s) in 6.67s
[INFO] running `Command { std: "docker" "inspect" "6d1e945fdbf74d1074ad2c7f760d956ac816ab14a57ed5625e5479561007dc7b", kill_on_drop: false }`
[INFO] running `Command { std: "docker" "exec" "-e" "SOURCE_DIR=/opt/rustwide/workdir" "-e" "CARGO_HOME=/opt/rustwide/cargo-home" "-e" "RUSTUP_HOME=/opt/rustwide/rustup-home" "-e" "CARGO_TARGET_DIR=/opt/rustwide/target" "-e" "CARGO_INCREMENTAL=0" "-e" "RUST_BACKTRACE=full" "-e" "RUSTFLAGS=--cap-lints=warn" "-e" "RUSTDOCFLAGS=--cap-lints=warn" "-w" "/opt/rustwide/workdir" "--user" "0:0" "6d1e945fdbf74d1074ad2c7f760d956ac816ab14a57ed5625e5479561007dc7b" "/opt/rustwide/cargo-home/bin/cargo" "+1.99.0-beta.8" "test" "--frozen" "--no-run" "--message-format=json" "--release", kill_on_drop: false }`
[INFO] [stderr] warning: Cargo.toml: `lints.clippy.string-add` is deprecated in favor of `lints.clippy.string_add` and will not work in a future edition
[INFO] [stderr] warning: Cargo.toml: duplicate lint `string-add` in `[lints.clippy]`, conflicts with `string_add` and will not work in a future edition
[INFO] [stderr] warning: Cargo.toml: `lints.rust.redundant-lifetimes` is deprecated in favor of `lints.rust.redundant_lifetimes` and will not work in a future edition
[INFO] [stderr] warning: `obsidian-export` (manifest) generated 3 warnings
[INFO] [stderr]    Compiling memchr v2.7.4
[INFO] [stderr]    Compiling hashbrown v0.15.2
[INFO] [stderr]    Compiling toml_datetime v0.6.8
[INFO] [stderr]    Compiling winnow v0.7.4
[INFO] [stderr]    Compiling rstest_macros v0.24.0
[INFO] [stderr]    Compiling rustix v0.38.44
[INFO] [stderr]    Compiling futures-macro v0.3.31
[INFO] [stderr]    Compiling glob v0.3.2
[INFO] [stderr]    Compiling cfg-if v1.0.0
[INFO] [stderr]    Compiling relative-path v1.9.3
[INFO] [stderr]    Compiling yansi v0.5.1
[INFO] [stderr]    Compiling pretty_assertions v1.4.0
[INFO] [stderr]    Compiling futures-util v0.3.31
[INFO] [stderr]    Compiling aho-corasick v1.1.3
[INFO] [stderr]    Compiling indexmap v2.8.0
[INFO] [stderr]    Compiling regex-automata v0.4.9
[INFO] [stderr]    Compiling toml_edit v0.22.24
[INFO] [stderr]    Compiling tempfile v3.10.1
[INFO] [stderr]    Compiling proc-macro-crate v3.3.0
[INFO] [stderr]    Compiling regex v1.11.1
[INFO] [stderr]    Compiling rstest v0.24.0
[INFO] [stderr]    Compiling obsidian-export v25.3.0 (/opt/rustwide/workdir)
[INFO] [stderr]     Finished `release` profile [optimized] target(s) in 4.88s
[INFO] running `Command { std: "docker" "inspect" "6d1e945fdbf74d1074ad2c7f760d956ac816ab14a57ed5625e5479561007dc7b", kill_on_drop: false }`
[INFO] running `Command { std: "docker" "exec" "-e" "SOURCE_DIR=/opt/rustwide/workdir" "-e" "CARGO_HOME=/opt/rustwide/cargo-home" "-e" "RUSTUP_HOME=/opt/rustwide/rustup-home" "-e" "CARGO_TARGET_DIR=/opt/rustwide/target" "-e" "CARGO_INCREMENTAL=0" "-e" "RUST_BACKTRACE=full" "-e" "RUSTFLAGS=--cap-lints=warn" "-e" "RUSTDOCFLAGS=--cap-lints=warn" "-w" "/opt/rustwide/workdir" "--user" "0:0" "6d1e945fdbf74d1074ad2c7f760d956ac816ab14a57ed5625e5479561007dc7b" "/opt/rustwide/cargo-home/bin/cargo" "+1.99.0-beta.8" "test" "--frozen" "--release", kill_on_drop: false }`
[INFO] [stderr] warning: Cargo.toml: `lints.clippy.string-add` is deprecated in favor of `lints.clippy.string_add` and will not work in a future edition
[INFO] [stderr] warning: Cargo.toml: duplicate lint `string-add` in `[lints.clippy]`, conflicts with `string_add` and will not work in a future edition
[INFO] [stderr] warning: Cargo.toml: `lints.rust.redundant-lifetimes` is deprecated in favor of `lints.rust.redundant_lifetimes` and will not work in a future edition
[INFO] [stderr] warning: `obsidian-export` (manifest) generated 3 warnings
[INFO] [stderr]     Finished `release` profile [optimized] target(s) in 0.05s
[INFO] [stderr]      Running unittests src/lib.rs (/opt/rustwide/target/release/deps/obsidian_export-1aaa0228f6272158)
[INFO] [stdout] 
[INFO] [stdout] running 26 tests
[INFO] [stdout] test frontmatter::tests::empty_frontmatter_to_str ... ok
[INFO] [stdout] test frontmatter::tests::empty_string_should_yield_empty_frontmatter ... ok
[INFO] [stdout] test references::tests::test_display_of_note_refs ... ok
[INFO] [stdout] test frontmatter::tests::nonempty_frontmatter_to_str ... ok
[INFO] [stdout] test postprocessors::test_filter_tags ... ok
[INFO] [stdout] test tests::encodings ... ok
[INFO] [stdout] test tests::test_lookup_filename_in_vault::case_01 ... ok
[INFO] [stdout] test tests::test_lookup_filename_in_vault::case_02 ... ok
[INFO] [stdout] test tests::test_lookup_filename_in_vault::case_03 ... ok
[INFO] [stdout] test tests::test_lookup_filename_in_vault::case_04 ... ok
[INFO] [stdout] test tests::test_lookup_filename_in_vault::case_06 ... ok
[INFO] [stdout] test tests::test_lookup_filename_in_vault::case_05 ... ok
[INFO] [stdout] test references::tests::parse_note_refs_from_strings ... ok
[INFO] [stdout] test tests::test_lookup_filename_in_vault::case_07 ... ok
[INFO] [stdout] test tests::test_lookup_filename_in_vault::case_08 ... ok
[INFO] [stdout] test tests::test_lookup_filename_in_vault::case_09 ... ok
[INFO] [stdout] test tests::test_lookup_filename_in_vault::case_10 ... ok
[INFO] [stdout] test tests::test_lookup_filename_in_vault::case_11 ... ok
[INFO] [stdout] test tests::test_lookup_filename_in_vault::case_12 ... ok
[INFO] [stdout] test tests::test_lookup_filename_in_vault::case_13 ... ok
[INFO] [stdout] test tests::test_lookup_filename_in_vault::case_14 ... ok
[INFO] [stdout] test tests::test_lookup_filename_in_vault::case_15 ... ok
[INFO] [stdout] test tests::test_lookup_filename_in_vault::case_16 ... ok
[INFO] [stdout] test tests::test_lookup_filename_in_vault::case_17 ... ok
[INFO] [stdout] test tests::test_lookup_filename_in_vault::case_18 ... ok
[INFO] [stdout] test tests::test_lookup_filename_in_vault::case_19 ... ok
[INFO] [stdout] 
[INFO] [stdout] test result: ok. 26 passed; 0 failed; 0 ignored; 0 measured; 0 filtered out; finished in 0.00s
[INFO] [stdout] 
[INFO] [stderr]      Running unittests src/main.rs (/opt/rustwide/target/release/deps/obsidian_export-ed306f4bddfe99b7)
[INFO] [stdout] 
[INFO] [stdout] running 0 tests
[INFO] [stdout] 
[INFO] [stdout] test result: ok. 0 passed; 0 failed; 0 ignored; 0 measured; 0 filtered out; finished in 0.00s
[INFO] [stdout] 
[INFO] [stderr]      Running tests/export_test.rs (/opt/rustwide/target/release/deps/export_test-67edf60fead68868)
[INFO] [stdout] 
[INFO] [stdout] running 20 tests
[INFO] [stdout] test test_not_existing_source ... ok
[INFO] [stdout] test test_not_existing_destination_with_source_file ... ok
[INFO] [stdout] test test_single_file_to_dir ... ok
[INFO] [stdout] test test_dest_no_permissions ... FAILED
[INFO] [stdout] test test_single_file_to_file ... ok
[INFO] [stdout] test test_source_no_permissions ... FAILED
[INFO] [stdout] test test_start_at_file_within_subdir_destination_is_dir ... ok
[INFO] [stdout] test test_not_existing_destination_with_source_dir ... ok
[INFO] [stdout] test test_start_at_file_within_subdir_destination_is_file ... ok
[INFO] [stdout] test test_infinite_recursion ... ok
[INFO] [stdout] test test_same_filename_different_directories ... ok
[INFO] [stdout] test test_non_ascii_filenames ... ok
[INFO] [stdout] test test_start_at_subdir ... ok
[INFO] [stdout] test test_no_recursive_embeds ... ok
[INFO] [stdout] test test_preserve_mtime ... ok
[INFO] [stdout] test test_exclude ... ok
[INFO] [stdout] test test_no_preserve_mtime ... ok
[INFO] [stdout] test test_frontmatter_never ... ok
[INFO] [stdout] test test_frontmatter_always ... ok
[INFO] [stdout] test test_main_variants_with_default_options ... ok
[INFO] [stdout] 
[INFO] [stdout] failures:
[INFO] [stdout] 
[INFO] [stdout] ---- test_dest_no_permissions stdout ----
[INFO] [stdout] 
[INFO] [stdout] thread 'test_dest_no_permissions' (1421) panicked at tests/export_test.rs:317:42:
[INFO] [stdout] called `Result::unwrap_err()` on an `Ok` value: ()
[INFO] [stdout] stack backtrace:
[INFO] [stdout]    0:     0x56fb10592fa1 - <<std[70759c8f55707aa4]::sys::backtrace::BacktraceLock>::print::DisplayBacktrace as core[df12db4294e9bfd3]::fmt::Display>::fmt
[INFO] [stdout]    1:     0x56fb105aa67a - core[df12db4294e9bfd3]::fmt::write
[INFO] [stdout]    2:     0x56fb105978dc - <alloc[2182bb758b4b3781]::vec::Vec<u8> as core[df12db4294e9bfd3]::io::write::Write>::write_fmt
[INFO] [stdout]    3:     0x56fb1056be46 - std[70759c8f55707aa4]::panicking::default_hook::{closure#0}
[INFO] [stdout]    4:     0x56fb105897b9 - std[70759c8f55707aa4]::panicking::default_hook
[INFO] [stdout]    5:     0x56fb103a2db0 - test[9d35eded1c95d3be]::test_main_inner::<test[9d35eded1c95d3be]::test_main_static::{closure#0}>::{closure#0}
[INFO] [stdout]    6:     0x56fb10589ae2 - std[70759c8f55707aa4]::panicking::panic_with_hook
[INFO] [stdout]    7:     0x56fb1056bef2 - std[70759c8f55707aa4]::panicking::panic_handler::{closure#0}
[INFO] [stdout]    8:     0x56fb105648f9 - std[70759c8f55707aa4]::sys::backtrace::__rust_end_short_backtrace::<std[70759c8f55707aa4]::panicking::panic_handler::{closure#0}, !>
[INFO] [stdout]    9:     0x56fb1056cbad - __rustc[8fa7c3cbc660c2b3]::rust_begin_unwind
[INFO] [stdout]   10:     0x56fb105aae5c - core[df12db4294e9bfd3]::panicking::panic_fmt
[INFO] [stdout]   11:     0x56fb105aac32 - core[df12db4294e9bfd3]::result::unwrap_failed
[INFO] [stdout]   12:     0x56fb1038e9bc - <export_test[6c3e087716c89dc2]::test_dest_no_permissions::{closure#0} as core[df12db4294e9bfd3]::ops::function::FnOnce<()>>::call_once
[INFO] [stdout]   13:     0x56fb1039609b - test[9d35eded1c95d3be]::__rust_begin_short_backtrace::<core[df12db4294e9bfd3]::result::Result<(), alloc[2182bb758b4b3781]::string::String>, fn() -> core[df12db4294e9bfd3]::result::Result<(), alloc[2182bb758b4b3781]::string::String>>
[INFO] [stdout]   14:     0x56fb103a3705 - test[9d35eded1c95d3be]::run_test::{closure#0}
[INFO] [stdout]   15:     0x56fb1039cfc4 - std[70759c8f55707aa4]::sys::backtrace::__rust_begin_short_backtrace::<test[9d35eded1c95d3be]::run_test::{closure#1}, ()>
[INFO] [stdout]   16:     0x56fb103a6862 - <std[70759c8f55707aa4]::thread::lifecycle::spawn_unchecked<test[9d35eded1c95d3be]::run_test::{closure#1}, ()>::{closure#1} as core[df12db4294e9bfd3]::ops::function::FnOnce<()>>::call_once::{shim:vtable#0}
[INFO] [stdout]   17:     0x56fb10592439 - <std[70759c8f55707aa4]::sys::thread::unix::Thread>::new::thread_start
[INFO] [stdout]   18:     0x704098ac3dfa - <unknown>
[INFO] [stdout]   19:     0x704098b573d4 - clone
[INFO] [stdout]   20:                0x0 - <unknown>
[INFO] [stdout] 
[INFO] [stdout] ---- test_source_no_permissions stdout ----
[INFO] [stdout] 
[INFO] [stdout] thread 'test_source_no_permissions' (1437) panicked at tests/export_test.rs:295:42:
[INFO] [stdout] called `Result::unwrap_err()` on an `Ok` value: ()
[INFO] [stdout] stack backtrace:
[INFO] [stdout]    0:     0x56fb10592fa1 - <<std[70759c8f55707aa4]::sys::backtrace::BacktraceLock>::print::DisplayBacktrace as core[df12db4294e9bfd3]::fmt::Display>::fmt
[INFO] [stdout]    1:     0x56fb105aa67a - core[df12db4294e9bfd3]::fmt::write
[INFO] [stdout]    2:     0x56fb105978dc - <alloc[2182bb758b4b3781]::vec::Vec<u8> as core[df12db4294e9bfd3]::io::write::Write>::write_fmt
[INFO] [stdout]    3:     0x56fb1056be46 - std[70759c8f55707aa4]::panicking::default_hook::{closure#0}
[INFO] [stdout]    4:     0x56fb105897b9 - std[70759c8f55707aa4]::panicking::default_hook
[INFO] [stdout]    5:     0x56fb103a2db0 - test[9d35eded1c95d3be]::test_main_inner::<test[9d35eded1c95d3be]::test_main_static::{closure#0}>::{closure#0}
[INFO] [stdout]    6:     0x56fb10589ae2 - std[70759c8f55707aa4]::panicking::panic_with_hook
[INFO] [stdout]    7:     0x56fb1056bef2 - std[70759c8f55707aa4]::panicking::panic_handler::{closure#0}
[INFO] [stdout]    8:     0x56fb105648f9 - std[70759c8f55707aa4]::sys::backtrace::__rust_end_short_backtrace::<std[70759c8f55707aa4]::panicking::panic_handler::{closure#0}, !>
[INFO] [stdout]    9:     0x56fb1056cbad - __rustc[8fa7c3cbc660c2b3]::rust_begin_unwind
[INFO] [stdout]   10:     0x56fb105aae5c - core[df12db4294e9bfd3]::panicking::panic_fmt
[INFO] [stdout]   11:     0x56fb105aac32 - core[df12db4294e9bfd3]::result::unwrap_failed
[INFO] [stdout]   12:     0x56fb103908fa - <export_test[6c3e087716c89dc2]::test_source_no_permissions::{closure#0} as core[df12db4294e9bfd3]::ops::function::FnOnce<()>>::call_once
[INFO] [stdout]   13:     0x56fb1039609b - test[9d35eded1c95d3be]::__rust_begin_short_backtrace::<core[df12db4294e9bfd3]::result::Result<(), alloc[2182bb758b4b3781]::string::String>, fn() -> core[df12db4294e9bfd3]::result::Result<(), alloc[2182bb758b4b3781]::string::String>>
[INFO] [stdout]   14:     0x56fb103a3705 - test[9d35eded1c95d3be]::run_test::{closure#0}
[INFO] [stdout]   15:     0x56fb1039cfc4 - std[70759c8f55707aa4]::sys::backtrace::__rust_begin_short_backtrace::<test[9d35eded1c95d3be]::run_test::{closure#1}, ()>
[INFO] [stdout]   16:     0x56fb103a6862 - <std[70759c8f55707aa4]::thread::lifecycle::spawn_unchecked<test[9d35eded1c95d3be]::run_test::{closure#1}, ()>::{closure#1} as core[df12db4294e9bfd3]::ops::function::FnOnce<()>>::call_once::{shim:vtable#0}
[INFO] [stdout]   17:     0x56fb10592439 - <std[70759c8f55707aa4]::sys::thread::unix::Thread>::new::thread_start
[INFO] [stdout]   18:     0x704098ac3dfa - <unknown>
[INFO] [stdout]   19:     0x704098b573d4 - clone
[INFO] [stdout]   20:                0x0 - <unknown>
[INFO] [stdout] 
[INFO] [stdout] 
[INFO] [stdout] failures:
[INFO] [stdout]     test_dest_no_permissions
[INFO] [stdout]     test_source_no_permissions
[INFO] [stdout] 
[INFO] [stdout] test result: FAILED. 18 passed; 2 failed; 0 ignored; 0 measured; 0 filtered out; finished in 0.01s
[INFO] [stdout] 
[INFO] [stderr] error: test failed, to rerun pass `--test export_test`
[INFO] running `Command { std: "docker" "inspect" "6d1e945fdbf74d1074ad2c7f760d956ac816ab14a57ed5625e5479561007dc7b", kill_on_drop: false }`
[INFO] running `Command { std: "docker" "rm" "-f" "6d1e945fdbf74d1074ad2c7f760d956ac816ab14a57ed5625e5479561007dc7b", kill_on_drop: false }`
[INFO] [stdout] 6d1e945fdbf74d1074ad2c7f760d956ac816ab14a57ed5625e5479561007dc7b
