[INFO] fetching crate obsidian-backups 0.1.3...
[INFO] testing obsidian-backups-0.1.3 against 1.100.0-beta.1+cargoflags=--release for beta-release-1.100-2
[INFO] extracting crate obsidian-backups 0.1.3 into /workspace/builds/worker-0-tc2/source
[INFO] started tweaking crates.io crate obsidian-backups 0.1.3
[INFO] removed 0 missing examples
[INFO] removed 0 missing tests
[INFO] finished tweaking crates.io crate obsidian-backups 0.1.3
[INFO] tweaked toml for crates.io crate obsidian-backups 0.1.3 written to /workspace/builds/worker-0-tc2/source/Cargo.toml
[INFO] validating manifest of crates.io crate obsidian-backups 0.1.3 on toolchain 1.100.0-beta.1
[INFO] running `Command { std: CARGO_HOME="/workspace/cargo-home" RUSTUP_HOME="/workspace/rustup-home" "/workspace/cargo-home/bin/cargo" "+1.100.0-beta.1" "metadata" "--manifest-path" "Cargo.toml" "--no-deps", kill_on_drop: false }`
[INFO] crate crates.io crate obsidian-backups 0.1.3 already has a lockfile, it will not be regenerated
[INFO] running `Command { std: CARGO_HOME="/workspace/cargo-home" RUSTUP_HOME="/workspace/rustup-home" "/workspace/cargo-home/bin/cargo" "+1.100.0-beta.1" "fetch" "--manifest-path" "Cargo.toml", kill_on_drop: false }`
[INFO] running `Command { std: "docker" "create" "-v" "/var/lib/crater-agent-workspace/builds/worker-0-tc2/source:/opt/rustwide/workdir:ro,Z" "-v" "/var/lib/crater-agent-workspace/builds/worker-0-tc2/target:/opt/rustwide/target:rw,Z" "-v" "/var/lib/crater-agent-workspace/cargo-home:/opt/rustwide/cargo-home:ro,Z" "-v" "/var/lib/crater-agent-workspace/rustup-home:/opt/rustwide/rustup-home:ro,Z" "-m" "1610612736" "--network" "none" "ghcr.io/rust-lang/crates-build-env/linux@sha256:77db811e55d90add9212f6832c23229e3de5f1c1f9905e8cb07319ea15df73ac" "sleep" "infinity", kill_on_drop: false }`
[INFO] [stdout] 18d3e639b17b61beec16ce157193be34143dcc7d831c3639c9f67658052db363
[INFO] running `Command { std: "docker" "start" "18d3e639b17b61beec16ce157193be34143dcc7d831c3639c9f67658052db363", kill_on_drop: false }`
[INFO] running `Command { std: "docker" "inspect" "18d3e639b17b61beec16ce157193be34143dcc7d831c3639c9f67658052db363", kill_on_drop: false }`
[INFO] running `Command { std: "docker" "exec" "-e" "SOURCE_DIR=/opt/rustwide/workdir" "-e" "CARGO_HOME=/opt/rustwide/cargo-home" "-e" "RUSTUP_HOME=/opt/rustwide/rustup-home" "-e" "CARGO_TARGET_DIR=/opt/rustwide/target" "-w" "/opt/rustwide/workdir" "--user" "0:0" "18d3e639b17b61beec16ce157193be34143dcc7d831c3639c9f67658052db363" "/opt/rustwide/cargo-home/bin/cargo" "+1.100.0-beta.1" "metadata" "--no-deps" "--format-version=1", kill_on_drop: false }`
[INFO] running `Command { std: "docker" "inspect" "18d3e639b17b61beec16ce157193be34143dcc7d831c3639c9f67658052db363", kill_on_drop: false }`
[INFO] running `Command { std: "docker" "exec" "-e" "SOURCE_DIR=/opt/rustwide/workdir" "-e" "CARGO_HOME=/opt/rustwide/cargo-home" "-e" "RUSTUP_HOME=/opt/rustwide/rustup-home" "-e" "CARGO_TARGET_DIR=/opt/rustwide/target" "-e" "CARGO_INCREMENTAL=0" "-e" "RUST_BACKTRACE=full" "-e" "RUSTFLAGS=--cap-lints=warn" "-e" "RUSTDOCFLAGS=--cap-lints=warn" "-w" "/opt/rustwide/workdir" "--user" "0:0" "18d3e639b17b61beec16ce157193be34143dcc7d831c3639c9f67658052db363" "/opt/rustwide/cargo-home/bin/cargo" "+1.100.0-beta.1" "build" "--frozen" "--message-format=json" "--release", kill_on_drop: false }`
[INFO] [stderr]    Compiling libc v0.2.176
[INFO] [stderr]    Compiling find-msvc-tools v0.1.2
[INFO] [stderr]    Compiling serde v1.0.228
[INFO] [stderr]    Compiling regex-syntax v0.8.6
[INFO] [stderr]    Compiling bstr v1.12.0
[INFO] [stderr]    Compiling syn v2.0.106
[INFO] [stderr]    Compiling object v0.37.3
[INFO] [stderr]    Compiling rustc-demangle v0.1.26
[INFO] [stderr]    Compiling anyhow v1.0.100
[INFO] [stderr]    Compiling jobserver v0.1.34
[INFO] [stderr]    Compiling cc v1.2.39
[INFO] [stderr]    Compiling regex-automata v0.4.11
[INFO] [stderr]    Compiling synstructure v0.13.2
[INFO] [stderr]    Compiling openssl-sys v0.9.109
[INFO] [stderr]    Compiling libz-sys v1.1.22
[INFO] [stderr]    Compiling libssh2-sys v0.3.1
[INFO] [stderr]    Compiling libgit2-sys v0.18.2+1.9.1
[INFO] [stderr]    Compiling zerovec-derive v0.11.1
[INFO] [stderr]    Compiling displaydoc v0.2.5
[INFO] [stderr]    Compiling serde_derive v1.0.228
[INFO] [stderr]    Compiling zerofrom-derive v0.1.6
[INFO] [stderr]    Compiling yoke-derive v0.8.0
[INFO] [stderr]    Compiling zerofrom v0.1.6
[INFO] [stderr]    Compiling yoke v0.8.0
[INFO] [stderr]    Compiling zerovec v0.11.4
[INFO] [stderr]    Compiling zerotrie v0.2.2
[INFO] [stderr]    Compiling backtrace v0.3.76
[INFO] [stderr]    Compiling globset v0.4.16
[INFO] [stderr]    Compiling tinystr v0.8.1
[INFO] [stderr]    Compiling potential_utf v0.1.3
[INFO] [stderr]    Compiling icu_collections v2.0.0
[INFO] [stderr]    Compiling icu_locale_core v2.0.0
[INFO] [stderr]    Compiling ignore v0.4.23
[INFO] [stderr]    Compiling icu_provider v2.0.0
[INFO] [stderr]    Compiling chrono v0.4.42
[INFO] [stderr]    Compiling icu_normalizer v2.0.0
[INFO] [stderr]    Compiling icu_properties v2.0.1
[INFO] [stderr]    Compiling idna_adapter v1.2.1
[INFO] [stderr]    Compiling idna v1.1.0
[INFO] [stderr]    Compiling url v2.5.7
[INFO] [stderr]    Compiling git2 v0.20.2
[INFO] [stderr]    Compiling obsidian-backups v0.1.3 (/opt/rustwide/workdir)
[INFO] [stdout] warning: unused variable: `e`
[INFO] [stdout]    --> src/actions/backup_manager.rs:237:25
[INFO] [stdout]     |
[INFO] [stdout] 237 |             && let Some(e) = builder.add(ignore_file)
[INFO] [stdout]     |                         ^ help: if this is intentional, prefix it with an underscore: `_e`
[INFO] [stdout]     |
[INFO] [stdout]     = note: `#[warn(unused_variables)]` (part of `#[warn(unused)]`) on by default
[INFO] [stdout] 
[INFO] [stdout] 
[INFO] [stdout] warning: unused variable: `e`
[INFO] [stdout]    --> src/actions/backup_manager.rs:316:21
[INFO] [stdout]     |
[INFO] [stdout] 316 |                 Err(e) => {
[INFO] [stdout]     |                     ^ help: if this is intentional, prefix it with an underscore: `_e`
[INFO] [stdout] 
[INFO] [stdout] 
[INFO] [stdout] warning: unused variable: `e`
[INFO] [stdout]    --> src/actions/backup_manager.rs:338:21
[INFO] [stdout]     |
[INFO] [stdout] 338 |                 Err(e) => {
[INFO] [stdout]     |                     ^ help: if this is intentional, prefix it with an underscore: `_e`
[INFO] [stdout] 
[INFO] [stdout] 
[INFO] [stderr]     Finished `release` profile [optimized] target(s) in 1m 16s
[INFO] running `Command { std: "docker" "inspect" "18d3e639b17b61beec16ce157193be34143dcc7d831c3639c9f67658052db363", kill_on_drop: false }`
[INFO] running `Command { std: "docker" "exec" "-e" "SOURCE_DIR=/opt/rustwide/workdir" "-e" "CARGO_HOME=/opt/rustwide/cargo-home" "-e" "RUSTUP_HOME=/opt/rustwide/rustup-home" "-e" "CARGO_TARGET_DIR=/opt/rustwide/target" "-e" "CARGO_INCREMENTAL=0" "-e" "RUST_BACKTRACE=full" "-e" "RUSTFLAGS=--cap-lints=warn" "-e" "RUSTDOCFLAGS=--cap-lints=warn" "-w" "/opt/rustwide/workdir" "--user" "0:0" "18d3e639b17b61beec16ce157193be34143dcc7d831c3639c9f67658052db363" "/opt/rustwide/cargo-home/bin/cargo" "+1.100.0-beta.1" "test" "--frozen" "--no-run" "--message-format=json" "--release", kill_on_drop: false }`
[INFO] [stderr]    Compiling globset v0.4.16
[INFO] [stderr]    Compiling regex v1.11.3
[INFO] [stderr]    Compiling is-terminal v0.4.16
[INFO] [stderr]    Compiling humantime v2.3.0
[INFO] [stderr]    Compiling git2 v0.20.2
[INFO] [stderr]    Compiling env_logger v0.10.2
[INFO] [stderr]    Compiling ignore v0.4.23
[INFO] [stderr]    Compiling pretty_env_logger v0.5.0
[INFO] [stderr]    Compiling obsidian-backups v0.1.3 (/opt/rustwide/workdir)
[INFO] [stdout] warning: unused variable: `e`
[INFO] [stdout]    --> src/actions/backup_manager.rs:237:25
[INFO] [stdout]     |
[INFO] [stdout] 237 |             && let Some(e) = builder.add(ignore_file)
[INFO] [stdout]     |                         ^ help: if this is intentional, prefix it with an underscore: `_e`
[INFO] [stdout]     |
[INFO] [stdout]     = note: `#[warn(unused_variables)]` (part of `#[warn(unused)]`) on by default
[INFO] [stdout] 
[INFO] [stdout] 
[INFO] [stdout] warning: unused variable: `e`
[INFO] [stdout]    --> src/actions/backup_manager.rs:316:21
[INFO] [stdout]     |
[INFO] [stdout] 316 |                 Err(e) => {
[INFO] [stdout]     |                     ^ help: if this is intentional, prefix it with an underscore: `_e`
[INFO] [stdout] 
[INFO] [stdout] 
[INFO] [stdout] warning: unused variable: `e`
[INFO] [stdout]    --> src/actions/backup_manager.rs:338:21
[INFO] [stdout]     |
[INFO] [stdout] 338 |                 Err(e) => {
[INFO] [stdout]     |                     ^ help: if this is intentional, prefix it with an underscore: `_e`
[INFO] [stdout] 
[INFO] [stdout] 
[INFO] [stdout] warning: unused variable: `e`
[INFO] [stdout]    --> src/actions/backup_manager.rs:237:25
[INFO] [stdout]     |
[INFO] [stdout] 237 |             && let Some(e) = builder.add(ignore_file)
[INFO] [stdout]     |                         ^ help: if this is intentional, prefix it with an underscore: `_e`
[INFO] [stdout]     |
[INFO] [stdout]     = note: `#[warn(unused_variables)]` (part of `#[warn(unused)]`) on by default
[INFO] [stdout] 
[INFO] [stdout] 
[INFO] [stdout] warning: unused variable: `e`
[INFO] [stdout]    --> src/actions/backup_manager.rs:316:21
[INFO] [stdout]     |
[INFO] [stdout] 316 |                 Err(e) => {
[INFO] [stdout]     |                     ^ help: if this is intentional, prefix it with an underscore: `_e`
[INFO] [stdout] 
[INFO] [stdout] 
[INFO] [stdout] warning: unused variable: `e`
[INFO] [stdout]    --> src/actions/backup_manager.rs:338:21
[INFO] [stdout]     |
[INFO] [stdout] 338 |                 Err(e) => {
[INFO] [stdout]     |                     ^ help: if this is intentional, prefix it with an underscore: `_e`
[INFO] [stdout] 
[INFO] [stdout] 
[INFO] [stderr]     Finished `release` profile [optimized] target(s) in 17.51s
[INFO] running `Command { std: "docker" "inspect" "18d3e639b17b61beec16ce157193be34143dcc7d831c3639c9f67658052db363", kill_on_drop: false }`
[INFO] running `Command { std: "docker" "exec" "-e" "SOURCE_DIR=/opt/rustwide/workdir" "-e" "CARGO_HOME=/opt/rustwide/cargo-home" "-e" "RUSTUP_HOME=/opt/rustwide/rustup-home" "-e" "CARGO_TARGET_DIR=/opt/rustwide/target" "-e" "CARGO_INCREMENTAL=0" "-e" "RUST_BACKTRACE=full" "-e" "RUSTFLAGS=--cap-lints=warn" "-e" "RUSTDOCFLAGS=--cap-lints=warn" "-w" "/opt/rustwide/workdir" "--user" "0:0" "18d3e639b17b61beec16ce157193be34143dcc7d831c3639c9f67658052db363" "/opt/rustwide/cargo-home/bin/cargo" "+1.100.0-beta.1" "test" "--frozen" "--release", kill_on_drop: false }`
[INFO] [stderr] warning: unused variable: `e`
[INFO] [stderr]    --> src/actions/backup_manager.rs:237:25
[INFO] [stderr]     |
[INFO] [stderr] 237 |             && let Some(e) = builder.add(ignore_file)
[INFO] [stderr]     |                         ^ help: if this is intentional, prefix it with an underscore: `_e`
[INFO] [stderr]     |
[INFO] [stderr]     = note: `#[warn(unused_variables)]` (part of `#[warn(unused)]`) on by default
[INFO] [stderr] 
[INFO] [stderr] warning: unused variable: `e`
[INFO] [stderr]    --> src/actions/backup_manager.rs:316:21
[INFO] [stderr]     |
[INFO] [stderr] 316 |                 Err(e) => {
[INFO] [stderr]     |                     ^ help: if this is intentional, prefix it with an underscore: `_e`
[INFO] [stderr] 
[INFO] [stderr] warning: unused variable: `e`
[INFO] [stderr]    --> src/actions/backup_manager.rs:338:21
[INFO] [stderr]     |
[INFO] [stderr] 338 |                 Err(e) => {
[INFO] [stderr]     |                     ^ help: if this is intentional, prefix it with an underscore: `_e`
[INFO] [stderr] 
[INFO] [stderr] warning: `obsidian-backups` (lib) generated 3 warnings (run `cargo fix --lib -p obsidian-backups` to apply 3 suggestions)
[INFO] [stderr] warning: `obsidian-backups` (lib test) generated 3 warnings (3 duplicates)
[INFO] [stderr]     Finished `release` profile [optimized] target(s) in 0.14s
[INFO] [stderr]      Running unittests src/lib.rs (/opt/rustwide/target/release/build/obsidian-backups/430f0f6c9f13729a/out/obsidian_backups-430f0f6c9f13729a)
[INFO] [stdout] 
[INFO] [stdout] running 0 tests
[INFO] [stdout] 
[INFO] [stdout] test result: ok. 0 passed; 0 failed; 0 ignored; 0 measured; 0 filtered out; finished in 0.00s
[INFO] [stdout] 
[INFO] [stderr]      Running tests/backup_manager.rs (/opt/rustwide/target/release/build/obsidian-backups/b84fc6cc2cc694e1/out/backup_manager-b84fc6cc2cc694e1)
[INFO] [stdout] 
[INFO] [stdout] running 30 tests
[INFO] [stdout] test test::test_backup_multiple_files ... FAILED
[INFO] [stdout] test test::test_backup_single_file ... FAILED
[INFO] [stdout] test test::test_backup_with_empty_description ... FAILED
[INFO] [stdout] test test::test_backup_manager_new_with_relative_paths ... FAILED
[INFO] [stdout] test test::test_diff_first_backup ... FAILED
[INFO] [stdout] test test::test_diff_modified_file ... FAILED
[INFO] [stdout] test test::test_backup_manager_new ... FAILED
[INFO] [stdout] test test::test_excluded_files_not_backed_up ... FAILED
[INFO] [stdout] test test::test_ignore_file_basic_patterns ... FAILED
[INFO] [stdout] test test::test_backup_with_subdirectories ... FAILED
[INFO] [stdout] test test::test_ignore_file_with_negation ... FAILED
[INFO] [stdout] test test::test_multiple_sequential_backups ... FAILED
[INFO] [stdout] test test::test_list_backups ... FAILED
[INFO] [stdout] test test::test_backup_with_description ... FAILED
[INFO] [stdout] test test::test_purge_backups_older_than ... FAILED
[INFO] [stdout] test test::test_backup_empty_directory ... FAILED
[INFO] [stdout] test test::test_diff_nested_directories ... FAILED
[INFO] [stdout] test test::test_diff_multiple_changes ... FAILED
[INFO] [stdout] test test::test_diff_no_changes ... FAILED
[INFO] [stdout] test test::test_diff_added_file ... FAILED
[INFO] [stdout] test test::test_diff_deleted_file ... FAILED
[INFO] [stdout] test test::test_last_backup ... FAILED
[INFO] [stdout] test test::test_restore_invalid_backup_id ... FAILED
[INFO] [stdout] test test::test_diff_invalid_backup_id ... FAILED
[INFO] [stdout] test test::test_setup_ignore_file_nonexistent ... FAILED
[INFO] [stdout] test test::test_restore_backup ... FAILED
[INFO] [stdout] test test::test_purge_cannot_delete_all_backups ... FAILED
[INFO] [stdout] test test::test_restore_verifies_content ... FAILED
[INFO] [stdout] test test::test_purge_backups_over_count ... FAILED
[INFO] [stdout] test test::test_restore_with_multiple_files ... FAILED
[INFO] [stdout] 
[INFO] [stdout] failures:
[INFO] [stdout] 
[INFO] [stdout] ---- test::test_backup_multiple_files stdout ----
[INFO] [stdout] 
[INFO] [stdout] thread 'test::test_backup_multiple_files' (2233) panicked at tests/backup_manager.rs:22:40:
[INFO] [stdout] Failed to create store directory: Os { code: 30, kind: ReadOnlyFilesystem, message: "Read-only file system" }
[INFO] [stdout] stack backtrace:
[INFO] [stdout]    0:     0x5d1b2a6a0701 - <<std[617be2ca0a6fd877]::sys::backtrace::BacktraceLock>::print::DisplayBacktrace as core[a373ad73a504971]::fmt::Display>::fmt
[INFO] [stdout]    1:     0x5d1b2a6b6c5a - core[a373ad73a504971]::fmt::write
[INFO] [stdout]    2:     0x5d1b2a6a558c - <alloc[2e1b2a31b91974c5]::vec::Vec<u8> as core[a373ad73a504971]::io::write::Write>::write_fmt
[INFO] [stdout]    3:     0x5d1b2a67a206 - std[617be2ca0a6fd877]::panicking::default_hook::{closure#0}
[INFO] [stdout]    4:     0x5d1b2a697929 - std[617be2ca0a6fd877]::panicking::default_hook
[INFO] [stdout]    5:     0x5d1b2a4a6e80 - test[aada8e7e76ba119b]::test_main_inner::{closure#0}
[INFO] [stdout]    6:     0x5d1b2a697c52 - std[617be2ca0a6fd877]::panicking::panic_with_hook
[INFO] [stdout]    7:     0x5d1b2a67a2b2 - std[617be2ca0a6fd877]::panicking::panic_handler::{closure#0}
[INFO] [stdout]    8:     0x5d1b2a6724c9 - std[617be2ca0a6fd877]::sys::backtrace::__rust_end_short_backtrace::<std[617be2ca0a6fd877]::panicking::panic_handler::{closure#0}, !>
[INFO] [stdout]    9:     0x5d1b2a67b15d - __rustc[ea4f61d10b84890b]::rust_begin_unwind
[INFO] [stdout]   10:     0x5d1b2a6b743c - core[a373ad73a504971]::panicking::panic_fmt
[INFO] [stdout]   11:     0x5d1b2a6b7212 - core[a373ad73a504971]::result::unwrap_failed
[INFO] [stdout]   12:     0x5d1b2a4782d7 - backup_manager[4f584de87231eac]::test::setup_test_env
[INFO] [stdout]   13:     0x5d1b2a47cce9 - <backup_manager[4f584de87231eac]::test::test_backup_multiple_files::{closure#0} as core[a373ad73a504971]::ops::function::FnOnce<()>>::call_once
[INFO] [stdout]   14:     0x5d1b2a49a2cb - test[aada8e7e76ba119b]::__rust_begin_short_backtrace::<core[a373ad73a504971]::result::Result<(), alloc[2e1b2a31b91974c5]::string::String>, fn() -> core[a373ad73a504971]::result::Result<(), alloc[2e1b2a31b91974c5]::string::String>>
[INFO] [stdout]   15:     0x5d1b2a4a74a5 - test[aada8e7e76ba119b]::run_test::{closure#0}
[INFO] [stdout]   16:     0x5d1b2a4a0d94 - std[617be2ca0a6fd877]::sys::backtrace::__rust_begin_short_backtrace::<test[aada8e7e76ba119b]::run_test::{closure#1}, ()>
[INFO] [stdout]   17:     0x5d1b2a4aa532 - <std[617be2ca0a6fd877]::thread::lifecycle::spawn_unchecked<test[aada8e7e76ba119b]::run_test::{closure#1}, ()>::{closure#1} as core[a373ad73a504971]::ops::function::FnOnce<()>>::call_once::{shim:vtable#0}
[INFO] [stdout]   18:     0x5d1b2a69fa5f - <std[617be2ca0a6fd877]::sys::thread::unix::Thread>::new::thread_start
[INFO] [stdout]   19:     0x72bb75e76dfa - <unknown>
[INFO] [stdout]   20:     0x72bb75f0a3d4 - clone
[INFO] [stdout]   21:                0x0 - <unknown>
[INFO] [stdout] 
[INFO] [stdout] ---- test::test_backup_single_file stdout ----
[INFO] [stdout] 
[INFO] [stdout] thread 'test::test_backup_single_file' (2234) panicked at tests/backup_manager.rs:22:40:
[INFO] [stdout] Failed to create store directory: Os { code: 30, kind: ReadOnlyFilesystem, message: "Read-only file system" }
[INFO] [stdout] stack backtrace:
[INFO] [stdout]    0:     0x5d1b2a6a0701 - <<std[617be2ca0a6fd877]::sys::backtrace::BacktraceLock>::print::DisplayBacktrace as core[a373ad73a504971]::fmt::Display>::fmt
[INFO] [stdout]    1:     0x5d1b2a6b6c5a - core[a373ad73a504971]::fmt::write
[INFO] [stdout]    2:     0x5d1b2a6a558c - <alloc[2e1b2a31b91974c5]::vec::Vec<u8> as core[a373ad73a504971]::io::write::Write>::write_fmt
[INFO] [stdout]    3:     0x5d1b2a67a206 - std[617be2ca0a6fd877]::panicking::default_hook::{closure#0}
[INFO] [stdout]    4:     0x5d1b2a697929 - std[617be2ca0a6fd877]::panicking::default_hook
[INFO] [stdout]    5:     0x5d1b2a4a6e80 - test[aada8e7e76ba119b]::test_main_inner::{closure#0}
[INFO] [stdout]    6:     0x5d1b2a697c52 - std[617be2ca0a6fd877]::panicking::panic_with_hook
[INFO] [stdout]    7:     0x5d1b2a67a2b2 - std[617be2ca0a6fd877]::panicking::panic_handler::{closure#0}
[INFO] [stdout]    8:     0x5d1b2a6724c9 - std[617be2ca0a6fd877]::sys::backtrace::__rust_end_short_backtrace::<std[617be2ca0a6fd877]::panicking::panic_handler::{closure#0}, !>
[INFO] [stdout]    9:     0x5d1b2a67b15d - __rustc[ea4f61d10b84890b]::rust_begin_unwind
[INFO] [stdout]   10:     0x5d1b2a6b743c - core[a373ad73a504971]::panicking::panic_fmt
[INFO] [stdout]   11:     0x5d1b2a6b7212 - core[a373ad73a504971]::result::unwrap_failed
[INFO] [stdout]   12:     0x5d1b2a4782d7 - backup_manager[4f584de87231eac]::test::setup_test_env
[INFO] [stdout]   13:     0x5d1b2a47c065 - <backup_manager[4f584de87231eac]::test::test_backup_single_file::{closure#0} as core[a373ad73a504971]::ops::function::FnOnce<()>>::call_once
[INFO] [stdout]   14:     0x5d1b2a49a2cb - test[aada8e7e76ba119b]::__rust_begin_short_backtrace::<core[a373ad73a504971]::result::Result<(), alloc[2e1b2a31b91974c5]::string::String>, fn() -> core[a373ad73a504971]::result::Result<(), alloc[2e1b2a31b91974c5]::string::String>>
[INFO] [stdout]   15:     0x5d1b2a4a74a5 - test[aada8e7e76ba119b]::run_test::{closure#0}
[INFO] [stdout]   16:     0x5d1b2a4a0d94 - std[617be2ca0a6fd877]::sys::backtrace::__rust_begin_short_backtrace::<test[aada8e7e76ba119b]::run_test::{closure#1}, ()>
[INFO] [stdout]   17:     0x5d1b2a4aa532 - <std[617be2ca0a6fd877]::thread::lifecycle::spawn_unchecked<test[aada8e7e76ba119b]::run_test::{closure#1}, ()>::{closure#1} as core[a373ad73a504971]::ops::function::FnOnce<()>>::call_once::{shim:vtable#0}
[INFO] [stdout]   18:     0x5d1b2a69fa5f - <std[617be2ca0a6fd877]::sys::thread::unix::Thread>::new::thread_start
[INFO] [stdout]   19:     0x72bb75e76dfa - <unknown>
[INFO] [stdout]   20:     0x72bb75f0a3d4 - clone
[INFO] [stdout]   21:                0x0 - <unknown>
[INFO] [stdout] 
[INFO] [stdout] ---- test::test_backup_with_empty_description stdout ----
[INFO] [stdout] 
[INFO] [stdout] thread 'test::test_backup_with_empty_description' (2236) panicked at tests/backup_manager.rs:22:40:
[INFO] [stdout] Failed to create store directory: Os { code: 30, kind: ReadOnlyFilesystem, message: "Read-only file system" }
[INFO] [stdout] stack backtrace:
[INFO] [stdout]    0:     0x5d1b2a6a0701 - <<std[617be2ca0a6fd877]::sys::backtrace::BacktraceLock>::print::DisplayBacktrace as core[a373ad73a504971]::fmt::Display>::fmt
[INFO] [stdout]    1:     0x5d1b2a6b6c5a - core[a373ad73a504971]::fmt::write
[INFO] [stdout]    2:     0x5d1b2a6a558c - <alloc[2e1b2a31b91974c5]::vec::Vec<u8> as core[a373ad73a504971]::io::write::Write>::write_fmt
[INFO] [stdout]    3:     0x5d1b2a67a206 - std[617be2ca0a6fd877]::panicking::default_hook::{closure#0}
[INFO] [stdout]    4:     0x5d1b2a697929 - std[617be2ca0a6fd877]::panicking::default_hook
[INFO] [stdout]    5:     0x5d1b2a4a6e80 - test[aada8e7e76ba119b]::test_main_inner::{closure#0}
[INFO] [stdout]    6:     0x5d1b2a697c52 - std[617be2ca0a6fd877]::panicking::panic_with_hook
[INFO] [stdout]    7:     0x5d1b2a67a2b2 - std[617be2ca0a6fd877]::panicking::panic_handler::{closure#0}
[INFO] [stdout]    8:     0x5d1b2a6724c9 - std[617be2ca0a6fd877]::sys::backtrace::__rust_end_short_backtrace::<std[617be2ca0a6fd877]::panicking::panic_handler::{closure#0}, !>
[INFO] [stdout]    9:     0x5d1b2a67b15d - __rustc[ea4f61d10b84890b]::rust_begin_unwind
[INFO] [stdout]   10:     0x5d1b2a6b743c - core[a373ad73a504971]::panicking::panic_fmt
[INFO] [stdout]   11:     0x5d1b2a6b7212 - core[a373ad73a504971]::result::unwrap_failed
[INFO] [stdout]   12:     0x5d1b2a4782d7 - backup_manager[4f584de87231eac]::test::setup_test_env
[INFO] [stdout]   13:     0x5d1b2a4853f7 - <backup_manager[4f584de87231eac]::test::test_backup_with_empty_description::{closure#0} as core[a373ad73a504971]::ops::function::FnOnce<()>>::call_once
[INFO] [stdout]   14:     0x5d1b2a49a2cb - test[aada8e7e76ba119b]::__rust_begin_short_backtrace::<core[a373ad73a504971]::result::Result<(), alloc[2e1b2a31b91974c5]::string::String>, fn() -> core[a373ad73a504971]::result::Result<(), alloc[2e1b2a31b91974c5]::string::String>>
[INFO] [stdout]   15:     0x5d1b2a4a74a5 - test[aada8e7e76ba119b]::run_test::{closure#0}
[INFO] [stdout]   16:     0x5d1b2a4a0d94 - std[617be2ca0a6fd877]::sys::backtrace::__rust_begin_short_backtrace::<test[aada8e7e76ba119b]::run_test::{closure#1}, ()>
[INFO] [stdout]   17:     0x5d1b2a4aa532 - <std[617be2ca0a6fd877]::thread::lifecycle::spawn_unchecked<test[aada8e7e76ba119b]::run_test::{closure#1}, ()>::{closure#1} as core[a373ad73a504971]::ops::function::FnOnce<()>>::call_once::{shim:vtable#0}
[INFO] [stdout]   18:     0x5d1b2a69fa5f - <std[617be2ca0a6fd877]::sys::thread::unix::Thread>::new::thread_start
[INFO] [stdout]   19:     0x72bb75e76dfa - <unknown>
[INFO] [stdout]   20:     0x72bb75f0a3d4 - clone
[INFO] [stdout]   21:                0x0 - <unknown>
[INFO] [stdout] 
[INFO] [stdout] ---- test::test_backup_manager_new_with_relative_paths stdout ----
[INFO] [stdout] 
[INFO] [stdout] thread 'test::test_backup_manager_new_with_relative_paths' (2232) panicked at tests/backup_manager.rs:54:39:
[INFO] [stdout] Failed to create store directory: Os { code: 30, kind: ReadOnlyFilesystem, message: "Read-only file system" }
[INFO] [stdout] stack backtrace:
[INFO] [stdout]    0:     0x5d1b2a6a0701 - <<std[617be2ca0a6fd877]::sys::backtrace::BacktraceLock>::print::DisplayBacktrace as core[a373ad73a504971]::fmt::Display>::fmt
[INFO] [stdout]    1:     0x5d1b2a6b6c5a - core[a373ad73a504971]::fmt::write
[INFO] [stdout]    2:     0x5d1b2a6a558c - <alloc[2e1b2a31b91974c5]::vec::Vec<u8> as core[a373ad73a504971]::io::write::Write>::write_fmt
[INFO] [stdout]    3:     0x5d1b2a67a206 - std[617be2ca0a6fd877]::panicking::default_hook::{closure#0}
[INFO] [stdout]    4:     0x5d1b2a697929 - std[617be2ca0a6fd877]::panicking::default_hook
[INFO] [stdout]    5:     0x5d1b2a4a6e80 - test[aada8e7e76ba119b]::test_main_inner::{closure#0}
[INFO] [stdout]    6:     0x5d1b2a697c52 - std[617be2ca0a6fd877]::panicking::panic_with_hook
[INFO] [stdout]    7:     0x5d1b2a67a2b2 - std[617be2ca0a6fd877]::panicking::panic_handler::{closure#0}
[INFO] [stdout]    8:     0x5d1b2a6724c9 - std[617be2ca0a6fd877]::sys::backtrace::__rust_end_short_backtrace::<std[617be2ca0a6fd877]::panicking::panic_handler::{closure#0}, !>
[INFO] [stdout]    9:     0x5d1b2a67b15d - __rustc[ea4f61d10b84890b]::rust_begin_unwind
[INFO] [stdout]   10:     0x5d1b2a6b743c - core[a373ad73a504971]::panicking::panic_fmt
[INFO] [stdout]   11:     0x5d1b2a6b7212 - core[a373ad73a504971]::result::unwrap_failed
[INFO] [stdout]   12:     0x5d1b2a486516 - <backup_manager[4f584de87231eac]::test::test_backup_manager_new_with_relative_paths::{closure#0} as core[a373ad73a504971]::ops::function::FnOnce<()>>::call_once
[INFO] [stdout]   13:     0x5d1b2a49a2cb - test[aada8e7e76ba119b]::__rust_begin_short_backtrace::<core[a373ad73a504971]::result::Result<(), alloc[2e1b2a31b91974c5]::string::String>, fn() -> core[a373ad73a504971]::result::Result<(), alloc[2e1b2a31b91974c5]::string::String>>
[INFO] [stdout]   14:     0x5d1b2a4a74a5 - test[aada8e7e76ba119b]::run_test::{closure#0}
[INFO] [stdout]   15:     0x5d1b2a4a0d94 - std[617be2ca0a6fd877]::sys::backtrace::__rust_begin_short_backtrace::<test[aada8e7e76ba119b]::run_test::{closure#1}, ()>
[INFO] [stdout]   16:     0x5d1b2a4aa532 - <std[617be2ca0a6fd877]::thread::lifecycle::spawn_unchecked<test[aada8e7e76ba119b]::run_test::{closure#1}, ()>::{closure#1} as core[a373ad73a504971]::ops::function::FnOnce<()>>::call_once::{shim:vtable#0}
[INFO] [stdout]   17:     0x5d1b2a69fa5f - <std[617be2ca0a6fd877]::sys::thread::unix::Thread>::new::thread_start
[INFO] [stdout]   18:     0x72bb75e76dfa - <unknown>
[INFO] [stdout]   19:     0x72bb75f0a3d4 - clone
[INFO] [stdout]   20:                0x0 - <unknown>
[INFO] [stdout] 
[INFO] [stdout] ---- test::test_diff_first_backup stdout ----
[INFO] [stdout] 
[INFO] [stdout] thread 'test::test_diff_first_backup' (2240) panicked at tests/backup_manager.rs:22:40:
[INFO] [stdout] Failed to create store directory: Os { code: 30, kind: ReadOnlyFilesystem, message: "Read-only file system" }
[INFO] [stdout] stack backtrace:
[INFO] [stdout]    0:     0x5d1b2a6a0701 - <<std[617be2ca0a6fd877]::sys::backtrace::BacktraceLock>::print::DisplayBacktrace as core[a373ad73a504971]::fmt::Display>::fmt
[INFO] [stdout]    1:     0x5d1b2a6b6c5a - core[a373ad73a504971]::fmt::write
[INFO] [stdout]    2:     0x5d1b2a6a558c - <alloc[2e1b2a31b91974c5]::vec::Vec<u8> as core[a373ad73a504971]::io::write::Write>::write_fmt
[INFO] [stdout]    3:     0x5d1b2a67a206 - std[617be2ca0a6fd877]::panicking::default_hook::{closure#0}
[INFO] [stdout]    4:     0x5d1b2a697929 - std[617be2ca0a6fd877]::panicking::default_hook
[INFO] [stdout]    5:     0x5d1b2a4a6e80 - test[aada8e7e76ba119b]::test_main_inner::{closure#0}
[INFO] [stdout]    6:     0x5d1b2a697c52 - std[617be2ca0a6fd877]::panicking::panic_with_hook
[INFO] [stdout]    7:     0x5d1b2a67a2b2 - std[617be2ca0a6fd877]::panicking::panic_handler::{closure#0}
[INFO] [stdout]    8:     0x5d1b2a6724c9 - std[617be2ca0a6fd877]::sys::backtrace::__rust_end_short_backtrace::<std[617be2ca0a6fd877]::panicking::panic_handler::{closure#0}, !>
[INFO] [stdout]    9:     0x5d1b2a67b15d - __rustc[ea4f61d10b84890b]::rust_begin_unwind
[INFO] [stdout]   10:     0x5d1b2a6b743c - core[a373ad73a504971]::panicking::panic_fmt
[INFO] [stdout]   11:     0x5d1b2a6b7212 - core[a373ad73a504971]::result::unwrap_failed
[INFO] [stdout]   12:     0x5d1b2a4782d7 - backup_manager[4f584de87231eac]::test::setup_test_env
[INFO] [stdout]   13:     0x5d1b2a47b827 - <backup_manager[4f584de87231eac]::test::test_diff_first_backup::{closure#0} as core[a373ad73a504971]::ops::function::FnOnce<()>>::call_once
[INFO] [stdout]   14:     0x5d1b2a49a2cb - test[aada8e7e76ba119b]::__rust_begin_short_backtrace::<core[a373ad73a504971]::result::Result<(), alloc[2e1b2a31b91974c5]::string::String>, fn() -> core[a373ad73a504971]::result::Result<(), alloc[2e1b2a31b91974c5]::string::String>>
[INFO] [stdout]   15:     0x5d1b2a4a74a5 - test[aada8e7e76ba119b]::run_test::{closure#0}
[INFO] [stdout]   16:     0x5d1b2a4a0d94 - std[617be2ca0a6fd877]::sys::backtrace::__rust_begin_short_backtrace::<test[aada8e7e76ba119b]::run_test::{closure#1}, ()>
[INFO] [stdout]   17:     0x5d1b2a4aa532 - <std[617be2ca0a6fd877]::thread::lifecycle::spawn_unchecked<test[aada8e7e76ba119b]::run_test::{closure#1}, ()>::{closure#1} as core[a373ad73a504971]::ops::function::FnOnce<()>>::call_once::{shim:vtable#0}
[INFO] [stdout]   18:     0x5d1b2a69fa5f - <std[617be2ca0a6fd877]::sys::thread::unix::Thread>::new::thread_start
[INFO] [stdout]   19:     0x72bb75e76dfa - <unknown>
[INFO] [stdout]   20:     0x72bb75f0a3d4 - clone
[INFO] [stdout]   21:                0x0 - <unknown>
[INFO] [stdout] 
[INFO] [stdout] ---- test::test_diff_modified_file stdout ----
[INFO] [stdout] 
[INFO] [stdout] thread 'test::test_diff_modified_file' (2242) panicked at tests/backup_manager.rs:22:40:
[INFO] [stdout] Failed to create store directory: Os { code: 30, kind: ReadOnlyFilesystem, message: "Read-only file system" }
[INFO] [stdout] stack backtrace:
[INFO] [stdout]    0:     0x5d1b2a6a0701 - <<std[617be2ca0a6fd877]::sys::backtrace::BacktraceLock>::print::DisplayBacktrace as core[a373ad73a504971]::fmt::Display>::fmt
[INFO] [stdout]    1:     0x5d1b2a6b6c5a - core[a373ad73a504971]::fmt::write
[INFO] [stdout]    2:     0x5d1b2a6a558c - <alloc[2e1b2a31b91974c5]::vec::Vec<u8> as core[a373ad73a504971]::io::write::Write>::write_fmt
[INFO] [stdout]    3:     0x5d1b2a67a206 - std[617be2ca0a6fd877]::panicking::default_hook::{closure#0}
[INFO] [stdout]    4:     0x5d1b2a697929 - std[617be2ca0a6fd877]::panicking::default_hook
[INFO] [stdout]    5:     0x5d1b2a4a6e80 - test[aada8e7e76ba119b]::test_main_inner::{closure#0}
[INFO] [stdout]    6:     0x5d1b2a697c52 - std[617be2ca0a6fd877]::panicking::panic_with_hook
[INFO] [stdout]    7:     0x5d1b2a67a2b2 - std[617be2ca0a6fd877]::panicking::panic_handler::{closure#0}
[INFO] [stdout]    8:     0x5d1b2a6724c9 - std[617be2ca0a6fd877]::sys::backtrace::__rust_end_short_backtrace::<std[617be2ca0a6fd877]::panicking::panic_handler::{closure#0}, !>
[INFO] [stdout]    9:     0x5d1b2a67b15d - __rustc[ea4f61d10b84890b]::rust_begin_unwind
[INFO] [stdout]   10:     0x5d1b2a6b743c - core[a373ad73a504971]::panicking::panic_fmt
[INFO] [stdout]   11:     0x5d1b2a6b7212 - core[a373ad73a504971]::result::unwrap_failed
[INFO] [stdout]   12:     0x5d1b2a4782d7 - backup_manager[4f584de87231eac]::test::setup_test_env
[INFO] [stdout]   13:     0x5d1b2a47c429 - <backup_manager[4f584de87231eac]::test::test_diff_modified_file::{closure#0} as core[a373ad73a504971]::ops::function::FnOnce<()>>::call_once
[INFO] [stdout]   14:     0x5d1b2a49a2cb - test[aada8e7e76ba119b]::__rust_begin_short_backtrace::<core[a373ad73a504971]::result::Result<(), alloc[2e1b2a31b91974c5]::string::String>, fn() -> core[a373ad73a504971]::result::Result<(), alloc[2e1b2a31b91974c5]::string::String>>
[INFO] [stdout]   15:     0x5d1b2a4a74a5 - test[aada8e7e76ba119b]::run_test::{closure#0}
[INFO] [stdout]   16:     0x5d1b2a4a0d94 - std[617be2ca0a6fd877]::sys::backtrace::__rust_begin_short_backtrace::<test[aada8e7e76ba119b]::run_test::{closure#1}, ()>
[INFO] [stdout]   17:     0x5d1b2a4aa532 - <std[617be2ca0a6fd877]::thread::lifecycle::spawn_unchecked<test[aada8e7e76ba119b]::run_test::{closure#1}, ()>::{closure#1} as core[a373ad73a504971]::ops::function::FnOnce<()>>::call_once::{shim:vtable#0}
[INFO] [stdout]   18:     0x5d1b2a69fa5f - <std[617be2ca0a6fd877]::sys::thread::unix::Thread>::new::thread_start
[INFO] [stdout]   19:     0x72bb75e76dfa - <unknown>
[INFO] [stdout]   20:     0x72bb75f0a3d4 - clone
[INFO] [stdout]   21:                0x0 - <unknown>
[INFO] [stdout] 
[INFO] [stdout] ---- test::test_backup_manager_new stdout ----
[INFO] [stdout] 
[INFO] [stdout] thread 'test::test_backup_manager_new' (2231) panicked at tests/backup_manager.rs:22:40:
[INFO] [stdout] Failed to create store directory: Os { code: 30, kind: ReadOnlyFilesystem, message: "Read-only file system" }
[INFO] [stdout] stack backtrace:
[INFO] [stdout]    0:     0x5d1b2a6a0701 - <<std[617be2ca0a6fd877]::sys::backtrace::BacktraceLock>::print::DisplayBacktrace as core[a373ad73a504971]::fmt::Display>::fmt
[INFO] [stdout]    1:     0x5d1b2a6b6c5a - core[a373ad73a504971]::fmt::write
[INFO] [stdout]    2:     0x5d1b2a6a558c - <alloc[2e1b2a31b91974c5]::vec::Vec<u8> as core[a373ad73a504971]::io::write::Write>::write_fmt
[INFO] [stdout]    3:     0x5d1b2a67a206 - std[617be2ca0a6fd877]::panicking::default_hook::{closure#0}
[INFO] [stdout]    4:     0x5d1b2a697929 - std[617be2ca0a6fd877]::panicking::default_hook
[INFO] [stdout]    5:     0x5d1b2a4a6e80 - test[aada8e7e76ba119b]::test_main_inner::{closure#0}
[INFO] [stdout]    6:     0x5d1b2a697c52 - std[617be2ca0a6fd877]::panicking::panic_with_hook
[INFO] [stdout]    7:     0x5d1b2a67a2b2 - std[617be2ca0a6fd877]::panicking::panic_handler::{closure#0}
[INFO] [stdout]    8:     0x5d1b2a6724c9 - std[617be2ca0a6fd877]::sys::backtrace::__rust_end_short_backtrace::<std[617be2ca0a6fd877]::panicking::panic_handler::{closure#0}, !>
[INFO] [stdout]    9:     0x5d1b2a67b15d - __rustc[ea4f61d10b84890b]::rust_begin_unwind
[INFO] [stdout]   10:     0x5d1b2a6b743c - core[a373ad73a504971]::panicking::panic_fmt
[INFO] [stdout]   11:     0x5d1b2a6b7212 - core[a373ad73a504971]::result::unwrap_failed
[INFO] [stdout]   12:     0x5d1b2a4782d7 - backup_manager[4f584de87231eac]::test::setup_test_env
[INFO] [stdout]   13:     0x5d1b2a47bf01 - <backup_manager[4f584de87231eac]::test::test_backup_manager_new::{closure#0} as core[a373ad73a504971]::ops::function::FnOnce<()>>::call_once
[INFO] [stdout]   14:     0x5d1b2a49a2cb - test[aada8e7e76ba119b]::__rust_begin_short_backtrace::<core[a373ad73a504971]::result::Result<(), alloc[2e1b2a31b91974c5]::string::String>, fn() -> core[a373ad73a504971]::result::Result<(), alloc[2e1b2a31b91974c5]::string::String>>
[INFO] [stdout]   15:     0x5d1b2a4a74a5 - test[aada8e7e76ba119b]::run_test::{closure#0}
[INFO] [stdout]   16:     0x5d1b2a4a0d94 - std[617be2ca0a6fd877]::sys::backtrace::__rust_begin_short_backtrace::<test[aada8e7e76ba119b]::run_test::{closure#1}, ()>
[INFO] [stdout]   17:     0x5d1b2a4aa532 - <std[617be2ca0a6fd877]::thread::lifecycle::spawn_unchecked<test[aada8e7e76ba119b]::run_test::{closure#1}, ()>::{closure#1} as core[a373ad73a504971]::ops::function::FnOnce<()>>::call_once::{shim:vtable#0}
[INFO] [stdout]   18:     0x5d1b2a69fa5f - <std[617be2ca0a6fd877]::sys::thread::unix::Thread>::new::thread_start
[INFO] [stdout]   19:     0x72bb75e76dfa - <unknown>
[INFO] [stdout]   20:     0x72bb75f0a3d4 - clone
[INFO] [stdout]   21:                0x0 - <unknown>
[INFO] [stdout] 
[INFO] [stdout] ---- test::test_excluded_files_not_backed_up stdout ----
[INFO] [stdout] 
[INFO] [stdout] thread 'test::test_excluded_files_not_backed_up' (2246) panicked at tests/backup_manager.rs:22:40:
[INFO] [stdout] Failed to create store directory: Os { code: 30, kind: ReadOnlyFilesystem, message: "Read-only file system" }
[INFO] [stdout] stack backtrace:
[INFO] [stdout]    0:     0x5d1b2a6a0701 - <<std[617be2ca0a6fd877]::sys::backtrace::BacktraceLock>::print::DisplayBacktrace as core[a373ad73a504971]::fmt::Display>::fmt
[INFO] [stdout]    1:     0x5d1b2a6b6c5a - core[a373ad73a504971]::fmt::write
[INFO] [stdout]    2:     0x5d1b2a6a558c - <alloc[2e1b2a31b91974c5]::vec::Vec<u8> as core[a373ad73a504971]::io::write::Write>::write_fmt
[INFO] [stdout]    3:     0x5d1b2a67a206 - std[617be2ca0a6fd877]::panicking::default_hook::{closure#0}
[INFO] [stdout]    4:     0x5d1b2a697929 - std[617be2ca0a6fd877]::panicking::default_hook
[INFO] [stdout]    5:     0x5d1b2a4a6e80 - test[aada8e7e76ba119b]::test_main_inner::{closure#0}
[INFO] [stdout]    6:     0x5d1b2a697c52 - std[617be2ca0a6fd877]::panicking::panic_with_hook
[INFO] [stdout]    7:     0x5d1b2a67a2b2 - std[617be2ca0a6fd877]::panicking::panic_handler::{closure#0}
[INFO] [stdout]    8:     0x5d1b2a6724c9 - std[617be2ca0a6fd877]::sys::backtrace::__rust_end_short_backtrace::<std[617be2ca0a6fd877]::panicking::panic_handler::{closure#0}, !>
[INFO] [stdout]    9:     0x5d1b2a67b15d - __rustc[ea4f61d10b84890b]::rust_begin_unwind
[INFO] [stdout]   10:     0x5d1b2a6b743c - core[a373ad73a504971]::panicking::panic_fmt
[INFO] [stdout]   11:     0x5d1b2a6b7212 - core[a373ad73a504971]::result::unwrap_failed
[INFO] [stdout]   12:     0x5d1b2a4782d7 - backup_manager[4f584de87231eac]::test::setup_test_env
[INFO] [stdout]   13:     0x5d1b2a4848f9 - <backup_manager[4f584de87231eac]::test::test_excluded_files_not_backed_up::{closure#0} as core[a373ad73a504971]::ops::function::FnOnce<()>>::call_once
[INFO] [stdout]   14:     0x5d1b2a49a2cb - test[aada8e7e76ba119b]::__rust_begin_short_backtrace::<core[a373ad73a504971]::result::Result<(), alloc[2e1b2a31b91974c5]::string::String>, fn() -> core[a373ad73a504971]::result::Result<(), alloc[2e1b2a31b91974c5]::string::String>>
[INFO] [stdout]   15:     0x5d1b2a4a74a5 - test[aada8e7e76ba119b]::run_test::{closure#0}
[INFO] [stdout]   16:     0x5d1b2a4a0d94 - std[617be2ca0a6fd877]::sys::backtrace::__rust_begin_short_backtrace::<test[aada8e7e76ba119b]::run_test::{closure#1}, ()>
[INFO] [stdout]   17:     0x5d1b2a4aa532 - <std[617be2ca0a6fd877]::thread::lifecycle::spawn_unchecked<test[aada8e7e76ba119b]::run_test::{closure#1}, ()>::{closure#1} as core[a373ad73a504971]::ops::function::FnOnce<()>>::call_once::{shim:vtable#0}
[INFO] [stdout]   18:     0x5d1b2a69fa5f - <std[617be2ca0a6fd877]::sys::thread::unix::Thread>::new::thread_start
[INFO] [stdout]   19:     0x72bb75e76dfa - <unknown>
[INFO] [stdout]   20:     0x72bb75f0a3d4 - clone
[INFO] [stdout]   21:                0x0 - <unknown>
[INFO] [stdout] 
[INFO] [stdout] ---- test::test_ignore_file_basic_patterns stdout ----
[INFO] [stdout] 
[INFO] [stdout] thread 'test::test_ignore_file_basic_patterns' (2247) panicked at tests/backup_manager.rs:22:40:
[INFO] [stdout] Failed to create store directory: Os { code: 30, kind: ReadOnlyFilesystem, message: "Read-only file system" }
[INFO] [stdout] stack backtrace:
[INFO] [stdout]    0:     0x5d1b2a6a0701 - <<std[617be2ca0a6fd877]::sys::backtrace::BacktraceLock>::print::DisplayBacktrace as core[a373ad73a504971]::fmt::Display>::fmt
[INFO] [stdout]    1:     0x5d1b2a6b6c5a - core[a373ad73a504971]::fmt::write
[INFO] [stdout]    2:     0x5d1b2a6a558c - <alloc[2e1b2a31b91974c5]::vec::Vec<u8> as core[a373ad73a504971]::io::write::Write>::write_fmt
[INFO] [stdout]    3:     0x5d1b2a67a206 - std[617be2ca0a6fd877]::panicking::default_hook::{closure#0}
[INFO] [stdout]    4:     0x5d1b2a697929 - std[617be2ca0a6fd877]::panicking::default_hook
[INFO] [stdout]    5:     0x5d1b2a4a6e80 - test[aada8e7e76ba119b]::test_main_inner::{closure#0}
[INFO] [stdout]    6:     0x5d1b2a697c52 - std[617be2ca0a6fd877]::panicking::panic_with_hook
[INFO] [stdout]    7:     0x5d1b2a67a2b2 - std[617be2ca0a6fd877]::panicking::panic_handler::{closure#0}
[INFO] [stdout]    8:     0x5d1b2a6724c9 - std[617be2ca0a6fd877]::sys::backtrace::__rust_end_short_backtrace::<std[617be2ca0a6fd877]::panicking::panic_handler::{closure#0}, !>
[INFO] [stdout]    9:     0x5d1b2a67b15d - __rustc[ea4f61d10b84890b]::rust_begin_unwind
[INFO] [stdout]   10:     0x5d1b2a6b743c - core[a373ad73a504971]::panicking::panic_fmt
[INFO] [stdout]   11:     0x5d1b2a6b7212 - core[a373ad73a504971]::result::unwrap_failed
[INFO] [stdout]   12:     0x5d1b2a4782d7 - backup_manager[4f584de87231eac]::test::setup_test_env
[INFO] [stdout]   13:     0x5d1b2a482aaa - <backup_manager[4f584de87231eac]::test::test_ignore_file_basic_patterns::{closure#0} as core[a373ad73a504971]::ops::function::FnOnce<()>>::call_once
[INFO] [stdout]   14:     0x5d1b2a49a2cb - test[aada8e7e76ba119b]::__rust_begin_short_backtrace::<core[a373ad73a504971]::result::Result<(), alloc[2e1b2a31b91974c5]::string::String>, fn() -> core[a373ad73a504971]::result::Result<(), alloc[2e1b2a31b91974c5]::string::String>>
[INFO] [stdout]   15:     0x5d1b2a4a74a5 - test[aada8e7e76ba119b]::run_test::{closure#0}
[INFO] [stdout]   16:     0x5d1b2a4a0d94 - std[617be2ca0a6fd877]::sys::backtrace::__rust_begin_short_backtrace::<test[aada8e7e76ba119b]::run_test::{closure#1}, ()>
[INFO] [stdout]   17:     0x5d1b2a4aa532 - <std[617be2ca0a6fd877]::thread::lifecycle::spawn_unchecked<test[aada8e7e76ba119b]::run_test::{closure#1}, ()>::{closure#1} as core[a373ad73a504971]::ops::function::FnOnce<()>>::call_once::{shim:vtable#0}
[INFO] [stdout]   18:     0x5d1b2a69fa5f - <std[617be2ca0a6fd877]::sys::thread::unix::Thread>::new::thread_start
[INFO] [stdout]   19:     0x72bb75e76dfa - <unknown>
[INFO] [stdout]   20:     0x72bb75f0a3d4 - clone
[INFO] [stdout]   21:                0x0 - <unknown>
[INFO] [stdout] 
[INFO] [stdout] ---- test::test_backup_with_subdirectories stdout ----
[INFO] [stdout] 
[INFO] [stdout] thread 'test::test_backup_with_subdirectories' (2237) panicked at tests/backup_manager.rs:22:40:
[INFO] [stdout] Failed to create store directory: Os { code: 30, kind: ReadOnlyFilesystem, message: "Read-only file system" }
[INFO] [stdout] stack backtrace:
[INFO] [stdout]    0:     0x5d1b2a6a0701 - <<std[617be2ca0a6fd877]::sys::backtrace::BacktraceLock>::print::DisplayBacktrace as core[a373ad73a504971]::fmt::Display>::fmt
[INFO] [stdout]    1:     0x5d1b2a6b6c5a - core[a373ad73a504971]::fmt::write
[INFO] [stdout]    2:     0x5d1b2a6a558c - <alloc[2e1b2a31b91974c5]::vec::Vec<u8> as core[a373ad73a504971]::io::write::Write>::write_fmt
[INFO] [stdout]    3:     0x5d1b2a67a206 - std[617be2ca0a6fd877]::panicking::default_hook::{closure#0}
[INFO] [stdout]    4:     0x5d1b2a697929 - std[617be2ca0a6fd877]::panicking::default_hook
[INFO] [stdout]    5:     0x5d1b2a4a6e80 - test[aada8e7e76ba119b]::test_main_inner::{closure#0}
[INFO] [stdout]    6:     0x5d1b2a697c52 - std[617be2ca0a6fd877]::panicking::panic_with_hook
[INFO] [stdout]    7:     0x5d1b2a67a2b2 - std[617be2ca0a6fd877]::panicking::panic_handler::{closure#0}
[INFO] [stdout]    8:     0x5d1b2a6724c9 - std[617be2ca0a6fd877]::sys::backtrace::__rust_end_short_backtrace::<std[617be2ca0a6fd877]::panicking::panic_handler::{closure#0}, !>
[INFO] [stdout]    9:     0x5d1b2a67b15d - __rustc[ea4f61d10b84890b]::rust_begin_unwind
[INFO] [stdout]   10:     0x5d1b2a6b743c - core[a373ad73a504971]::panicking::panic_fmt
[INFO] [stdout]   11:     0x5d1b2a6b7212 - core[a373ad73a504971]::result::unwrap_failed
[INFO] [stdout]   12:     0x5d1b2a4782d7 - backup_manager[4f584de87231eac]::test::setup_test_env
[INFO] [stdout]   13:     0x5d1b2a4824d7 - <backup_manager[4f584de87231eac]::test::test_backup_with_subdirectories::{closure#0} as core[a373ad73a504971]::ops::function::FnOnce<()>>::call_once
[INFO] [stdout]   14:     0x5d1b2a49a2cb - test[aada8e7e76ba119b]::__rust_begin_short_backtrace::<core[a373ad73a504971]::result::Result<(), alloc[2e1b2a31b91974c5]::string::String>, fn() -> core[a373ad73a504971]::result::Result<(), alloc[2e1b2a31b91974c5]::string::String>>
[INFO] [stdout]   15:     0x5d1b2a4a74a5 - test[aada8e7e76ba119b]::run_test::{closure#0}
[INFO] [stdout]   16:     0x5d1b2a4a0d94 - std[617be2ca0a6fd877]::sys::backtrace::__rust_begin_short_backtrace::<test[aada8e7e76ba119b]::run_test::{closure#1}, ()>
[INFO] [stdout]   17:     0x5d1b2a4aa532 - <std[617be2ca0a6fd877]::thread::lifecycle::spawn_unchecked<test[aada8e7e76ba119b]::run_test::{closure#1}, ()>::{closure#1} as core[a373ad73a504971]::ops::function::FnOnce<()>>::call_once::{shim:vtable#0}
[INFO] [stdout]   18:     0x5d1b2a69fa5f - <std[617be2ca0a6fd877]::sys::thread::unix::Thread>::new::thread_start
[INFO] [stdout]   19:     0x72bb75e76dfa - <unknown>
[INFO] [stdout]   20:     0x72bb75f0a3d4 - clone
[INFO] [stdout]   21:                0x0 - <unknown>
[INFO] [stdout] 
[INFO] [stdout] ---- test::test_ignore_file_with_negation stdout ----
[INFO] [stdout] 
[INFO] [stdout] thread 'test::test_ignore_file_with_negation' (2248) panicked at tests/backup_manager.rs:22:40:
[INFO] [stdout] Failed to create store directory: Os { code: 30, kind: ReadOnlyFilesystem, message: "Read-only file system" }
[INFO] [stdout] stack backtrace:
[INFO] [stdout]    0:     0x5d1b2a6a0701 - <<std[617be2ca0a6fd877]::sys::backtrace::BacktraceLock>::print::DisplayBacktrace as core[a373ad73a504971]::fmt::Display>::fmt
[INFO] [stdout]    1:     0x5d1b2a6b6c5a - core[a373ad73a504971]::fmt::write
[INFO] [stdout]    2:     0x5d1b2a6a558c - <alloc[2e1b2a31b91974c5]::vec::Vec<u8> as core[a373ad73a504971]::io::write::Write>::write_fmt
[INFO] [stdout]    3:     0x5d1b2a67a206 - std[617be2ca0a6fd877]::panicking::default_hook::{closure#0}
[INFO] [stdout]    4:     0x5d1b2a697929 - std[617be2ca0a6fd877]::panicking::default_hook
[INFO] [stdout]    5:     0x5d1b2a4a6e80 - test[aada8e7e76ba119b]::test_main_inner::{closure#0}
[INFO] [stdout]    6:     0x5d1b2a697c52 - std[617be2ca0a6fd877]::panicking::panic_with_hook
[INFO] [stdout]    7:     0x5d1b2a67a2b2 - std[617be2ca0a6fd877]::panicking::panic_handler::{closure#0}
[INFO] [stdout]    8:     0x5d1b2a6724c9 - std[617be2ca0a6fd877]::sys::backtrace::__rust_end_short_backtrace::<std[617be2ca0a6fd877]::panicking::panic_handler::{closure#0}, !>
[INFO] [stdout]    9:     0x5d1b2a67b15d - __rustc[ea4f61d10b84890b]::rust_begin_unwind
[INFO] [stdout]   10:     0x5d1b2a6b743c - core[a373ad73a504971]::panicking::panic_fmt
[INFO] [stdout]   11:     0x5d1b2a6b7212 - core[a373ad73a504971]::result::unwrap_failed
[INFO] [stdout]   12:     0x5d1b2a4782d7 - backup_manager[4f584de87231eac]::test::setup_test_env
[INFO] [stdout]   13:     0x5d1b2a48172a - <backup_manager[4f584de87231eac]::test::test_ignore_file_with_negation::{closure#0} as core[a373ad73a504971]::ops::function::FnOnce<()>>::call_once
[INFO] [stdout]   14:     0x5d1b2a49a2cb - test[aada8e7e76ba119b]::__rust_begin_short_backtrace::<core[a373ad73a504971]::result::Result<(), alloc[2e1b2a31b91974c5]::string::String>, fn() -> core[a373ad73a504971]::result::Result<(), alloc[2e1b2a31b91974c5]::string::String>>
[INFO] [stdout]   15:     0x5d1b2a4a74a5 - test[aada8e7e76ba119b]::run_test::{closure#0}
[INFO] [stdout]   16:     0x5d1b2a4a0d94 - std[617be2ca0a6fd877]::sys::backtrace::__rust_begin_short_backtrace::<test[aada8e7e76ba119b]::run_test::{closure#1}, ()>
[INFO] [stdout]   17:     0x5d1b2a4aa532 - <std[617be2ca0a6fd877]::thread::lifecycle::spawn_unchecked<test[aada8e7e76ba119b]::run_test::{closure#1}, ()>::{closure#1} as core[a373ad73a504971]::ops::function::FnOnce<()>>::call_once::{shim:vtable#0}
[INFO] [stdout]   18:     0x5d1b2a69fa5f - <std[617be2ca0a6fd877]::sys::thread::unix::Thread>::new::thread_start
[INFO] [stdout]   19:     0x72bb75e76dfa - <unknown>
[INFO] [stdout]   20:     0x72bb75f0a3d4 - clone
[INFO] [stdout]   21:                0x0 - <unknown>
[INFO] [stdout] 
[INFO] [stdout] ---- test::test_multiple_sequential_backups stdout ----
[INFO] [stdout] 
[INFO] [stdout] thread 'test::test_multiple_sequential_backups' (2251) panicked at tests/backup_manager.rs:22:40:
[INFO] [stdout] Failed to create store directory: Os { code: 30, kind: ReadOnlyFilesystem, message: "Read-only file system" }
[INFO] [stdout] stack backtrace:
[INFO] [stdout]    0:     0x5d1b2a6a0701 - <<std[617be2ca0a6fd877]::sys::backtrace::BacktraceLock>::print::DisplayBacktrace as core[a373ad73a504971]::fmt::Display>::fmt
[INFO] [stdout]    1:     0x5d1b2a6b6c5a - core[a373ad73a504971]::fmt::write
[INFO] [stdout]    2:     0x5d1b2a6a558c - <alloc[2e1b2a31b91974c5]::vec::Vec<u8> as core[a373ad73a504971]::io::write::Write>::write_fmt
[INFO] [stdout]    3:     0x5d1b2a67a206 - std[617be2ca0a6fd877]::panicking::default_hook::{closure#0}
[INFO] [stdout]    4:     0x5d1b2a697929 - std[617be2ca0a6fd877]::panicking::default_hook
[INFO] [stdout]    5:     0x5d1b2a4a6e80 - test[aada8e7e76ba119b]::test_main_inner::{closure#0}
[INFO] [stdout]    6:     0x5d1b2a697c52 - std[617be2ca0a6fd877]::panicking::panic_with_hook
[INFO] [stdout]    7:     0x5d1b2a67a2b2 - std[617be2ca0a6fd877]::panicking::panic_handler::{closure#0}
[INFO] [stdout]    8:     0x5d1b2a6724c9 - std[617be2ca0a6fd877]::sys::backtrace::__rust_end_short_backtrace::<std[617be2ca0a6fd877]::panicking::panic_handler::{closure#0}, !>
[INFO] [stdout]    9:     0x5d1b2a67b15d - __rustc[ea4f61d10b84890b]::rust_begin_unwind
[INFO] [stdout]   10:     0x5d1b2a6b743c - core[a373ad73a504971]::panicking::panic_fmt
[INFO] [stdout]   11:     0x5d1b2a6b7212 - core[a373ad73a504971]::result::unwrap_failed
[INFO] [stdout]   12:     0x5d1b2a4782d7 - backup_manager[4f584de87231eac]::test::setup_test_env
[INFO] [stdout]   13:     0x5d1b2a4839cf - <backup_manager[4f584de87231eac]::test::test_multiple_sequential_backups::{closure#0} as core[a373ad73a504971]::ops::function::FnOnce<()>>::call_once
[INFO] [stdout]   14:     0x5d1b2a49a2cb - test[aada8e7e76ba119b]::__rust_begin_short_backtrace::<core[a373ad73a504971]::result::Result<(), alloc[2e1b2a31b91974c5]::string::String>, fn() -> core[a373ad73a504971]::result::Result<(), alloc[2e1b2a31b91974c5]::string::String>>
[INFO] [stdout]   15:     0x5d1b2a4a74a5 - test[aada8e7e76ba119b]::run_test::{closure#0}
[INFO] [stdout]   16:     0x5d1b2a4a0d94 - std[617be2ca0a6fd877]::sys::backtrace::__rust_begin_short_backtrace::<test[aada8e7e76ba119b]::run_test::{closure#1}, ()>
[INFO] [stdout]   17:     0x5d1b2a4aa532 - <std[617be2ca0a6fd877]::thread::lifecycle::spawn_unchecked<test[aada8e7e76ba119b]::run_test::{closure#1}, ()>::{closure#1} as core[a373ad73a504971]::ops::function::FnOnce<()>>::call_once::{shim:vtable#0}
[INFO] [stdout]   18:     0x5d1b2a69fa5f - <std[617be2ca0a6fd877]::sys::thread::unix::Thread>::new::thread_start
[INFO] [stdout]   19:     0x72bb75e76dfa - <unknown>
[INFO] [stdout]   20:     0x72bb75f0a3d4 - clone
[INFO] [stdout]   21:                0x0 - <unknown>
[INFO] [stdout] 
[INFO] [stdout] ---- test::test_list_backups stdout ----
[INFO] [stdout] 
[INFO] [stdout] thread 'test::test_list_backups' (2250) panicked at tests/backup_manager.rs:22:40:
[INFO] [stdout] Failed to create store directory: Os { code: 30, kind: ReadOnlyFilesystem, message: "Read-only file system" }
[INFO] [stdout] stack backtrace:
[INFO] [stdout]    0:     0x5d1b2a6a0701 - <<std[617be2ca0a6fd877]::sys::backtrace::BacktraceLock>::print::DisplayBacktrace as core[a373ad73a504971]::fmt::Display>::fmt
[INFO] [stdout]    1:     0x5d1b2a6b6c5a - core[a373ad73a504971]::fmt::write
[INFO] [stdout]    2:     0x5d1b2a6a558c - <alloc[2e1b2a31b91974c5]::vec::Vec<u8> as core[a373ad73a504971]::io::write::Write>::write_fmt
[INFO] [stdout]    3:     0x5d1b2a67a206 - std[617be2ca0a6fd877]::panicking::default_hook::{closure#0}
[INFO] [stdout]    4:     0x5d1b2a697929 - std[617be2ca0a6fd877]::panicking::default_hook
[INFO] [stdout]    5:     0x5d1b2a4a6e80 - test[aada8e7e76ba119b]::test_main_inner::{closure#0}
[INFO] [stdout]    6:     0x5d1b2a697c52 - std[617be2ca0a6fd877]::panicking::panic_with_hook
[INFO] [stdout]    7:     0x5d1b2a67a2b2 - std[617be2ca0a6fd877]::panicking::panic_handler::{closure#0}
[INFO] [stdout]    8:     0x5d1b2a6724c9 - std[617be2ca0a6fd877]::sys::backtrace::__rust_end_short_backtrace::<std[617be2ca0a6fd877]::panicking::panic_handler::{closure#0}, !>
[INFO] [stdout]    9:     0x5d1b2a67b15d - __rustc[ea4f61d10b84890b]::rust_begin_unwind
[INFO] [stdout]   10:     0x5d1b2a6b743c - core[a373ad73a504971]::panicking::panic_fmt
[INFO] [stdout]   11:     0x5d1b2a6b7212 - core[a373ad73a504971]::result::unwrap_failed
[INFO] [stdout]   12:     0x5d1b2a4782d7 - backup_manager[4f584de87231eac]::test::setup_test_env
[INFO] [stdout]   13:     0x5d1b2a479479 - <backup_manager[4f584de87231eac]::test::test_list_backups::{closure#0} as core[a373ad73a504971]::ops::function::FnOnce<()>>::call_once
[INFO] [stdout]   14:     0x5d1b2a49a2cb - test[aada8e7e76ba119b]::__rust_begin_short_backtrace::<core[a373ad73a504971]::result::Result<(), alloc[2e1b2a31b91974c5]::string::String>, fn() -> core[a373ad73a504971]::result::Result<(), alloc[2e1b2a31b91974c5]::string::String>>
[INFO] [stdout]   15:     0x5d1b2a4a74a5 - test[aada8e7e76ba119b]::run_test::{closure#0}
[INFO] [stdout]   16:     0x5d1b2a4a0d94 - std[617be2ca0a6fd877]::sys::backtrace::__rust_begin_short_backtrace::<test[aada8e7e76ba119b]::run_test::{closure#1}, ()>
[INFO] [stdout]   17:     0x5d1b2a4aa532 - <std[617be2ca0a6fd877]::thread::lifecycle::spawn_unchecked<test[aada8e7e76ba119b]::run_test::{closure#1}, ()>::{closure#1} as core[a373ad73a504971]::ops::function::FnOnce<()>>::call_once::{shim:vtable#0}
[INFO] [stdout]   18:     0x5d1b2a69fa5f - <std[617be2ca0a6fd877]::sys::thread::unix::Thread>::new::thread_start
[INFO] [stdout]   19:     0x72bb75e76dfa - <unknown>
[INFO] [stdout]   20:     0x72bb75f0a3d4 - clone
[INFO] [stdout]   21:                0x0 - <unknown>
[INFO] [stdout] 
[INFO] [stdout] ---- test::test_backup_with_description stdout ----
[INFO] [stdout] 
[INFO] [stdout] thread 'test::test_backup_with_description' (2235) panicked at tests/backup_manager.rs:22:40:
[INFO] [stdout] Failed to create store directory: Os { code: 30, kind: ReadOnlyFilesystem, message: "Read-only file system" }
[INFO] [stdout] stack backtrace:
[INFO] [stdout]    0:     0x5d1b2a6a0701 - <<std[617be2ca0a6fd877]::sys::backtrace::BacktraceLock>::print::DisplayBacktrace as core[a373ad73a504971]::fmt::Display>::fmt
[INFO] [stdout]    1:     0x5d1b2a6b6c5a - core[a373ad73a504971]::fmt::write
[INFO] [stdout]    2:     0x5d1b2a6a558c - <alloc[2e1b2a31b91974c5]::vec::Vec<u8> as core[a373ad73a504971]::io::write::Write>::write_fmt
[INFO] [stdout]    3:     0x5d1b2a67a206 - std[617be2ca0a6fd877]::panicking::default_hook::{closure#0}
[INFO] [stdout]    4:     0x5d1b2a697929 - std[617be2ca0a6fd877]::panicking::default_hook
[INFO] [stdout]    5:     0x5d1b2a4a6e80 - test[aada8e7e76ba119b]::test_main_inner::{closure#0}
[INFO] [stdout]    6:     0x5d1b2a697c52 - std[617be2ca0a6fd877]::panicking::panic_with_hook
[INFO] [stdout]    7:     0x5d1b2a67a2b2 - std[617be2ca0a6fd877]::panicking::panic_handler::{closure#0}
[INFO] [stdout]    8:     0x5d1b2a6724c9 - std[617be2ca0a6fd877]::sys::backtrace::__rust_end_short_backtrace::<std[617be2ca0a6fd877]::panicking::panic_handler::{closure#0}, !>
[INFO] [stdout]    9:     0x5d1b2a67b15d - __rustc[ea4f61d10b84890b]::rust_begin_unwind
[INFO] [stdout]   10:     0x5d1b2a6b743c - core[a373ad73a504971]::panicking::panic_fmt
[INFO] [stdout]   11:     0x5d1b2a6b7212 - core[a373ad73a504971]::result::unwrap_failed
[INFO] [stdout]   12:     0x5d1b2a4782d7 - backup_manager[4f584de87231eac]::test::setup_test_env
[INFO] [stdout]   13:     0x5d1b2a47e3da - <backup_manager[4f584de87231eac]::test::test_backup_with_description::{closure#0} as core[a373ad73a504971]::ops::function::FnOnce<()>>::call_once
[INFO] [stdout]   14:     0x5d1b2a49a2cb - test[aada8e7e76ba119b]::__rust_begin_short_backtrace::<core[a373ad73a504971]::result::Result<(), alloc[2e1b2a31b91974c5]::string::String>, fn() -> core[a373ad73a504971]::result::Result<(), alloc[2e1b2a31b91974c5]::string::String>>
[INFO] [stdout]   15:     0x5d1b2a4a74a5 - test[aada8e7e76ba119b]::run_test::{closure#0}
[INFO] [stdout]   16:     0x5d1b2a4a0d94 - std[617be2ca0a6fd877]::sys::backtrace::__rust_begin_short_backtrace::<test[aada8e7e76ba119b]::run_test::{closure#1}, ()>
[INFO] [stdout]   17:     0x5d1b2a4aa532 - <std[617be2ca0a6fd877]::thread::lifecycle::spawn_unchecked<test[aada8e7e76ba119b]::run_test::{closure#1}, ()>::{closure#1} as core[a373ad73a504971]::ops::function::FnOnce<()>>::call_once::{shim:vtable#0}
[INFO] [stdout]   18:     0x5d1b2a69fa5f - <std[617be2ca0a6fd877]::sys::thread::unix::Thread>::new::thread_start
[INFO] [stdout]   19:     0x72bb75e76dfa - <unknown>
[INFO] [stdout]   20:     0x72bb75f0a3d4 - clone
[INFO] [stdout]   21:                0x0 - <unknown>
[INFO] [stdout] 
[INFO] [stdout] ---- test::test_purge_backups_older_than stdout ----
[INFO] [stdout] 
[INFO] [stdout] thread 'test::test_purge_backups_older_than' (2252) panicked at tests/backup_manager.rs:22:40:
[INFO] [stdout] Failed to create store directory: Os { code: 30, kind: ReadOnlyFilesystem, message: "Read-only file system" }
[INFO] [stdout] stack backtrace:
[INFO] [stdout]    0:     0x5d1b2a6a0701 - <<std[617be2ca0a6fd877]::sys::backtrace::BacktraceLock>::print::DisplayBacktrace as core[a373ad73a504971]::fmt::Display>::fmt
[INFO] [stdout]    1:     0x5d1b2a6b6c5a - core[a373ad73a504971]::fmt::write
[INFO] [stdout]    2:     0x5d1b2a6a558c - <alloc[2e1b2a31b91974c5]::vec::Vec<u8> as core[a373ad73a504971]::io::write::Write>::write_fmt
[INFO] [stdout]    3:     0x5d1b2a67a206 - std[617be2ca0a6fd877]::panicking::default_hook::{closure#0}
[INFO] [stdout]    4:     0x5d1b2a697929 - std[617be2ca0a6fd877]::panicking::default_hook
[INFO] [stdout]    5:     0x5d1b2a4a6e80 - test[aada8e7e76ba119b]::test_main_inner::{closure#0}
[INFO] [stdout]    6:     0x5d1b2a697c52 - std[617be2ca0a6fd877]::panicking::panic_with_hook
[INFO] [stdout]    7:     0x5d1b2a67a2b2 - std[617be2ca0a6fd877]::panicking::panic_handler::{closure#0}
[INFO] [stdout]    8:     0x5d1b2a6724c9 - std[617be2ca0a6fd877]::sys::backtrace::__rust_end_short_backtrace::<std[617be2ca0a6fd877]::panicking::panic_handler::{closure#0}, !>
[INFO] [stdout]    9:     0x5d1b2a67b15d - __rustc[ea4f61d10b84890b]::rust_begin_unwind
[INFO] [stdout]   10:     0x5d1b2a6b743c - core[a373ad73a504971]::panicking::panic_fmt
[INFO] [stdout]   11:     0x5d1b2a6b7212 - core[a373ad73a504971]::result::unwrap_failed
[INFO] [stdout]   12:     0x5d1b2a4782d7 - backup_manager[4f584de87231eac]::test::setup_test_env
[INFO] [stdout]   13:     0x5d1b2a47f6ca - <backup_manager[4f584de87231eac]::test::test_purge_backups_older_than::{closure#0} as core[a373ad73a504971]::ops::function::FnOnce<()>>::call_once
[INFO] [stdout]   14:     0x5d1b2a49a2cb - test[aada8e7e76ba119b]::__rust_begin_short_backtrace::<core[a373ad73a504971]::result::Result<(), alloc[2e1b2a31b91974c5]::string::String>, fn() -> core[a373ad73a504971]::result::Result<(), alloc[2e1b2a31b91974c5]::string::String>>
[INFO] [stdout]   15:     0x5d1b2a4a74a5 - test[aada8e7e76ba119b]::run_test::{closure#0}
[INFO] [stdout]   16:     0x5d1b2a4a0d94 - std[617be2ca0a6fd877]::sys::backtrace::__rust_begin_short_backtrace::<test[aada8e7e76ba119b]::run_test::{closure#1}, ()>
[INFO] [stdout]   17:     0x5d1b2a4aa532 - <std[617be2ca0a6fd877]::thread::lifecycle::spawn_unchecked<test[aada8e7e76ba119b]::run_test::{closure#1}, ()>::{closure#1} as core[a373ad73a504971]::ops::function::FnOnce<()>>::call_once::{shim:vtable#0}
[INFO] [stdout]   18:     0x5d1b2a69fa5f - <std[617be2ca0a6fd877]::sys::thread::unix::Thread>::new::thread_start
[INFO] [stdout]   19:     0x72bb75e76dfa - <unknown>
[INFO] [stdout]   20:     0x72bb75f0a3d4 - clone
[INFO] [stdout]   21:                0x0 - <unknown>
[INFO] [stdout] 
[INFO] [stdout] ---- test::test_backup_empty_directory stdout ----
[INFO] [stdout] 
[INFO] [stdout] thread 'test::test_backup_empty_directory' (2230) panicked at tests/backup_manager.rs:22:40:
[INFO] [stdout] Failed to create store directory: Os { code: 30, kind: ReadOnlyFilesystem, message: "Read-only file system" }
[INFO] [stdout] stack backtrace:
[INFO] [stdout]    0:     0x5d1b2a6a0701 - <<std[617be2ca0a6fd877]::sys::backtrace::BacktraceLock>::print::DisplayBacktrace as core[a373ad73a504971]::fmt::Display>::fmt
[INFO] [stdout]    1:     0x5d1b2a6b6c5a - core[a373ad73a504971]::fmt::write
[INFO] [stdout]    2:     0x5d1b2a6a558c - <alloc[2e1b2a31b91974c5]::vec::Vec<u8> as core[a373ad73a504971]::io::write::Write>::write_fmt
[INFO] [stdout]    3:     0x5d1b2a67a206 - std[617be2ca0a6fd877]::panicking::default_hook::{closure#0}
[INFO] [stdout]    4:     0x5d1b2a697929 - std[617be2ca0a6fd877]::panicking::default_hook
[INFO] [stdout]    5:     0x5d1b2a4a6e80 - test[aada8e7e76ba119b]::test_main_inner::{closure#0}
[INFO] [stdout]    6:     0x5d1b2a697c52 - std[617be2ca0a6fd877]::panicking::panic_with_hook
[INFO] [stdout]    7:     0x5d1b2a67a2b2 - std[617be2ca0a6fd877]::panicking::panic_handler::{closure#0}
[INFO] [stdout]    8:     0x5d1b2a6724c9 - std[617be2ca0a6fd877]::sys::backtrace::__rust_end_short_backtrace::<std[617be2ca0a6fd877]::panicking::panic_handler::{closure#0}, !>
[INFO] [stdout]    9:     0x5d1b2a67b15d - __rustc[ea4f61d10b84890b]::rust_begin_unwind
[INFO] [stdout]   10:     0x5d1b2a6b743c - core[a373ad73a504971]::panicking::panic_fmt
[INFO] [stdout]   11:     0x5d1b2a6b7212 - core[a373ad73a504971]::result::unwrap_failed
[INFO] [stdout]   12:     0x5d1b2a4782d7 - backup_manager[4f584de87231eac]::test::setup_test_env
[INFO] [stdout]   13:     0x5d1b2a47dcc5 - <backup_manager[4f584de87231eac]::test::test_backup_empty_directory::{closure#0} as core[a373ad73a504971]::ops::function::FnOnce<()>>::call_once
[INFO] [stdout]   14:     0x5d1b2a49a2cb - test[aada8e7e76ba119b]::__rust_begin_short_backtrace::<core[a373ad73a504971]::result::Result<(), alloc[2e1b2a31b91974c5]::string::String>, fn() -> core[a373ad73a504971]::result::Result<(), alloc[2e1b2a31b91974c5]::string::String>>
[INFO] [stdout]   15:     0x5d1b2a4a74a5 - test[aada8e7e76ba119b]::run_test::{closure#0}
[INFO] [stdout]   16:     0x5d1b2a4a0d94 - std[617be2ca0a6fd877]::sys::backtrace::__rust_begin_short_backtrace::<test[aada8e7e76ba119b]::run_test::{closure#1}, ()>
[INFO] [stdout]   17:     0x5d1b2a4aa532 - <std[617be2ca0a6fd877]::thread::lifecycle::spawn_unchecked<test[aada8e7e76ba119b]::run_test::{closure#1}, ()>::{closure#1} as core[a373ad73a504971]::ops::function::FnOnce<()>>::call_once::{shim:vtable#0}
[INFO] [stdout]   18:     0x5d1b2a69fa5f - <std[617be2ca0a6fd877]::sys::thread::unix::Thread>::new::thread_start
[INFO] [stdout]   19:     0x72bb75e76dfa - <unknown>
[INFO] [stdout]   20:     0x72bb75f0a3d4 - clone
[INFO] [stdout]   21:                0x0 - <unknown>
[INFO] [stdout] 
[INFO] [stdout] ---- test::test_diff_nested_directories stdout ----
[INFO] [stdout] 
[INFO] [stdout] thread 'test::test_diff_nested_directories' (2244) panicked at tests/backup_manager.rs:22:40:
[INFO] [stdout] Failed to create store directory: Os { code: 30, kind: ReadOnlyFilesystem, message: "Read-only file system" }
[INFO] [stdout] stack backtrace:
[INFO] [stdout]    0:     0x5d1b2a6a0701 - <<std[617be2ca0a6fd877]::sys::backtrace::BacktraceLock>::print::DisplayBacktrace as core[a373ad73a504971]::fmt::Display>::fmt
[INFO] [stdout]    1:     0x5d1b2a6b6c5a - core[a373ad73a504971]::fmt::write
[INFO] [stdout]    2:     0x5d1b2a6a558c - <alloc[2e1b2a31b91974c5]::vec::Vec<u8> as core[a373ad73a504971]::io::write::Write>::write_fmt
[INFO] [stdout]    3:     0x5d1b2a67a206 - std[617be2ca0a6fd877]::panicking::default_hook::{closure#0}
[INFO] [stdout]    4:     0x5d1b2a697929 - std[617be2ca0a6fd877]::panicking::default_hook
[INFO] [stdout]    5:     0x5d1b2a4a6e80 - test[aada8e7e76ba119b]::test_main_inner::{closure#0}
[INFO] [stdout]    6:     0x5d1b2a697c52 - std[617be2ca0a6fd877]::panicking::panic_with_hook
[INFO] [stdout]    7:     0x5d1b2a67a2b2 - std[617be2ca0a6fd877]::panicking::panic_handler::{closure#0}
[INFO] [stdout]    8:     0x5d1b2a6724c9 - std[617be2ca0a6fd877]::sys::backtrace::__rust_end_short_backtrace::<std[617be2ca0a6fd877]::panicking::panic_handler::{closure#0}, !>
[INFO] [stdout]    9:     0x5d1b2a67b15d - __rustc[ea4f61d10b84890b]::rust_begin_unwind
[INFO] [stdout]   10:     0x5d1b2a6b743c - core[a373ad73a504971]::panicking::panic_fmt
[INFO] [stdout]   11:     0x5d1b2a6b7212 - core[a373ad73a504971]::result::unwrap_failed
[INFO] [stdout]   12:     0x5d1b2a4782d7 - backup_manager[4f584de87231eac]::test::setup_test_env
[INFO] [stdout]   13:     0x5d1b2a47e9ea - <backup_manager[4f584de87231eac]::test::test_diff_nested_directories::{closure#0} as core[a373ad73a504971]::ops::function::FnOnce<()>>::call_once
[INFO] [stdout]   14:     0x5d1b2a49a2cb - test[aada8e7e76ba119b]::__rust_begin_short_backtrace::<core[a373ad73a504971]::result::Result<(), alloc[2e1b2a31b91974c5]::string::String>, fn() -> core[a373ad73a504971]::result::Result<(), alloc[2e1b2a31b91974c5]::string::String>>
[INFO] [stdout]   15:     0x5d1b2a4a74a5 - test[aada8e7e76ba119b]::run_test::{closure#0}
[INFO] [stdout]   16:     0x5d1b2a4a0d94 - std[617be2ca0a6fd877]::sys::backtrace::__rust_begin_short_backtrace::<test[aada8e7e76ba119b]::run_test::{closure#1}, ()>
[INFO] [stdout]   17:     0x5d1b2a4aa532 - <std[617be2ca0a6fd877]::thread::lifecycle::spawn_unchecked<test[aada8e7e76ba119b]::run_test::{closure#1}, ()>::{closure#1} as core[a373ad73a504971]::ops::function::FnOnce<()>>::call_once::{shim:vtable#0}
[INFO] [stdout]   18:     0x5d1b2a69fa5f - <std[617be2ca0a6fd877]::sys::thread::unix::Thread>::new::thread_start
[INFO] [stdout]   19:     0x72bb75e76dfa - <unknown>
[INFO] [stdout]   20:     0x72bb75f0a3d4 - clone
[INFO] [stdout]   21:                0x0 - <unknown>
[INFO] [stdout] 
[INFO] [stdout] ---- test::test_diff_multiple_changes stdout ----
[INFO] [stdout] 
[INFO] [stdout] thread 'test::test_diff_multiple_changes' (2243) panicked at tests/backup_manager.rs:22:40:
[INFO] [stdout] Failed to create store directory: Os { code: 30, kind: ReadOnlyFilesystem, message: "Read-only file system" }
[INFO] [stdout] stack backtrace:
[INFO] [stdout]    0:     0x5d1b2a6a0701 - <<std[617be2ca0a6fd877]::sys::backtrace::BacktraceLock>::print::DisplayBacktrace as core[a373ad73a504971]::fmt::Display>::fmt
[INFO] [stdout]    1:     0x5d1b2a6b6c5a - core[a373ad73a504971]::fmt::write
[INFO] [stdout]    2:     0x5d1b2a6a558c - <alloc[2e1b2a31b91974c5]::vec::Vec<u8> as core[a373ad73a504971]::io::write::Write>::write_fmt
[INFO] [stdout]    3:     0x5d1b2a67a206 - std[617be2ca0a6fd877]::panicking::default_hook::{closure#0}
[INFO] [stdout]    4:     0x5d1b2a697929 - std[617be2ca0a6fd877]::panicking::default_hook
[INFO] [stdout]    5:     0x5d1b2a4a6e80 - test[aada8e7e76ba119b]::test_main_inner::{closure#0}
[INFO] [stdout]    6:     0x5d1b2a697c52 - std[617be2ca0a6fd877]::panicking::panic_with_hook
[INFO] [stdout]    7:     0x5d1b2a67a2b2 - std[617be2ca0a6fd877]::panicking::panic_handler::{closure#0}
[INFO] [stdout]    8:     0x5d1b2a6724c9 - std[617be2ca0a6fd877]::sys::backtrace::__rust_end_short_backtrace::<std[617be2ca0a6fd877]::panicking::panic_handler::{closure#0}, !>
[INFO] [stdout]    9:     0x5d1b2a67b15d - __rustc[ea4f61d10b84890b]::rust_begin_unwind
[INFO] [stdout]   10:     0x5d1b2a6b743c - core[a373ad73a504971]::panicking::panic_fmt
[INFO] [stdout]   11:     0x5d1b2a6b7212 - core[a373ad73a504971]::result::unwrap_failed
[INFO] [stdout]   12:     0x5d1b2a4782d7 - backup_manager[4f584de87231eac]::test::setup_test_env
[INFO] [stdout]   13:     0x5d1b2a47d2a9 - <backup_manager[4f584de87231eac]::test::test_diff_multiple_changes::{closure#0} as core[a373ad73a504971]::ops::function::FnOnce<()>>::call_once
[INFO] [stdout]   14:     0x5d1b2a49a2cb - test[aada8e7e76ba119b]::__rust_begin_short_backtrace::<core[a373ad73a504971]::result::Result<(), alloc[2e1b2a31b91974c5]::string::String>, fn() -> core[a373ad73a504971]::result::Result<(), alloc[2e1b2a31b91974c5]::string::String>>
[INFO] [stdout]   15:     0x5d1b2a4a74a5 - test[aada8e7e76ba119b]::run_test::{closure#0}
[INFO] [stdout]   16:     0x5d1b2a4a0d94 - std[617be2ca0a6fd877]::sys::backtrace::__rust_begin_short_backtrace::<test[aada8e7e76ba119b]::run_test::{closure#1}, ()>
[INFO] [stdout]   17:     0x5d1b2a4aa532 - <std[617be2ca0a6fd877]::thread::lifecycle::spawn_unchecked<test[aada8e7e76ba119b]::run_test::{closure#1}, ()>::{closure#1} as core[a373ad73a504971]::ops::function::FnOnce<()>>::call_once::{shim:vtable#0}
[INFO] [stdout]   18:     0x5d1b2a69fa5f - <std[617be2ca0a6fd877]::sys::thread::unix::Thread>::new::thread_start
[INFO] [stdout]   19:     0x72bb75e76dfa - <unknown>
[INFO] [stdout]   20:     0x72bb75f0a3d4 - clone
[INFO] [stdout]   21:                0x0 - <unknown>
[INFO] [stdout] 
[INFO] [stdout] ---- test::test_diff_no_changes stdout ----
[INFO] [stdout] 
[INFO] [stdout] thread 'test::test_diff_no_changes' (2245) panicked at tests/backup_manager.rs:22:40:
[INFO] [stdout] Failed to create store directory: Os { code: 30, kind: ReadOnlyFilesystem, message: "Read-only file system" }
[INFO] [stdout] stack backtrace:
[INFO] [stdout]    0:     0x5d1b2a6a0701 - <<std[617be2ca0a6fd877]::sys::backtrace::BacktraceLock>::print::DisplayBacktrace as core[a373ad73a504971]::fmt::Display>::fmt
[INFO] [stdout]    1:     0x5d1b2a6b6c5a - core[a373ad73a504971]::fmt::write
[INFO] [stdout]    2:     0x5d1b2a6a558c - <alloc[2e1b2a31b91974c5]::vec::Vec<u8> as core[a373ad73a504971]::io::write::Write>::write_fmt
[INFO] [stdout]    3:     0x5d1b2a67a206 - std[617be2ca0a6fd877]::panicking::default_hook::{closure#0}
[INFO] [stdout]    4:     0x5d1b2a697929 - std[617be2ca0a6fd877]::panicking::default_hook
[INFO] [stdout]    5:     0x5d1b2a4a6e80 - test[aada8e7e76ba119b]::test_main_inner::{closure#0}
[INFO] [stdout]    6:     0x5d1b2a697c52 - std[617be2ca0a6fd877]::panicking::panic_with_hook
[INFO] [stdout]    7:     0x5d1b2a67a2b2 - std[617be2ca0a6fd877]::panicking::panic_handler::{closure#0}
[INFO] [stdout]    8:     0x5d1b2a6724c9 - std[617be2ca0a6fd877]::sys::backtrace::__rust_end_short_backtrace::<std[617be2ca0a6fd877]::panicking::panic_handler::{closure#0}, !>
[INFO] [stdout]    9:     0x5d1b2a67b15d - __rustc[ea4f61d10b84890b]::rust_begin_unwind
[INFO] [stdout]   10:     0x5d1b2a6b743c - core[a373ad73a504971]::panicking::panic_fmt
[INFO] [stdout]   11:     0x5d1b2a6b7212 - core[a373ad73a504971]::result::unwrap_failed
[INFO] [stdout]   12:     0x5d1b2a4782d7 - backup_manager[4f584de87231eac]::test::setup_test_env
[INFO] [stdout]   13:     0x5d1b2a47a9f5 - <backup_manager[4f584de87231eac]::test::test_diff_no_changes::{closure#0} as core[a373ad73a504971]::ops::function::FnOnce<()>>::call_once
[INFO] [stdout]   14:     0x5d1b2a49a2cb - test[aada8e7e76ba119b]::__rust_begin_short_backtrace::<core[a373ad73a504971]::result::Result<(), alloc[2e1b2a31b91974c5]::string::String>, fn() -> core[a373ad73a504971]::result::Result<(), alloc[2e1b2a31b91974c5]::string::String>>
[INFO] [stdout]   15:     0x5d1b2a4a74a5 - test[aada8e7e76ba119b]::run_test::{closure#0}
[INFO] [stdout]   16:     0x5d1b2a4a0d94 - std[617be2ca0a6fd877]::sys::backtrace::__rust_begin_short_backtrace::<test[aada8e7e76ba119b]::run_test::{closure#1}, ()>
[INFO] [stdout]   17:     0x5d1b2a4aa532 - <std[617be2ca0a6fd877]::thread::lifecycle::spawn_unchecked<test[aada8e7e76ba119b]::run_test::{closure#1}, ()>::{closure#1} as core[a373ad73a504971]::ops::function::FnOnce<()>>::call_once::{shim:vtable#0}
[INFO] [stdout]   18:     0x5d1b2a69fa5f - <std[617be2ca0a6fd877]::sys::thread::unix::Thread>::new::thread_start
[INFO] [stdout]   19:     0x72bb75e76dfa - <unknown>
[INFO] [stdout]   20:     0x72bb75f0a3d4 - clone
[INFO] [stdout]   21:                0x0 - <unknown>
[INFO] [stdout] 
[INFO] [stdout] ---- test::test_diff_added_file stdout ----
[INFO] [stdout] 
[INFO] [stdout] thread 'test::test_diff_added_file' (2238) panicked at tests/backup_manager.rs:22:40:
[INFO] [stdout] Failed to create store directory: Os { code: 30, kind: ReadOnlyFilesystem, message: "Read-only file system" }
[INFO] [stdout] stack backtrace:
[INFO] [stdout]    0:     0x5d1b2a6a0701 - <<std[617be2ca0a6fd877]::sys::backtrace::BacktraceLock>::print::DisplayBacktrace as core[a373ad73a504971]::fmt::Display>::fmt
[INFO] [stdout]    1:     0x5d1b2a6b6c5a - core[a373ad73a504971]::fmt::write
[INFO] [stdout]    2:     0x5d1b2a6a558c - <alloc[2e1b2a31b91974c5]::vec::Vec<u8> as core[a373ad73a504971]::io::write::Write>::write_fmt
[INFO] [stdout]    3:     0x5d1b2a67a206 - std[617be2ca0a6fd877]::panicking::default_hook::{closure#0}
[INFO] [stdout]    4:     0x5d1b2a697929 - std[617be2ca0a6fd877]::panicking::default_hook
[INFO] [stdout]    5:     0x5d1b2a4a6e80 - test[aada8e7e76ba119b]::test_main_inner::{closure#0}
[INFO] [stdout]    6:     0x5d1b2a697c52 - std[617be2ca0a6fd877]::panicking::panic_with_hook
[INFO] [stdout]    7:     0x5d1b2a67a2b2 - std[617be2ca0a6fd877]::panicking::panic_handler::{closure#0}
[INFO] [stdout]    8:     0x5d1b2a6724c9 - std[617be2ca0a6fd877]::sys::backtrace::__rust_end_short_backtrace::<std[617be2ca0a6fd877]::panicking::panic_handler::{closure#0}, !>
[INFO] [stdout]    9:     0x5d1b2a67b15d - __rustc[ea4f61d10b84890b]::rust_begin_unwind
[INFO] [stdout]   10:     0x5d1b2a6b743c - core[a373ad73a504971]::panicking::panic_fmt
[INFO] [stdout]   11:     0x5d1b2a6b7212 - core[a373ad73a504971]::result::unwrap_failed
[INFO] [stdout]   12:     0x5d1b2a4782d7 - backup_manager[4f584de87231eac]::test::setup_test_env
[INFO] [stdout]   13:     0x5d1b2a47a1e9 - <backup_manager[4f584de87231eac]::test::test_diff_added_file::{closure#0} as core[a373ad73a504971]::ops::function::FnOnce<()>>::call_once
[INFO] [stdout]   14:     0x5d1b2a49a2cb - test[aada8e7e76ba119b]::__rust_begin_short_backtrace::<core[a373ad73a504971]::result::Result<(), alloc[2e1b2a31b91974c5]::string::String>, fn() -> core[a373ad73a504971]::result::Result<(), alloc[2e1b2a31b91974c5]::string::String>>
[INFO] [stdout]   15:     0x5d1b2a4a74a5 - test[aada8e7e76ba119b]::run_test::{closure#0}
[INFO] [stdout]   16:     0x5d1b2a4a0d94 - std[617be2ca0a6fd877]::sys::backtrace::__rust_begin_short_backtrace::<test[aada8e7e76ba119b]::run_test::{closure#1}, ()>
[INFO] [stdout]   17:     0x5d1b2a4aa532 - <std[617be2ca0a6fd877]::thread::lifecycle::spawn_unchecked<test[aada8e7e76ba119b]::run_test::{closure#1}, ()>::{closure#1} as core[a373ad73a504971]::ops::function::FnOnce<()>>::call_once::{shim:vtable#0}
[INFO] [stdout]   18:     0x5d1b2a69fa5f - <std[617be2ca0a6fd877]::sys::thread::unix::Thread>::new::thread_start
[INFO] [stdout]   19:     0x72bb75e76dfa - <unknown>
[INFO] [stdout]   20:     0x72bb75f0a3d4 - clone
[INFO] [stdout]   21:                0x0 - <unknown>
[INFO] [stdout] 
[INFO] [stdout] ---- test::test_diff_deleted_file stdout ----
[INFO] [stdout] 
[INFO] [stdout] thread 'test::test_diff_deleted_file' (2239) panicked at tests/backup_manager.rs:22:40:
[INFO] [stdout] Failed to create store directory: Os { code: 30, kind: ReadOnlyFilesystem, message: "Read-only file system" }
[INFO] [stdout] stack backtrace:
[INFO] [stdout]    0:     0x5d1b2a6a0701 - <<std[617be2ca0a6fd877]::sys::backtrace::BacktraceLock>::print::DisplayBacktrace as core[a373ad73a504971]::fmt::Display>::fmt
[INFO] [stdout]    1:     0x5d1b2a6b6c5a - core[a373ad73a504971]::fmt::write
[INFO] [stdout]    2:     0x5d1b2a6a558c - <alloc[2e1b2a31b91974c5]::vec::Vec<u8> as core[a373ad73a504971]::io::write::Write>::write_fmt
[INFO] [stdout]    3:     0x5d1b2a67a206 - std[617be2ca0a6fd877]::panicking::default_hook::{closure#0}
[INFO] [stdout]    4:     0x5d1b2a697929 - std[617be2ca0a6fd877]::panicking::default_hook
[INFO] [stdout]    5:     0x5d1b2a4a6e80 - test[aada8e7e76ba119b]::test_main_inner::{closure#0}
[INFO] [stdout]    6:     0x5d1b2a697c52 - std[617be2ca0a6fd877]::panicking::panic_with_hook
[INFO] [stdout]    7:     0x5d1b2a67a2b2 - std[617be2ca0a6fd877]::panicking::panic_handler::{closure#0}
[INFO] [stdout]    8:     0x5d1b2a6724c9 - std[617be2ca0a6fd877]::sys::backtrace::__rust_end_short_backtrace::<std[617be2ca0a6fd877]::panicking::panic_handler::{closure#0}, !>
[INFO] [stdout]    9:     0x5d1b2a67b15d - __rustc[ea4f61d10b84890b]::rust_begin_unwind
[INFO] [stdout]   10:     0x5d1b2a6b743c - core[a373ad73a504971]::panicking::panic_fmt
[INFO] [stdout]   11:     0x5d1b2a6b7212 - core[a373ad73a504971]::result::unwrap_failed
[INFO] [stdout]   12:     0x5d1b2a4782d7 - backup_manager[4f584de87231eac]::test::setup_test_env
[INFO] [stdout]   13:     0x5d1b2a47af69 - <backup_manager[4f584de87231eac]::test::test_diff_deleted_file::{closure#0} as core[a373ad73a504971]::ops::function::FnOnce<()>>::call_once
[INFO] [stdout]   14:     0x5d1b2a49a2cb - test[aada8e7e76ba119b]::__rust_begin_short_backtrace::<core[a373ad73a504971]::result::Result<(), alloc[2e1b2a31b91974c5]::string::String>, fn() -> core[a373ad73a504971]::result::Result<(), alloc[2e1b2a31b91974c5]::string::String>>
[INFO] [stdout]   15:     0x5d1b2a4a74a5 - test[aada8e7e76ba119b]::run_test::{closure#0}
[INFO] [stdout]   16:     0x5d1b2a4a0d94 - std[617be2ca0a6fd877]::sys::backtrace::__rust_begin_short_backtrace::<test[aada8e7e76ba119b]::run_test::{closure#1}, ()>
[INFO] [stdout]   17:     0x5d1b2a4aa532 - <std[617be2ca0a6fd877]::thread::lifecycle::spawn_unchecked<test[aada8e7e76ba119b]::run_test::{closure#1}, ()>::{closure#1} as core[a373ad73a504971]::ops::function::FnOnce<()>>::call_once::{shim:vtable#0}
[INFO] [stdout]   18:     0x5d1b2a69fa5f - <std[617be2ca0a6fd877]::sys::thread::unix::Thread>::new::thread_start
[INFO] [stdout]   19:     0x72bb75e76dfa - <unknown>
[INFO] [stdout]   20:     0x72bb75f0a3d4 - clone
[INFO] [stdout]   21:                0x0 - <unknown>
[INFO] [stdout] 
[INFO] [stdout] ---- test::test_last_backup stdout ----
[INFO] [stdout] 
[INFO] [stdout] thread 'test::test_last_backup' (2249) panicked at tests/backup_manager.rs:22:40:
[INFO] [stdout] Failed to create store directory: Os { code: 30, kind: ReadOnlyFilesystem, message: "Read-only file system" }
[INFO] [stdout] stack backtrace:
[INFO] [stdout]    0:     0x5d1b2a6a0701 - <<std[617be2ca0a6fd877]::sys::backtrace::BacktraceLock>::print::DisplayBacktrace as core[a373ad73a504971]::fmt::Display>::fmt
[INFO] [stdout]    1:     0x5d1b2a6b6c5a - core[a373ad73a504971]::fmt::write
[INFO] [stdout]    2:     0x5d1b2a6a558c - <alloc[2e1b2a31b91974c5]::vec::Vec<u8> as core[a373ad73a504971]::io::write::Write>::write_fmt
[INFO] [stdout]    3:     0x5d1b2a67a206 - std[617be2ca0a6fd877]::panicking::default_hook::{closure#0}
[INFO] [stdout]    4:     0x5d1b2a697929 - std[617be2ca0a6fd877]::panicking::default_hook
[INFO] [stdout]    5:     0x5d1b2a4a6e80 - test[aada8e7e76ba119b]::test_main_inner::{closure#0}
[INFO] [stdout]    6:     0x5d1b2a697c52 - std[617be2ca0a6fd877]::panicking::panic_with_hook
[INFO] [stdout]    7:     0x5d1b2a67a2b2 - std[617be2ca0a6fd877]::panicking::panic_handler::{closure#0}
[INFO] [stdout]    8:     0x5d1b2a6724c9 - std[617be2ca0a6fd877]::sys::backtrace::__rust_end_short_backtrace::<std[617be2ca0a6fd877]::panicking::panic_handler::{closure#0}, !>
[INFO] [stdout]    9:     0x5d1b2a67b15d - __rustc[ea4f61d10b84890b]::rust_begin_unwind
[INFO] [stdout]   10:     0x5d1b2a6b743c - core[a373ad73a504971]::panicking::panic_fmt
[INFO] [stdout]   11:     0x5d1b2a6b7212 - core[a373ad73a504971]::result::unwrap_failed
[INFO] [stdout]   12:     0x5d1b2a4782d7 - backup_manager[4f584de87231eac]::test::setup_test_env
[INFO] [stdout]   13:     0x5d1b2a478c77 - <backup_manager[4f584de87231eac]::test::test_last_backup::{closure#0} as core[a373ad73a504971]::ops::function::FnOnce<()>>::call_once
[INFO] [stdout]   14:     0x5d1b2a49a2cb - test[aada8e7e76ba119b]::__rust_begin_short_backtrace::<core[a373ad73a504971]::result::Result<(), alloc[2e1b2a31b91974c5]::string::String>, fn() -> core[a373ad73a504971]::result::Result<(), alloc[2e1b2a31b91974c5]::string::String>>
[INFO] [stdout]   15:     0x5d1b2a4a74a5 - test[aada8e7e76ba119b]::run_test::{closure#0}
[INFO] [stdout]   16:     0x5d1b2a4a0d94 - std[617be2ca0a6fd877]::sys::backtrace::__rust_begin_short_backtrace::<test[aada8e7e76ba119b]::run_test::{closure#1}, ()>
[INFO] [stdout]   17:     0x5d1b2a4aa532 - <std[617be2ca0a6fd877]::thread::lifecycle::spawn_unchecked<test[aada8e7e76ba119b]::run_test::{closure#1}, ()>::{closure#1} as core[a373ad73a504971]::ops::function::FnOnce<()>>::call_once::{shim:vtable#0}
[INFO] [stdout]   18:     0x5d1b2a69fa5f - <std[617be2ca0a6fd877]::sys::thread::unix::Thread>::new::thread_start
[INFO] [stdout]   19:     0x72bb75e76dfa - <unknown>
[INFO] [stdout]   20:     0x72bb75f0a3d4 - clone
[INFO] [stdout]   21:                0x0 - <unknown>
[INFO] [stdout] 
[INFO] [stdout] ---- test::test_restore_invalid_backup_id stdout ----
[INFO] [stdout] 
[INFO] [stdout] thread 'test::test_restore_invalid_backup_id' (2256) panicked at tests/backup_manager.rs:22:40:
[INFO] [stdout] Failed to create store directory: Os { code: 30, kind: ReadOnlyFilesystem, message: "Read-only file system" }
[INFO] [stdout] stack backtrace:
[INFO] [stdout]    0:     0x5d1b2a6a0701 - <<std[617be2ca0a6fd877]::sys::backtrace::BacktraceLock>::print::DisplayBacktrace as core[a373ad73a504971]::fmt::Display>::fmt
[INFO] [stdout]    1:     0x5d1b2a6b6c5a - core[a373ad73a504971]::fmt::write
[INFO] [stdout]    2:     0x5d1b2a6a558c - <alloc[2e1b2a31b91974c5]::vec::Vec<u8> as core[a373ad73a504971]::io::write::Write>::write_fmt
[INFO] [stdout]    3:     0x5d1b2a67a206 - std[617be2ca0a6fd877]::panicking::default_hook::{closure#0}
[INFO] [stdout]    4:     0x5d1b2a697929 - std[617be2ca0a6fd877]::panicking::default_hook
[INFO] [stdout]    5:     0x5d1b2a4a6e80 - test[aada8e7e76ba119b]::test_main_inner::{closure#0}
[INFO] [stdout]    6:     0x5d1b2a697c52 - std[617be2ca0a6fd877]::panicking::panic_with_hook
[INFO] [stdout]    7:     0x5d1b2a67a2b2 - std[617be2ca0a6fd877]::panicking::panic_handler::{closure#0}
[INFO] [stdout]    8:     0x5d1b2a6724c9 - std[617be2ca0a6fd877]::sys::backtrace::__rust_end_short_backtrace::<std[617be2ca0a6fd877]::panicking::panic_handler::{closure#0}, !>
[INFO] [stdout]    9:     0x5d1b2a67b15d - __rustc[ea4f61d10b84890b]::rust_begin_unwind
[INFO] [stdout]   10:     0x5d1b2a6b743c - core[a373ad73a504971]::panicking::panic_fmt
[INFO] [stdout]   11:     0x5d1b2a6b7212 - core[a373ad73a504971]::result::unwrap_failed
[INFO] [stdout]   12:     0x5d1b2a4782d7 - backup_manager[4f584de87231eac]::test::setup_test_env
[INFO] [stdout]   13:     0x5d1b2a4820f5 - <backup_manager[4f584de87231eac]::test::test_restore_invalid_backup_id::{closure#0} as core[a373ad73a504971]::ops::function::FnOnce<()>>::call_once
[INFO] [stdout]   14:     0x5d1b2a49a2cb - test[aada8e7e76ba119b]::__rust_begin_short_backtrace::<core[a373ad73a504971]::result::Result<(), alloc[2e1b2a31b91974c5]::string::String>, fn() -> core[a373ad73a504971]::result::Result<(), alloc[2e1b2a31b91974c5]::string::String>>
[INFO] [stdout]   15:     0x5d1b2a4a74a5 - test[aada8e7e76ba119b]::run_test::{closure#0}
[INFO] [stdout]   16:     0x5d1b2a4a0d94 - std[617be2ca0a6fd877]::sys::backtrace::__rust_begin_short_backtrace::<test[aada8e7e76ba119b]::run_test::{closure#1}, ()>
[INFO] [stdout]   17:     0x5d1b2a4aa532 - <std[617be2ca0a6fd877]::thread::lifecycle::spawn_unchecked<test[aada8e7e76ba119b]::run_test::{closure#1}, ()>::{closure#1} as core[a373ad73a504971]::ops::function::FnOnce<()>>::call_once::{shim:vtable#0}
[INFO] [stdout]   18:     0x5d1b2a69fa5f - <std[617be2ca0a6fd877]::sys::thread::unix::Thread>::new::thread_start
[INFO] [stdout]   19:     0x72bb75e76dfa - <unknown>
[INFO] [stdout]   20:     0x72bb75f0a3d4 - clone
[INFO] [stdout]   21:                0x0 - <unknown>
[INFO] [stdout] 
[INFO] [stdout] ---- test::test_diff_invalid_backup_id stdout ----
[INFO] [stdout] 
[INFO] [stdout] thread 'test::test_diff_invalid_backup_id' (2241) panicked at tests/backup_manager.rs:22:40:
[INFO] [stdout] Failed to create store directory: Os { code: 30, kind: ReadOnlyFilesystem, message: "Read-only file system" }
[INFO] [stdout] stack backtrace:
[INFO] [stdout]    0:     0x5d1b2a6a0701 - <<std[617be2ca0a6fd877]::sys::backtrace::BacktraceLock>::print::DisplayBacktrace as core[a373ad73a504971]::fmt::Display>::fmt
[INFO] [stdout]    1:     0x5d1b2a6b6c5a - core[a373ad73a504971]::fmt::write
[INFO] [stdout]    2:     0x5d1b2a6a558c - <alloc[2e1b2a31b91974c5]::vec::Vec<u8> as core[a373ad73a504971]::io::write::Write>::write_fmt
[INFO] [stdout]    3:     0x5d1b2a67a206 - std[617be2ca0a6fd877]::panicking::default_hook::{closure#0}
[INFO] [stdout]    4:     0x5d1b2a697929 - std[617be2ca0a6fd877]::panicking::default_hook
[INFO] [stdout]    5:     0x5d1b2a4a6e80 - test[aada8e7e76ba119b]::test_main_inner::{closure#0}
[INFO] [stdout]    6:     0x5d1b2a697c52 - std[617be2ca0a6fd877]::panicking::panic_with_hook
[INFO] [stdout]    7:     0x5d1b2a67a2b2 - std[617be2ca0a6fd877]::panicking::panic_handler::{closure#0}
[INFO] [stdout]    8:     0x5d1b2a6724c9 - std[617be2ca0a6fd877]::sys::backtrace::__rust_end_short_backtrace::<std[617be2ca0a6fd877]::panicking::panic_handler::{closure#0}, !>
[INFO] [stdout]    9:     0x5d1b2a67b15d - __rustc[ea4f61d10b84890b]::rust_begin_unwind
[INFO] [stdout]   10:     0x5d1b2a6b743c - core[a373ad73a504971]::panicking::panic_fmt
[INFO] [stdout]   11:     0x5d1b2a6b7212 - core[a373ad73a504971]::result::unwrap_failed
[INFO] [stdout]   12:     0x5d1b2a4782d7 - backup_manager[4f584de87231eac]::test::setup_test_env
[INFO] [stdout]   13:     0x5d1b2a47e005 - <backup_manager[4f584de87231eac]::test::test_diff_invalid_backup_id::{closure#0} as core[a373ad73a504971]::ops::function::FnOnce<()>>::call_once
[INFO] [stdout]   14:     0x5d1b2a49a2cb - test[aada8e7e76ba119b]::__rust_begin_short_backtrace::<core[a373ad73a504971]::result::Result<(), alloc[2e1b2a31b91974c5]::string::String>, fn() -> core[a373ad73a504971]::result::Result<(), alloc[2e1b2a31b91974c5]::string::String>>
[INFO] [stdout]   15:     0x5d1b2a4a74a5 - test[aada8e7e76ba119b]::run_test::{closure#0}
[INFO] [stdout]   16:     0x5d1b2a4a0d94 - std[617be2ca0a6fd877]::sys::backtrace::__rust_begin_short_backtrace::<test[aada8e7e76ba119b]::run_test::{closure#1}, ()>
[INFO] [stdout]   17:     0x5d1b2a4aa532 - <std[617be2ca0a6fd877]::thread::lifecycle::spawn_unchecked<test[aada8e7e76ba119b]::run_test::{closure#1}, ()>::{closure#1} as core[a373ad73a504971]::ops::function::FnOnce<()>>::call_once::{shim:vtable#0}
[INFO] [stdout]   18:     0x5d1b2a69fa5f - <std[617be2ca0a6fd877]::sys::thread::unix::Thread>::new::thread_start
[INFO] [stdout]   19:     0x72bb75e76dfa - <unknown>
[INFO] [stdout]   20:     0x72bb75f0a3d4 - clone
[INFO] [stdout]   21:                0x0 - <unknown>
[INFO] [stdout] 
[INFO] [stdout] ---- test::test_setup_ignore_file_nonexistent stdout ----
[INFO] [stdout] 
[INFO] [stdout] thread 'test::test_setup_ignore_file_nonexistent' (2259) panicked at tests/backup_manager.rs:22:40:
[INFO] [stdout] Failed to create store directory: Os { code: 30, kind: ReadOnlyFilesystem, message: "Read-only file system" }
[INFO] [stdout] stack backtrace:
[INFO] [stdout]    0:     0x5d1b2a6a0701 - <<std[617be2ca0a6fd877]::sys::backtrace::BacktraceLock>::print::DisplayBacktrace as core[a373ad73a504971]::fmt::Display>::fmt
[INFO] [stdout]    1:     0x5d1b2a6b6c5a - core[a373ad73a504971]::fmt::write
[INFO] [stdout]    2:     0x5d1b2a6a558c - <alloc[2e1b2a31b91974c5]::vec::Vec<u8> as core[a373ad73a504971]::io::write::Write>::write_fmt
[INFO] [stdout]    3:     0x5d1b2a67a206 - std[617be2ca0a6fd877]::panicking::default_hook::{closure#0}
[INFO] [stdout]    4:     0x5d1b2a697929 - std[617be2ca0a6fd877]::panicking::default_hook
[INFO] [stdout]    5:     0x5d1b2a4a6e80 - test[aada8e7e76ba119b]::test_main_inner::{closure#0}
[INFO] [stdout]    6:     0x5d1b2a697c52 - std[617be2ca0a6fd877]::panicking::panic_with_hook
[INFO] [stdout]    7:     0x5d1b2a67a2b2 - std[617be2ca0a6fd877]::panicking::panic_handler::{closure#0}
[INFO] [stdout]    8:     0x5d1b2a6724c9 - std[617be2ca0a6fd877]::sys::backtrace::__rust_end_short_backtrace::<std[617be2ca0a6fd877]::panicking::panic_handler::{closure#0}, !>
[INFO] [stdout]    9:     0x5d1b2a67b15d - __rustc[ea4f61d10b84890b]::rust_begin_unwind
[INFO] [stdout]   10:     0x5d1b2a6b743c - core[a373ad73a504971]::panicking::panic_fmt
[INFO] [stdout]   11:     0x5d1b2a6b7212 - core[a373ad73a504971]::result::unwrap_failed
[INFO] [stdout]   12:     0x5d1b2a4782d7 - backup_manager[4f584de87231eac]::test::setup_test_env
[INFO] [stdout]   13:     0x5d1b2a485915 - <backup_manager[4f584de87231eac]::test::test_setup_ignore_file_nonexistent::{closure#0} as core[a373ad73a504971]::ops::function::FnOnce<()>>::call_once
[INFO] [stdout]   14:     0x5d1b2a49a2cb - test[aada8e7e76ba119b]::__rust_begin_short_backtrace::<core[a373ad73a504971]::result::Result<(), alloc[2e1b2a31b91974c5]::string::String>, fn() -> core[a373ad73a504971]::result::Result<(), alloc[2e1b2a31b91974c5]::string::String>>
[INFO] [stdout]   15:     0x5d1b2a4a74a5 - test[aada8e7e76ba119b]::run_test::{closure#0}
[INFO] [stdout]   16:     0x5d1b2a4a0d94 - std[617be2ca0a6fd877]::sys::backtrace::__rust_begin_short_backtrace::<test[aada8e7e76ba119b]::run_test::{closure#1}, ()>
[INFO] [stdout]   17:     0x5d1b2a4aa532 - <std[617be2ca0a6fd877]::thread::lifecycle::spawn_unchecked<test[aada8e7e76ba119b]::run_test::{closure#1}, ()>::{closure#1} as core[a373ad73a504971]::ops::function::FnOnce<()>>::call_once::{shim:vtable#0}
[INFO] [stdout]   18:     0x5d1b2a69fa5f - <std[617be2ca0a6fd877]::sys::thread::unix::Thread>::new::thread_start
[INFO] [stdout]   19:     0x72bb75e76dfa - <unknown>
[INFO] [stdout]   20:     0x72bb75f0a3d4 - clone
[INFO] [stdout]   21:                0x0 - <unknown>
[INFO] [stdout] 
[INFO] [stdout] ---- test::test_restore_backup stdout ----
[INFO] [stdout] 
[INFO] [stdout] thread 'test::test_restore_backup' (2255) panicked at tests/backup_manager.rs:22:40:
[INFO] [stdout] Failed to create store directory: Os { code: 30, kind: ReadOnlyFilesystem, message: "Read-only file system" }
[INFO] [stdout] stack backtrace:
[INFO] [stdout]    0:     0x5d1b2a6a0701 - <<std[617be2ca0a6fd877]::sys::backtrace::BacktraceLock>::print::DisplayBacktrace as core[a373ad73a504971]::fmt::Display>::fmt
[INFO] [stdout]    1:     0x5d1b2a6b6c5a - core[a373ad73a504971]::fmt::write
[INFO] [stdout]    2:     0x5d1b2a6a558c - <alloc[2e1b2a31b91974c5]::vec::Vec<u8> as core[a373ad73a504971]::io::write::Write>::write_fmt
[INFO] [stdout]    3:     0x5d1b2a67a206 - std[617be2ca0a6fd877]::panicking::default_hook::{closure#0}
[INFO] [stdout]    4:     0x5d1b2a697929 - std[617be2ca0a6fd877]::panicking::default_hook
[INFO] [stdout]    5:     0x5d1b2a4a6e80 - test[aada8e7e76ba119b]::test_main_inner::{closure#0}
[INFO] [stdout]    6:     0x5d1b2a697c52 - std[617be2ca0a6fd877]::panicking::panic_with_hook
[INFO] [stdout]    7:     0x5d1b2a67a2b2 - std[617be2ca0a6fd877]::panicking::panic_handler::{closure#0}
[INFO] [stdout]    8:     0x5d1b2a6724c9 - std[617be2ca0a6fd877]::sys::backtrace::__rust_end_short_backtrace::<std[617be2ca0a6fd877]::panicking::panic_handler::{closure#0}, !>
[INFO] [stdout]    9:     0x5d1b2a67b15d - __rustc[ea4f61d10b84890b]::rust_begin_unwind
[INFO] [stdout]   10:     0x5d1b2a6b743c - core[a373ad73a504971]::panicking::panic_fmt
[INFO] [stdout]   11:     0x5d1b2a6b7212 - core[a373ad73a504971]::result::unwrap_failed
[INFO] [stdout]   12:     0x5d1b2a4782d7 - backup_manager[4f584de87231eac]::test::setup_test_env
[INFO] [stdout]   13:     0x5d1b2a479bdc - <backup_manager[4f584de87231eac]::test::test_restore_backup::{closure#0} as core[a373ad73a504971]::ops::function::FnOnce<()>>::call_once
[INFO] [stdout]   14:     0x5d1b2a49a2cb - test[aada8e7e76ba119b]::__rust_begin_short_backtrace::<core[a373ad73a504971]::result::Result<(), alloc[2e1b2a31b91974c5]::string::String>, fn() -> core[a373ad73a504971]::result::Result<(), alloc[2e1b2a31b91974c5]::string::String>>
[INFO] [stdout]   15:     0x5d1b2a4a74a5 - test[aada8e7e76ba119b]::run_test::{closure#0}
[INFO] [stdout]   16:     0x5d1b2a4a0d94 - std[617be2ca0a6fd877]::sys::backtrace::__rust_begin_short_backtrace::<test[aada8e7e76ba119b]::run_test::{closure#1}, ()>
[INFO] [stdout]   17:     0x5d1b2a4aa532 - <std[617be2ca0a6fd877]::thread::lifecycle::spawn_unchecked<test[aada8e7e76ba119b]::run_test::{closure#1}, ()>::{closure#1} as core[a373ad73a504971]::ops::function::FnOnce<()>>::call_once::{shim:vtable#0}
[INFO] [stdout]   18:     0x5d1b2a69fa5f - <std[617be2ca0a6fd877]::sys::thread::unix::Thread>::new::thread_start
[INFO] [stdout]   19:     0x72bb75e76dfa - <unknown>
[INFO] [stdout]   20:     0x72bb75f0a3d4 - clone
[INFO] [stdout]   21:                0x0 - <unknown>
[INFO] [stdout] 
[INFO] [stdout] ---- test::test_purge_cannot_delete_all_backups stdout ----
[INFO] [stdout] 
[INFO] [stdout] thread 'test::test_purge_cannot_delete_all_backups' (2254) panicked at tests/backup_manager.rs:22:40:
[INFO] [stdout] Failed to create store directory: Os { code: 30, kind: ReadOnlyFilesystem, message: "Read-only file system" }
[INFO] [stdout] stack backtrace:
[INFO] [stdout]    0:     0x5d1b2a6a0701 - <<std[617be2ca0a6fd877]::sys::backtrace::BacktraceLock>::print::DisplayBacktrace as core[a373ad73a504971]::fmt::Display>::fmt
[INFO] [stdout]    1:     0x5d1b2a6b6c5a - core[a373ad73a504971]::fmt::write
[INFO] [stdout]    2:     0x5d1b2a6a558c - <alloc[2e1b2a31b91974c5]::vec::Vec<u8> as core[a373ad73a504971]::io::write::Write>::write_fmt
[INFO] [stdout]    3:     0x5d1b2a67a206 - std[617be2ca0a6fd877]::panicking::default_hook::{closure#0}
[INFO] [stdout]    4:     0x5d1b2a697929 - std[617be2ca0a6fd877]::panicking::default_hook
[INFO] [stdout]    5:     0x5d1b2a4a6e80 - test[aada8e7e76ba119b]::test_main_inner::{closure#0}
[INFO] [stdout]    6:     0x5d1b2a697c52 - std[617be2ca0a6fd877]::panicking::panic_with_hook
[INFO] [stdout]    7:     0x5d1b2a67a2b2 - std[617be2ca0a6fd877]::panicking::panic_handler::{closure#0}
[INFO] [stdout]    8:     0x5d1b2a6724c9 - std[617be2ca0a6fd877]::sys::backtrace::__rust_end_short_backtrace::<std[617be2ca0a6fd877]::panicking::panic_handler::{closure#0}, !>
[INFO] [stdout]    9:     0x5d1b2a67b15d - __rustc[ea4f61d10b84890b]::rust_begin_unwind
[INFO] [stdout]   10:     0x5d1b2a6b743c - core[a373ad73a504971]::panicking::panic_fmt
[INFO] [stdout]   11:     0x5d1b2a6b7212 - core[a373ad73a504971]::result::unwrap_failed
[INFO] [stdout]   12:     0x5d1b2a4782d7 - backup_manager[4f584de87231eac]::test::setup_test_env
[INFO] [stdout]   13:     0x5d1b2a485f79 - <backup_manager[4f584de87231eac]::test::test_purge_cannot_delete_all_backups::{closure#0} as core[a373ad73a504971]::ops::function::FnOnce<()>>::call_once
[INFO] [stdout]   14:     0x5d1b2a49a2cb - test[aada8e7e76ba119b]::__rust_begin_short_backtrace::<core[a373ad73a504971]::result::Result<(), alloc[2e1b2a31b91974c5]::string::String>, fn() -> core[a373ad73a504971]::result::Result<(), alloc[2e1b2a31b91974c5]::string::String>>
[INFO] [stdout]   15:     0x5d1b2a4a74a5 - test[aada8e7e76ba119b]::run_test::{closure#0}
[INFO] [stdout]   16:     0x5d1b2a4a0d94 - std[617be2ca0a6fd877]::sys::backtrace::__rust_begin_short_backtrace::<test[aada8e7e76ba119b]::run_test::{closure#1}, ()>
[INFO] [stdout]   17:     0x5d1b2a4aa532 - <std[617be2ca0a6fd877]::thread::lifecycle::spawn_unchecked<test[aada8e7e76ba119b]::run_test::{closure#1}, ()>::{closure#1} as core[a373ad73a504971]::ops::function::FnOnce<()>>::call_once::{shim:vtable#0}
[INFO] [stdout]   18:     0x5d1b2a69fa5f - <std[617be2ca0a6fd877]::sys::thread::unix::Thread>::new::thread_start
[INFO] [stdout]   19:     0x72bb75e76dfa - <unknown>
[INFO] [stdout]   20:     0x72bb75f0a3d4 - clone
[INFO] [stdout]   21:                0x0 - <unknown>
[INFO] [stdout] 
[INFO] [stdout] ---- test::test_restore_verifies_content stdout ----
[INFO] [stdout] 
[INFO] [stdout] thread 'test::test_restore_verifies_content' (2257) panicked at tests/backup_manager.rs:22:40:
[INFO] [stdout] Failed to create store directory: Os { code: 30, kind: ReadOnlyFilesystem, message: "Read-only file system" }
[INFO] [stdout] stack backtrace:
[INFO] [stdout]    0:     0x5d1b2a6a0701 - <<std[617be2ca0a6fd877]::sys::backtrace::BacktraceLock>::print::DisplayBacktrace as core[a373ad73a504971]::fmt::Display>::fmt
[INFO] [stdout]    1:     0x5d1b2a6b6c5a - core[a373ad73a504971]::fmt::write
[INFO] [stdout]    2:     0x5d1b2a6a558c - <alloc[2e1b2a31b91974c5]::vec::Vec<u8> as core[a373ad73a504971]::io::write::Write>::write_fmt
[INFO] [stdout]    3:     0x5d1b2a67a206 - std[617be2ca0a6fd877]::panicking::default_hook::{closure#0}
[INFO] [stdout]    4:     0x5d1b2a697929 - std[617be2ca0a6fd877]::panicking::default_hook
[INFO] [stdout]    5:     0x5d1b2a4a6e80 - test[aada8e7e76ba119b]::test_main_inner::{closure#0}
[INFO] [stdout]    6:     0x5d1b2a697c52 - std[617be2ca0a6fd877]::panicking::panic_with_hook
[INFO] [stdout]    7:     0x5d1b2a67a2b2 - std[617be2ca0a6fd877]::panicking::panic_handler::{closure#0}
[INFO] [stdout]    8:     0x5d1b2a6724c9 - std[617be2ca0a6fd877]::sys::backtrace::__rust_end_short_backtrace::<std[617be2ca0a6fd877]::panicking::panic_handler::{closure#0}, !>
[INFO] [stdout]    9:     0x5d1b2a67b15d - __rustc[ea4f61d10b84890b]::rust_begin_unwind
[INFO] [stdout]   10:     0x5d1b2a6b743c - core[a373ad73a504971]::panicking::panic_fmt
[INFO] [stdout]   11:     0x5d1b2a6b7212 - core[a373ad73a504971]::result::unwrap_failed
[INFO] [stdout]   12:     0x5d1b2a4782d7 - backup_manager[4f584de87231eac]::test::setup_test_env
[INFO] [stdout]   13:     0x5d1b2a480d29 - <backup_manager[4f584de87231eac]::test::test_restore_verifies_content::{closure#0} as core[a373ad73a504971]::ops::function::FnOnce<()>>::call_once
[INFO] [stdout]   14:     0x5d1b2a49a2cb - test[aada8e7e76ba119b]::__rust_begin_short_backtrace::<core[a373ad73a504971]::result::Result<(), alloc[2e1b2a31b91974c5]::string::String>, fn() -> core[a373ad73a504971]::result::Result<(), alloc[2e1b2a31b91974c5]::string::String>>
[INFO] [stdout]   15:     0x5d1b2a4a74a5 - test[aada8e7e76ba119b]::run_test::{closure#0}
[INFO] [stdout]   16:     0x5d1b2a4a0d94 - std[617be2ca0a6fd877]::sys::backtrace::__rust_begin_short_backtrace::<test[aada8e7e76ba119b]::run_test::{closure#1}, ()>
[INFO] [stdout]   17:     0x5d1b2a4aa532 - <std[617be2ca0a6fd877]::thread::lifecycle::spawn_unchecked<test[aada8e7e76ba119b]::run_test::{closure#1}, ()>::{closure#1} as core[a373ad73a504971]::ops::function::FnOnce<()>>::call_once::{shim:vtable#0}
[INFO] [stdout]   18:     0x5d1b2a69fa5f - <std[617be2ca0a6fd877]::sys::thread::unix::Thread>::new::thread_start
[INFO] [stdout]   19:     0x72bb75e76dfa - <unknown>
[INFO] [stdout]   20:     0x72bb75f0a3d4 - clone
[INFO] [stdout]   21:                0x0 - <unknown>
[INFO] [stdout] 
[INFO] [stdout] ---- test::test_purge_backups_over_count stdout ----
[INFO] [stdout] 
[INFO] [stdout] thread 'test::test_purge_backups_over_count' (2253) panicked at tests/backup_manager.rs:22:40:
[INFO] [stdout] Failed to create store directory: Os { code: 30, kind: ReadOnlyFilesystem, message: "Read-only file system" }
[INFO] [stdout] stack backtrace:
[INFO] [stdout]    0:     0x5d1b2a6a0701 - <<std[617be2ca0a6fd877]::sys::backtrace::BacktraceLock>::print::DisplayBacktrace as core[a373ad73a504971]::fmt::Display>::fmt
[INFO] [stdout]    1:     0x5d1b2a6b6c5a - core[a373ad73a504971]::fmt::write
[INFO] [stdout]    2:     0x5d1b2a6a558c - <alloc[2e1b2a31b91974c5]::vec::Vec<u8> as core[a373ad73a504971]::io::write::Write>::write_fmt
[INFO] [stdout]    3:     0x5d1b2a67a206 - std[617be2ca0a6fd877]::panicking::default_hook::{closure#0}
[INFO] [stdout]    4:     0x5d1b2a697929 - std[617be2ca0a6fd877]::panicking::default_hook
[INFO] [stdout]    5:     0x5d1b2a4a6e80 - test[aada8e7e76ba119b]::test_main_inner::{closure#0}
[INFO] [stdout]    6:     0x5d1b2a697c52 - std[617be2ca0a6fd877]::panicking::panic_with_hook
[INFO] [stdout]    7:     0x5d1b2a67a2b2 - std[617be2ca0a6fd877]::panicking::panic_handler::{closure#0}
[INFO] [stdout]    8:     0x5d1b2a6724c9 - std[617be2ca0a6fd877]::sys::backtrace::__rust_end_short_backtrace::<std[617be2ca0a6fd877]::panicking::panic_handler::{closure#0}, !>
[INFO] [stdout]    9:     0x5d1b2a67b15d - __rustc[ea4f61d10b84890b]::rust_begin_unwind
[INFO] [stdout]   10:     0x5d1b2a6b743c - core[a373ad73a504971]::panicking::panic_fmt
[INFO] [stdout]   11:     0x5d1b2a6b7212 - core[a373ad73a504971]::result::unwrap_failed
[INFO] [stdout]   12:     0x5d1b2a4782d7 - backup_manager[4f584de87231eac]::test::setup_test_env
[INFO] [stdout]   13:     0x5d1b2a47fe1a - <backup_manager[4f584de87231eac]::test::test_purge_backups_over_count::{closure#0} as core[a373ad73a504971]::ops::function::FnOnce<()>>::call_once
[INFO] [stdout]   14:     0x5d1b2a49a2cb - test[aada8e7e76ba119b]::__rust_begin_short_backtrace::<core[a373ad73a504971]::result::Result<(), alloc[2e1b2a31b91974c5]::string::String>, fn() -> core[a373ad73a504971]::result::Result<(), alloc[2e1b2a31b91974c5]::string::String>>
[INFO] [stdout]   15:     0x5d1b2a4a74a5 - test[aada8e7e76ba119b]::run_test::{closure#0}
[INFO] [stdout]   16:     0x5d1b2a4a0d94 - std[617be2ca0a6fd877]::sys::backtrace::__rust_begin_short_backtrace::<test[aada8e7e76ba119b]::run_test::{closure#1}, ()>
[INFO] [stdout]   17:     0x5d1b2a4aa532 - <std[617be2ca0a6fd877]::thread::lifecycle::spawn_unchecked<test[aada8e7e76ba119b]::run_test::{closure#1}, ()>::{closure#1} as core[a373ad73a504971]::ops::function::FnOnce<()>>::call_once::{shim:vtable#0}
[INFO] [stdout]   18:     0x5d1b2a69fa5f - <std[617be2ca0a6fd877]::sys::thread::unix::Thread>::new::thread_start
[INFO] [stdout]   19:     0x72bb75e76dfa - <unknown>
[INFO] [stdout]   20:     0x72bb75f0a3d4 - clone
[INFO] [stdout]   21:                0x0 - <unknown>
[INFO] [stdout] 
[INFO] [stdout] ---- test::test_restore_with_multiple_files stdout ----
[INFO] [stdout] 
[INFO] [stdout] thread 'test::test_restore_with_multiple_files' (2258) panicked at tests/backup_manager.rs:22:40:
[INFO] [stdout] Failed to create store directory: Os { code: 30, kind: ReadOnlyFilesystem, message: "Read-only file system" }
[INFO] [stdout] stack backtrace:
[INFO] [stdout]    0:     0x5d1b2a6a0701 - <<std[617be2ca0a6fd877]::sys::backtrace::BacktraceLock>::print::DisplayBacktrace as core[a373ad73a504971]::fmt::Display>::fmt
[INFO] [stdout]    1:     0x5d1b2a6b6c5a - core[a373ad73a504971]::fmt::write
[INFO] [stdout]    2:     0x5d1b2a6a558c - <alloc[2e1b2a31b91974c5]::vec::Vec<u8> as core[a373ad73a504971]::io::write::Write>::write_fmt
[INFO] [stdout]    3:     0x5d1b2a67a206 - std[617be2ca0a6fd877]::panicking::default_hook::{closure#0}
[INFO] [stdout]    4:     0x5d1b2a697929 - std[617be2ca0a6fd877]::panicking::default_hook
[INFO] [stdout]    5:     0x5d1b2a4a6e80 - test[aada8e7e76ba119b]::test_main_inner::{closure#0}
[INFO] [stdout]    6:     0x5d1b2a697c52 - std[617be2ca0a6fd877]::panicking::panic_with_hook
[INFO] [stdout]    7:     0x5d1b2a67a2b2 - std[617be2ca0a6fd877]::panicking::panic_handler::{closure#0}
[INFO] [stdout]    8:     0x5d1b2a6724c9 - std[617be2ca0a6fd877]::sys::backtrace::__rust_end_short_backtrace::<std[617be2ca0a6fd877]::panicking::panic_handler::{closure#0}, !>
[INFO] [stdout]    9:     0x5d1b2a67b15d - __rustc[ea4f61d10b84890b]::rust_begin_unwind
[INFO] [stdout]   10:     0x5d1b2a6b743c - core[a373ad73a504971]::panicking::panic_fmt
[INFO] [stdout]   11:     0x5d1b2a6b7212 - core[a373ad73a504971]::result::unwrap_failed
[INFO] [stdout]   12:     0x5d1b2a4782d7 - backup_manager[4f584de87231eac]::test::setup_test_env
[INFO] [stdout]   13:     0x5d1b2a484129 - <backup_manager[4f584de87231eac]::test::test_restore_with_multiple_files::{closure#0} as core[a373ad73a504971]::ops::function::FnOnce<()>>::call_once
[INFO] [stdout]   14:     0x5d1b2a49a2cb - test[aada8e7e76ba119b]::__rust_begin_short_backtrace::<core[a373ad73a504971]::result::Result<(), alloc[2e1b2a31b91974c5]::string::String>, fn() -> core[a373ad73a504971]::result::Result<(), alloc[2e1b2a31b91974c5]::string::String>>
[INFO] [stdout]   15:     0x5d1b2a4a74a5 - test[aada8e7e76ba119b]::run_test::{closure#0}
[INFO] [stdout]   16:     0x5d1b2a4a0d94 - std[617be2ca0a6fd877]::sys::backtrace::__rust_begin_short_backtrace::<test[aada8e7e76ba119b]::run_test::{closure#1}, ()>
[INFO] [stdout]   17:     0x5d1b2a4aa532 - <std[617be2ca0a6fd877]::thread::lifecycle::spawn_unchecked<test[aada8e7e76ba119b]::run_test::{closure#1}, ()>::{closure#1} as core[a373ad73a504971]::ops::function::FnOnce<()>>::call_once::{shim:vtable#0}
[INFO] [stdout]   18:     0x5d1b2a69fa5f - <std[617be2ca0a6fd877]::sys::thread::unix::Thread>::new::thread_start
[INFO] [stdout]   19:     0x72bb75e76dfa - <unknown>
[INFO] [stdout]   20:     0x72bb75f0a3d4 - clone
[INFO] [stdout]   21:                0x0 - <unknown>
[INFO] [stdout] 
[INFO] [stdout] 
[INFO] [stdout] failures:
[INFO] [stdout]     test::test_backup_empty_directory
[INFO] [stdout]     test::test_backup_manager_new
[INFO] [stdout]     test::test_backup_manager_new_with_relative_paths
[INFO] [stdout]     test::test_backup_multiple_files
[INFO] [stdout]     test::test_backup_single_file
[INFO] [stdout]     test::test_backup_with_description
[INFO] [stdout]     test::test_backup_with_empty_description
[INFO] [stdout]     test::test_backup_with_subdirectories
[INFO] [stdout]     test::test_diff_added_file
[INFO] [stdout]     test::test_diff_deleted_file
[INFO] [stdout]     test::test_diff_first_backup
[INFO] [stdout]     test::test_diff_invalid_backup_id
[INFO] [stdout]     test::test_diff_modified_file
[INFO] [stdout]     test::test_diff_multiple_changes
[INFO] [stdout]     test::test_diff_nested_directories
[INFO] [stdout]     test::test_diff_no_changes
[INFO] [stdout]     test::test_excluded_files_not_backed_up
[INFO] [stdout]     test::test_ignore_file_basic_patterns
[INFO] [stdout]     test::test_ignore_file_with_negation
[INFO] [stdout]     test::test_last_backup
[INFO] [stdout]     test::test_list_backups
[INFO] [stdout]     test::test_multiple_sequential_backups
[INFO] [stdout]     test::test_purge_backups_older_than
[INFO] [stdout]     test::test_purge_backups_over_count
[INFO] [stdout]     test::test_purge_cannot_delete_all_backups
[INFO] [stdout]     test::test_restore_backup
[INFO] [stdout]     test::test_restore_invalid_backup_id
[INFO] [stdout]     test::test_restore_verifies_content
[INFO] [stdout]     test::test_restore_with_multiple_files
[INFO] [stdout]     test::test_setup_ignore_file_nonexistent
[INFO] [stdout] 
[INFO] [stdout] test result: FAILED. 0 passed; 30 failed; 0 ignored; 0 measured; 0 filtered out; finished in 0.01s
[INFO] [stdout] 
[INFO] [stderr] error: test failed, to rerun pass `--test backup_manager`
[INFO] running `Command { std: "docker" "inspect" "18d3e639b17b61beec16ce157193be34143dcc7d831c3639c9f67658052db363", kill_on_drop: false }`
[INFO] running `Command { std: "docker" "rm" "-f" "18d3e639b17b61beec16ce157193be34143dcc7d831c3639c9f67658052db363", kill_on_drop: false }`
[INFO] [stdout] 18d3e639b17b61beec16ce157193be34143dcc7d831c3639c9f67658052db363
