[INFO] fetching crate observer 0.2.5...
[INFO] testing observer-0.2.5 against 1.100.0-beta.1+cargoflags=--release for beta-release-1.100-2
[INFO] extracting crate observer 0.2.5 into /workspace/builds/worker-3-tc2/source
[INFO] started tweaking crates.io crate observer 0.2.5
[INFO] finished tweaking crates.io crate observer 0.2.5
[INFO] tweaked toml for crates.io crate observer 0.2.5 written to /workspace/builds/worker-3-tc2/source/Cargo.toml
[INFO] validating manifest of crates.io crate observer 0.2.5 on toolchain 1.100.0-beta.1
[INFO] running `Command { std: CARGO_HOME="/workspace/cargo-home" RUSTUP_HOME="/workspace/rustup-home" "/workspace/cargo-home/bin/cargo" "+1.100.0-beta.1" "metadata" "--manifest-path" "Cargo.toml" "--no-deps", kill_on_drop: false }`
[INFO] running `Command { std: CARGO_HOME="/workspace/cargo-home" RUSTUP_HOME="/workspace/rustup-home" "/workspace/cargo-home/bin/cargo" "+1.100.0-beta.1" "generate-lockfile" "--manifest-path" "Cargo.toml", kill_on_drop: false }`
[INFO] [stderr]     Updating crates.io index
[INFO] [stderr]      Locking 132 packages to highest compatible versions
[INFO] [stderr]       Adding colored v1.9.4 (available: v3.1.1)
[INFO] [stderr]       Adding diesel v1.4.8 (available: v2.3.14)
[INFO] [stderr]       Adding log4rs v0.11.0 (available: v1.4.0)
[INFO] [stderr]       Adding sha2 v0.9.9 (available: v0.11.1)
[INFO] [stderr]       Adding sqlparser v0.5.1 (available: v0.63.0)
[INFO] [stderr]       Adding uuid v0.8.2 (available: v1.28.0)
[INFO] running `Command { std: CARGO_HOME="/workspace/cargo-home" RUSTUP_HOME="/workspace/rustup-home" "/workspace/cargo-home/bin/cargo" "+1.100.0-beta.1" "fetch" "--manifest-path" "Cargo.toml", kill_on_drop: false }`
[INFO] running `Command { std: "docker" "create" "-v" "/var/lib/crater-agent-workspace/builds/worker-3-tc2/source:/opt/rustwide/workdir:ro,Z" "-v" "/var/lib/crater-agent-workspace/builds/worker-3-tc2/target:/opt/rustwide/target:rw,Z" "-v" "/var/lib/crater-agent-workspace/cargo-home:/opt/rustwide/cargo-home:ro,Z" "-v" "/var/lib/crater-agent-workspace/rustup-home:/opt/rustwide/rustup-home:ro,Z" "-m" "1610612736" "--network" "none" "ghcr.io/rust-lang/crates-build-env/linux@sha256:77db811e55d90add9212f6832c23229e3de5f1c1f9905e8cb07319ea15df73ac" "sleep" "infinity", kill_on_drop: false }`
[INFO] [stdout] 651f6878fc487de469ea0e5e986ae4b676a5392e18b61d1e61d869191b5760fa
[INFO] running `Command { std: "docker" "start" "651f6878fc487de469ea0e5e986ae4b676a5392e18b61d1e61d869191b5760fa", kill_on_drop: false }`
[INFO] running `Command { std: "docker" "inspect" "651f6878fc487de469ea0e5e986ae4b676a5392e18b61d1e61d869191b5760fa", kill_on_drop: false }`
[INFO] running `Command { std: "docker" "exec" "-e" "SOURCE_DIR=/opt/rustwide/workdir" "-e" "CARGO_HOME=/opt/rustwide/cargo-home" "-e" "RUSTUP_HOME=/opt/rustwide/rustup-home" "-e" "CARGO_TARGET_DIR=/opt/rustwide/target" "-w" "/opt/rustwide/workdir" "--user" "0:0" "651f6878fc487de469ea0e5e986ae4b676a5392e18b61d1e61d869191b5760fa" "/opt/rustwide/cargo-home/bin/cargo" "+1.100.0-beta.1" "metadata" "--no-deps" "--format-version=1", kill_on_drop: false }`
[INFO] running `Command { std: "docker" "inspect" "651f6878fc487de469ea0e5e986ae4b676a5392e18b61d1e61d869191b5760fa", kill_on_drop: false }`
[INFO] running `Command { std: "docker" "exec" "-e" "SOURCE_DIR=/opt/rustwide/workdir" "-e" "CARGO_HOME=/opt/rustwide/cargo-home" "-e" "RUSTUP_HOME=/opt/rustwide/rustup-home" "-e" "CARGO_TARGET_DIR=/opt/rustwide/target" "-e" "CARGO_INCREMENTAL=0" "-e" "RUST_BACKTRACE=full" "-e" "RUSTFLAGS=--cap-lints=warn" "-e" "RUSTDOCFLAGS=--cap-lints=warn" "-w" "/opt/rustwide/workdir" "--user" "0:0" "651f6878fc487de469ea0e5e986ae4b676a5392e18b61d1e61d869191b5760fa" "/opt/rustwide/cargo-home/bin/cargo" "+1.100.0-beta.1" "build" "--frozen" "--message-format=json" "--release", kill_on_drop: false }`
[INFO] [stderr]    Compiling smallvec v1.16.3
[INFO] [stderr]    Compiling syn v1.0.109
[INFO] [stderr]    Compiling syn v0.15.44
[INFO] [stderr]    Compiling generic-array v0.14.9
[INFO] [stderr]    Compiling log v0.4.34
[INFO] [stderr]    Compiling strsim v0.7.0
[INFO] [stderr]    Compiling crc32fast v1.5.2
[INFO] [stderr]    Compiling object v0.37.3
[INFO] [stderr]    Compiling indexmap v1.9.3
[INFO] [stderr]    Compiling zmij v1.0.23
[INFO] [stderr]    Compiling syn v3.0.9
[INFO] [stderr]    Compiling chrono v0.4.45
[INFO] [stderr]    Compiling gimli v0.32.3
[INFO] [stderr]    Compiling simd-adler32 v0.3.10
[INFO] [stderr]    Compiling traitobject v0.1.1
[INFO] [stderr]    Compiling ordered-float v1.1.1
[INFO] [stderr]    Compiling unsafe-any v0.4.2
[INFO] [stderr]    Compiling miniz_oxide v0.8.9
[INFO] [stderr]    Compiling miniz_oxide v0.9.1
[INFO] [stderr]    Compiling serde_json v1.0.154
[INFO] [stderr]    Compiling parking_lot_core v0.9.12
[INFO] [stderr]    Compiling parking_lot_core v0.7.3
[INFO] [stderr]    Compiling memchr v2.8.3
[INFO] [stderr]    Compiling itoa v1.0.18
[INFO] [stderr]    Compiling parking_lot v0.12.5
[INFO] [stderr]    Compiling rustc-demangle v0.1.28
[INFO] [stderr]    Compiling parking_lot v0.10.2
[INFO] [stderr]    Compiling serde_yaml v0.8.26
[INFO] [stderr]    Compiling digest v0.9.0
[INFO] [stderr]    Compiling block-buffer v0.9.0
[INFO] [stderr]    Compiling humantime v1.3.0
[INFO] [stderr]    Compiling serde v1.0.229
[INFO] [stderr]    Compiling scheduled-thread-pool v0.2.7
[INFO] [stderr]    Compiling flate2 v1.1.10
[INFO] [stderr]    Compiling r2d2 v0.8.10
[INFO] [stderr]    Compiling serde-value v0.6.0
[INFO] [stderr]    Compiling typemap v0.3.3
[INFO] [stderr]    Compiling getrandom v0.2.17
[INFO] [stderr]    Compiling thread-id v3.3.0
[INFO] [stderr]    Compiling lazy_static v1.5.1
[INFO] [stderr]    Compiling opaque-debug v0.3.1
[INFO] [stderr]    Compiling log-mdc v0.1.0
[INFO] [stderr]    Compiling arc-swap v0.4.8
[INFO] [stderr]    Compiling sha2 v0.9.9
[INFO] [stderr]    Compiling colored v1.9.4
[INFO] [stderr]    Compiling uuid v0.8.2
[INFO] [stderr]    Compiling sqlparser v0.5.1
[INFO] [stderr]    Compiling antidote v1.1.0
[INFO] [stderr]    Compiling addr2line v0.25.1
[INFO] [stderr]    Compiling darling_core v0.9.0
[INFO] [stderr]    Compiling synstructure v0.12.6
[INFO] [stderr]    Compiling diesel_derives v1.4.1
[INFO] [stderr]    Compiling failure_derive v0.1.8
[INFO] [stderr]    Compiling serde_derive v1.0.229
[INFO] [stderr]    Compiling backtrace v0.3.76
[INFO] [stderr]    Compiling darling_macro v0.9.0
[INFO] [stderr]    Compiling darling v0.9.0
[INFO] [stderr]    Compiling failure v0.1.8
[INFO] [stderr]    Compiling diesel v1.4.8
[INFO] [stderr]    Compiling log4rs v0.11.0
[INFO] [stderr]    Compiling observer_attribute v0.1.8
[INFO] [stderr]    Compiling r2d2-diesel v1.0.0
[INFO] [stderr]    Compiling observer v0.2.5 (/opt/rustwide/workdir)
[INFO] [stdout] warning: unexpected `cfg` condition value: `mysql`
[INFO] [stdout]   --> src/lib.rs:15:7
[INFO] [stdout]    |
[INFO] [stdout] 15 | #[cfg(feature = "mysql")]
[INFO] [stdout]    |       ^^^^^^^^^^^^^^^^^
[INFO] [stdout]    |
[INFO] [stdout]    = note: expected values for `feature` are: `default` and `postgres`
[INFO] [stdout]    = help: consider adding `mysql` as a feature in `Cargo.toml`
[INFO] [stdout]    = note: see <https://doc.rust-lang.org/nightly/rustc/check-cfg/cargo-specifics.html> for more information about checking conditional configuration
[INFO] [stdout]    = note: `#[warn(unexpected_cfgs)]` on by default
[INFO] [stdout] 
[INFO] [stdout] 
[INFO] [stderr] warning: unused dependency `r2d2-diesel`
[INFO] [stderr]   --> Cargo.toml:33:15
[INFO] [stderr]    |
[INFO] [stderr] 33 | [dependencies.r2d2-diesel]
[INFO] [stderr]    |               ^^^^^^^^^^^^
[INFO] [stderr]    |
[INFO] [stderr]    = note: `cargo::unused_dependencies` is set to `warn` by default
[INFO] [stderr] help: consider removing the dependency on `r2d2-diesel`
[INFO] [stderr] warning: `observer` (manifest) generated 1 warning
[INFO] [stderr]     Finished `release` profile [optimized] target(s) in 9.46s
[INFO] [stderr] warning: the following packages contain code that will be rejected by a future version of Rust: typemap v0.3.3
[INFO] [stderr] note: to see what the problems were, use the option `--future-incompat-report`, or run `cargo report future-incompatibilities --id 3`
[INFO] running `Command { std: "docker" "inspect" "651f6878fc487de469ea0e5e986ae4b676a5392e18b61d1e61d869191b5760fa", kill_on_drop: false }`
[INFO] running `Command { std: "docker" "exec" "-e" "SOURCE_DIR=/opt/rustwide/workdir" "-e" "CARGO_HOME=/opt/rustwide/cargo-home" "-e" "RUSTUP_HOME=/opt/rustwide/rustup-home" "-e" "CARGO_TARGET_DIR=/opt/rustwide/target" "-e" "CARGO_INCREMENTAL=0" "-e" "RUST_BACKTRACE=full" "-e" "RUSTFLAGS=--cap-lints=warn" "-e" "RUSTDOCFLAGS=--cap-lints=warn" "-w" "/opt/rustwide/workdir" "--user" "0:0" "651f6878fc487de469ea0e5e986ae4b676a5392e18b61d1e61d869191b5760fa" "/opt/rustwide/cargo-home/bin/cargo" "+1.100.0-beta.1" "test" "--frozen" "--no-run" "--message-format=json" "--release", kill_on_drop: false }`
[INFO] [stdout] warning: unexpected `cfg` condition value: `mysql`
[INFO] [stdout]   --> src/lib.rs:15:7
[INFO] [stdout]    |
[INFO] [stdout] 15 | #[cfg(feature = "mysql")]
[INFO] [stdout]    |       ^^^^^^^^^^^^^^^^^
[INFO] [stdout]    |
[INFO] [stdout]    = note: expected values for `feature` are: `default` and `postgres`
[INFO] [stdout]    = help: consider adding `mysql` as a feature in `Cargo.toml`
[INFO] [stdout]    = note: see <https://doc.rust-lang.org/nightly/rustc/check-cfg/cargo-specifics.html> for more information about checking conditional configuration
[INFO] [stdout]    = note: `#[warn(unexpected_cfgs)]` on by default
[INFO] [stdout] 
[INFO] [stdout] 
[INFO] [stderr]    Compiling observer v0.2.5 (/opt/rustwide/workdir)
[INFO] [stdout] warning: unexpected `cfg` condition value: `mysql`
[INFO] [stdout]   --> src/lib.rs:15:7
[INFO] [stdout]    |
[INFO] [stdout] 15 | #[cfg(feature = "mysql")]
[INFO] [stdout]    |       ^^^^^^^^^^^^^^^^^
[INFO] [stdout]    |
[INFO] [stdout]    = note: expected values for `feature` are: `default` and `postgres`
[INFO] [stdout]    = help: consider adding `mysql` as a feature in `Cargo.toml`
[INFO] [stdout]    = note: see <https://doc.rust-lang.org/nightly/rustc/check-cfg/cargo-specifics.html> for more information about checking conditional configuration
[INFO] [stdout]    = note: `#[warn(unexpected_cfgs)]` on by default
[INFO] [stdout] 
[INFO] [stdout] 
[INFO] [stderr] warning: unused dependency `r2d2-diesel`
[INFO] [stderr]   --> Cargo.toml:33:15
[INFO] [stderr]    |
[INFO] [stderr] 33 | [dependencies.r2d2-diesel]
[INFO] [stderr]    |               ^^^^^^^^^^^^
[INFO] [stderr]    |
[INFO] [stderr]    = note: `cargo::unused_dependencies` is set to `warn` by default
[INFO] [stderr] help: consider removing the dependency on `r2d2-diesel`
[INFO] [stderr] warning: `observer` (manifest) generated 1 warning
[INFO] [stderr]     Finished `release` profile [optimized] target(s) in 0.67s
[INFO] [stderr] warning: the following packages contain code that will be rejected by a future version of Rust: typemap v0.3.3
[INFO] [stderr] note: to see what the problems were, use the option `--future-incompat-report`, or run `cargo report future-incompatibilities --id 3`
[INFO] running `Command { std: "docker" "inspect" "651f6878fc487de469ea0e5e986ae4b676a5392e18b61d1e61d869191b5760fa", kill_on_drop: false }`
[INFO] running `Command { std: "docker" "exec" "-e" "SOURCE_DIR=/opt/rustwide/workdir" "-e" "CARGO_HOME=/opt/rustwide/cargo-home" "-e" "RUSTUP_HOME=/opt/rustwide/rustup-home" "-e" "CARGO_TARGET_DIR=/opt/rustwide/target" "-e" "CARGO_INCREMENTAL=0" "-e" "RUST_BACKTRACE=full" "-e" "RUSTFLAGS=--cap-lints=warn" "-e" "RUSTDOCFLAGS=--cap-lints=warn" "-w" "/opt/rustwide/workdir" "--user" "0:0" "651f6878fc487de469ea0e5e986ae4b676a5392e18b61d1e61d869191b5760fa" "/opt/rustwide/cargo-home/bin/cargo" "+1.100.0-beta.1" "test" "--frozen" "--release", kill_on_drop: false }`
[INFO] [stderr] warning: unexpected `cfg` condition value: `mysql`
[INFO] [stderr]   --> src/lib.rs:15:7
[INFO] [stderr]    |
[INFO] [stderr] 15 | #[cfg(feature = "mysql")]
[INFO] [stderr]    |       ^^^^^^^^^^^^^^^^^
[INFO] [stderr]    |
[INFO] [stderr]    = note: expected values for `feature` are: `default` and `postgres`
[INFO] [stderr]    = help: consider adding `mysql` as a feature in `Cargo.toml`
[INFO] [stderr]    = note: see <https://doc.rust-lang.org/nightly/rustc/check-cfg/cargo-specifics.html> for more information about checking conditional configuration
[INFO] [stderr]    = note: `#[warn(unexpected_cfgs)]` on by default
[INFO] [stderr] 
[INFO] [stderr] warning: `observer` (lib) generated 1 warning
[INFO] [stderr] warning: `observer` (lib test) generated 1 warning (1 duplicate)
[INFO] [stderr] warning: unused dependency `r2d2-diesel`
[INFO] [stderr]   --> Cargo.toml:33:15
[INFO] [stderr]    |
[INFO] [stderr] 33 | [dependencies.r2d2-diesel]
[INFO] [stderr]    |               ^^^^^^^^^^^^
[INFO] [stderr]    |
[INFO] [stderr]    = note: `cargo::unused_dependencies` is set to `warn` by default
[INFO] [stderr] help: consider removing the dependency on `r2d2-diesel`
[INFO] [stderr] warning: `observer` (manifest) generated 1 warning
[INFO] [stderr]     Finished `release` profile [optimized] target(s) in 0.06s
[INFO] [stderr] warning: the following packages contain code that will be rejected by a future version of Rust: typemap v0.3.3
[INFO] [stderr] note: to see what the problems were, use the option `--future-incompat-report`, or run `cargo report future-incompatibilities --id 3`
[INFO] [stderr]      Running unittests src/lib.rs (/opt/rustwide/target/release/build/observer/1179f0df6e180edb/out/observer-1179f0df6e180edb)
[INFO] [stdout] 
[INFO] [stdout] running 3 tests
[INFO] [stdout] test sql_parse::tests::split_sql_test1 ... ok
[INFO] [stdout] test sql_parse::tests::split_sql_test2 ... ok
[INFO] [stdout] test sql_parse::tests::parse_test ... FAILED
[INFO] [stdout] 
[INFO] [stdout] failures:
[INFO] [stdout] 
[INFO] [stdout] ---- sql_parse::tests::parse_test stdout ----
[INFO] [stdout] 
[INFO] [stdout] thread 'sql_parse::tests::parse_test' (1167) panicked at src/sql_parse.rs:111:9:
[INFO] [stdout] assertion `left == right` failed
[INFO] [stdout]   left: ("select", "employee__abc1")
[INFO] [stdout]  right: ("select", "employee, abc1")
[INFO] [stdout] stack backtrace:
[INFO] [stdout]    0:     0x56d4937fc581 - <<std[617be2ca0a6fd877]::sys::backtrace::BacktraceLock>::print::DisplayBacktrace as core[a373ad73a504971]::fmt::Display>::fmt
[INFO] [stdout]    1:     0x56d49381205a - core[a373ad73a504971]::fmt::write
[INFO] [stdout]    2:     0x56d49380084c - <alloc[2e1b2a31b91974c5]::vec::Vec<u8> as core[a373ad73a504971]::io::write::Write>::write_fmt
[INFO] [stdout]    3:     0x56d4937d89e6 - std[617be2ca0a6fd877]::panicking::default_hook::{closure#0}
[INFO] [stdout]    4:     0x56d4937f4c19 - std[617be2ca0a6fd877]::panicking::default_hook
[INFO] [stdout]    5:     0x56d49375dc20 - test[aada8e7e76ba119b]::test_main_inner::{closure#0}
[INFO] [stdout]    6:     0x56d4937f4dd2 - std[617be2ca0a6fd877]::panicking::panic_with_hook
[INFO] [stdout]    7:     0x56d4937d8a92 - std[617be2ca0a6fd877]::panicking::panic_handler::{closure#0}
[INFO] [stdout]    8:     0x56d4937d1779 - std[617be2ca0a6fd877]::sys::backtrace::__rust_end_short_backtrace::<std[617be2ca0a6fd877]::panicking::panic_handler::{closure#0}, !>
[INFO] [stdout]    9:     0x56d4937d969d - __rustc[ea4f61d10b84890b]::rust_begin_unwind
[INFO] [stdout]   10:     0x56d49381278c - core[a373ad73a504971]::panicking::panic_fmt
[INFO] [stdout]   11:     0x56d4938126a3 - core[a373ad73a504971]::panicking::assert_failed_inner
[INFO] [stdout]   12:     0x56d49374b37f - core[a373ad73a504971]::panicking::assert_failed::<(alloc[2e1b2a31b91974c5]::string::String, alloc[2e1b2a31b91974c5]::string::String), (alloc[2e1b2a31b91974c5]::string::String, alloc[2e1b2a31b91974c5]::string::String)>
[INFO] [stdout]   13:     0x56d49374c7ce - <observer[286654acb8cb22d6]::sql_parse::tests::parse_test::{closure#0} as core[a373ad73a504971]::ops::function::FnOnce<()>>::call_once
[INFO] [stdout]   14:     0x56d49375106b - test[aada8e7e76ba119b]::__rust_begin_short_backtrace::<core[a373ad73a504971]::result::Result<(), alloc[2e1b2a31b91974c5]::string::String>, fn() -> core[a373ad73a504971]::result::Result<(), alloc[2e1b2a31b91974c5]::string::String>>
[INFO] [stdout]   15:     0x56d49375e245 - test[aada8e7e76ba119b]::run_test::{closure#0}
[INFO] [stdout]   16:     0x56d493757b34 - std[617be2ca0a6fd877]::sys::backtrace::__rust_begin_short_backtrace::<test[aada8e7e76ba119b]::run_test::{closure#1}, ()>
[INFO] [stdout]   17:     0x56d4937612d2 - <std[617be2ca0a6fd877]::thread::lifecycle::spawn_unchecked<test[aada8e7e76ba119b]::run_test::{closure#1}, ()>::{closure#1} as core[a373ad73a504971]::ops::function::FnOnce<()>>::call_once::{shim:vtable#0}
[INFO] [stdout]   18:     0x56d4937fbddf - <std[617be2ca0a6fd877]::sys::thread::unix::Thread>::new::thread_start
[INFO] [stdout]   19:     0x7e1a60cdedfa - <unknown>
[INFO] [stdout]   20:     0x7e1a60d723d4 - clone
[INFO] [stdout]   21:                0x0 - <unknown>
[INFO] [stdout] 
[INFO] [stdout] 
[INFO] [stdout] failures:
[INFO] [stdout]     sql_parse::tests::parse_test
[INFO] [stdout] 
[INFO] [stdout] test result: FAILED. 2 passed; 1 failed; 0 ignored; 0 measured; 0 filtered out; finished in 0.00s
[INFO] [stdout] 
[INFO] [stderr] error: test failed, to rerun pass `--lib`
[INFO] running `Command { std: "docker" "inspect" "651f6878fc487de469ea0e5e986ae4b676a5392e18b61d1e61d869191b5760fa", kill_on_drop: false }`
[INFO] running `Command { std: "docker" "rm" "-f" "651f6878fc487de469ea0e5e986ae4b676a5392e18b61d1e61d869191b5760fa", kill_on_drop: false }`
[INFO] [stdout] 651f6878fc487de469ea0e5e986ae4b676a5392e18b61d1e61d869191b5760fa
