[INFO] fetching crate objex 0.2.0...
[INFO] testing objex-0.2.0 against 1.99.0-beta.8+cargoflags=--release for beta-release-1.100-2
[INFO] extracting crate objex 0.2.0 into /workspace/builds/worker-2-tc1/source
[INFO] started tweaking crates.io crate objex 0.2.0
[INFO] removed 0 missing tests
[INFO] finished tweaking crates.io crate objex 0.2.0
[INFO] tweaked toml for crates.io crate objex 0.2.0 written to /workspace/builds/worker-2-tc1/source/Cargo.toml
[INFO] validating manifest of crates.io crate objex 0.2.0 on toolchain 1.99.0-beta.8
[INFO] running `Command { std: CARGO_HOME="/workspace/cargo-home" RUSTUP_HOME="/workspace/rustup-home" "/workspace/cargo-home/bin/cargo" "+1.99.0-beta.8" "metadata" "--manifest-path" "Cargo.toml" "--no-deps", kill_on_drop: false }`
[INFO] crate crates.io crate objex 0.2.0 already has a lockfile, it will not be regenerated
[INFO] running `Command { std: CARGO_HOME="/workspace/cargo-home" RUSTUP_HOME="/workspace/rustup-home" "/workspace/cargo-home/bin/cargo" "+1.99.0-beta.8" "fetch" "--manifest-path" "Cargo.toml", kill_on_drop: false }`
[INFO] [stderr]     Updating crates.io index
[INFO] [stderr]  Downloading crates ...
[INFO] [stderr]   Downloaded serde_derive v1.0.226
[INFO] [stderr]   Downloaded serde_core v1.0.226
[INFO] [stderr]   Downloaded windows-interface v0.59.2
[INFO] [stderr]   Downloaded utomid-rs v0.1.0
[INFO] [stderr]   Downloaded windows-implement v0.60.1
[INFO] [stderr]   Downloaded geospec v0.1.0
[INFO] [stderr]   Downloaded droidid v0.1.0
[INFO] [stderr]   Downloaded matcat v0.2.1
[INFO] [stderr]   Downloaded serde v1.0.226
[INFO] [stderr]   Downloaded supabasic v0.2.4
[INFO] [stderr]   Downloaded windows-core v0.62.1
[INFO] [stderr]   Downloaded clap v4.5.48
[INFO] [stderr]   Downloaded clap_builder v4.5.48
[INFO] [stderr]   Downloaded openssl v0.10.73
[INFO] running `Command { std: "docker" "create" "-v" "/var/lib/crater-agent-workspace/builds/worker-2-tc1/source:/opt/rustwide/workdir:ro,Z" "-v" "/var/lib/crater-agent-workspace/builds/worker-2-tc1/target:/opt/rustwide/target:rw,Z" "-v" "/var/lib/crater-agent-workspace/cargo-home:/opt/rustwide/cargo-home:ro,Z" "-v" "/var/lib/crater-agent-workspace/rustup-home:/opt/rustwide/rustup-home:ro,Z" "-m" "1610612736" "--network" "none" "ghcr.io/rust-lang/crates-build-env/linux@sha256:77db811e55d90add9212f6832c23229e3de5f1c1f9905e8cb07319ea15df73ac" "sleep" "infinity", kill_on_drop: false }`
[INFO] [stdout] 1da5389cac744ea0ad0eefbdddfccd959969bf9c94d56604900202ef6885ea36
[INFO] running `Command { std: "docker" "start" "1da5389cac744ea0ad0eefbdddfccd959969bf9c94d56604900202ef6885ea36", kill_on_drop: false }`
[INFO] running `Command { std: "docker" "inspect" "1da5389cac744ea0ad0eefbdddfccd959969bf9c94d56604900202ef6885ea36", kill_on_drop: false }`
[INFO] running `Command { std: "docker" "exec" "-e" "SOURCE_DIR=/opt/rustwide/workdir" "-e" "CARGO_HOME=/opt/rustwide/cargo-home" "-e" "RUSTUP_HOME=/opt/rustwide/rustup-home" "-e" "CARGO_TARGET_DIR=/opt/rustwide/target" "-w" "/opt/rustwide/workdir" "--user" "0:0" "1da5389cac744ea0ad0eefbdddfccd959969bf9c94d56604900202ef6885ea36" "/opt/rustwide/cargo-home/bin/cargo" "+1.99.0-beta.8" "metadata" "--no-deps" "--format-version=1", kill_on_drop: false }`
[INFO] running `Command { std: "docker" "inspect" "1da5389cac744ea0ad0eefbdddfccd959969bf9c94d56604900202ef6885ea36", kill_on_drop: false }`
[INFO] running `Command { std: "docker" "exec" "-e" "SOURCE_DIR=/opt/rustwide/workdir" "-e" "CARGO_HOME=/opt/rustwide/cargo-home" "-e" "RUSTUP_HOME=/opt/rustwide/rustup-home" "-e" "CARGO_TARGET_DIR=/opt/rustwide/target" "-e" "CARGO_INCREMENTAL=0" "-e" "RUST_BACKTRACE=full" "-e" "RUSTFLAGS=--cap-lints=warn" "-e" "RUSTDOCFLAGS=--cap-lints=warn" "-w" "/opt/rustwide/workdir" "--user" "0:0" "1da5389cac744ea0ad0eefbdddfccd959969bf9c94d56604900202ef6885ea36" "/opt/rustwide/cargo-home/bin/cargo" "+1.99.0-beta.8" "build" "--frozen" "--message-format=json" "--release", kill_on_drop: false }`
[INFO] [stderr]    Compiling proc-macro2 v1.0.101
[INFO] [stderr]    Compiling unicode-ident v1.0.19
[INFO] [stderr]    Compiling libc v0.2.175
[INFO] [stderr]    Compiling cfg-if v1.0.3
[INFO] [stderr]    Compiling find-msvc-tools v0.1.2
[INFO] [stderr]    Compiling smallvec v1.15.1
[INFO] [stderr]    Compiling stable_deref_trait v1.2.0
[INFO] [stderr]    Compiling lock_api v0.4.13
[INFO] [stderr]    Compiling serde_core v1.0.226
[INFO] [stderr]    Compiling parking_lot_core v0.9.11
[INFO] [stderr]    Compiling serde v1.0.226
[INFO] [stderr]    Compiling cc v1.2.38
[INFO] [stderr]    Compiling hashbrown v0.16.0
[INFO] [stderr]    Compiling memchr v2.7.5
[INFO] [stderr]    Compiling writeable v0.6.1
[INFO] [stderr]    Compiling getrandom v0.3.3
[INFO] [stderr]    Compiling litemap v0.8.0
[INFO] [stderr]    Compiling icu_normalizer_data v2.0.0
[INFO] [stderr]    Compiling quote v1.0.40
[INFO] [stderr]    Compiling icu_properties_data v2.0.1
[INFO] [stderr]    Compiling log v0.4.28
[INFO] [stderr]    Compiling syn v2.0.106
[INFO] [stderr]    Compiling indexmap v2.11.4
[INFO] [stderr]    Compiling http v0.2.12
[INFO] [stderr]    Compiling openssl v0.10.73
[INFO] [stderr]    Compiling mio v1.0.4
[INFO] [stderr]    Compiling openssl-sys v0.9.109
[INFO] [stderr]    Compiling parking_lot v0.12.4
[INFO] [stderr]    Compiling ring v0.17.14
[INFO] [stderr]    Compiling signal-hook-registry v1.4.6
[INFO] [stderr]    Compiling socket2 v0.6.0
[INFO] [stderr]    Compiling getrandom v0.2.16
[INFO] [stderr]    Compiling futures-util v0.3.31
[INFO] [stderr]    Compiling tracing v0.1.41
[INFO] [stderr]    Compiling rustls v0.21.12
[INFO] [stderr]    Compiling bitflags v2.9.4
[INFO] [stderr]    Compiling native-tls v0.2.14
[INFO] [stderr]    Compiling http-body v0.4.6
[INFO] [stderr]    Compiling socket2 v0.5.10
[INFO] [stderr]    Compiling futures-channel v0.3.31
[INFO] [stderr]    Compiling serde_json v1.0.145
[INFO] [stderr]    Compiling rand_core v0.9.3
[INFO] [stderr]    Compiling rand_chacha v0.9.0
[INFO] [stderr]    Compiling half v2.6.0
[INFO] [stderr]    Compiling base64 v0.21.7
[INFO] [stderr]    Compiling ciborium-io v0.2.2
[INFO] [stderr]    Compiling thiserror v2.0.16
[INFO] [stderr]    Compiling ciborium-ll v0.2.2
[INFO] [stderr]    Compiling rustls-pemfile v1.0.4
[INFO] [stderr]    Compiling rand v0.9.2
[INFO] [stderr]    Compiling encoding_rs v0.8.35
[INFO] [stderr]    Compiling webpki-roots v0.25.4
[INFO] [stderr]    Compiling sync_wrapper v0.1.2
[INFO] [stderr]    Compiling utomid-rs v0.1.0
[INFO] [stderr]    Compiling droidid v0.1.0
[INFO] [stderr]    Compiling matcat v0.2.1
[INFO] [stderr]    Compiling synstructure v0.13.2
[INFO] [stderr]    Compiling zerofrom-derive v0.1.6
[INFO] [stderr]    Compiling yoke-derive v0.8.0
[INFO] [stderr]    Compiling zerovec-derive v0.11.1
[INFO] [stderr]    Compiling displaydoc v0.2.5
[INFO] [stderr]    Compiling tokio-macros v2.5.0
[INFO] [stderr]    Compiling serde_derive v1.0.226
[INFO] [stderr]    Compiling openssl-macros v0.1.1
[INFO] [stderr]    Compiling tokio v1.47.1
[INFO] [stderr]    Compiling thiserror-impl v2.0.16
[INFO] [stderr]    Compiling thiserror-impl v1.0.69
[INFO] [stderr]    Compiling zerofrom v0.1.6
[INFO] [stderr]    Compiling yoke v0.8.0
[INFO] [stderr]    Compiling zerotrie v0.2.2
[INFO] [stderr]    Compiling zerovec v0.11.4
[INFO] [stderr]    Compiling thiserror v1.0.69
[INFO] [stderr]    Compiling tinystr v0.8.1
[INFO] [stderr]    Compiling potential_utf v0.1.3
[INFO] [stderr]    Compiling icu_locale_core v2.0.0
[INFO] [stderr]    Compiling icu_collections v2.0.0
[INFO] [stderr]    Compiling serde_urlencoded v0.7.1
[INFO] [stderr]    Compiling serde_yaml v0.9.34+deprecated
[INFO] [stderr]    Compiling uuid v1.18.1
[INFO] [stderr]    Compiling icu_provider v2.0.0
[INFO] [stderr]    Compiling icu_normalizer v2.0.0
[INFO] [stderr]    Compiling icu_properties v2.0.1
[INFO] [stderr]    Compiling ciborium v0.2.2
[INFO] [stderr]    Compiling idna_adapter v1.2.1
[INFO] [stderr]    Compiling idna v1.1.0
[INFO] [stderr]    Compiling chrono v0.4.42
[INFO] [stderr]    Compiling geospec v0.1.0
[INFO] [stderr]    Compiling url v2.5.7
[INFO] [stderr]    Compiling tokio-util v0.7.16
[INFO] [stderr]    Compiling tokio-native-tls v0.3.1
[INFO] [stderr]    Compiling h2 v0.3.27
[INFO] [stderr]    Compiling rustls-webpki v0.101.7
[INFO] [stderr]    Compiling sct v0.7.1
[INFO] [stderr]    Compiling hyper v0.14.32
[INFO] [stderr]    Compiling hyper-tls v0.5.0
[INFO] [stderr]    Compiling tokio-rustls v0.24.1
[INFO] [stderr]    Compiling hyper-rustls v0.24.2
[INFO] [stderr]    Compiling reqwest v0.11.27
[INFO] [stderr]    Compiling supabasic v0.2.4
[INFO] [stderr]    Compiling objex v0.2.0 (/opt/rustwide/workdir)
[INFO] [stdout] warning: unused import: `matcat::MatCatId`
[INFO] [stdout]  --> src/core/composite.rs:3:5
[INFO] [stdout]   |
[INFO] [stdout] 3 | use matcat::MatCatId;
[INFO] [stdout]   |     ^^^^^^^^^^^^^^^^
[INFO] [stdout]   |
[INFO] [stdout]   = note: `#[warn(unused_imports)]` (part of `#[warn(unused)]`) on by default
[INFO] [stdout] 
[INFO] [stdout] 
[INFO] [stdout] warning: unused import: `matcat::MatProps`
[INFO] [stdout]  --> src/systems/electrical.rs:3:5
[INFO] [stdout]   |
[INFO] [stdout] 3 | use matcat::MatProps;
[INFO] [stdout]   |     ^^^^^^^^^^^^^^^^
[INFO] [stdout] 
[INFO] [stdout] 
[INFO] [stdout] warning: unused import: `Shape`
[INFO] [stdout]  --> src/persist.rs:5:20
[INFO] [stdout]   |
[INFO] [stdout] 5 | use crate::{Objex, Shape, MaterialLink};
[INFO] [stdout]   |                    ^^^^^
[INFO] [stdout] 
[INFO] [stdout] 
[INFO] [stderr]     Finished `release` profile [optimized] target(s) in 1m 48s
[INFO] running `Command { std: "docker" "inspect" "1da5389cac744ea0ad0eefbdddfccd959969bf9c94d56604900202ef6885ea36", kill_on_drop: false }`
[INFO] running `Command { std: "docker" "exec" "-e" "SOURCE_DIR=/opt/rustwide/workdir" "-e" "CARGO_HOME=/opt/rustwide/cargo-home" "-e" "RUSTUP_HOME=/opt/rustwide/rustup-home" "-e" "CARGO_TARGET_DIR=/opt/rustwide/target" "-e" "CARGO_INCREMENTAL=0" "-e" "RUST_BACKTRACE=full" "-e" "RUSTFLAGS=--cap-lints=warn" "-e" "RUSTDOCFLAGS=--cap-lints=warn" "-w" "/opt/rustwide/workdir" "--user" "0:0" "1da5389cac744ea0ad0eefbdddfccd959969bf9c94d56604900202ef6885ea36" "/opt/rustwide/cargo-home/bin/cargo" "+1.99.0-beta.8" "test" "--frozen" "--no-run" "--message-format=json" "--release", kill_on_drop: false }`
[INFO] [stderr]    Compiling num-traits v0.2.19
[INFO] [stderr]    Compiling crossbeam-utils v0.8.21
[INFO] [stderr]    Compiling either v1.15.0
[INFO] [stderr]    Compiling anstyle v1.0.11
[INFO] [stderr]    Compiling regex-syntax v0.8.6
[INFO] [stderr]    Compiling plotters-backend v0.3.7
[INFO] [stderr]    Compiling clap_lex v0.7.5
[INFO] [stderr]    Compiling cast v0.3.0
[INFO] [stderr]    Compiling plotters-svg v0.3.7
[INFO] [stderr]    Compiling itertools v0.10.5
[INFO] [stderr]    Compiling clap_builder v4.5.48
[INFO] [stderr]    Compiling tinytemplate v1.2.1
[INFO] [stderr]    Compiling is-terminal v0.4.16
[INFO] [stderr]    Compiling anes v0.1.6
[INFO] [stderr]    Compiling oorandom v11.1.5
[INFO] [stderr]    Compiling crossbeam-epoch v0.9.18
[INFO] [stderr]    Compiling crossbeam-deque v0.8.6
[INFO] [stderr]    Compiling rayon-core v1.13.0
[INFO] [stderr]    Compiling chrono v0.4.42
[INFO] [stderr]    Compiling plotters v0.3.7
[INFO] [stderr]    Compiling rayon v1.11.0
[INFO] [stderr]    Compiling regex-automata v0.4.10
[INFO] [stderr]    Compiling criterion-plot v0.5.0
[INFO] [stderr]    Compiling supabasic v0.2.4
[INFO] [stderr]    Compiling clap v4.5.48
[INFO] [stderr]    Compiling objex v0.2.0 (/opt/rustwide/workdir)
[INFO] [stdout] warning: unused import: `matcat::MatCatId`
[INFO] [stdout]  --> src/core/composite.rs:3:5
[INFO] [stdout]   |
[INFO] [stdout] 3 | use matcat::MatCatId;
[INFO] [stdout]   |     ^^^^^^^^^^^^^^^^
[INFO] [stdout]   |
[INFO] [stdout]   = note: `#[warn(unused_imports)]` (part of `#[warn(unused)]`) on by default
[INFO] [stdout] 
[INFO] [stdout] 
[INFO] [stdout] warning: unused import: `matcat::MatProps`
[INFO] [stdout]  --> src/systems/electrical.rs:3:5
[INFO] [stdout]   |
[INFO] [stdout] 3 | use matcat::MatProps;
[INFO] [stdout]   |     ^^^^^^^^^^^^^^^^
[INFO] [stdout] 
[INFO] [stdout] 
[INFO] [stdout] warning: unused import: `Shape`
[INFO] [stdout]  --> src/persist.rs:5:20
[INFO] [stdout]   |
[INFO] [stdout] 5 | use crate::{Objex, Shape, MaterialLink};
[INFO] [stdout]   |                    ^^^^^
[INFO] [stdout] 
[INFO] [stdout] 
[INFO] [stderr]    Compiling regex v1.11.2
[INFO] [stderr]    Compiling criterion v0.5.1
[INFO] [stdout] warning: unused import: `ElectricalProps`
[INFO] [stdout]  --> tests/electrical.rs:2:53
[INFO] [stdout]   |
[INFO] [stdout] 2 | use objex::systems::electrical::{derive_electrical, ElectricalProps};
[INFO] [stdout]   |                                                     ^^^^^^^^^^^^^^^
[INFO] [stdout]   |
[INFO] [stdout]   = note: `#[warn(unused_imports)]` (part of `#[warn(unused)]`) on by default
[INFO] [stdout] 
[INFO] [stdout] 
[INFO] [stdout] warning: unused import: `matcat::MatCatId`
[INFO] [stdout]  --> src/core/composite.rs:3:5
[INFO] [stdout]   |
[INFO] [stdout] 3 | use matcat::MatCatId;
[INFO] [stdout]   |     ^^^^^^^^^^^^^^^^
[INFO] [stdout]   |
[INFO] [stdout]   = note: `#[warn(unused_imports)]` (part of `#[warn(unused)]`) on by default
[INFO] [stdout] 
[INFO] [stdout] 
[INFO] [stdout] warning: unused import: `matcat::MatProps`
[INFO] [stdout]  --> src/systems/electrical.rs:3:5
[INFO] [stdout]   |
[INFO] [stdout] 3 | use matcat::MatProps;
[INFO] [stdout]   |     ^^^^^^^^^^^^^^^^
[INFO] [stdout] 
[INFO] [stdout] 
[INFO] [stdout] warning: unused import: `Shape`
[INFO] [stdout]  --> src/persist.rs:5:20
[INFO] [stdout]   |
[INFO] [stdout] 5 | use crate::{Objex, Shape, MaterialLink};
[INFO] [stdout]   |                    ^^^^^
[INFO] [stdout] 
[INFO] [stdout] 
[INFO] [stderr]     Finished `release` profile [optimized] target(s) in 45.23s
[INFO] running `Command { std: "docker" "inspect" "1da5389cac744ea0ad0eefbdddfccd959969bf9c94d56604900202ef6885ea36", kill_on_drop: false }`
[INFO] running `Command { std: "docker" "exec" "-e" "SOURCE_DIR=/opt/rustwide/workdir" "-e" "CARGO_HOME=/opt/rustwide/cargo-home" "-e" "RUSTUP_HOME=/opt/rustwide/rustup-home" "-e" "CARGO_TARGET_DIR=/opt/rustwide/target" "-e" "CARGO_INCREMENTAL=0" "-e" "RUST_BACKTRACE=full" "-e" "RUSTFLAGS=--cap-lints=warn" "-e" "RUSTDOCFLAGS=--cap-lints=warn" "-w" "/opt/rustwide/workdir" "--user" "0:0" "1da5389cac744ea0ad0eefbdddfccd959969bf9c94d56604900202ef6885ea36" "/opt/rustwide/cargo-home/bin/cargo" "+1.99.0-beta.8" "test" "--frozen" "--release", kill_on_drop: false }`
[INFO] [stderr] warning: unused import: `matcat::MatCatId`
[INFO] [stderr]  --> src/core/composite.rs:3:5
[INFO] [stderr]   |
[INFO] [stderr] 3 | use matcat::MatCatId;
[INFO] [stderr]   |     ^^^^^^^^^^^^^^^^
[INFO] [stderr]   |
[INFO] [stderr]   = note: `#[warn(unused_imports)]` (part of `#[warn(unused)]`) on by default
[INFO] [stderr] 
[INFO] [stderr] warning: unused import: `matcat::MatProps`
[INFO] [stderr]  --> src/systems/electrical.rs:3:5
[INFO] [stderr]   |
[INFO] [stderr] 3 | use matcat::MatProps;
[INFO] [stderr]   |     ^^^^^^^^^^^^^^^^
[INFO] [stderr] 
[INFO] [stderr] warning: unused import: `Shape`
[INFO] [stderr]  --> src/persist.rs:5:20
[INFO] [stderr]   |
[INFO] [stderr] 5 | use crate::{Objex, Shape, MaterialLink};
[INFO] [stderr]   |                    ^^^^^
[INFO] [stderr] 
[INFO] [stderr] warning: `objex` (lib) generated 3 warnings (run `cargo fix --lib -p objex` to apply 3 suggestions)
[INFO] [stderr] warning: unused import: `ElectricalProps`
[INFO] [stderr]  --> tests/electrical.rs:2:53
[INFO] [stderr]   |
[INFO] [stderr] 2 | use objex::systems::electrical::{derive_electrical, ElectricalProps};
[INFO] [stderr]   |                                                     ^^^^^^^^^^^^^^^
[INFO] [stderr]   |
[INFO] [stderr]   = note: `#[warn(unused_imports)]` (part of `#[warn(unused)]`) on by default
[INFO] [stderr] 
[INFO] [stderr] warning: `objex` (test "electrical") generated 1 warning (run `cargo fix --test "electrical" -p objex` to apply 1 suggestion)
[INFO] [stderr] warning: `objex` (lib test) generated 3 warnings (3 duplicates)
[INFO] [stderr]     Finished `release` profile [optimized] target(s) in 0.17s
[INFO] [stderr]      Running unittests src/lib.rs (/opt/rustwide/target/release/deps/objex-bd8927c33dab92c2)
[INFO] [stdout] 
[INFO] [stdout] running 0 tests
[INFO] [stdout] 
[INFO] [stdout] test result: ok. 0 passed; 0 failed; 0 ignored; 0 measured; 0 filtered out; finished in 0.00s
[INFO] [stdout] 
[INFO] [stderr]      Running unittests src/main.rs (/opt/rustwide/target/release/deps/objex-728549e31ea75a5b)
[INFO] [stdout] 
[INFO] [stdout] running 0 tests
[INFO] [stdout] 
[INFO] [stdout] test result: ok. 0 passed; 0 failed; 0 ignored; 0 measured; 0 filtered out; finished in 0.00s
[INFO] [stdout] 
[INFO] [stderr]      Running tests/basic.rs (/opt/rustwide/target/release/deps/basic-2af5a5ac815f092c)
[INFO] [stdout] 
[INFO] [stdout] running 1 test
[INFO] [stdout] test steel_cylinder_props ... ok
[INFO] [stdout] 
[INFO] [stdout] test result: ok. 1 passed; 0 failed; 0 ignored; 0 measured; 0 filtered out; finished in 0.00s
[INFO] [stdout] 
[INFO] [stderr]      Running tests/electrical.rs (/opt/rustwide/target/release/deps/electrical-b120fcfdfe954268)
[INFO] [stdout] 
[INFO] [stdout] running 1 test
[INFO] [stdout] test compare_electrical_props ... ok
[INFO] [stderr]      Running tests/mechanical.rs (/opt/rustwide/target/release/deps/mechanical-c3486ca44a5f3045)
[INFO] [stdout] 
[INFO] [stdout] test result: ok. 1 passed; 0 failed; 0 ignored; 0 measured; 0 filtered out; finished in 0.00s
[INFO] [stdout] 
[INFO] [stdout] 
[INFO] [stdout] running 1 test
[INFO] [stderr]      Running tests/multiple_objects.rs (/opt/rustwide/target/release/deps/multiple_objects-c58161a596f7f740)
[INFO] [stdout] test compare_mechanical_props ... ok
[INFO] [stdout] 
[INFO] [stdout] test result: ok. 1 passed; 0 failed; 0 ignored; 0 measured; 0 filtered out; finished in 0.00s
[INFO] [stdout] 
[INFO] [stdout] 
[INFO] [stdout] running 1 test
[INFO] [stdout] test compare_variety_of_objects ... ok
[INFO] [stderr]      Running tests/persist.rs (/opt/rustwide/target/release/deps/persist-c2adb3907c5138f9)
[INFO] [stdout] 
[INFO] [stdout] test result: ok. 1 passed; 0 failed; 0 ignored; 0 measured; 0 filtered out; finished in 0.00s
[INFO] [stdout] 
[INFO] [stdout] 
[INFO] [stdout] running 1 test
[INFO] [stdout] test test_insert_and_fetch_objex ... FAILED
[INFO] [stdout] 
[INFO] [stdout] failures:
[INFO] [stdout] 
[INFO] [stdout] ---- test_insert_and_fetch_objex stdout ----
[INFO] [stdout] 
[INFO] [stdout] thread 'test_insert_and_fetch_objex' (2649) panicked at tests/persist.rs:10:40:
[INFO] [stdout] SUPABASE_URL must be set: NotPresent
[INFO] [stdout] stack backtrace:
[INFO] [stdout]    0:     0x5d5c46863cf1 - <<std[70759c8f55707aa4]::sys::backtrace::BacktraceLock>::print::DisplayBacktrace as core[df12db4294e9bfd3]::fmt::Display>::fmt
[INFO] [stdout]    1:     0x5d5c4687a63a - core[df12db4294e9bfd3]::fmt::write
[INFO] [stdout]    2:     0x5d5c46868d2c - <alloc[2182bb758b4b3781]::vec::Vec<u8> as core[df12db4294e9bfd3]::io::write::Write>::write_fmt
[INFO] [stdout]    3:     0x5d5c4683e8c6 - std[70759c8f55707aa4]::panicking::default_hook::{closure#0}
[INFO] [stdout]    4:     0x5d5c4685bc09 - std[70759c8f55707aa4]::panicking::default_hook
[INFO] [stdout]    5:     0x5d5c465d3920 - test[9d35eded1c95d3be]::test_main_inner::<test[9d35eded1c95d3be]::test_main_static::{closure#0}>::{closure#0}
[INFO] [stdout]    6:     0x5d5c4685bf32 - std[70759c8f55707aa4]::panicking::panic_with_hook
[INFO] [stdout]    7:     0x5d5c4683e972 - std[70759c8f55707aa4]::panicking::panic_handler::{closure#0}
[INFO] [stdout]    8:     0x5d5c46836e49 - std[70759c8f55707aa4]::sys::backtrace::__rust_end_short_backtrace::<std[70759c8f55707aa4]::panicking::panic_handler::{closure#0}, !>
[INFO] [stdout]    9:     0x5d5c4683f90d - __rustc[8fa7c3cbc660c2b3]::rust_begin_unwind
[INFO] [stdout]   10:     0x5d5c4687ad9c - core[df12db4294e9bfd3]::panicking::panic_fmt
[INFO] [stdout]   11:     0x5d5c4687ab72 - core[df12db4294e9bfd3]::result::unwrap_failed
[INFO] [stdout]   12:     0x5d5c465b3d53 - persist[68c3881cf89f988a]::test_insert_and_fetch_objex::{closure#0}
[INFO] [stdout]   13:     0x5d5c465bbbf3 - <tokio[4912ec913f0d8191]::runtime::scheduler::current_thread::Context>::enter::<core[df12db4294e9bfd3]::task::poll::Poll<()>, <tokio[4912ec913f0d8191]::runtime::scheduler::current_thread::CoreGuard>::block_on<core[df12db4294e9bfd3]::pin::Pin<&mut core[df12db4294e9bfd3]::pin::Pin<&mut dyn core[df12db4294e9bfd3]::future::future::Future<Output = ()>>>>::{closure#0}::{closure#0}>
[INFO] [stdout]   14:     0x5d5c465c34dc - <tokio[4912ec913f0d8191]::runtime::context::scoped::Scoped<tokio[4912ec913f0d8191]::runtime::scheduler::Context>>::set::<<tokio[4912ec913f0d8191]::runtime::scheduler::current_thread::CoreGuard>::enter<<tokio[4912ec913f0d8191]::runtime::scheduler::current_thread::CoreGuard>::block_on<core[df12db4294e9bfd3]::pin::Pin<&mut core[df12db4294e9bfd3]::pin::Pin<&mut dyn core[df12db4294e9bfd3]::future::future::Future<Output = ()>>>>::{closure#0}, core[df12db4294e9bfd3]::option::Option<()>>::{closure#0}, (alloc[2182bb758b4b3781]::boxed::Box<tokio[4912ec913f0d8191]::runtime::scheduler::current_thread::Core>, core[df12db4294e9bfd3]::option::Option<()>)>
[INFO] [stdout]   15:     0x5d5c465bbf47 - <tokio[4912ec913f0d8191]::runtime::scheduler::current_thread::CoreGuard>::block_on::<core[df12db4294e9bfd3]::pin::Pin<&mut core[df12db4294e9bfd3]::pin::Pin<&mut dyn core[df12db4294e9bfd3]::future::future::Future<Output = ()>>>>
[INFO] [stdout]   16:     0x5d5c465c2eb7 - tokio[4912ec913f0d8191]::runtime::context::runtime::enter_runtime::<<tokio[4912ec913f0d8191]::runtime::scheduler::current_thread::CurrentThread>::block_on<core[df12db4294e9bfd3]::pin::Pin<&mut dyn core[df12db4294e9bfd3]::future::future::Future<Output = ()>>>::{closure#0}, ()>
[INFO] [stdout]   17:     0x5d5c465c09e5 - <tokio[4912ec913f0d8191]::runtime::runtime::Runtime>::block_on::<core[df12db4294e9bfd3]::pin::Pin<&mut dyn core[df12db4294e9bfd3]::future::future::Future<Output = ()>>>
[INFO] [stdout]   18:     0x5d5c465b627e - <persist[68c3881cf89f988a]::test_insert_and_fetch_objex::{closure#0} as core[df12db4294e9bfd3]::ops::function::FnOnce<()>>::call_once
[INFO] [stdout]   19:     0x5d5c465c6c0b - test[9d35eded1c95d3be]::__rust_begin_short_backtrace::<core[df12db4294e9bfd3]::result::Result<(), alloc[2182bb758b4b3781]::string::String>, fn() -> core[df12db4294e9bfd3]::result::Result<(), alloc[2182bb758b4b3781]::string::String>>
[INFO] [stdout]   20:     0x5d5c465d4275 - test[9d35eded1c95d3be]::run_test::{closure#0}
[INFO] [stdout]   21:     0x5d5c465cdb34 - std[70759c8f55707aa4]::sys::backtrace::__rust_begin_short_backtrace::<test[9d35eded1c95d3be]::run_test::{closure#1}, ()>
[INFO] [stdout]   22:     0x5d5c465d73d2 - <std[70759c8f55707aa4]::thread::lifecycle::spawn_unchecked<test[9d35eded1c95d3be]::run_test::{closure#1}, ()>::{closure#1} as core[df12db4294e9bfd3]::ops::function::FnOnce<()>>::call_once::{shim:vtable#0}
[INFO] [stdout]   23:     0x5d5c46863219 - <std[70759c8f55707aa4]::sys::thread::unix::Thread>::new::thread_start
[INFO] [stdout]   24:     0x7e155ae10dfa - <unknown>
[INFO] [stdout]   25:     0x7e155aea43d4 - clone
[INFO] [stdout]   26:                0x0 - <unknown>
[INFO] [stdout] 
[INFO] [stdout] 
[INFO] [stdout] failures:
[INFO] [stdout]     test_insert_and_fetch_objex
[INFO] [stdout] 
[INFO] [stdout] test result: FAILED. 0 passed; 1 failed; 0 ignored; 0 measured; 0 filtered out; finished in 0.00s
[INFO] [stdout] 
[INFO] [stderr] error: test failed, to rerun pass `--test persist`
[INFO] running `Command { std: "docker" "inspect" "1da5389cac744ea0ad0eefbdddfccd959969bf9c94d56604900202ef6885ea36", kill_on_drop: false }`
[INFO] running `Command { std: "docker" "rm" "-f" "1da5389cac744ea0ad0eefbdddfccd959969bf9c94d56604900202ef6885ea36", kill_on_drop: false }`
[INFO] [stdout] 1da5389cac744ea0ad0eefbdddfccd959969bf9c94d56604900202ef6885ea36
