[INFO] fetching crate object_transfer 2.0.0...
[INFO] testing object_transfer-2.0.0 against 1.100.0-beta.1+cargoflags=--release for beta-release-1.100-2
[INFO] extracting crate object_transfer 2.0.0 into /workspace/builds/worker-4-tc2/source
[INFO] started tweaking crates.io crate object_transfer 2.0.0
[INFO] finished tweaking crates.io crate object_transfer 2.0.0
[INFO] tweaked toml for crates.io crate object_transfer 2.0.0 written to /workspace/builds/worker-4-tc2/source/Cargo.toml
[INFO] validating manifest of crates.io crate object_transfer 2.0.0 on toolchain 1.100.0-beta.1
[INFO] running `Command { std: CARGO_HOME="/workspace/cargo-home" RUSTUP_HOME="/workspace/rustup-home" "/workspace/cargo-home/bin/cargo" "+1.100.0-beta.1" "metadata" "--manifest-path" "Cargo.toml" "--no-deps", kill_on_drop: false }`
[INFO] crate crates.io crate object_transfer 2.0.0 already has a lockfile, it will not be regenerated
[INFO] running `Command { std: CARGO_HOME="/workspace/cargo-home" RUSTUP_HOME="/workspace/rustup-home" "/workspace/cargo-home/bin/cargo" "+1.100.0-beta.1" "fetch" "--manifest-path" "Cargo.toml", kill_on_drop: false }`
[INFO] [stderr] warning: Cargo.toml: only one of `license` or `license-file` is necessary
[INFO] [stderr] `license` should be used if the package license can be expressed with a standard SPDX expression.
[INFO] [stderr] `license-file` should be used if the package uses a non-standard license.
[INFO] [stderr] See https://doc.rust-lang.org/cargo/reference/manifest.html#the-license-and-license-file-fields for more information.
[INFO] [stderr] warning: `package.homepage` is redundant with `package.repository`
[INFO] [stderr]   --> Cargo.toml:74:12
[INFO] [stderr]    |
[INFO] [stderr] 74 | homepage = "https://github.com/hiroaki-yamamoto/object-transfer"
[INFO] [stderr]    |            ^^^^^^^^^^^^^^^^^^^^^^^^^^^^^^^^^^^^^^^^^^^^^^^^^^^^^
[INFO] [stderr] ...
[INFO] [stderr] 80 | repository = "https://github.com/hiroaki-yamamoto/object-transfer"
[INFO] [stderr]    |              -----------------------------------------------------
[INFO] [stderr]    |
[INFO] [stderr]    = note: `cargo::redundant_homepage` is set to `warn` by default
[INFO] [stderr] help: consider removing `package.homepage`
[INFO] [stderr] warning: `object_transfer` (manifest) generated 2 warnings
[INFO] running `Command { std: "docker" "create" "-v" "/var/lib/crater-agent-workspace/builds/worker-4-tc2/source:/opt/rustwide/workdir:ro,Z" "-v" "/var/lib/crater-agent-workspace/builds/worker-4-tc2/target:/opt/rustwide/target:rw,Z" "-v" "/var/lib/crater-agent-workspace/cargo-home:/opt/rustwide/cargo-home:ro,Z" "-v" "/var/lib/crater-agent-workspace/rustup-home:/opt/rustwide/rustup-home:ro,Z" "-m" "1610612736" "--network" "none" "ghcr.io/rust-lang/crates-build-env/linux@sha256:77db811e55d90add9212f6832c23229e3de5f1c1f9905e8cb07319ea15df73ac" "sleep" "infinity", kill_on_drop: false }`
[INFO] [stdout] 3a56468db7e538c3793287d85db8205698746561de645d909c7c5573230be8ab
[INFO] running `Command { std: "docker" "start" "3a56468db7e538c3793287d85db8205698746561de645d909c7c5573230be8ab", kill_on_drop: false }`
[INFO] running `Command { std: "docker" "inspect" "3a56468db7e538c3793287d85db8205698746561de645d909c7c5573230be8ab", kill_on_drop: false }`
[INFO] running `Command { std: "docker" "exec" "-e" "SOURCE_DIR=/opt/rustwide/workdir" "-e" "CARGO_HOME=/opt/rustwide/cargo-home" "-e" "RUSTUP_HOME=/opt/rustwide/rustup-home" "-e" "CARGO_TARGET_DIR=/opt/rustwide/target" "-w" "/opt/rustwide/workdir" "--user" "0:0" "3a56468db7e538c3793287d85db8205698746561de645d909c7c5573230be8ab" "/opt/rustwide/cargo-home/bin/cargo" "+1.100.0-beta.1" "metadata" "--no-deps" "--format-version=1", kill_on_drop: false }`
[INFO] running `Command { std: "docker" "inspect" "3a56468db7e538c3793287d85db8205698746561de645d909c7c5573230be8ab", kill_on_drop: false }`
[INFO] running `Command { std: "docker" "exec" "-e" "SOURCE_DIR=/opt/rustwide/workdir" "-e" "CARGO_HOME=/opt/rustwide/cargo-home" "-e" "RUSTUP_HOME=/opt/rustwide/rustup-home" "-e" "CARGO_TARGET_DIR=/opt/rustwide/target" "-e" "CARGO_INCREMENTAL=0" "-e" "RUST_BACKTRACE=full" "-e" "RUSTFLAGS=--cap-lints=warn" "-e" "RUSTDOCFLAGS=--cap-lints=warn" "-w" "/opt/rustwide/workdir" "--user" "0:0" "3a56468db7e538c3793287d85db8205698746561de645d909c7c5573230be8ab" "/opt/rustwide/cargo-home/bin/cargo" "+1.100.0-beta.1" "build" "--frozen" "--message-format=json" "--release", kill_on_drop: false }`
[INFO] [stderr] warning: Cargo.toml: only one of `license` or `license-file` is necessary
[INFO] [stderr] `license` should be used if the package license can be expressed with a standard SPDX expression.
[INFO] [stderr] `license-file` should be used if the package uses a non-standard license.
[INFO] [stderr] See https://doc.rust-lang.org/cargo/reference/manifest.html#the-license-and-license-file-fields for more information.
[INFO] [stderr] warning: `package.homepage` is redundant with `package.repository`
[INFO] [stderr]   --> Cargo.toml:74:12
[INFO] [stderr]    |
[INFO] [stderr] 74 | homepage = "https://github.com/hiroaki-yamamoto/object-transfer"
[INFO] [stderr]    |            ^^^^^^^^^^^^^^^^^^^^^^^^^^^^^^^^^^^^^^^^^^^^^^^^^^^^^
[INFO] [stderr] ...
[INFO] [stderr] 80 | repository = "https://github.com/hiroaki-yamamoto/object-transfer"
[INFO] [stderr]    |              -----------------------------------------------------
[INFO] [stderr]    |
[INFO] [stderr]    = note: `cargo::redundant_homepage` is set to `warn` by default
[INFO] [stderr] help: consider removing `package.homepage`
[INFO] [stderr] warning: `object_transfer` (manifest) generated 2 warnings
[INFO] [stderr]    Compiling futures-sink v0.3.32
[INFO] [stderr]    Compiling syn v2.0.117
[INFO] [stderr]    Compiling futures-channel v0.3.32
[INFO] [stderr]    Compiling futures-macro v0.3.32
[INFO] [stderr]    Compiling async-stream-impl v0.3.6
[INFO] [stderr]    Compiling thiserror-impl v2.0.18
[INFO] [stderr]    Compiling serde_derive v1.0.228
[INFO] [stderr]    Compiling async-trait v0.1.89
[INFO] [stderr]    Compiling async-stream v0.3.6
[INFO] [stderr]    Compiling futures-util v0.3.32
[INFO] [stderr]    Compiling thiserror v2.0.18
[INFO] [stderr]    Compiling serde v1.0.228
[INFO] [stderr]    Compiling futures-executor v0.3.32
[INFO] [stderr]    Compiling futures v0.3.32
[INFO] [stderr]    Compiling object_transfer v2.0.0 (/opt/rustwide/workdir)
[INFO] [stderr] warning: unused dependency `async-stream`
[INFO] [stderr]  --> Cargo.toml:5:15
[INFO] [stderr]   |
[INFO] [stderr] 5 | [dependencies.async-stream]
[INFO] [stderr]   |               ^^^^^^^^^^^^^
[INFO] [stderr]   |
[INFO] [stderr]   = note: `cargo::unused_dependencies` is set to `warn` by default
[INFO] [stderr] help: consider removing the dependency on `async-stream`
[INFO] [stderr] warning: `object_transfer` (manifest) generated 1 warning
[INFO] [stderr]     Finished `release` profile [optimized] target(s) in 4.59s
[INFO] running `Command { std: "docker" "inspect" "3a56468db7e538c3793287d85db8205698746561de645d909c7c5573230be8ab", kill_on_drop: false }`
[INFO] running `Command { std: "docker" "exec" "-e" "SOURCE_DIR=/opt/rustwide/workdir" "-e" "CARGO_HOME=/opt/rustwide/cargo-home" "-e" "RUSTUP_HOME=/opt/rustwide/rustup-home" "-e" "CARGO_TARGET_DIR=/opt/rustwide/target" "-e" "CARGO_INCREMENTAL=0" "-e" "RUST_BACKTRACE=full" "-e" "RUSTFLAGS=--cap-lints=warn" "-e" "RUSTDOCFLAGS=--cap-lints=warn" "-w" "/opt/rustwide/workdir" "--user" "0:0" "3a56468db7e538c3793287d85db8205698746561de645d909c7c5573230be8ab" "/opt/rustwide/cargo-home/bin/cargo" "+1.100.0-beta.1" "test" "--frozen" "--no-run" "--message-format=json" "--release", kill_on_drop: false }`
[INFO] [stderr] warning: Cargo.toml: only one of `license` or `license-file` is necessary
[INFO] [stderr] `license` should be used if the package license can be expressed with a standard SPDX expression.
[INFO] [stderr] `license-file` should be used if the package uses a non-standard license.
[INFO] [stderr] See https://doc.rust-lang.org/cargo/reference/manifest.html#the-license-and-license-file-fields for more information.
[INFO] [stderr] warning: `package.homepage` is redundant with `package.repository`
[INFO] [stderr]   --> Cargo.toml:74:12
[INFO] [stderr]    |
[INFO] [stderr] 74 | homepage = "https://github.com/hiroaki-yamamoto/object-transfer"
[INFO] [stderr]    |            ^^^^^^^^^^^^^^^^^^^^^^^^^^^^^^^^^^^^^^^^^^^^^^^^^^^^^
[INFO] [stderr] ...
[INFO] [stderr] 80 | repository = "https://github.com/hiroaki-yamamoto/object-transfer"
[INFO] [stderr]    |              -----------------------------------------------------
[INFO] [stderr]    |
[INFO] [stderr]    = note: `cargo::redundant_homepage` is set to `warn` by default
[INFO] [stderr] help: consider removing `package.homepage`
[INFO] [stderr] warning: `object_transfer` (manifest) generated 2 warnings
[INFO] [stderr]    Compiling mockall_derive v0.14.0
[INFO] [stderr]    Compiling predicates-core v1.0.10
[INFO] [stderr]    Compiling termtree v0.5.1
[INFO] [stderr]    Compiling mockall v0.14.0
[INFO] [stderr]    Compiling downcast v0.11.0
[INFO] [stderr]    Compiling fragile v2.0.1
[INFO] [stderr]    Compiling serde_json v1.0.149
[INFO] [stderr]    Compiling futures-macro v0.3.32
[INFO] [stderr]    Compiling async-stream-impl v0.3.6
[INFO] [stderr]    Compiling thiserror-impl v2.0.18
[INFO] [stderr]    Compiling rmp v0.8.15
[INFO] [stderr]    Compiling async-trait v0.1.89
[INFO] [stderr]    Compiling tokio-macros v2.6.1
[INFO] [stderr]    Compiling serde v1.0.228
[INFO] [stderr]    Compiling predicates v3.1.4
[INFO] [stderr]    Compiling predicates-tree v1.0.13
[INFO] [stderr]    Compiling async-stream v0.3.6
[INFO] [stderr]    Compiling tokio v1.50.0
[INFO] [stderr]    Compiling futures-util v0.3.32
[INFO] [stderr]    Compiling rmp-serde v1.3.1
[INFO] [stderr]    Compiling thiserror v2.0.18
[INFO] [stderr]    Compiling futures-executor v0.3.32
[INFO] [stderr]    Compiling futures v0.3.32
[INFO] [stderr]    Compiling object_transfer v2.0.0 (/opt/rustwide/workdir)
[INFO] [stderr] warning: unused dependency `async-stream`
[INFO] [stderr]  --> Cargo.toml:5:15
[INFO] [stderr]   |
[INFO] [stderr] 5 | [dependencies.async-stream]
[INFO] [stderr]   |               ^^^^^^^^^^^^^
[INFO] [stderr]   |
[INFO] [stderr]   = note: `cargo::unused_dependencies` is set to `warn` by default
[INFO] [stderr] help: consider removing the dependency on `async-stream`
[INFO] [stderr] warning: `object_transfer` (manifest) generated 1 warning
[INFO] [stderr]     Finished `release` profile [optimized] target(s) in 3.71s
[INFO] running `Command { std: "docker" "inspect" "3a56468db7e538c3793287d85db8205698746561de645d909c7c5573230be8ab", kill_on_drop: false }`
[INFO] running `Command { std: "docker" "exec" "-e" "SOURCE_DIR=/opt/rustwide/workdir" "-e" "CARGO_HOME=/opt/rustwide/cargo-home" "-e" "RUSTUP_HOME=/opt/rustwide/rustup-home" "-e" "CARGO_TARGET_DIR=/opt/rustwide/target" "-e" "CARGO_INCREMENTAL=0" "-e" "RUST_BACKTRACE=full" "-e" "RUSTFLAGS=--cap-lints=warn" "-e" "RUSTDOCFLAGS=--cap-lints=warn" "-w" "/opt/rustwide/workdir" "--user" "0:0" "3a56468db7e538c3793287d85db8205698746561de645d909c7c5573230be8ab" "/opt/rustwide/cargo-home/bin/cargo" "+1.100.0-beta.1" "test" "--frozen" "--release", kill_on_drop: false }`
[INFO] [stderr] warning: Cargo.toml: only one of `license` or `license-file` is necessary
[INFO] [stderr] `license` should be used if the package license can be expressed with a standard SPDX expression.
[INFO] [stderr] `license-file` should be used if the package uses a non-standard license.
[INFO] [stderr] See https://doc.rust-lang.org/cargo/reference/manifest.html#the-license-and-license-file-fields for more information.
[INFO] [stderr] warning: `package.homepage` is redundant with `package.repository`
[INFO] [stderr]   --> Cargo.toml:74:12
[INFO] [stderr]    |
[INFO] [stderr] 74 | homepage = "https://github.com/hiroaki-yamamoto/object-transfer"
[INFO] [stderr]    |            ^^^^^^^^^^^^^^^^^^^^^^^^^^^^^^^^^^^^^^^^^^^^^^^^^^^^^
[INFO] [stderr] ...
[INFO] [stderr] 80 | repository = "https://github.com/hiroaki-yamamoto/object-transfer"
[INFO] [stderr]    |              -----------------------------------------------------
[INFO] [stderr]    |
[INFO] [stderr]    = note: `cargo::redundant_homepage` is set to `warn` by default
[INFO] [stderr] help: consider removing `package.homepage`
[INFO] [stderr] warning: `object_transfer` (manifest) generated 2 warnings
[INFO] [stderr] warning: unused dependency `async-stream`
[INFO] [stderr]  --> Cargo.toml:5:15
[INFO] [stderr]   |
[INFO] [stderr] 5 | [dependencies.async-stream]
[INFO] [stderr]   |               ^^^^^^^^^^^^^
[INFO] [stderr]   |
[INFO] [stderr]   = note: `cargo::unused_dependencies` is set to `warn` by default
[INFO] [stderr] help: consider removing the dependency on `async-stream`
[INFO] [stderr] warning: `object_transfer` (manifest) generated 1 warning
[INFO] [stderr]     Finished `release` profile [optimized] target(s) in 0.05s
[INFO] [stderr]      Running unittests src/lib.rs (/opt/rustwide/target/release/build/object_transfer/42c8f6f1591c8829/out/object_transfer-42c8f6f1591c8829)
[INFO] [stdout] 
[INFO] [stdout] running 13 tests
[INFO] [stdout] test brokers::traits::tests::test_subctx_safety ... ok
[INFO] [stdout] test brokers::traits::tests::test_pubctx_safety ... ok
[INFO] [stdout] test encoders::traits::test::test_decoder_safety ... ok
[INFO] [stdout] test encoders::traits::test::test_encoder_safety ... ok
[INFO] [stdout] test publisher::tests::test_publish ... ok
[INFO] [stdout] test publisher::tests::test_publish_error ... ok
[INFO] [stdout] test subscriber::test::test_ack_err ... ok
[INFO] [stdout] test subscriber::test::test_subscribe_no_auto_ack ... ok
[INFO] [stdout] test subscriber::test::test_subscribe_ack ... ok
[INFO] [stdout] test traits::test::test_ack_safety ... ok
[INFO] [stdout] test traits::test::test_pub_safety ... ok
[INFO] [stdout] test traits::test::test_sub_safety ... ok
[INFO] [stdout] test traits::test::test_unsub_safety ... ok
[INFO] [stdout] 
[INFO] [stdout] test result: ok. 13 passed; 0 failed; 0 ignored; 0 measured; 0 filtered out; finished in 0.00s
[INFO] [stdout] 
[INFO] [stderr]    Doc-tests object_transfer
[INFO] [stdout] 
[INFO] [stdout] running 18 tests
[INFO] [stdout] test src/encoders.rs - encoders (line 43) - compile ... ok
[INFO] [stdout] test src/errors/decode.rs - errors::decode (line 10) ... FAILED
[INFO] [stdout] test src/subscriber.rs - subscriber::Sub (line 76) - compile ... ok
[INFO] [stdout] test src/encoders/traits.rs - encoders::traits::Decoder (line 213) - compile ... FAILED
[INFO] [stdout] test src/encoders/traits.rs - encoders::traits::Encoder (line 83) - compile ... FAILED
[INFO] [stdout] test src/publisher.rs - publisher::Pub (line 22) - compile ... FAILED
[INFO] [stdout] test src/encoders/traits.rs - encoders::traits::Encoder (line 57) ... ok
[INFO] [stdout] test src/lib.rs - (line 16) - compile ... FAILED
[INFO] [stdout] test src/publisher.rs - publisher::Pub (line 61) - compile ... FAILED
[INFO] [stdout] test src/lib.rs - (line 53) ... ok
[INFO] [stdout] test src/traits.rs - traits (line 113) ... ok
[INFO] [stdout] test src/brokers.rs - brokers (line 29) ... ok
[INFO] [stdout] test src/traits.rs - traits (line 28) ... ok
[INFO] [stdout] test src/traits.rs - traits (line 135) ... ok
[INFO] [stdout] test src/encoders/traits.rs - encoders::traits::Decoder (line 149) ... ok
[INFO] [stdout] test src/subscriber.rs - subscriber::Sub (line 24) - compile ... FAILED
[INFO] [stdout] test src/traits.rs - traits (line 46) ... ok
[INFO] [stdout] test src/traits.rs - traits (line 78) ... ok
[INFO] [stdout] 
[INFO] [stdout] failures:
[INFO] [stdout] 
[INFO] [stdout] ---- src/errors/decode.rs - errors::decode (line 10) stdout ----
[INFO] [stdout] error[E0277]: the trait bound `object_transfer::errors::DecodeError<serde_json::Error>: From<serde_json::Error>` is not satisfied
[INFO] [stdout]   --> src/errors/decode.rs:15:100
[INFO] [stdout]    |
[INFO] [stdout] 15 | let json_err: DecodeError<serde_json::Error> = serde_json::from_str::<i32>("invalid").unwrap_err().into();
[INFO] [stdout]    |                                                                                                    ^^^^ the trait `From<serde_json::Error>` is not implemented for `object_transfer::errors::DecodeError<serde_json::Error>`
[INFO] [stdout]    |
[INFO] [stdout]    = note: required for `serde_json::Error` to implement `Into<object_transfer::errors::DecodeError<serde_json::Error>>`
[INFO] [stdout] 
[INFO] [stdout] error: aborting due to 1 previous error
[INFO] [stdout] 
[INFO] [stdout] For more information about this error, try `rustc --explain E0277`.
[INFO] [stdout] Couldn't compile the test.
[INFO] [stdout] ---- src/encoders/traits.rs - encoders::traits::Decoder (line 213) stdout ----
[INFO] [stdout] error[E0433]: cannot find module or crate `async_nats` in this scope
[INFO] [stdout]    --> src/encoders/traits.rs:222:23
[INFO] [stdout]     |
[INFO] [stdout] 222 |     let js = Arc::new(async_nats::jetstream::new(client));
[INFO] [stdout]     |                       ^^^^^^^^^^ use of unresolved module or unlinked crate `async_nats`
[INFO] [stdout]     |
[INFO] [stdout]     = help: if you wanted to use a crate named `async_nats`, use `cargo add async_nats` to add it to your `Cargo.toml`
[INFO] [stdout] 
[INFO] [stdout] error[E0433]: cannot find module or crate `async_nats` in this scope
[INFO] [stdout]    --> src/encoders/traits.rs:221:18
[INFO] [stdout]     |
[INFO] [stdout] 221 |     let client = async_nats::connect("demo.nats.io").await?;
[INFO] [stdout]     |                  ^^^^^^^^^^ use of unresolved module or unlinked crate `async_nats`
[INFO] [stdout]     |
[INFO] [stdout]     = help: if you wanted to use a crate named `async_nats`, use `cargo add async_nats` to add it to your `Cargo.toml`
[INFO] [stdout] 
[INFO] [stdout] error: aborting due to 2 previous errors
[INFO] [stdout] 
[INFO] [stdout] For more information about this error, try `rustc --explain E0433`.
[INFO] [stdout] Couldn't compile the test.
[INFO] [stdout] ---- src/encoders/traits.rs - encoders::traits::Encoder (line 83) stdout ----
[INFO] [stdout] error[E0433]: cannot find module or crate `async_nats` in this scope
[INFO] [stdout]    --> src/encoders/traits.rs:104:23
[INFO] [stdout]     |
[INFO] [stdout] 104 |     let js = Arc::new(async_nats::jetstream::new(client));
[INFO] [stdout]     |                       ^^^^^^^^^^ use of unresolved module or unlinked crate `async_nats`
[INFO] [stdout]     |
[INFO] [stdout]     = help: if you wanted to use a crate named `async_nats`, use `cargo add async_nats` to add it to your `Cargo.toml`
[INFO] [stdout] 
[INFO] [stdout] error[E0433]: cannot find module or crate `async_nats` in this scope
[INFO] [stdout]    --> src/encoders/traits.rs:103:18
[INFO] [stdout]     |
[INFO] [stdout] 103 |     let client = async_nats::connect("demo.nats.io").await?;
[INFO] [stdout]     |                  ^^^^^^^^^^ use of unresolved module or unlinked crate `async_nats`
[INFO] [stdout]     |
[INFO] [stdout]     = help: if you wanted to use a crate named `async_nats`, use `cargo add async_nats` to add it to your `Cargo.toml`
[INFO] [stdout] 
[INFO] [stdout] error: aborting due to 2 previous errors
[INFO] [stdout] 
[INFO] [stdout] For more information about this error, try `rustc --explain E0433`.
[INFO] [stdout] Couldn't compile the test.
[INFO] [stdout] ---- src/publisher.rs - publisher::Pub (line 22) stdout ----
[INFO] [stdout] error[E0432]: unresolved import `object_transfer::encoders::JSONEncoder`
[INFO] [stdout]   --> src/publisher.rs:27:3
[INFO] [stdout]    |
[INFO] [stdout] 27 |   encoders::JSONEncoder,
[INFO] [stdout]    |   ^^^^^^^^^^-----------
[INFO] [stdout]    |             |
[INFO] [stdout]    |             no `JSONEncoder` in `encoders`
[INFO] [stdout]    |
[INFO] [stdout] note: found an item that was configured out
[INFO] [stdout]   --> src/encoders.rs:77:57
[INFO] [stdout]    |
[INFO] [stdout] 76 | #[cfg(feature = "json")]
[INFO] [stdout]    |       ---------------- the item is gated behind the `json` feature
[INFO] [stdout] 77 | pub use self::json::{Decoder as JSONDecoder, Encoder as JSONEncoder};
[INFO] [stdout]    |                                                         ^^^^^^^^^^^
[INFO] [stdout] 
[INFO] [stdout] error[E0433]: cannot find module or crate `async_nats` in this scope
[INFO] [stdout]   --> src/publisher.rs:41:21
[INFO] [stdout]    |
[INFO] [stdout] 41 |   let js = Arc::new(async_nats::jetstream::new(client));
[INFO] [stdout]    |                     ^^^^^^^^^^ use of unresolved module or unlinked crate `async_nats`
[INFO] [stdout]    |
[INFO] [stdout]    = help: if you wanted to use a crate named `async_nats`, use `cargo add async_nats` to add it to your `Cargo.toml`
[INFO] [stdout] 
[INFO] [stdout] error[E0433]: cannot find module or crate `async_nats` in this scope
[INFO] [stdout]   --> src/publisher.rs:40:16
[INFO] [stdout]    |
[INFO] [stdout] 40 |   let client = async_nats::connect("demo.nats.io").await?;
[INFO] [stdout]    |                ^^^^^^^^^^ use of unresolved module or unlinked crate `async_nats`
[INFO] [stdout]    |
[INFO] [stdout]    = help: if you wanted to use a crate named `async_nats`, use `cargo add async_nats` to add it to your `Cargo.toml`
[INFO] [stdout] 
[INFO] [stdout] error: aborting due to 3 previous errors
[INFO] [stdout] 
[INFO] [stdout] Some errors have detailed explanations: E0432, E0433.
[INFO] [stdout] For more information about an error, try `rustc --explain E0432`.
[INFO] [stdout] Couldn't compile the test.
[INFO] [stdout] ---- src/lib.rs - (line 16) stdout ----
[INFO] [stdout] error[E0432]: unresolved imports `object_transfer::encoders::JSONEncoder`, `object_transfer::encoders::JSONDecoder`
[INFO] [stdout]   --> src/lib.rs:21:14
[INFO] [stdout]    |
[INFO] [stdout] 21 |   encoders::{JSONEncoder, JSONDecoder},
[INFO] [stdout]    |              ^^^^^^^^^^^  ^^^^^^^^^^^ no `JSONDecoder` in `encoders`
[INFO] [stdout]    |              |
[INFO] [stdout]    |              no `JSONEncoder` in `encoders`
[INFO] [stdout]    |
[INFO] [stdout] note: found an item that was configured out
[INFO] [stdout]   --> src/encoders.rs:77:57
[INFO] [stdout]    |
[INFO] [stdout] 76 | #[cfg(feature = "json")]
[INFO] [stdout]    |       ---------------- the item is gated behind the `json` feature
[INFO] [stdout] 77 | pub use self::json::{Decoder as JSONDecoder, Encoder as JSONEncoder};
[INFO] [stdout]    |                                                         ^^^^^^^^^^^
[INFO] [stdout] note: found an item that was configured out
[INFO] [stdout]   --> src/encoders.rs:77:33
[INFO] [stdout]    |
[INFO] [stdout] 76 | #[cfg(feature = "json")]
[INFO] [stdout]    |       ---------------- the item is gated behind the `json` feature
[INFO] [stdout] 77 | pub use self::json::{Decoder as JSONDecoder, Encoder as JSONEncoder};
[INFO] [stdout]    |                                 ^^^^^^^^^^^
[INFO] [stdout] 
[INFO] [stdout] error[E0433]: cannot find module or crate `async_nats` in this scope
[INFO] [stdout]   --> src/lib.rs:35:21
[INFO] [stdout]    |
[INFO] [stdout] 35 |   let js = Arc::new(async_nats::jetstream::new(client));
[INFO] [stdout]    |                     ^^^^^^^^^^ use of unresolved module or unlinked crate `async_nats`
[INFO] [stdout]    |
[INFO] [stdout]    = help: if you wanted to use a crate named `async_nats`, use `cargo add async_nats` to add it to your `Cargo.toml`
[INFO] [stdout] 
[INFO] [stdout] error[E0433]: cannot find module or crate `async_nats` in this scope
[INFO] [stdout]   --> src/lib.rs:34:16
[INFO] [stdout]    |
[INFO] [stdout] 34 |   let client = async_nats::connect("demo.nats.io").await?;
[INFO] [stdout]    |                ^^^^^^^^^^ use of unresolved module or unlinked crate `async_nats`
[INFO] [stdout]    |
[INFO] [stdout]    = help: if you wanted to use a crate named `async_nats`, use `cargo add async_nats` to add it to your `Cargo.toml`
[INFO] [stdout] 
[INFO] [stdout] error: aborting due to 3 previous errors
[INFO] [stdout] 
[INFO] [stdout] Some errors have detailed explanations: E0432, E0433.
[INFO] [stdout] For more information about an error, try `rustc --explain E0432`.
[INFO] [stdout] Couldn't compile the test.
[INFO] [stdout] ---- src/publisher.rs - publisher::Pub (line 61) stdout ----
[INFO] [stdout] error[E0433]: cannot find module or crate `async_nats` in this scope
[INFO] [stdout]   --> src/publisher.rs:91:21
[INFO] [stdout]    |
[INFO] [stdout] 91 |   let js = Arc::new(async_nats::jetstream::new(client));
[INFO] [stdout]    |                     ^^^^^^^^^^ use of unresolved module or unlinked crate `async_nats`
[INFO] [stdout]    |
[INFO] [stdout]    = help: if you wanted to use a crate named `async_nats`, use `cargo add async_nats` to add it to your `Cargo.toml`
[INFO] [stdout] 
[INFO] [stdout] error[E0433]: cannot find module or crate `async_nats` in this scope
[INFO] [stdout]   --> src/publisher.rs:90:16
[INFO] [stdout]    |
[INFO] [stdout] 90 |   let client = async_nats::connect("demo.nats.io").await?;
[INFO] [stdout]    |                ^^^^^^^^^^ use of unresolved module or unlinked crate `async_nats`
[INFO] [stdout]    |
[INFO] [stdout]    = help: if you wanted to use a crate named `async_nats`, use `cargo add async_nats` to add it to your `Cargo.toml`
[INFO] [stdout] 
[INFO] [stdout] error: aborting due to 2 previous errors
[INFO] [stdout] 
[INFO] [stdout] For more information about this error, try `rustc --explain E0433`.
[INFO] [stdout] Couldn't compile the test.
[INFO] [stdout] ---- src/subscriber.rs - subscriber::Sub (line 24) stdout ----
[INFO] [stdout] error[E0432]: unresolved import `object_transfer::encoders::JSONDecoder`
[INFO] [stdout]   --> src/subscriber.rs:30:3
[INFO] [stdout]    |
[INFO] [stdout] 30 |   encoders::JSONDecoder,
[INFO] [stdout]    |   ^^^^^^^^^^-----------
[INFO] [stdout]    |             |
[INFO] [stdout]    |             no `JSONDecoder` in `encoders`
[INFO] [stdout]    |
[INFO] [stdout] note: found an item that was configured out
[INFO] [stdout]   --> src/encoders.rs:77:33
[INFO] [stdout]    |
[INFO] [stdout] 76 | #[cfg(feature = "json")]
[INFO] [stdout]    |       ---------------- the item is gated behind the `json` feature
[INFO] [stdout] 77 | pub use self::json::{Decoder as JSONDecoder, Encoder as JSONEncoder};
[INFO] [stdout]    |                                 ^^^^^^^^^^^
[INFO] [stdout] 
[INFO] [stdout] error[E0432]: unresolved import `object_transfer::brokers::nats`
[INFO] [stdout]   --> src/subscriber.rs:33:31
[INFO] [stdout]    |
[INFO] [stdout] 33 | use object_transfer::brokers::nats::{SubFetcherOpt, SubFetcher};
[INFO] [stdout]    |                               ^^^^ could not find `nats` in `brokers`
[INFO] [stdout]    |
[INFO] [stdout] note: found an item that was configured out
[INFO] [stdout]   --> src/brokers.rs:60:9
[INFO] [stdout]    |
[INFO] [stdout] 59 | #[cfg(feature = "nats")]
[INFO] [stdout]    |       ---------------- the item is gated behind the `nats` feature
[INFO] [stdout] 60 | pub mod nats;
[INFO] [stdout]    |         ^^^^
[INFO] [stdout] 
[INFO] [stdout] error[E0433]: cannot find module or crate `async_nats` in this scope
[INFO] [stdout]   --> src/subscriber.rs:46:21
[INFO] [stdout]    |
[INFO] [stdout] 46 |   let js = Arc::new(async_nats::jetstream::new(client));
[INFO] [stdout]    |                     ^^^^^^^^^^ use of unresolved module or unlinked crate `async_nats`
[INFO] [stdout]    |
[INFO] [stdout]    = help: if you wanted to use a crate named `async_nats`, use `cargo add async_nats` to add it to your `Cargo.toml`
[INFO] [stdout] 
[INFO] [stdout] error[E0433]: cannot find module or crate `async_nats` in this scope
[INFO] [stdout]   --> src/subscriber.rs:45:16
[INFO] [stdout]    |
[INFO] [stdout] 45 |   let client = async_nats::connect("demo.nats.io").await?;
[INFO] [stdout]    |                ^^^^^^^^^^ use of unresolved module or unlinked crate `async_nats`
[INFO] [stdout]    |
[INFO] [stdout]    = help: if you wanted to use a crate named `async_nats`, use `cargo add async_nats` to add it to your `Cargo.toml`
[INFO] [stdout] 
[INFO] [stdout] warning: method call on a diverging inference variable
[INFO] [stdout]   --> src/subscriber.rs:54:23
[INFO] [stdout]    |
[INFO] [stdout] 54 |   let unsub = fetcher.clone();
[INFO] [stdout]    |                       ^^^^^
[INFO] [stdout]    |
[INFO] [stdout]    = help: consider providing a type annotation
[INFO] [stdout]    = warning: this was previously accepted by the compiler but is being phased out; it will become a hard error in a future release!
[INFO] [stdout]    = note: for more information, see issue #156047 <https://github.com/rust-lang/rust/issues/156047>
[INFO] [stdout]    = note: `#[warn(method_call_on_diverging_infer_var)]` (part of `#[warn(future_incompatible)]`) on by default
[INFO] [stdout] 
[INFO] [stdout] error[E0277]: the trait bound `!: SubBrokerTrait` is not satisfied
[INFO] [stdout]   --> src/subscriber.rs:58:5
[INFO] [stdout]    |
[INFO] [stdout] 58 |     fetcher,
[INFO] [stdout]    |     ^^^^^^^ the trait `SubBrokerTrait` is not implemented for `!`
[INFO] [stdout]    |
[INFO] [stdout]    = note: required for the cast from `Arc<!>` to `Arc<(dyn SubBrokerTrait + std::marker::Send + Sync + 'static)>`
[INFO] [stdout] 
[INFO] [stdout] error[E0277]: the trait bound `!: UnSubTrait` is not satisfied
[INFO] [stdout]    --> src/subscriber.rs:59:5
[INFO] [stdout]     |
[INFO] [stdout]  59 |     unsub,
[INFO] [stdout]     |     ^^^^^ the trait `UnSubTrait` is not implemented for `!`
[INFO] [stdout]     |
[INFO] [stdout] help: the following other types implement trait `UnSubTrait`
[INFO] [stdout]    --> src/subscriber.rs:210:1
[INFO] [stdout]     |
[INFO] [stdout] 210 | / impl<T, DecodeErrorType> UnSubTrait for Sub<T, DecodeErrorType>
[INFO] [stdout] 211 | | where
[INFO] [stdout] 212 | |   T: DeserializeOwned + Send + Sync,
[INFO] [stdout] 213 | |   DecodeErrorType: DeErr + Send + Sync,
[INFO] [stdout]     | |_______________________________________^ `object_transfer::Sub<T, DecodeErrorType>`
[INFO] [stdout]     |
[INFO] [stdout]    ::: src/unsub_noop.rs:37:1
[INFO] [stdout]     |
[INFO] [stdout]  37 |   impl UnSubTrait for UnSubNoop {
[INFO] [stdout]     |   ^^^^^^^^^^^^^^^^^^^^^^^^^^^^^ `UnSubNoop`
[INFO] [stdout]     = note: required for the cast from `Arc<!>` to `Arc<(dyn UnSubTrait + std::marker::Send + Sync + 'static)>`
[INFO] [stdout] 
[INFO] [stdout] warning: method call on a diverging inference variable
[INFO] [stdout]   --> src/subscriber.rs:65:45
[INFO] [stdout]    |
[INFO] [stdout] 65 |   while let Some(Ok((event, ack))) = stream.next().await {
[INFO] [stdout]    |                                             ^^^^
[INFO] [stdout]    |
[INFO] [stdout]    = help: consider providing a type annotation
[INFO] [stdout]    = warning: this was previously accepted by the compiler but is being phased out; it will become a hard error in a future release!
[INFO] [stdout]    = note: for more information, see issue #156047 <https://github.com/rust-lang/rust/issues/156047>
[INFO] [stdout] 
[INFO] [stdout] error[E0599]: the method `next` exists for type `!`, but its trait bounds were not satisfied
[INFO] [stdout]   --> src/subscriber.rs:65:45
[INFO] [stdout]    |
[INFO] [stdout] 65 |   while let Some(Ok((event, ack))) = stream.next().await {
[INFO] [stdout]    |                                             ^^^^
[INFO] [stdout]    |
[INFO] [stdout]    = note: the following trait bounds were not satisfied:
[INFO] [stdout]            `!: Stream`
[INFO] [stdout]            which is required by `!: StreamExt`
[INFO] [stdout] 
[INFO] [stdout] error: aborting due to 7 previous errors; 2 warnings emitted
[INFO] [stdout] 
[INFO] [stdout] Some errors have detailed explanations: E0277, E0432, E0433, E0599.
[INFO] [stdout] For more information about an error, try `rustc --explain E0277`.
[INFO] [stdout] Couldn't compile the test.
[INFO] [stdout] 
[INFO] [stdout] failures:
[INFO] [stdout]     src/encoders/traits.rs - encoders::traits::Decoder (line 213)
[INFO] [stdout]     src/encoders/traits.rs - encoders::traits::Encoder (line 83)
[INFO] [stdout]     src/errors/decode.rs - errors::decode (line 10)
[INFO] [stdout]     src/lib.rs - (line 16)
[INFO] [stdout]     src/publisher.rs - publisher::Pub (line 22)
[INFO] [stdout]     src/publisher.rs - publisher::Pub (line 61)
[INFO] [stdout]     src/subscriber.rs - subscriber::Sub (line 24)
[INFO] [stdout] 
[INFO] [stdout] test result: FAILED. 11 passed; 7 failed; 0 ignored; 0 measured; 0 filtered out; finished in 0.20s
[INFO] [stdout] 
[INFO] [stdout] all doctests ran in 0.49s; merged doctests compilation took 0.29s
[INFO] [stderr] error: doctest failed, to rerun pass `--doc`
[INFO] running `Command { std: "docker" "inspect" "3a56468db7e538c3793287d85db8205698746561de645d909c7c5573230be8ab", kill_on_drop: false }`
[INFO] running `Command { std: "docker" "rm" "-f" "3a56468db7e538c3793287d85db8205698746561de645d909c7c5573230be8ab", kill_on_drop: false }`
[INFO] [stdout] 3a56468db7e538c3793287d85db8205698746561de645d909c7c5573230be8ab
