[INFO] fetching crate oag-core 0.21.0...
[INFO] testing oag-core-0.21.0 against 1.100.0-beta.1+cargoflags=--release for beta-release-1.100-2
[INFO] extracting crate oag-core 0.21.0 into /workspace/builds/worker-0-tc2/source
[INFO] started tweaking crates.io crate oag-core 0.21.0
[INFO] removed 0 missing tests
[INFO] finished tweaking crates.io crate oag-core 0.21.0
[INFO] tweaked toml for crates.io crate oag-core 0.21.0 written to /workspace/builds/worker-0-tc2/source/Cargo.toml
[INFO] validating manifest of crates.io crate oag-core 0.21.0 on toolchain 1.100.0-beta.1
[INFO] running `Command { std: CARGO_HOME="/workspace/cargo-home" RUSTUP_HOME="/workspace/rustup-home" "/workspace/cargo-home/bin/cargo" "+1.100.0-beta.1" "metadata" "--manifest-path" "Cargo.toml" "--no-deps", kill_on_drop: false }`
[INFO] crate crates.io crate oag-core 0.21.0 already has a lockfile, it will not be regenerated
[INFO] running `Command { std: CARGO_HOME="/workspace/cargo-home" RUSTUP_HOME="/workspace/rustup-home" "/workspace/cargo-home/bin/cargo" "+1.100.0-beta.1" "fetch" "--manifest-path" "Cargo.toml", kill_on_drop: false }`
[INFO] [stderr] warning: `package.homepage` is redundant with `package.repository`
[INFO] [stderr]   --> Cargo.toml:51:12
[INFO] [stderr]    |
[INFO] [stderr] 51 | homepage = "https://github.com/urmzd/oag"
[INFO] [stderr]    |            ^^^^^^^^^^^^^^^^^^^^^^^^^^^^^^
[INFO] [stderr] ...
[INFO] [stderr] 55 | repository = "https://github.com/urmzd/oag"
[INFO] [stderr]    |              ------------------------------
[INFO] [stderr]    |
[INFO] [stderr]    = note: `cargo::redundant_homepage` is set to `warn` by default
[INFO] [stderr] help: consider removing `package.homepage`
[INFO] [stderr] warning: `oag-core` (manifest) generated 1 warning
[INFO] running `Command { std: "docker" "create" "-v" "/var/lib/crater-agent-workspace/builds/worker-0-tc2/source:/opt/rustwide/workdir:ro,Z" "-v" "/var/lib/crater-agent-workspace/builds/worker-0-tc2/target:/opt/rustwide/target:rw,Z" "-v" "/var/lib/crater-agent-workspace/cargo-home:/opt/rustwide/cargo-home:ro,Z" "-v" "/var/lib/crater-agent-workspace/rustup-home:/opt/rustwide/rustup-home:ro,Z" "-m" "1610612736" "--network" "none" "ghcr.io/rust-lang/crates-build-env/linux@sha256:77db811e55d90add9212f6832c23229e3de5f1c1f9905e8cb07319ea15df73ac" "sleep" "infinity", kill_on_drop: false }`
[INFO] [stdout] 1c8dd8a84971c582a546cab5ef84583b0290b38f68c37c0285d0457630b7a322
[INFO] running `Command { std: "docker" "start" "1c8dd8a84971c582a546cab5ef84583b0290b38f68c37c0285d0457630b7a322", kill_on_drop: false }`
[INFO] running `Command { std: "docker" "inspect" "1c8dd8a84971c582a546cab5ef84583b0290b38f68c37c0285d0457630b7a322", kill_on_drop: false }`
[INFO] running `Command { std: "docker" "exec" "-e" "SOURCE_DIR=/opt/rustwide/workdir" "-e" "CARGO_HOME=/opt/rustwide/cargo-home" "-e" "RUSTUP_HOME=/opt/rustwide/rustup-home" "-e" "CARGO_TARGET_DIR=/opt/rustwide/target" "-w" "/opt/rustwide/workdir" "--user" "0:0" "1c8dd8a84971c582a546cab5ef84583b0290b38f68c37c0285d0457630b7a322" "/opt/rustwide/cargo-home/bin/cargo" "+1.100.0-beta.1" "metadata" "--no-deps" "--format-version=1", kill_on_drop: false }`
[INFO] running `Command { std: "docker" "inspect" "1c8dd8a84971c582a546cab5ef84583b0290b38f68c37c0285d0457630b7a322", kill_on_drop: false }`
[INFO] running `Command { std: "docker" "exec" "-e" "SOURCE_DIR=/opt/rustwide/workdir" "-e" "CARGO_HOME=/opt/rustwide/cargo-home" "-e" "RUSTUP_HOME=/opt/rustwide/rustup-home" "-e" "CARGO_TARGET_DIR=/opt/rustwide/target" "-e" "CARGO_INCREMENTAL=0" "-e" "RUST_BACKTRACE=full" "-e" "RUSTFLAGS=--cap-lints=warn" "-e" "RUSTDOCFLAGS=--cap-lints=warn" "-w" "/opt/rustwide/workdir" "--user" "0:0" "1c8dd8a84971c582a546cab5ef84583b0290b38f68c37c0285d0457630b7a322" "/opt/rustwide/cargo-home/bin/cargo" "+1.100.0-beta.1" "build" "--frozen" "--message-format=json" "--release", kill_on_drop: false }`
[INFO] [stderr] warning: `package.homepage` is redundant with `package.repository`
[INFO] [stderr]   --> Cargo.toml:51:12
[INFO] [stderr]    |
[INFO] [stderr] 51 | homepage = "https://github.com/urmzd/oag"
[INFO] [stderr]    |            ^^^^^^^^^^^^^^^^^^^^^^^^^^^^^^
[INFO] [stderr] ...
[INFO] [stderr] 55 | repository = "https://github.com/urmzd/oag"
[INFO] [stderr]    |              ------------------------------
[INFO] [stderr]    |
[INFO] [stderr]    = note: `cargo::redundant_homepage` is set to `warn` by default
[INFO] [stderr] help: consider removing `package.homepage`
[INFO] [stderr] warning: `oag-core` (manifest) generated 1 warning
[INFO] [stderr]    Compiling unicode-ident v1.0.23
[INFO] [stderr]    Compiling quote v1.0.44
[INFO] [stderr]    Compiling serde_core v1.0.228
[INFO] [stderr]    Compiling serde v1.0.228
[INFO] [stderr]    Compiling memchr v2.8.0
[INFO] [stderr]    Compiling hashbrown v0.16.1
[INFO] [stderr]    Compiling zmij v1.0.20
[INFO] [stderr]    Compiling regex-syntax v0.8.9
[INFO] [stderr]    Compiling proc-macro2 v1.0.106
[INFO] [stderr]    Compiling serde_json v1.0.149
[INFO] [stderr]    Compiling winnow v0.7.15
[INFO] [stderr]    Compiling thiserror v2.0.18
[INFO] [stderr]    Compiling toml_write v0.1.2
[INFO] [stderr]    Compiling unsafe-libyaml v0.2.11
[INFO] [stderr]    Compiling syn v2.0.114
[INFO] [stderr]    Compiling aho-corasick v1.1.4
[INFO] [stderr]    Compiling ryu v1.0.23
[INFO] [stderr]    Compiling log v0.4.29
[INFO] [stderr]    Compiling indexmap v2.13.0
[INFO] [stderr]    Compiling regex-automata v0.4.14
[INFO] [stderr]    Compiling serde_derive v1.0.228
[INFO] [stderr]    Compiling thiserror-impl v2.0.18
[INFO] [stderr]    Compiling regex v1.12.3
[INFO] [stderr]    Compiling toml_datetime v0.6.11
[INFO] [stderr]    Compiling serde_spanned v0.6.9
[INFO] [stderr]    Compiling minijinja v2.15.1
[INFO] [stderr]    Compiling serde_yaml_ng v0.10.0
[INFO] [stderr]    Compiling toml_edit v0.22.27
[INFO] [stderr]    Compiling toml v0.8.23
[INFO] [stderr]    Compiling oag-core v0.21.0 (/opt/rustwide/workdir)
[INFO] [stderr] warning: unused dependency `log`
[INFO] [stderr]  --> Cargo.toml:8:15
[INFO] [stderr]   |
[INFO] [stderr] 8 | [dependencies.log]
[INFO] [stderr]   |               ^^^^
[INFO] [stderr]   |
[INFO] [stderr]   = note: `cargo::unused_dependencies` is set to `warn` by default
[INFO] [stderr] help: consider removing the dependency on `log`
[INFO] [stderr] warning: `oag-core` (manifest) generated 1 warning
[INFO] [stderr]     Finished `release` profile [optimized] target(s) in 38.44s
[INFO] running `Command { std: "docker" "inspect" "1c8dd8a84971c582a546cab5ef84583b0290b38f68c37c0285d0457630b7a322", kill_on_drop: false }`
[INFO] running `Command { std: "docker" "exec" "-e" "SOURCE_DIR=/opt/rustwide/workdir" "-e" "CARGO_HOME=/opt/rustwide/cargo-home" "-e" "RUSTUP_HOME=/opt/rustwide/rustup-home" "-e" "CARGO_TARGET_DIR=/opt/rustwide/target" "-e" "CARGO_INCREMENTAL=0" "-e" "RUST_BACKTRACE=full" "-e" "RUSTFLAGS=--cap-lints=warn" "-e" "RUSTDOCFLAGS=--cap-lints=warn" "-w" "/opt/rustwide/workdir" "--user" "0:0" "1c8dd8a84971c582a546cab5ef84583b0290b38f68c37c0285d0457630b7a322" "/opt/rustwide/cargo-home/bin/cargo" "+1.100.0-beta.1" "test" "--frozen" "--no-run" "--message-format=json" "--release", kill_on_drop: false }`
[INFO] [stderr] warning: `package.homepage` is redundant with `package.repository`
[INFO] [stderr]   --> Cargo.toml:51:12
[INFO] [stderr]    |
[INFO] [stderr] 51 | homepage = "https://github.com/urmzd/oag"
[INFO] [stderr]    |            ^^^^^^^^^^^^^^^^^^^^^^^^^^^^^^
[INFO] [stderr] ...
[INFO] [stderr] 55 | repository = "https://github.com/urmzd/oag"
[INFO] [stderr]    |              ------------------------------
[INFO] [stderr]    |
[INFO] [stderr]    = note: `cargo::redundant_homepage` is set to `warn` by default
[INFO] [stderr] help: consider removing `package.homepage`
[INFO] [stderr] warning: `oag-core` (manifest) generated 1 warning
[INFO] [stderr]    Compiling libc v0.2.181
[INFO] [stderr]    Compiling getrandom v0.4.1
[INFO] [stderr]    Compiling rustix v1.1.3
[INFO] [stderr]    Compiling bitflags v2.10.0
[INFO] [stderr]    Compiling linux-raw-sys v0.11.0
[INFO] [stderr]    Compiling once_cell v1.21.3
[INFO] [stderr]    Compiling fastrand v2.3.0
[INFO] [stderr]    Compiling similar v2.7.0
[INFO] [stderr]    Compiling console v0.15.11
[INFO] [stderr]    Compiling tempfile v3.25.0
[INFO] [stderr]    Compiling insta v1.46.3
[INFO] [stderr]    Compiling oag-core v0.21.0 (/opt/rustwide/workdir)
[INFO] [stderr] warning: unused dependency `log`
[INFO] [stderr]  --> Cargo.toml:8:15
[INFO] [stderr]   |
[INFO] [stderr] 8 | [dependencies.log]
[INFO] [stderr]   |               ^^^^
[INFO] [stderr]   |
[INFO] [stderr]   = note: `cargo::unused_dependencies` is set to `warn` by default
[INFO] [stderr] help: consider removing the dependency on `log`
[INFO] [stderr] warning: `oag-core` (manifest) generated 1 warning
[INFO] [stderr]     Finished `release` profile [optimized] target(s) in 14.16s
[INFO] running `Command { std: "docker" "inspect" "1c8dd8a84971c582a546cab5ef84583b0290b38f68c37c0285d0457630b7a322", kill_on_drop: false }`
[INFO] running `Command { std: "docker" "exec" "-e" "SOURCE_DIR=/opt/rustwide/workdir" "-e" "CARGO_HOME=/opt/rustwide/cargo-home" "-e" "RUSTUP_HOME=/opt/rustwide/rustup-home" "-e" "CARGO_TARGET_DIR=/opt/rustwide/target" "-e" "CARGO_INCREMENTAL=0" "-e" "RUST_BACKTRACE=full" "-e" "RUSTFLAGS=--cap-lints=warn" "-e" "RUSTDOCFLAGS=--cap-lints=warn" "-w" "/opt/rustwide/workdir" "--user" "0:0" "1c8dd8a84971c582a546cab5ef84583b0290b38f68c37c0285d0457630b7a322" "/opt/rustwide/cargo-home/bin/cargo" "+1.100.0-beta.1" "test" "--frozen" "--release", kill_on_drop: false }`
[INFO] [stderr] warning: `package.homepage` is redundant with `package.repository`
[INFO] [stderr]   --> Cargo.toml:51:12
[INFO] [stderr]    |
[INFO] [stderr] 51 | homepage = "https://github.com/urmzd/oag"
[INFO] [stderr]    |            ^^^^^^^^^^^^^^^^^^^^^^^^^^^^^^
[INFO] [stderr] ...
[INFO] [stderr] 55 | repository = "https://github.com/urmzd/oag"
[INFO] [stderr]    |              ------------------------------
[INFO] [stderr]    |
[INFO] [stderr]    = note: `cargo::redundant_homepage` is set to `warn` by default
[INFO] [stderr] help: consider removing `package.homepage`
[INFO] [stderr] warning: `oag-core` (manifest) generated 1 warning
[INFO] [stderr] warning: unused dependency `log`
[INFO] [stderr]  --> Cargo.toml:8:15
[INFO] [stderr]   |
[INFO] [stderr] 8 | [dependencies.log]
[INFO] [stderr]   |               ^^^^
[INFO] [stderr]   |
[INFO] [stderr]   = note: `cargo::unused_dependencies` is set to `warn` by default
[INFO] [stderr] help: consider removing the dependency on `log`
[INFO] [stderr] warning: `oag-core` (manifest) generated 1 warning
[INFO] [stderr]     Finished `release` profile [optimized] target(s) in 0.07s
[INFO] [stderr]      Running unittests src/lib.rs (/opt/rustwide/target/release/build/oag-core/2905b6cae1c3ad36/out/oag_core-2905b6cae1c3ad36)
[INFO] [stdout] 
[INFO] [stdout] running 54 tests
[INFO] [stdout] test config::tests::test_default_config ... ok
[INFO] [stdout] test config::tests::test_parse_legacy_all_split ... ok
[INFO] [stdout] test config::tests::test_scaffold_false_disables_scaffolding ... ok
[INFO] [stdout] test config::tests::test_parse_new_format ... ok
[INFO] [stdout] test config::tests::test_tool_setting_deserialize ... ok
[INFO] [stdout] test config::tests::test_parse_legacy_typescript ... ok
[INFO] [stdout] test config::tests::test_parse_minimal_config ... ok
[INFO] [stdout] test config::tests::test_scaffold_omitted_is_none ... ok
[INFO] [stdout] test config::tests::test_parse_legacy_all_single ... ok
[INFO] [stdout] test config::tests::test_tool_setting_resolve ... ok
[INFO] [stdout] test config::tests::test_parse_legacy_react ... ok
[INFO] [stdout] test engine::bundled::tests::test_strip_relative_imports ... ok
[INFO] [stdout] test engine::type_map::tests::py_integer_literal ... ok
[INFO] [stdout] test engine::type_map::tests::py_map ... ok
[INFO] [stdout] test engine::type_map::tests::py_optional_field ... ok
[INFO] [stdout] test engine::type_map::tests::py_primitives ... ok
[INFO] [stdout] test engine::type_map::tests::py_ref ... ok
[INFO] [stdout] test engine::bundled::tests::test_strip_auto_generated_header ... ok
[INFO] [stdout] test engine::type_map::tests::py_string_literal ... ok
[INFO] [stdout] test engine::type_map::tests::ts_array ... ok
[INFO] [stdout] test engine::type_map::tests::ts_integer_literal ... ok
[INFO] [stdout] test engine::type_map::tests::ts_intersection ... ok
[INFO] [stdout] test engine::type_map::tests::ts_map ... ok
[INFO] [stdout] test engine::type_map::tests::ts_object ... ok
[INFO] [stdout] test engine::type_map::tests::ts_primitives ... ok
[INFO] [stdout] test engine::type_map::tests::py_array ... ok
[INFO] [stdout] test engine::type_map::tests::ts_ref ... ok
[INFO] [stdout] test engine::type_map::tests::ts_string_literal ... ok
[INFO] [stdout] test ir::grouping::tests::test_extract_path_prefix ... ok
[INFO] [stdout] test transform::name_normalizer::tests::test_kebab_case ... ok
[INFO] [stdout] test transform::name_normalizer::tests::test_leading_number ... ok
[INFO] [stdout] test transform::name_normalizer::tests::test_route_to_name_delete ... ok
[INFO] [stdout] test transform::name_normalizer::tests::test_route_to_name_nested ... ok
[INFO] [stdout] test transform::name_normalizer::tests::test_route_to_name_list ... ok
[INFO] [stdout] test transform::name_normalizer::tests::test_route_to_name_nested_get ... ok
[INFO] [stdout] test transform::name_normalizer::tests::test_route_to_name_nested_single ... ok
[INFO] [stdout] test transform::name_normalizer::tests::test_route_to_name_patch ... ok
[INFO] [stdout] test transform::name_normalizer::tests::test_route_to_name_update ... ok
[INFO] [stdout] test transform::name_normalizer::tests::test_simple_name ... ok
[INFO] [stdout] test transform::name_normalizer::tests::test_singularize_addresses ... ok
[INFO] [stdout] test transform::name_normalizer::tests::test_singularize_glasses ... ok
[INFO] [stdout] test transform::name_normalizer::tests::test_special_chars ... ok
[INFO] [stdout] test transform::promote_inline::tests::does_not_promote_empty_objects ... ok
[INFO] [stdout] test transform::promote_inline::tests::promotes_inline_object_in_schema_field ... ok
[INFO] [stdout] test transform::promote_inline::tests::promotes_inline_object_in_operation_return_type ... ok
[INFO] [stdout] test transform::promote_inline::tests::deduplicates_names ... ok
[INFO] [stdout] test transform::sse_detector::tests::error_codes_never_shape_the_success_type ... ok
[INFO] [stdout] test transform::promote_inline::tests::promotes_nested_array_items ... ok
[INFO] [stdout] test transform::sse_detector::tests::default_is_the_success_response_when_no_2xx_is_declared ... ok
[INFO] [stdout] test transform::promote_inline::tests::promotes_request_body_inline_object ... ok
[INFO] [stdout] test transform::name_normalizer::tests::test_route_to_name_get_single ... ok
[INFO] [stdout] test transform::name_normalizer::tests::test_route_to_name_create ... ok
[INFO] [stdout] test engine::type_map::tests::ts_union ... ok
[INFO] [stdout] test transform::sse_detector::tests::bodyless_204_with_default_error_is_void ... ok
[INFO] [stdout] 
[INFO] [stdout] test result: ok. 54 passed; 0 failed; 0 ignored; 0 measured; 0 filtered out; finished in 0.01s
[INFO] [stdout] 
[INFO] [stderr]      Running tests/ir_tests.rs (/opt/rustwide/target/release/build/oag-core/4befd8295769d0db/out/ir_tests-4befd8295769d0db)
[INFO] [stdout] 
[INFO] [stdout] running 20 tests
[INFO] [stdout] test binary_response_is_classified_as_binary ... ok
[INFO] [stdout] test content_encoding_and_schema_are_carried_on_the_field ... ok
[INFO] [stdout] test integer_discriminator_mapping_keys_preserved ... ok
[INFO] [stdout] test literal_default_keeps_literals_present_and_preserves_default ... ok
[INFO] [stdout] test integer_const_produces_integer_literal ... ok
[INFO] [stdout] test ref_enum_param_resolves_to_its_literals ... ok
[INFO] [stdout] test item_schema_describing_whole_events_is_read_as_events ... ok
[INFO] [stdout] test transform_200_body_is_retained ... ok
[INFO] [stdout] test transform_202_with_body_is_mapped ... ok
[INFO] [stdout] test transform_all_bodyless_2xx_is_void ... ok
[INFO] [stdout] test item_schema_describing_the_payload_keeps_its_meaning ... ok
[INFO] [stdout] test transform_body_bearing_2xx_wins_over_empty_200 ... ok
[INFO] [stdout] test transform_mixed ... ok
[INFO] [stdout] test transform_sse_chat ... ok
[INFO] [stdout] test transform_petstore ... ok
[INFO] [stdout] test transform_modules_grouping ... ok
[INFO] [stdout] test transform_void_response ... ok
[INFO] [stdout] test transform_petstore_polymorphic ... ok
[INFO] [stdout] test transform_anthropic_messages ... ok
[INFO] [stdout] test transform_request_body ... ok
[INFO] [stdout] 
[INFO] [stdout] test result: ok. 20 passed; 0 failed; 0 ignored; 0 measured; 0 filtered out; finished in 0.01s
[INFO] [stdout] 
[INFO] [stderr]      Running tests/normalize_tests.rs (/opt/rustwide/target/release/build/oag-core/8c893501dbb92d0d/out/normalize_tests-8c893501dbb92d0d)
[INFO] [stdout] 
[INFO] [stdout] running 6 tests
[INFO] [stdout] test test_kebab_case_input ... ok
[INFO] [stdout] test test_camel_case_input ... ok
[INFO] [stdout] test test_pascal_case_input ... ok
[INFO] [stdout] test test_path_like_input ... ok
[INFO] [stdout] test test_snake_case_input ... ok
[INFO] [stdout] test test_single_word ... ok
[INFO] [stdout] 
[INFO] [stdout] test result: ok. 6 passed; 0 failed; 0 ignored; 0 measured; 0 filtered out; finished in 0.00s
[INFO] [stdout] 
[INFO] [stderr]      Running tests/parse_tests.rs (/opt/rustwide/target/release/build/oag-core/53dfa642de381ee2/out/parse_tests-53dfa642de381ee2)
[INFO] [stdout] 
[INFO] [stdout] running 10 tests
[INFO] [stdout] test parse_item_schema_one_of ... ok
[INFO] [stdout] test parse_invalid_version ... ok
[INFO] [stdout] test parse_components_schemas ... ok
[INFO] [stdout] test parse_anthropic_messages_yaml ... ok
[INFO] [stderr]      Running tests/render_tests.rs (/opt/rustwide/target/release/build/oag-core/db49211b9f657dc3/out/render_tests-db49211b9f657dc3)
[INFO] [stdout] test parse_petstore_yaml ... ok
[INFO] [stdout] test parse_sse_chat_yaml ... ok
[INFO] [stdout] test parse_anthropic_sse_item_schema ... ok
[INFO] [stdout] test parse_mixed_31_yaml ... ok
[INFO] [stdout] test parse_petstore_polymorphic ... ok
[INFO] [stdout] test parse_anthropic_discriminator ... ok
[INFO] [stdout] 
[INFO] [stdout] test result: ok. 10 passed; 0 failed; 0 ignored; 0 measured; 0 filtered out; finished in 0.01s
[INFO] [stdout] 
[INFO] [stdout] 
[INFO] [stdout] running 16 tests
[INFO] [stdout] test binary_responses_are_read_as_blobs ... FAILED
[INFO] [stdout] test fastapi_server_renders_literal_default_as_defaulted_literal ... FAILED
[INFO] [stdout] test implicit_discriminator_mapping_gets_guards ... FAILED
[INFO] [stdout] test bodyless_204_with_default_error_renders_as_void ... FAILED
[INFO] [stdout] test encoded_content_survives_promotion_and_array_items ... FAILED
[INFO] [stdout] test query_and_header_params_with_the_same_name_stay_distinct ... FAILED
[INFO] [stdout] test node_client_renders_literal_default_as_required_literal ... FAILED
[INFO] [stdout] test base64_json_payloads_get_typed_codecs ... FAILED
[INFO] [stdout] test query_parameters_are_grouped_in_a_params_object ... FAILED
[INFO] [stdout] test shared_discriminator_mapping_emits_one_guard_per_schema ... FAILED
[INFO] [stdout] test node_client_serializes_ref_enum_query_param_as_primitive ... FAILED
[INFO] [stdout] test sse_event_is_exported_and_no_parameter_properties_are_emitted ... FAILED
[INFO] [stdout] test retries_default_to_idempotent_methods_and_never_to_streams ... FAILED
[INFO] [stdout] test sse_item_schema_events_render_as_a_union_keyed_by_event_name ... FAILED
[INFO] [stdout] test sse_variants_sharing_a_name_try_each_codec ... FAILED
[INFO] [stdout] test sse_reader_releases_the_connection_and_reports_how_it_ended ... FAILED
[INFO] [stdout] 
[INFO] [stdout] failures:
[INFO] [stdout] 
[INFO] [stdout] ---- binary_responses_are_read_as_blobs stdout ----
[INFO] [stdout] 
[INFO] [stdout] thread 'binary_responses_are_read_as_blobs' (1279) panicked at tests/render_tests.rs:42:29:
[INFO] [stdout] loading pack node-client: generation failed: failed to read /opt/rustwide/workdir/../../packs/node-client/oag.pack.toml: No such file or directory (os error 2)
[INFO] [stdout] stack backtrace:
[INFO] [stdout]    0:     0x62c74a45f8b1 - <<std[617be2ca0a6fd877]::sys::backtrace::BacktraceLock>::print::DisplayBacktrace as core[a373ad73a504971]::fmt::Display>::fmt
[INFO] [stdout]    1:     0x62c74a477a0a - core[a373ad73a504971]::fmt::write
[INFO] [stdout]    2:     0x62c74a463dbc - <alloc[2e1b2a31b91974c5]::vec::Vec<u8> as core[a373ad73a504971]::io::write::Write>::write_fmt
[INFO] [stdout]    3:     0x62c74a43b3b6 - std[617be2ca0a6fd877]::panicking::default_hook::{closure#0}
[INFO] [stdout]    4:     0x62c74a4579d9 - std[617be2ca0a6fd877]::panicking::default_hook
[INFO] [stdout]    5:     0x62c74a0eb670 - test[aada8e7e76ba119b]::test_main_inner::{closure#0}
[INFO] [stdout]    6:     0x62c74a457b92 - std[617be2ca0a6fd877]::panicking::panic_with_hook
[INFO] [stdout]    7:     0x62c74a43b462 - std[617be2ca0a6fd877]::panicking::panic_handler::{closure#0}
[INFO] [stdout]    8:     0x62c74a433f49 - std[617be2ca0a6fd877]::sys::backtrace::__rust_end_short_backtrace::<std[617be2ca0a6fd877]::panicking::panic_handler::{closure#0}, !>
[INFO] [stdout]    9:     0x62c74a43c06d - __rustc[ea4f61d10b84890b]::rust_begin_unwind
[INFO] [stdout]   10:     0x62c74a4781ec - core[a373ad73a504971]::panicking::panic_fmt
[INFO] [stdout]   11:     0x62c74a0d3e55 - render_tests[8e41563bab60f5f1]::load_pack::{closure#0}
[INFO] [stdout]   12:     0x62c74a0d460b - render_tests[8e41563bab60f5f1]::load_pack
[INFO] [stdout]   13:     0x62c74a0d4016 - render_tests[8e41563bab60f5f1]::render_spec
[INFO] [stdout]   14:     0x62c74a0d534a - <render_tests[8e41563bab60f5f1]::binary_responses_are_read_as_blobs::{closure#0} as core[a373ad73a504971]::ops::function::FnOnce<()>>::call_once
[INFO] [stdout]   15:     0x62c74a0deabb - test[aada8e7e76ba119b]::__rust_begin_short_backtrace::<core[a373ad73a504971]::result::Result<(), alloc[2e1b2a31b91974c5]::string::String>, fn() -> core[a373ad73a504971]::result::Result<(), alloc[2e1b2a31b91974c5]::string::String>>
[INFO] [stdout]   16:     0x62c74a0ebc95 - test[aada8e7e76ba119b]::run_test::{closure#0}
[INFO] [stdout]   17:     0x62c74a0e5584 - std[617be2ca0a6fd877]::sys::backtrace::__rust_begin_short_backtrace::<test[aada8e7e76ba119b]::run_test::{closure#1}, ()>
[INFO] [stdout]   18:     0x62c74a0eed22 - <std[617be2ca0a6fd877]::thread::lifecycle::spawn_unchecked<test[aada8e7e76ba119b]::run_test::{closure#1}, ()>::{closure#1} as core[a373ad73a504971]::ops::function::FnOnce<()>>::call_once::{shim:vtable#0}
[INFO] [stdout]   19:     0x62c74a45edaf - <std[617be2ca0a6fd877]::sys::thread::unix::Thread>::new::thread_start
[INFO] [stdout]   20:     0x7ed0f1fecdfa - <unknown>
[INFO] [stdout]   21:     0x7ed0f20803d4 - clone
[INFO] [stdout]   22:                0x0 - <unknown>
[INFO] [stdout] 
[INFO] [stdout] ---- fastapi_server_renders_literal_default_as_defaulted_literal stdout ----
[INFO] [stdout] 
[INFO] [stdout] thread 'fastapi_server_renders_literal_default_as_defaulted_literal' (1282) panicked at tests/render_tests.rs:42:29:
[INFO] [stdout] loading pack fastapi-server: generation failed: failed to read /opt/rustwide/workdir/../../packs/fastapi-server/oag.pack.toml: No such file or directory (os error 2)
[INFO] [stdout] stack backtrace:
[INFO] [stdout]    0:     0x62c74a45f8b1 - <<std[617be2ca0a6fd877]::sys::backtrace::BacktraceLock>::print::DisplayBacktrace as core[a373ad73a504971]::fmt::Display>::fmt
[INFO] [stdout]    1:     0x62c74a477a0a - core[a373ad73a504971]::fmt::write
[INFO] [stdout]    2:     0x62c74a463dbc - <alloc[2e1b2a31b91974c5]::vec::Vec<u8> as core[a373ad73a504971]::io::write::Write>::write_fmt
[INFO] [stdout]    3:     0x62c74a43b3b6 - std[617be2ca0a6fd877]::panicking::default_hook::{closure#0}
[INFO] [stdout]    4:     0x62c74a4579d9 - std[617be2ca0a6fd877]::panicking::default_hook
[INFO] [stdout]    5:     0x62c74a0eb670 - test[aada8e7e76ba119b]::test_main_inner::{closure#0}
[INFO] [stdout]    6:     0x62c74a457b92 - std[617be2ca0a6fd877]::panicking::panic_with_hook
[INFO] [stdout]    7:     0x62c74a43b462 - std[617be2ca0a6fd877]::panicking::panic_handler::{closure#0}
[INFO] [stdout]    8:     0x62c74a433f49 - std[617be2ca0a6fd877]::sys::backtrace::__rust_end_short_backtrace::<std[617be2ca0a6fd877]::panicking::panic_handler::{closure#0}, !>
[INFO] [stdout]    9:     0x62c74a43c06d - __rustc[ea4f61d10b84890b]::rust_begin_unwind
[INFO] [stdout]   10:     0x62c74a4781ec - core[a373ad73a504971]::panicking::panic_fmt
[INFO] [stdout]   11:     0x62c74a0d3e55 - render_tests[8e41563bab60f5f1]::load_pack::{closure#0}
[INFO] [stdout]   12:     0x62c74a0d460b - render_tests[8e41563bab60f5f1]::load_pack
[INFO] [stdout]   13:     0x62c74a0d4016 - render_tests[8e41563bab60f5f1]::render_spec
[INFO] [stdout]   14:     0x62c74a0d8b97 - <render_tests[8e41563bab60f5f1]::fastapi_server_renders_literal_default_as_defaulted_literal::{closure#0} as core[a373ad73a504971]::ops::function::FnOnce<()>>::call_once
[INFO] [stdout]   15:     0x62c74a0deabb - test[aada8e7e76ba119b]::__rust_begin_short_backtrace::<core[a373ad73a504971]::result::Result<(), alloc[2e1b2a31b91974c5]::string::String>, fn() -> core[a373ad73a504971]::result::Result<(), alloc[2e1b2a31b91974c5]::string::String>>
[INFO] [stdout]   16:     0x62c74a0ebc95 - test[aada8e7e76ba119b]::run_test::{closure#0}
[INFO] [stdout]   17:     0x62c74a0e5584 - std[617be2ca0a6fd877]::sys::backtrace::__rust_begin_short_backtrace::<test[aada8e7e76ba119b]::run_test::{closure#1}, ()>
[INFO] [stdout]   18:     0x62c74a0eed22 - <std[617be2ca0a6fd877]::thread::lifecycle::spawn_unchecked<test[aada8e7e76ba119b]::run_test::{closure#1}, ()>::{closure#1} as core[a373ad73a504971]::ops::function::FnOnce<()>>::call_once::{shim:vtable#0}
[INFO] [stdout]   19:     0x62c74a45edaf - <std[617be2ca0a6fd877]::sys::thread::unix::Thread>::new::thread_start
[INFO] [stdout]   20:     0x7ed0f1fecdfa - <unknown>
[INFO] [stdout]   21:     0x7ed0f20803d4 - clone
[INFO] [stdout]   22:                0x0 - <unknown>
[INFO] [stdout] 
[INFO] [stdout] ---- implicit_discriminator_mapping_gets_guards stdout ----
[INFO] [stdout] 
[INFO] [stdout] thread 'implicit_discriminator_mapping_gets_guards' (1283) panicked at tests/render_tests.rs:42:29:
[INFO] [stdout] loading pack node-client: generation failed: failed to read /opt/rustwide/workdir/../../packs/node-client/oag.pack.toml: No such file or directory (os error 2)
[INFO] [stdout] stack backtrace:
[INFO] [stdout]    0:     0x62c74a45f8b1 - <<std[617be2ca0a6fd877]::sys::backtrace::BacktraceLock>::print::DisplayBacktrace as core[a373ad73a504971]::fmt::Display>::fmt
[INFO] [stdout]    1:     0x62c74a477a0a - core[a373ad73a504971]::fmt::write
[INFO] [stdout]    2:     0x62c74a463dbc - <alloc[2e1b2a31b91974c5]::vec::Vec<u8> as core[a373ad73a504971]::io::write::Write>::write_fmt
[INFO] [stdout]    3:     0x62c74a43b3b6 - std[617be2ca0a6fd877]::panicking::default_hook::{closure#0}
[INFO] [stdout]    4:     0x62c74a4579d9 - std[617be2ca0a6fd877]::panicking::default_hook
[INFO] [stdout]    5:     0x62c74a0eb670 - test[aada8e7e76ba119b]::test_main_inner::{closure#0}
[INFO] [stdout]    6:     0x62c74a457b92 - std[617be2ca0a6fd877]::panicking::panic_with_hook
[INFO] [stdout]    7:     0x62c74a43b462 - std[617be2ca0a6fd877]::panicking::panic_handler::{closure#0}
[INFO] [stdout]    8:     0x62c74a433f49 - std[617be2ca0a6fd877]::sys::backtrace::__rust_end_short_backtrace::<std[617be2ca0a6fd877]::panicking::panic_handler::{closure#0}, !>
[INFO] [stdout]    9:     0x62c74a43c06d - __rustc[ea4f61d10b84890b]::rust_begin_unwind
[INFO] [stdout]   10:     0x62c74a4781ec - core[a373ad73a504971]::panicking::panic_fmt
[INFO] [stdout]   11:     0x62c74a0d3e55 - render_tests[8e41563bab60f5f1]::load_pack::{closure#0}
[INFO] [stdout]   12:     0x62c74a0d460b - render_tests[8e41563bab60f5f1]::load_pack
[INFO] [stdout]   13:     0x62c74a0d4016 - render_tests[8e41563bab60f5f1]::render_spec
[INFO] [stdout]   14:     0x62c74a0d61c4 - <render_tests[8e41563bab60f5f1]::implicit_discriminator_mapping_gets_guards::{closure#0} as core[a373ad73a504971]::ops::function::FnOnce<()>>::call_once
[INFO] [stdout]   15:     0x62c74a0deabb - test[aada8e7e76ba119b]::__rust_begin_short_backtrace::<core[a373ad73a504971]::result::Result<(), alloc[2e1b2a31b91974c5]::string::String>, fn() -> core[a373ad73a504971]::result::Result<(), alloc[2e1b2a31b91974c5]::string::String>>
[INFO] [stdout]   16:     0x62c74a0ebc95 - test[aada8e7e76ba119b]::run_test::{closure#0}
[INFO] [stdout]   17:     0x62c74a0e5584 - std[617be2ca0a6fd877]::sys::backtrace::__rust_begin_short_backtrace::<test[aada8e7e76ba119b]::run_test::{closure#1}, ()>
[INFO] [stdout]   18:     0x62c74a0eed22 - <std[617be2ca0a6fd877]::thread::lifecycle::spawn_unchecked<test[aada8e7e76ba119b]::run_test::{closure#1}, ()>::{closure#1} as core[a373ad73a504971]::ops::function::FnOnce<()>>::call_once::{shim:vtable#0}
[INFO] [stdout]   19:     0x62c74a45edaf - <std[617be2ca0a6fd877]::sys::thread::unix::Thread>::new::thread_start
[INFO] [stdout]   20:     0x7ed0f1fecdfa - <unknown>
[INFO] [stdout]   21:     0x7ed0f20803d4 - clone
[INFO] [stdout]   22:                0x0 - <unknown>
[INFO] [stdout] 
[INFO] [stdout] ---- bodyless_204_with_default_error_renders_as_void stdout ----
[INFO] [stdout] 
[INFO] [stdout] thread 'bodyless_204_with_default_error_renders_as_void' (1280) panicked at tests/render_tests.rs:42:29:
[INFO] [stdout] loading pack node-client: generation failed: failed to read /opt/rustwide/workdir/../../packs/node-client/oag.pack.toml: No such file or directory (os error 2)
[INFO] [stdout] stack backtrace:
[INFO] [stdout]    0:     0x62c74a45f8b1 - <<std[617be2ca0a6fd877]::sys::backtrace::BacktraceLock>::print::DisplayBacktrace as core[a373ad73a504971]::fmt::Display>::fmt
[INFO] [stdout]    1:     0x62c74a477a0a - core[a373ad73a504971]::fmt::write
[INFO] [stdout]    2:     0x62c74a463dbc - <alloc[2e1b2a31b91974c5]::vec::Vec<u8> as core[a373ad73a504971]::io::write::Write>::write_fmt
[INFO] [stdout]    3:     0x62c74a43b3b6 - std[617be2ca0a6fd877]::panicking::default_hook::{closure#0}
[INFO] [stdout]    4:     0x62c74a4579d9 - std[617be2ca0a6fd877]::panicking::default_hook
[INFO] [stdout]    5:     0x62c74a0eb670 - test[aada8e7e76ba119b]::test_main_inner::{closure#0}
[INFO] [stdout]    6:     0x62c74a457b92 - std[617be2ca0a6fd877]::panicking::panic_with_hook
[INFO] [stdout]    7:     0x62c74a43b462 - std[617be2ca0a6fd877]::panicking::panic_handler::{closure#0}
[INFO] [stdout]    8:     0x62c74a433f49 - std[617be2ca0a6fd877]::sys::backtrace::__rust_end_short_backtrace::<std[617be2ca0a6fd877]::panicking::panic_handler::{closure#0}, !>
[INFO] [stdout]    9:     0x62c74a43c06d - __rustc[ea4f61d10b84890b]::rust_begin_unwind
[INFO] [stdout]   10:     0x62c74a4781ec - core[a373ad73a504971]::panicking::panic_fmt
[INFO] [stdout]   11:     0x62c74a0d3e55 - render_tests[8e41563bab60f5f1]::load_pack::{closure#0}
[INFO] [stdout]   12:     0x62c74a0d460b - render_tests[8e41563bab60f5f1]::load_pack
[INFO] [stdout]   13:     0x62c74a0d4016 - render_tests[8e41563bab60f5f1]::render_spec
[INFO] [stdout]   14:     0x62c74a0d67a7 - <render_tests[8e41563bab60f5f1]::bodyless_204_with_default_error_renders_as_void::{closure#0} as core[a373ad73a504971]::ops::function::FnOnce<()>>::call_once
[INFO] [stdout]   15:     0x62c74a0deabb - test[aada8e7e76ba119b]::__rust_begin_short_backtrace::<core[a373ad73a504971]::result::Result<(), alloc[2e1b2a31b91974c5]::string::String>, fn() -> core[a373ad73a504971]::result::Result<(), alloc[2e1b2a31b91974c5]::string::String>>
[INFO] [stdout]   16:     0x62c74a0ebc95 - test[aada8e7e76ba119b]::run_test::{closure#0}
[INFO] [stdout]   17:     0x62c74a0e5584 - std[617be2ca0a6fd877]::sys::backtrace::__rust_begin_short_backtrace::<test[aada8e7e76ba119b]::run_test::{closure#1}, ()>
[INFO] [stdout]   18:     0x62c74a0eed22 - <std[617be2ca0a6fd877]::thread::lifecycle::spawn_unchecked<test[aada8e7e76ba119b]::run_test::{closure#1}, ()>::{closure#1} as core[a373ad73a504971]::ops::function::FnOnce<()>>::call_once::{shim:vtable#0}
[INFO] [stdout]   19:     0x62c74a45edaf - <std[617be2ca0a6fd877]::sys::thread::unix::Thread>::new::thread_start
[INFO] [stdout]   20:     0x7ed0f1fecdfa - <unknown>
[INFO] [stdout]   21:     0x7ed0f20803d4 - clone
[INFO] [stdout]   22:                0x0 - <unknown>
[INFO] [stdout] 
[INFO] [stdout] ---- encoded_content_survives_promotion_and_array_items stdout ----
[INFO] [stdout] 
[INFO] [stdout] thread 'encoded_content_survives_promotion_and_array_items' (1281) panicked at tests/render_tests.rs:42:29:
[INFO] [stdout] loading pack node-client: generation failed: failed to read /opt/rustwide/workdir/../../packs/node-client/oag.pack.toml: No such file or directory (os error 2)
[INFO] [stdout] stack backtrace:
[INFO] [stdout]    0:     0x62c74a45f8b1 - <<std[617be2ca0a6fd877]::sys::backtrace::BacktraceLock>::print::DisplayBacktrace as core[a373ad73a504971]::fmt::Display>::fmt
[INFO] [stdout]    1:     0x62c74a477a0a - core[a373ad73a504971]::fmt::write
[INFO] [stdout]    2:     0x62c74a463dbc - <alloc[2e1b2a31b91974c5]::vec::Vec<u8> as core[a373ad73a504971]::io::write::Write>::write_fmt
[INFO] [stdout]    3:     0x62c74a43b3b6 - std[617be2ca0a6fd877]::panicking::default_hook::{closure#0}
[INFO] [stdout]    4:     0x62c74a4579d9 - std[617be2ca0a6fd877]::panicking::default_hook
[INFO] [stdout]    5:     0x62c74a0eb670 - test[aada8e7e76ba119b]::test_main_inner::{closure#0}
[INFO] [stdout]    6:     0x62c74a457b92 - std[617be2ca0a6fd877]::panicking::panic_with_hook
[INFO] [stdout]    7:     0x62c74a43b462 - std[617be2ca0a6fd877]::panicking::panic_handler::{closure#0}
[INFO] [stdout]    8:     0x62c74a433f49 - std[617be2ca0a6fd877]::sys::backtrace::__rust_end_short_backtrace::<std[617be2ca0a6fd877]::panicking::panic_handler::{closure#0}, !>
[INFO] [stdout]    9:     0x62c74a43c06d - __rustc[ea4f61d10b84890b]::rust_begin_unwind
[INFO] [stdout]   10:     0x62c74a4781ec - core[a373ad73a504971]::panicking::panic_fmt
[INFO] [stdout]   11:     0x62c74a0d3e55 - render_tests[8e41563bab60f5f1]::load_pack::{closure#0}
[INFO] [stdout]   12:     0x62c74a0d460b - render_tests[8e41563bab60f5f1]::load_pack
[INFO] [stdout]   13:     0x62c74a0d4016 - render_tests[8e41563bab60f5f1]::render_spec
[INFO] [stdout]   14:     0x62c74a0d73cc - <render_tests[8e41563bab60f5f1]::encoded_content_survives_promotion_and_array_items::{closure#0} as core[a373ad73a504971]::ops::function::FnOnce<()>>::call_once
[INFO] [stdout]   15:     0x62c74a0deabb - test[aada8e7e76ba119b]::__rust_begin_short_backtrace::<core[a373ad73a504971]::result::Result<(), alloc[2e1b2a31b91974c5]::string::String>, fn() -> core[a373ad73a504971]::result::Result<(), alloc[2e1b2a31b91974c5]::string::String>>
[INFO] [stdout]   16:     0x62c74a0ebc95 - test[aada8e7e76ba119b]::run_test::{closure#0}
[INFO] [stdout]   17:     0x62c74a0e5584 - std[617be2ca0a6fd877]::sys::backtrace::__rust_begin_short_backtrace::<test[aada8e7e76ba119b]::run_test::{closure#1}, ()>
[INFO] [stdout]   18:     0x62c74a0eed22 - <std[617be2ca0a6fd877]::thread::lifecycle::spawn_unchecked<test[aada8e7e76ba119b]::run_test::{closure#1}, ()>::{closure#1} as core[a373ad73a504971]::ops::function::FnOnce<()>>::call_once::{shim:vtable#0}
[INFO] [stdout]   19:     0x62c74a45edaf - <std[617be2ca0a6fd877]::sys::thread::unix::Thread>::new::thread_start
[INFO] [stdout]   20:     0x7ed0f1fecdfa - <unknown>
[INFO] [stdout]   21:     0x7ed0f20803d4 - clone
[INFO] [stdout]   22:                0x0 - <unknown>
[INFO] [stdout] 
[INFO] [stdout] ---- query_and_header_params_with_the_same_name_stay_distinct stdout ----
[INFO] [stdout] 
[INFO] [stdout] thread 'query_and_header_params_with_the_same_name_stay_distinct' (1286) panicked at tests/render_tests.rs:42:29:
[INFO] [stdout] loading pack node-client: generation failed: failed to read /opt/rustwide/workdir/../../packs/node-client/oag.pack.toml: No such file or directory (os error 2)
[INFO] [stdout] stack backtrace:
[INFO] [stdout]    0:     0x62c74a45f8b1 - <<std[617be2ca0a6fd877]::sys::backtrace::BacktraceLock>::print::DisplayBacktrace as core[a373ad73a504971]::fmt::Display>::fmt
[INFO] [stdout]    1:     0x62c74a477a0a - core[a373ad73a504971]::fmt::write
[INFO] [stdout]    2:     0x62c74a463dbc - <alloc[2e1b2a31b91974c5]::vec::Vec<u8> as core[a373ad73a504971]::io::write::Write>::write_fmt
[INFO] [stdout]    3:     0x62c74a43b3b6 - std[617be2ca0a6fd877]::panicking::default_hook::{closure#0}
[INFO] [stdout]    4:     0x62c74a4579d9 - std[617be2ca0a6fd877]::panicking::default_hook
[INFO] [stdout]    5:     0x62c74a0eb670 - test[aada8e7e76ba119b]::test_main_inner::{closure#0}
[INFO] [stdout]    6:     0x62c74a457b92 - std[617be2ca0a6fd877]::panicking::panic_with_hook
[INFO] [stdout]    7:     0x62c74a43b462 - std[617be2ca0a6fd877]::panicking::panic_handler::{closure#0}
[INFO] [stdout]    8:     0x62c74a433f49 - std[617be2ca0a6fd877]::sys::backtrace::__rust_end_short_backtrace::<std[617be2ca0a6fd877]::panicking::panic_handler::{closure#0}, !>
[INFO] [stdout]    9:     0x62c74a43c06d - __rustc[ea4f61d10b84890b]::rust_begin_unwind
[INFO] [stdout]   10:     0x62c74a4781ec - core[a373ad73a504971]::panicking::panic_fmt
[INFO] [stdout]   11:     0x62c74a0d3e55 - render_tests[8e41563bab60f5f1]::load_pack::{closure#0}
[INFO] [stdout]   12:     0x62c74a0d460b - render_tests[8e41563bab60f5f1]::load_pack
[INFO] [stdout]   13:     0x62c74a0d4016 - render_tests[8e41563bab60f5f1]::render_spec
[INFO] [stdout]   14:     0x62c74a0d8344 - <render_tests[8e41563bab60f5f1]::query_and_header_params_with_the_same_name_stay_distinct::{closure#0} as core[a373ad73a504971]::ops::function::FnOnce<()>>::call_once
[INFO] [stdout]   15:     0x62c74a0deabb - test[aada8e7e76ba119b]::__rust_begin_short_backtrace::<core[a373ad73a504971]::result::Result<(), alloc[2e1b2a31b91974c5]::string::String>, fn() -> core[a373ad73a504971]::result::Result<(), alloc[2e1b2a31b91974c5]::string::String>>
[INFO] [stdout]   16:     0x62c74a0ebc95 - test[aada8e7e76ba119b]::run_test::{closure#0}
[INFO] [stdout]   17:     0x62c74a0e5584 - std[617be2ca0a6fd877]::sys::backtrace::__rust_begin_short_backtrace::<test[aada8e7e76ba119b]::run_test::{closure#1}, ()>
[INFO] [stdout]   18:     0x62c74a0eed22 - <std[617be2ca0a6fd877]::thread::lifecycle::spawn_unchecked<test[aada8e7e76ba119b]::run_test::{closure#1}, ()>::{closure#1} as core[a373ad73a504971]::ops::function::FnOnce<()>>::call_once::{shim:vtable#0}
[INFO] [stdout]   19:     0x62c74a45edaf - <std[617be2ca0a6fd877]::sys::thread::unix::Thread>::new::thread_start
[INFO] [stdout]   20:     0x7ed0f1fecdfa - <unknown>
[INFO] [stdout]   21:     0x7ed0f20803d4 - clone
[INFO] [stdout]   22:                0x0 - <unknown>
[INFO] [stdout] 
[INFO] [stdout] ---- node_client_renders_literal_default_as_required_literal stdout ----
[INFO] [stdout] 
[INFO] [stdout] thread 'node_client_renders_literal_default_as_required_literal' (1284) panicked at tests/render_tests.rs:42:29:
[INFO] [stdout] loading pack node-client: generation failed: failed to read /opt/rustwide/workdir/../../packs/node-client/oag.pack.toml: No such file or directory (os error 2)
[INFO] [stdout] stack backtrace:
[INFO] [stdout]    0:     0x62c74a45f8b1 - <<std[617be2ca0a6fd877]::sys::backtrace::BacktraceLock>::print::DisplayBacktrace as core[a373ad73a504971]::fmt::Display>::fmt
[INFO] [stdout]    1:     0x62c74a477a0a - core[a373ad73a504971]::fmt::write
[INFO] [stdout]    2:     0x62c74a463dbc - <alloc[2e1b2a31b91974c5]::vec::Vec<u8> as core[a373ad73a504971]::io::write::Write>::write_fmt
[INFO] [stdout]    3:     0x62c74a43b3b6 - std[617be2ca0a6fd877]::panicking::default_hook::{closure#0}
[INFO] [stdout]    4:     0x62c74a4579d9 - std[617be2ca0a6fd877]::panicking::default_hook
[INFO] [stdout]    5:     0x62c74a0eb670 - test[aada8e7e76ba119b]::test_main_inner::{closure#0}
[INFO] [stdout]    6:     0x62c74a457b92 - std[617be2ca0a6fd877]::panicking::panic_with_hook
[INFO] [stdout]    7:     0x62c74a43b462 - std[617be2ca0a6fd877]::panicking::panic_handler::{closure#0}
[INFO] [stdout]    8:     0x62c74a433f49 - std[617be2ca0a6fd877]::sys::backtrace::__rust_end_short_backtrace::<std[617be2ca0a6fd877]::panicking::panic_handler::{closure#0}, !>
[INFO] [stdout]    9:     0x62c74a43c06d - __rustc[ea4f61d10b84890b]::rust_begin_unwind
[INFO] [stdout]   10:     0x62c74a4781ec - core[a373ad73a504971]::panicking::panic_fmt
[INFO] [stdout]   11:     0x62c74a0d3e55 - render_tests[8e41563bab60f5f1]::load_pack::{closure#0}
[INFO] [stdout]   12:     0x62c74a0d460b - render_tests[8e41563bab60f5f1]::load_pack
[INFO] [stdout]   13:     0x62c74a0d4016 - render_tests[8e41563bab60f5f1]::render_spec
[INFO] [stdout]   14:     0x62c74a0d78a4 - <render_tests[8e41563bab60f5f1]::node_client_renders_literal_default_as_required_literal::{closure#0} as core[a373ad73a504971]::ops::function::FnOnce<()>>::call_once
[INFO] [stdout]   15:     0x62c74a0deabb - test[aada8e7e76ba119b]::__rust_begin_short_backtrace::<core[a373ad73a504971]::result::Result<(), alloc[2e1b2a31b91974c5]::string::String>, fn() -> core[a373ad73a504971]::result::Result<(), alloc[2e1b2a31b91974c5]::string::String>>
[INFO] [stdout]   16:     0x62c74a0ebc95 - test[aada8e7e76ba119b]::run_test::{closure#0}
[INFO] [stdout]   17:     0x62c74a0e5584 - std[617be2ca0a6fd877]::sys::backtrace::__rust_begin_short_backtrace::<test[aada8e7e76ba119b]::run_test::{closure#1}, ()>
[INFO] [stdout]   18:     0x62c74a0eed22 - <std[617be2ca0a6fd877]::thread::lifecycle::spawn_unchecked<test[aada8e7e76ba119b]::run_test::{closure#1}, ()>::{closure#1} as core[a373ad73a504971]::ops::function::FnOnce<()>>::call_once::{shim:vtable#0}
[INFO] [stdout]   19:     0x62c74a45edaf - <std[617be2ca0a6fd877]::sys::thread::unix::Thread>::new::thread_start
[INFO] [stdout]   20:     0x7ed0f1fecdfa - <unknown>
[INFO] [stdout]   21:     0x7ed0f20803d4 - clone
[INFO] [stdout]   22:                0x0 - <unknown>
[INFO] [stdout] 
[INFO] [stdout] ---- base64_json_payloads_get_typed_codecs stdout ----
[INFO] [stdout] 
[INFO] [stdout] thread 'base64_json_payloads_get_typed_codecs' (1278) panicked at tests/render_tests.rs:42:29:
[INFO] [stdout] loading pack node-client: generation failed: failed to read /opt/rustwide/workdir/../../packs/node-client/oag.pack.toml: No such file or directory (os error 2)
[INFO] [stdout] stack backtrace:
[INFO] [stdout]    0:     0x62c74a45f8b1 - <<std[617be2ca0a6fd877]::sys::backtrace::BacktraceLock>::print::DisplayBacktrace as core[a373ad73a504971]::fmt::Display>::fmt
[INFO] [stdout]    1:     0x62c74a477a0a - core[a373ad73a504971]::fmt::write
[INFO] [stdout]    2:     0x62c74a463dbc - <alloc[2e1b2a31b91974c5]::vec::Vec<u8> as core[a373ad73a504971]::io::write::Write>::write_fmt
[INFO] [stdout]    3:     0x62c74a43b3b6 - std[617be2ca0a6fd877]::panicking::default_hook::{closure#0}
[INFO] [stdout]    4:     0x62c74a4579d9 - std[617be2ca0a6fd877]::panicking::default_hook
[INFO] [stdout]    5:     0x62c74a0eb670 - test[aada8e7e76ba119b]::test_main_inner::{closure#0}
[INFO] [stdout]    6:     0x62c74a457b92 - std[617be2ca0a6fd877]::panicking::panic_with_hook
[INFO] [stdout]    7:     0x62c74a43b462 - std[617be2ca0a6fd877]::panicking::panic_handler::{closure#0}
[INFO] [stdout]    8:     0x62c74a433f49 - std[617be2ca0a6fd877]::sys::backtrace::__rust_end_short_backtrace::<std[617be2ca0a6fd877]::panicking::panic_handler::{closure#0}, !>
[INFO] [stdout]    9:     0x62c74a43c06d - __rustc[ea4f61d10b84890b]::rust_begin_unwind
[INFO] [stdout]   10:     0x62c74a4781ec - core[a373ad73a504971]::panicking::panic_fmt
[INFO] [stdout]   11:     0x62c74a0d3e55 - render_tests[8e41563bab60f5f1]::load_pack::{closure#0}
[INFO] [stdout]   12:     0x62c74a0d460b - render_tests[8e41563bab60f5f1]::load_pack
[INFO] [stdout]   13:     0x62c74a0d4016 - render_tests[8e41563bab60f5f1]::render_spec
[INFO] [stdout]   14:     0x62c74a0d597a - <render_tests[8e41563bab60f5f1]::base64_json_payloads_get_typed_codecs::{closure#0} as core[a373ad73a504971]::ops::function::FnOnce<()>>::call_once
[INFO] [stdout]   15:     0x62c74a0deabb - test[aada8e7e76ba119b]::__rust_begin_short_backtrace::<core[a373ad73a504971]::result::Result<(), alloc[2e1b2a31b91974c5]::string::String>, fn() -> core[a373ad73a504971]::result::Result<(), alloc[2e1b2a31b91974c5]::string::String>>
[INFO] [stdout]   16:     0x62c74a0ebc95 - test[aada8e7e76ba119b]::run_test::{closure#0}
[INFO] [stdout]   17:     0x62c74a0e5584 - std[617be2ca0a6fd877]::sys::backtrace::__rust_begin_short_backtrace::<test[aada8e7e76ba119b]::run_test::{closure#1}, ()>
[INFO] [stdout]   18:     0x62c74a0eed22 - <std[617be2ca0a6fd877]::thread::lifecycle::spawn_unchecked<test[aada8e7e76ba119b]::run_test::{closure#1}, ()>::{closure#1} as core[a373ad73a504971]::ops::function::FnOnce<()>>::call_once::{shim:vtable#0}
[INFO] [stdout]   19:     0x62c74a45edaf - <std[617be2ca0a6fd877]::sys::thread::unix::Thread>::new::thread_start
[INFO] [stdout]   20:     0x7ed0f1fecdfa - <unknown>
[INFO] [stdout]   21:     0x7ed0f20803d4 - clone
[INFO] [stdout]   22:                0x0 - <unknown>
[INFO] [stdout] 
[INFO] [stdout] ---- query_parameters_are_grouped_in_a_params_object stdout ----
[INFO] [stdout] 
[INFO] [stdout] thread 'query_parameters_are_grouped_in_a_params_object' (1287) panicked at tests/render_tests.rs:42:29:
[INFO] [stdout] loading pack node-client: generation failed: failed to read /opt/rustwide/workdir/../../packs/node-client/oag.pack.toml: No such file or directory (os error 2)
[INFO] [stdout] stack backtrace:
[INFO] [stdout]    0:     0x62c74a45f8b1 - <<std[617be2ca0a6fd877]::sys::backtrace::BacktraceLock>::print::DisplayBacktrace as core[a373ad73a504971]::fmt::Display>::fmt
[INFO] [stdout]    1:     0x62c74a477a0a - core[a373ad73a504971]::fmt::write
[INFO] [stdout]    2:     0x62c74a463dbc - <alloc[2e1b2a31b91974c5]::vec::Vec<u8> as core[a373ad73a504971]::io::write::Write>::write_fmt
[INFO] [stdout]    3:     0x62c74a43b3b6 - std[617be2ca0a6fd877]::panicking::default_hook::{closure#0}
[INFO] [stdout]    4:     0x62c74a4579d9 - std[617be2ca0a6fd877]::panicking::default_hook
[INFO] [stdout]    5:     0x62c74a0eb670 - test[aada8e7e76ba119b]::test_main_inner::{closure#0}
[INFO] [stdout]    6:     0x62c74a457b92 - std[617be2ca0a6fd877]::panicking::panic_with_hook
[INFO] [stdout]    7:     0x62c74a43b462 - std[617be2ca0a6fd877]::panicking::panic_handler::{closure#0}
[INFO] [stdout]    8:     0x62c74a433f49 - std[617be2ca0a6fd877]::sys::backtrace::__rust_end_short_backtrace::<std[617be2ca0a6fd877]::panicking::panic_handler::{closure#0}, !>
[INFO] [stdout]    9:     0x62c74a43c06d - __rustc[ea4f61d10b84890b]::rust_begin_unwind
[INFO] [stdout]   10:     0x62c74a4781ec - core[a373ad73a504971]::panicking::panic_fmt
[INFO] [stdout]   11:     0x62c74a0d3e55 - render_tests[8e41563bab60f5f1]::load_pack::{closure#0}
[INFO] [stdout]   12:     0x62c74a0d460b - render_tests[8e41563bab60f5f1]::load_pack
[INFO] [stdout]   13:     0x62c74a0d4016 - render_tests[8e41563bab60f5f1]::render_spec
[INFO] [stdout]   14:     0x62c74a0d6cda - <render_tests[8e41563bab60f5f1]::query_parameters_are_grouped_in_a_params_object::{closure#0} as core[a373ad73a504971]::ops::function::FnOnce<()>>::call_once
[INFO] [stdout]   15:     0x62c74a0deabb - test[aada8e7e76ba119b]::__rust_begin_short_backtrace::<core[a373ad73a504971]::result::Result<(), alloc[2e1b2a31b91974c5]::string::String>, fn() -> core[a373ad73a504971]::result::Result<(), alloc[2e1b2a31b91974c5]::string::String>>
[INFO] [stdout]   16:     0x62c74a0ebc95 - test[aada8e7e76ba119b]::run_test::{closure#0}
[INFO] [stdout]   17:     0x62c74a0e5584 - std[617be2ca0a6fd877]::sys::backtrace::__rust_begin_short_backtrace::<test[aada8e7e76ba119b]::run_test::{closure#1}, ()>
[INFO] [stdout]   18:     0x62c74a0eed22 - <std[617be2ca0a6fd877]::thread::lifecycle::spawn_unchecked<test[aada8e7e76ba119b]::run_test::{closure#1}, ()>::{closure#1} as core[a373ad73a504971]::ops::function::FnOnce<()>>::call_once::{shim:vtable#0}
[INFO] [stdout]   19:     0x62c74a45edaf - <std[617be2ca0a6fd877]::sys::thread::unix::Thread>::new::thread_start
[INFO] [stdout]   20:     0x7ed0f1fecdfa - <unknown>
[INFO] [stdout]   21:     0x7ed0f20803d4 - clone
[INFO] [stdout]   22:                0x0 - <unknown>
[INFO] [stdout] 
[INFO] [stdout] ---- shared_discriminator_mapping_emits_one_guard_per_schema stdout ----
[INFO] [stdout] 
[INFO] [stdout] thread 'shared_discriminator_mapping_emits_one_guard_per_schema' (1289) panicked at tests/render_tests.rs:42:29:
[INFO] [stdout] loading pack node-client: generation failed: failed to read /opt/rustwide/workdir/../../packs/node-client/oag.pack.toml: No such file or directory (os error 2)
[INFO] [stdout] stack backtrace:
[INFO] [stdout]    0:     0x62c74a45f8b1 - <<std[617be2ca0a6fd877]::sys::backtrace::BacktraceLock>::print::DisplayBacktrace as core[a373ad73a504971]::fmt::Display>::fmt
[INFO] [stdout]    1:     0x62c74a477a0a - core[a373ad73a504971]::fmt::write
[INFO] [stdout]    2:     0x62c74a463dbc - <alloc[2e1b2a31b91974c5]::vec::Vec<u8> as core[a373ad73a504971]::io::write::Write>::write_fmt
[INFO] [stdout]    3:     0x62c74a43b3b6 - std[617be2ca0a6fd877]::panicking::default_hook::{closure#0}
[INFO] [stdout]    4:     0x62c74a4579d9 - std[617be2ca0a6fd877]::panicking::default_hook
[INFO] [stdout]    5:     0x62c74a0eb670 - test[aada8e7e76ba119b]::test_main_inner::{closure#0}
[INFO] [stdout]    6:     0x62c74a457b92 - std[617be2ca0a6fd877]::panicking::panic_with_hook
[INFO] [stdout]    7:     0x62c74a43b462 - std[617be2ca0a6fd877]::panicking::panic_handler::{closure#0}
[INFO] [stdout]    8:     0x62c74a433f49 - std[617be2ca0a6fd877]::sys::backtrace::__rust_end_short_backtrace::<std[617be2ca0a6fd877]::panicking::panic_handler::{closure#0}, !>
[INFO] [stdout]    9:     0x62c74a43c06d - __rustc[ea4f61d10b84890b]::rust_begin_unwind
[INFO] [stdout]   10:     0x62c74a4781ec - core[a373ad73a504971]::panicking::panic_fmt
[INFO] [stdout]   11:     0x62c74a0d3e55 - render_tests[8e41563bab60f5f1]::load_pack::{closure#0}
[INFO] [stdout]   12:     0x62c74a0d460b - render_tests[8e41563bab60f5f1]::load_pack
[INFO] [stdout]   13:     0x62c74a0d4016 - render_tests[8e41563bab60f5f1]::render_spec
[INFO] [stdout]   14:     0x62c74a0d7c0a - <render_tests[8e41563bab60f5f1]::shared_discriminator_mapping_emits_one_guard_per_schema::{closure#0} as core[a373ad73a504971]::ops::function::FnOnce<()>>::call_once
[INFO] [stdout]   15:     0x62c74a0deabb - test[aada8e7e76ba119b]::__rust_begin_short_backtrace::<core[a373ad73a504971]::result::Result<(), alloc[2e1b2a31b91974c5]::string::String>, fn() -> core[a373ad73a504971]::result::Result<(), alloc[2e1b2a31b91974c5]::string::String>>
[INFO] [stdout]   16:     0x62c74a0ebc95 - test[aada8e7e76ba119b]::run_test::{closure#0}
[INFO] [stdout]   17:     0x62c74a0e5584 - std[617be2ca0a6fd877]::sys::backtrace::__rust_begin_short_backtrace::<test[aada8e7e76ba119b]::run_test::{closure#1}, ()>
[INFO] [stdout]   18:     0x62c74a0eed22 - <std[617be2ca0a6fd877]::thread::lifecycle::spawn_unchecked<test[aada8e7e76ba119b]::run_test::{closure#1}, ()>::{closure#1} as core[a373ad73a504971]::ops::function::FnOnce<()>>::call_once::{shim:vtable#0}
[INFO] [stdout]   19:     0x62c74a45edaf - <std[617be2ca0a6fd877]::sys::thread::unix::Thread>::new::thread_start
[INFO] [stdout]   20:     0x7ed0f1fecdfa - <unknown>
[INFO] [stdout]   21:     0x7ed0f20803d4 - clone
[INFO] [stdout]   22:                0x0 - <unknown>
[INFO] [stdout] 
[INFO] [stdout] ---- node_client_serializes_ref_enum_query_param_as_primitive stdout ----
[INFO] [stdout] 
[INFO] [stdout] thread 'node_client_serializes_ref_enum_query_param_as_primitive' (1285) panicked at tests/render_tests.rs:42:29:
[INFO] [stdout] loading pack node-client: generation failed: failed to read /opt/rustwide/workdir/../../packs/node-client/oag.pack.toml: No such file or directory (os error 2)
[INFO] [stdout] stack backtrace:
[INFO] [stdout]    0:     0x62c74a45f8b1 - <<std[617be2ca0a6fd877]::sys::backtrace::BacktraceLock>::print::DisplayBacktrace as core[a373ad73a504971]::fmt::Display>::fmt
[INFO] [stdout]    1:     0x62c74a477a0a - core[a373ad73a504971]::fmt::write
[INFO] [stdout]    2:     0x62c74a463dbc - <alloc[2e1b2a31b91974c5]::vec::Vec<u8> as core[a373ad73a504971]::io::write::Write>::write_fmt
[INFO] [stdout]    3:     0x62c74a43b3b6 - std[617be2ca0a6fd877]::panicking::default_hook::{closure#0}
[INFO] [stdout]    4:     0x62c74a4579d9 - std[617be2ca0a6fd877]::panicking::default_hook
[INFO] [stdout]    5:     0x62c74a0eb670 - test[aada8e7e76ba119b]::test_main_inner::{closure#0}
[INFO] [stdout]    6:     0x62c74a457b92 - std[617be2ca0a6fd877]::panicking::panic_with_hook
[INFO] [stdout]    7:     0x62c74a43b462 - std[617be2ca0a6fd877]::panicking::panic_handler::{closure#0}
[INFO] [stdout]    8:     0x62c74a433f49 - std[617be2ca0a6fd877]::sys::backtrace::__rust_end_short_backtrace::<std[617be2ca0a6fd877]::panicking::panic_handler::{closure#0}, !>
[INFO] [stdout]    9:     0x62c74a43c06d - __rustc[ea4f61d10b84890b]::rust_begin_unwind
[INFO] [stdout]   10:     0x62c74a4781ec - core[a373ad73a504971]::panicking::panic_fmt
[INFO] [stdout]   11:     0x62c74a0d3e55 - render_tests[8e41563bab60f5f1]::load_pack::{closure#0}
[INFO] [stdout]   12:     0x62c74a0d460b - render_tests[8e41563bab60f5f1]::load_pack
[INFO] [stdout]   13:     0x62c74a0d4016 - render_tests[8e41563bab60f5f1]::render_spec
[INFO] [stdout]   14:     0x62c74a0d8064 - <render_tests[8e41563bab60f5f1]::node_client_serializes_ref_enum_query_param_as_primitive::{closure#0} as core[a373ad73a504971]::ops::function::FnOnce<()>>::call_once
[INFO] [stdout]   15:     0x62c74a0deabb - test[aada8e7e76ba119b]::__rust_begin_short_backtrace::<core[a373ad73a504971]::result::Result<(), alloc[2e1b2a31b91974c5]::string::String>, fn() -> core[a373ad73a504971]::result::Result<(), alloc[2e1b2a31b91974c5]::string::String>>
[INFO] [stdout]   16:     0x62c74a0ebc95 - test[aada8e7e76ba119b]::run_test::{closure#0}
[INFO] [stdout]   17:     0x62c74a0e5584 - std[617be2ca0a6fd877]::sys::backtrace::__rust_begin_short_backtrace::<test[aada8e7e76ba119b]::run_test::{closure#1}, ()>
[INFO] [stdout]   18:     0x62c74a0eed22 - <std[617be2ca0a6fd877]::thread::lifecycle::spawn_unchecked<test[aada8e7e76ba119b]::run_test::{closure#1}, ()>::{closure#1} as core[a373ad73a504971]::ops::function::FnOnce<()>>::call_once::{shim:vtable#0}
[INFO] [stdout]   19:     0x62c74a45edaf - <std[617be2ca0a6fd877]::sys::thread::unix::Thread>::new::thread_start
[INFO] [stdout]   20:     0x7ed0f1fecdfa - <unknown>
[INFO] [stdout]   21:     0x7ed0f20803d4 - clone
[INFO] [stdout]   22:                0x0 - <unknown>
[INFO] [stdout] 
[INFO] [stdout] ---- sse_event_is_exported_and_no_parameter_properties_are_emitted stdout ----
[INFO] [stdout] 
[INFO] [stdout] thread 'sse_event_is_exported_and_no_parameter_properties_are_emitted' (1290) panicked at tests/render_tests.rs:42:29:
[INFO] [stdout] loading pack node-client: generation failed: failed to read /opt/rustwide/workdir/../../packs/node-client/oag.pack.toml: No such file or directory (os error 2)
[INFO] [stdout] stack backtrace:
[INFO] [stdout]    0:     0x62c74a45f8b1 - <<std[617be2ca0a6fd877]::sys::backtrace::BacktraceLock>::print::DisplayBacktrace as core[a373ad73a504971]::fmt::Display>::fmt
[INFO] [stdout]    1:     0x62c74a477a0a - core[a373ad73a504971]::fmt::write
[INFO] [stdout]    2:     0x62c74a463dbc - <alloc[2e1b2a31b91974c5]::vec::Vec<u8> as core[a373ad73a504971]::io::write::Write>::write_fmt
[INFO] [stdout]    3:     0x62c74a43b3b6 - std[617be2ca0a6fd877]::panicking::default_hook::{closure#0}
[INFO] [stdout]    4:     0x62c74a4579d9 - std[617be2ca0a6fd877]::panicking::default_hook
[INFO] [stdout]    5:     0x62c74a0eb670 - test[aada8e7e76ba119b]::test_main_inner::{closure#0}
[INFO] [stdout]    6:     0x62c74a457b92 - std[617be2ca0a6fd877]::panicking::panic_with_hook
[INFO] [stdout]    7:     0x62c74a43b462 - std[617be2ca0a6fd877]::panicking::panic_handler::{closure#0}
[INFO] [stdout]    8:     0x62c74a433f49 - std[617be2ca0a6fd877]::sys::backtrace::__rust_end_short_backtrace::<std[617be2ca0a6fd877]::panicking::panic_handler::{closure#0}, !>
[INFO] [stdout]    9:     0x62c74a43c06d - __rustc[ea4f61d10b84890b]::rust_begin_unwind
[INFO] [stdout]   10:     0x62c74a4781ec - core[a373ad73a504971]::panicking::panic_fmt
[INFO] [stdout]   11:     0x62c74a0d3e55 - render_tests[8e41563bab60f5f1]::load_pack::{closure#0}
[INFO] [stdout]   12:     0x62c74a0d460b - render_tests[8e41563bab60f5f1]::load_pack
[INFO] [stdout]   13:     0x62c74a0d4016 - render_tests[8e41563bab60f5f1]::render_spec
[INFO] [stdout]   14:     0x62c74a0da2c8 - <render_tests[8e41563bab60f5f1]::sse_event_is_exported_and_no_parameter_properties_are_emitted::{closure#0} as core[a373ad73a504971]::ops::function::FnOnce<()>>::call_once
[INFO] [stdout]   15:     0x62c74a0deabb - test[aada8e7e76ba119b]::__rust_begin_short_backtrace::<core[a373ad73a504971]::result::Result<(), alloc[2e1b2a31b91974c5]::string::String>, fn() -> core[a373ad73a504971]::result::Result<(), alloc[2e1b2a31b91974c5]::string::String>>
[INFO] [stdout]   16:     0x62c74a0ebc95 - test[aada8e7e76ba119b]::run_test::{closure#0}
[INFO] [stdout]   17:     0x62c74a0e5584 - std[617be2ca0a6fd877]::sys::backtrace::__rust_begin_short_backtrace::<test[aada8e7e76ba119b]::run_test::{closure#1}, ()>
[INFO] [stdout]   18:     0x62c74a0eed22 - <std[617be2ca0a6fd877]::thread::lifecycle::spawn_unchecked<test[aada8e7e76ba119b]::run_test::{closure#1}, ()>::{closure#1} as core[a373ad73a504971]::ops::function::FnOnce<()>>::call_once::{shim:vtable#0}
[INFO] [stdout]   19:     0x62c74a45edaf - <std[617be2ca0a6fd877]::sys::thread::unix::Thread>::new::thread_start
[INFO] [stdout]   20:     0x7ed0f1fecdfa - <unknown>
[INFO] [stdout]   21:     0x7ed0f20803d4 - clone
[INFO] [stdout]   22:                0x0 - <unknown>
[INFO] [stdout] 
[INFO] [stdout] ---- retries_default_to_idempotent_methods_and_never_to_streams stdout ----
[INFO] [stdout] 
[INFO] [stdout] thread 'retries_default_to_idempotent_methods_and_never_to_streams' (1288) panicked at tests/render_tests.rs:42:29:
[INFO] [stdout] loading pack node-client: generation failed: failed to read /opt/rustwide/workdir/../../packs/node-client/oag.pack.toml: No such file or directory (os error 2)
[INFO] [stdout] stack backtrace:
[INFO] [stdout]    0:     0x62c74a45f8b1 - <<std[617be2ca0a6fd877]::sys::backtrace::BacktraceLock>::print::DisplayBacktrace as core[a373ad73a504971]::fmt::Display>::fmt
[INFO] [stdout]    1:     0x62c74a477a0a - core[a373ad73a504971]::fmt::write
[INFO] [stdout]    2:     0x62c74a463dbc - <alloc[2e1b2a31b91974c5]::vec::Vec<u8> as core[a373ad73a504971]::io::write::Write>::write_fmt
[INFO] [stdout]    3:     0x62c74a43b3b6 - std[617be2ca0a6fd877]::panicking::default_hook::{closure#0}
[INFO] [stdout]    4:     0x62c74a4579d9 - std[617be2ca0a6fd877]::panicking::default_hook
[INFO] [stdout]    5:     0x62c74a0eb670 - test[aada8e7e76ba119b]::test_main_inner::{closure#0}
[INFO] [stdout]    6:     0x62c74a457b92 - std[617be2ca0a6fd877]::panicking::panic_with_hook
[INFO] [stdout]    7:     0x62c74a43b462 - std[617be2ca0a6fd877]::panicking::panic_handler::{closure#0}
[INFO] [stdout]    8:     0x62c74a433f49 - std[617be2ca0a6fd877]::sys::backtrace::__rust_end_short_backtrace::<std[617be2ca0a6fd877]::panicking::panic_handler::{closure#0}, !>
[INFO] [stdout]    9:     0x62c74a43c06d - __rustc[ea4f61d10b84890b]::rust_begin_unwind
[INFO] [stdout]   10:     0x62c74a4781ec - core[a373ad73a504971]::panicking::panic_fmt
[INFO] [stdout]   11:     0x62c74a0d3e55 - render_tests[8e41563bab60f5f1]::load_pack::{closure#0}
[INFO] [stdout]   12:     0x62c74a0d460b - render_tests[8e41563bab60f5f1]::load_pack
[INFO] [stdout]   13:     0x62c74a0d4016 - render_tests[8e41563bab60f5f1]::render_spec
[INFO] [stdout]   14:     0x62c74a0d86aa - <render_tests[8e41563bab60f5f1]::retries_default_to_idempotent_methods_and_never_to_streams::{closure#0} as core[a373ad73a504971]::ops::function::FnOnce<()>>::call_once
[INFO] [stdout]   15:     0x62c74a0deabb - test[aada8e7e76ba119b]::__rust_begin_short_backtrace::<core[a373ad73a504971]::result::Result<(), alloc[2e1b2a31b91974c5]::string::String>, fn() -> core[a373ad73a504971]::result::Result<(), alloc[2e1b2a31b91974c5]::string::String>>
[INFO] [stdout]   16:     0x62c74a0ebc95 - test[aada8e7e76ba119b]::run_test::{closure#0}
[INFO] [stdout]   17:     0x62c74a0e5584 - std[617be2ca0a6fd877]::sys::backtrace::__rust_begin_short_backtrace::<test[aada8e7e76ba119b]::run_test::{closure#1}, ()>
[INFO] [stdout]   18:     0x62c74a0eed22 - <std[617be2ca0a6fd877]::thread::lifecycle::spawn_unchecked<test[aada8e7e76ba119b]::run_test::{closure#1}, ()>::{closure#1} as core[a373ad73a504971]::ops::function::FnOnce<()>>::call_once::{shim:vtable#0}
[INFO] [stdout]   19:     0x62c74a45edaf - <std[617be2ca0a6fd877]::sys::thread::unix::Thread>::new::thread_start
[INFO] [stdout]   20:     0x7ed0f1fecdfa - <unknown>
[INFO] [stdout]   21:     0x7ed0f20803d4 - clone
[INFO] [stdout]   22:                0x0 - <unknown>
[INFO] [stdout] 
[INFO] [stdout] ---- sse_item_schema_events_render_as_a_union_keyed_by_event_name stdout ----
[INFO] [stdout] 
[INFO] [stdout] thread 'sse_item_schema_events_render_as_a_union_keyed_by_event_name' (1291) panicked at tests/render_tests.rs:42:29:
[INFO] [stdout] loading pack node-client: generation failed: failed to read /opt/rustwide/workdir/../../packs/node-client/oag.pack.toml: No such file or directory (os error 2)
[INFO] [stdout] stack backtrace:
[INFO] [stdout]    0:     0x62c74a45f8b1 - <<std[617be2ca0a6fd877]::sys::backtrace::BacktraceLock>::print::DisplayBacktrace as core[a373ad73a504971]::fmt::Display>::fmt
[INFO] [stdout]    1:     0x62c74a477a0a - core[a373ad73a504971]::fmt::write
[INFO] [stdout]    2:     0x62c74a463dbc - <alloc[2e1b2a31b91974c5]::vec::Vec<u8> as core[a373ad73a504971]::io::write::Write>::write_fmt
[INFO] [stdout]    3:     0x62c74a43b3b6 - std[617be2ca0a6fd877]::panicking::default_hook::{closure#0}
[INFO] [stdout]    4:     0x62c74a4579d9 - std[617be2ca0a6fd877]::panicking::default_hook
[INFO] [stdout]    5:     0x62c74a0eb670 - test[aada8e7e76ba119b]::test_main_inner::{closure#0}
[INFO] [stdout]    6:     0x62c74a457b92 - std[617be2ca0a6fd877]::panicking::panic_with_hook
[INFO] [stdout]    7:     0x62c74a43b462 - std[617be2ca0a6fd877]::panicking::panic_handler::{closure#0}
[INFO] [stdout]    8:     0x62c74a433f49 - std[617be2ca0a6fd877]::sys::backtrace::__rust_end_short_backtrace::<std[617be2ca0a6fd877]::panicking::panic_handler::{closure#0}, !>
[INFO] [stdout]    9:     0x62c74a43c06d - __rustc[ea4f61d10b84890b]::rust_begin_unwind
[INFO] [stdout]   10:     0x62c74a4781ec - core[a373ad73a504971]::panicking::panic_fmt
[INFO] [stdout]   11:     0x62c74a0d3e55 - render_tests[8e41563bab60f5f1]::load_pack::{closure#0}
[INFO] [stdout]   12:     0x62c74a0d460b - render_tests[8e41563bab60f5f1]::load_pack
[INFO] [stdout]   13:     0x62c74a0d4016 - render_tests[8e41563bab60f5f1]::render_spec
[INFO] [stdout]   14:     0x62c74a0d95da - <render_tests[8e41563bab60f5f1]::sse_item_schema_events_render_as_a_union_keyed_by_event_name::{closure#0} as core[a373ad73a504971]::ops::function::FnOnce<()>>::call_once
[INFO] [stdout]   15:     0x62c74a0deabb - test[aada8e7e76ba119b]::__rust_begin_short_backtrace::<core[a373ad73a504971]::result::Result<(), alloc[2e1b2a31b91974c5]::string::String>, fn() -> core[a373ad73a504971]::result::Result<(), alloc[2e1b2a31b91974c5]::string::String>>
[INFO] [stdout]   16:     0x62c74a0ebc95 - test[aada8e7e76ba119b]::run_test::{closure#0}
[INFO] [stdout]   17:     0x62c74a0e5584 - std[617be2ca0a6fd877]::sys::backtrace::__rust_begin_short_backtrace::<test[aada8e7e76ba119b]::run_test::{closure#1}, ()>
[INFO] [stdout]   18:     0x62c74a0eed22 - <std[617be2ca0a6fd877]::thread::lifecycle::spawn_unchecked<test[aada8e7e76ba119b]::run_test::{closure#1}, ()>::{closure#1} as core[a373ad73a504971]::ops::function::FnOnce<()>>::call_once::{shim:vtable#0}
[INFO] [stdout]   19:     0x62c74a45edaf - <std[617be2ca0a6fd877]::sys::thread::unix::Thread>::new::thread_start
[INFO] [stdout]   20:     0x7ed0f1fecdfa - <unknown>
[INFO] [stdout]   21:     0x7ed0f20803d4 - clone
[INFO] [stdout]   22:                0x0 - <unknown>
[INFO] [stdout] 
[INFO] [stdout] ---- sse_variants_sharing_a_name_try_each_codec stdout ----
[INFO] [stdout] 
[INFO] [stdout] thread 'sse_variants_sharing_a_name_try_each_codec' (1293) panicked at tests/render_tests.rs:42:29:
[INFO] [stdout] loading pack node-client: generation failed: failed to read /opt/rustwide/workdir/../../packs/node-client/oag.pack.toml: No such file or directory (os error 2)
[INFO] [stdout] stack backtrace:
[INFO] [stdout]    0:     0x62c74a45f8b1 - <<std[617be2ca0a6fd877]::sys::backtrace::BacktraceLock>::print::DisplayBacktrace as core[a373ad73a504971]::fmt::Display>::fmt
[INFO] [stdout]    1:     0x62c74a477a0a - core[a373ad73a504971]::fmt::write
[INFO] [stdout]    2:     0x62c74a463dbc - <alloc[2e1b2a31b91974c5]::vec::Vec<u8> as core[a373ad73a504971]::io::write::Write>::write_fmt
[INFO] [stdout]    3:     0x62c74a43b3b6 - std[617be2ca0a6fd877]::panicking::default_hook::{closure#0}
[INFO] [stdout]    4:     0x62c74a4579d9 - std[617be2ca0a6fd877]::panicking::default_hook
[INFO] [stdout]    5:     0x62c74a0eb670 - test[aada8e7e76ba119b]::test_main_inner::{closure#0}
[INFO] [stdout]    6:     0x62c74a457b92 - std[617be2ca0a6fd877]::panicking::panic_with_hook
[INFO] [stdout]    7:     0x62c74a43b462 - std[617be2ca0a6fd877]::panicking::panic_handler::{closure#0}
[INFO] [stdout]    8:     0x62c74a433f49 - std[617be2ca0a6fd877]::sys::backtrace::__rust_end_short_backtrace::<std[617be2ca0a6fd877]::panicking::panic_handler::{closure#0}, !>
[INFO] [stdout]    9:     0x62c74a43c06d - __rustc[ea4f61d10b84890b]::rust_begin_unwind
[INFO] [stdout]   10:     0x62c74a4781ec - core[a373ad73a504971]::panicking::panic_fmt
[INFO] [stdout]   11:     0x62c74a0d3e55 - render_tests[8e41563bab60f5f1]::load_pack::{closure#0}
[INFO] [stdout]   12:     0x62c74a0d460b - render_tests[8e41563bab60f5f1]::load_pack
[INFO] [stdout]   13:     0x62c74a0d4016 - render_tests[8e41563bab60f5f1]::render_spec
[INFO] [stdout]   14:     0x62c74a0d6417 - <render_tests[8e41563bab60f5f1]::sse_variants_sharing_a_name_try_each_codec::{closure#0} as core[a373ad73a504971]::ops::function::FnOnce<()>>::call_once
[INFO] [stdout]   15:     0x62c74a0deabb - test[aada8e7e76ba119b]::__rust_begin_short_backtrace::<core[a373ad73a504971]::result::Result<(), alloc[2e1b2a31b91974c5]::string::String>, fn() -> core[a373ad73a504971]::result::Result<(), alloc[2e1b2a31b91974c5]::string::String>>
[INFO] [stdout]   16:     0x62c74a0ebc95 - test[aada8e7e76ba119b]::run_test::{closure#0}
[INFO] [stdout]   17:     0x62c74a0e5584 - std[617be2ca0a6fd877]::sys::backtrace::__rust_begin_short_backtrace::<test[aada8e7e76ba119b]::run_test::{closure#1}, ()>
[INFO] [stdout]   18:     0x62c74a0eed22 - <std[617be2ca0a6fd877]::thread::lifecycle::spawn_unchecked<test[aada8e7e76ba119b]::run_test::{closure#1}, ()>::{closure#1} as core[a373ad73a504971]::ops::function::FnOnce<()>>::call_once::{shim:vtable#0}
[INFO] [stdout]   19:     0x62c74a45edaf - <std[617be2ca0a6fd877]::sys::thread::unix::Thread>::new::thread_start
[INFO] [stdout]   20:     0x7ed0f1fecdfa - <unknown>
[INFO] [stdout]   21:     0x7ed0f20803d4 - clone
[INFO] [stdout]   22:                0x0 - <unknown>
[INFO] [stdout] 
[INFO] [stdout] ---- sse_reader_releases_the_connection_and_reports_how_it_ended stdout ----
[INFO] [stdout] 
[INFO] [stderr] error: test failed, to rerun pass `--test render_tests`
[INFO] [stdout] thread 'sse_reader_releases_the_connection_and_reports_how_it_ended' (1292) panicked at tests/render_tests.rs:42:29:
[INFO] [stdout] loading pack node-client: generation failed: failed to read /opt/rustwide/workdir/../../packs/node-client/oag.pack.toml: No such file or directory (os error 2)
[INFO] [stdout] stack backtrace:
[INFO] [stdout]    0:     0x62c74a45f8b1 - <<std[617be2ca0a6fd877]::sys::backtrace::BacktraceLock>::print::DisplayBacktrace as core[a373ad73a504971]::fmt::Display>::fmt
[INFO] [stdout]    1:     0x62c74a477a0a - core[a373ad73a504971]::fmt::write
[INFO] [stdout]    2:     0x62c74a463dbc - <alloc[2e1b2a31b91974c5]::vec::Vec<u8> as core[a373ad73a504971]::io::write::Write>::write_fmt
[INFO] [stdout]    3:     0x62c74a43b3b6 - std[617be2ca0a6fd877]::panicking::default_hook::{closure#0}
[INFO] [stdout]    4:     0x62c74a4579d9 - std[617be2ca0a6fd877]::panicking::default_hook
[INFO] [stdout]    5:     0x62c74a0eb670 - test[aada8e7e76ba119b]::test_main_inner::{closure#0}
[INFO] [stdout]    6:     0x62c74a457b92 - std[617be2ca0a6fd877]::panicking::panic_with_hook
[INFO] [stdout]    7:     0x62c74a43b462 - std[617be2ca0a6fd877]::panicking::panic_handler::{closure#0}
[INFO] [stdout]    8:     0x62c74a433f49 - std[617be2ca0a6fd877]::sys::backtrace::__rust_end_short_backtrace::<std[617be2ca0a6fd877]::panicking::panic_handler::{closure#0}, !>
[INFO] [stdout]    9:     0x62c74a43c06d - __rustc[ea4f61d10b84890b]::rust_begin_unwind
[INFO] [stdout]   10:     0x62c74a4781ec - core[a373ad73a504971]::panicking::panic_fmt
[INFO] [stdout]   11:     0x62c74a0d3e55 - render_tests[8e41563bab60f5f1]::load_pack::{closure#0}
[INFO] [stdout]   12:     0x62c74a0d460b - render_tests[8e41563bab60f5f1]::load_pack
[INFO] [stdout]   13:     0x62c74a0d4016 - render_tests[8e41563bab60f5f1]::render_spec
[INFO] [stdout]   14:     0x62c74a0d8fdc - <render_tests[8e41563bab60f5f1]::sse_reader_releases_the_connection_and_reports_how_it_ended::{closure#0} as core[a373ad73a504971]::ops::function::FnOnce<()>>::call_once
[INFO] [stdout]   15:     0x62c74a0deabb - test[aada8e7e76ba119b]::__rust_begin_short_backtrace::<core[a373ad73a504971]::result::Result<(), alloc[2e1b2a31b91974c5]::string::String>, fn() -> core[a373ad73a504971]::result::Result<(), alloc[2e1b2a31b91974c5]::string::String>>
[INFO] [stdout]   16:     0x62c74a0ebc95 - test[aada8e7e76ba119b]::run_test::{closure#0}
[INFO] [stdout]   17:     0x62c74a0e5584 - std[617be2ca0a6fd877]::sys::backtrace::__rust_begin_short_backtrace::<test[aada8e7e76ba119b]::run_test::{closure#1}, ()>
[INFO] [stdout]   18:     0x62c74a0eed22 - <std[617be2ca0a6fd877]::thread::lifecycle::spawn_unchecked<test[aada8e7e76ba119b]::run_test::{closure#1}, ()>::{closure#1} as core[a373ad73a504971]::ops::function::FnOnce<()>>::call_once::{shim:vtable#0}
[INFO] [stdout]   19:     0x62c74a45edaf - <std[617be2ca0a6fd877]::sys::thread::unix::Thread>::new::thread_start
[INFO] [stdout]   20:     0x7ed0f1fecdfa - <unknown>
[INFO] [stdout]   21:     0x7ed0f20803d4 - clone
[INFO] [stdout]   22:                0x0 - <unknown>
[INFO] [stdout] 
[INFO] [stdout] 
[INFO] [stdout] failures:
[INFO] [stdout]     base64_json_payloads_get_typed_codecs
[INFO] [stdout]     binary_responses_are_read_as_blobs
[INFO] [stdout]     bodyless_204_with_default_error_renders_as_void
[INFO] [stdout]     encoded_content_survives_promotion_and_array_items
[INFO] [stdout]     fastapi_server_renders_literal_default_as_defaulted_literal
[INFO] [stdout]     implicit_discriminator_mapping_gets_guards
[INFO] [stdout]     node_client_renders_literal_default_as_required_literal
[INFO] [stdout]     node_client_serializes_ref_enum_query_param_as_primitive
[INFO] [stdout]     query_and_header_params_with_the_same_name_stay_distinct
[INFO] [stdout]     query_parameters_are_grouped_in_a_params_object
[INFO] [stdout]     retries_default_to_idempotent_methods_and_never_to_streams
[INFO] [stdout]     shared_discriminator_mapping_emits_one_guard_per_schema
[INFO] [stdout]     sse_event_is_exported_and_no_parameter_properties_are_emitted
[INFO] [stdout]     sse_item_schema_events_render_as_a_union_keyed_by_event_name
[INFO] [stdout]     sse_reader_releases_the_connection_and_reports_how_it_ended
[INFO] [stdout]     sse_variants_sharing_a_name_try_each_codec
[INFO] [stdout] 
[INFO] [stdout] test result: FAILED. 0 passed; 16 failed; 0 ignored; 0 measured; 0 filtered out; finished in 0.01s
[INFO] [stdout] 
[INFO] running `Command { std: "docker" "inspect" "1c8dd8a84971c582a546cab5ef84583b0290b38f68c37c0285d0457630b7a322", kill_on_drop: false }`
[INFO] running `Command { std: "docker" "rm" "-f" "1c8dd8a84971c582a546cab5ef84583b0290b38f68c37c0285d0457630b7a322", kill_on_drop: false }`
[INFO] [stdout] 1c8dd8a84971c582a546cab5ef84583b0290b38f68c37c0285d0457630b7a322
