[INFO] fetching crate oafmt-core 0.2.0...
[INFO] testing oafmt-core-0.2.0 against 1.99.0-beta.8+cargoflags=--release for beta-release-1.100-2
[INFO] extracting crate oafmt-core 0.2.0 into /workspace/builds/worker-5-tc1/source
[INFO] started tweaking crates.io crate oafmt-core 0.2.0
[INFO] removed 0 missing tests
[INFO] finished tweaking crates.io crate oafmt-core 0.2.0
[INFO] tweaked toml for crates.io crate oafmt-core 0.2.0 written to /workspace/builds/worker-5-tc1/source/Cargo.toml
[INFO] validating manifest of crates.io crate oafmt-core 0.2.0 on toolchain 1.99.0-beta.8
[INFO] running `Command { std: CARGO_HOME="/workspace/cargo-home" RUSTUP_HOME="/workspace/rustup-home" "/workspace/cargo-home/bin/cargo" "+1.99.0-beta.8" "metadata" "--manifest-path" "Cargo.toml" "--no-deps", kill_on_drop: false }`
[INFO] crate crates.io crate oafmt-core 0.2.0 already has a lockfile, it will not be regenerated
[INFO] running `Command { std: CARGO_HOME="/workspace/cargo-home" RUSTUP_HOME="/workspace/rustup-home" "/workspace/cargo-home/bin/cargo" "+1.99.0-beta.8" "fetch" "--manifest-path" "Cargo.toml", kill_on_drop: false }`
[INFO] [stderr]     Updating crates.io index
[INFO] [stderr]  Downloading crates ...
[INFO] [stderr]   Downloaded oafmt-oas v0.2.0
[INFO] [stderr]   Downloaded oafmt-syntax v0.2.0
[INFO] [stderr]   Downloaded yaml-edit v0.2.3
[INFO] running `Command { std: "docker" "create" "-v" "/var/lib/crater-agent-workspace/builds/worker-5-tc1/source:/opt/rustwide/workdir:ro,Z" "-v" "/var/lib/crater-agent-workspace/builds/worker-5-tc1/target:/opt/rustwide/target:rw,Z" "-v" "/var/lib/crater-agent-workspace/cargo-home:/opt/rustwide/cargo-home:ro,Z" "-v" "/var/lib/crater-agent-workspace/rustup-home:/opt/rustwide/rustup-home:ro,Z" "-m" "1610612736" "--network" "none" "ghcr.io/rust-lang/crates-build-env/linux@sha256:77db811e55d90add9212f6832c23229e3de5f1c1f9905e8cb07319ea15df73ac" "sleep" "infinity", kill_on_drop: false }`
[INFO] [stdout] f2fa5e96d6cbd776ba1e4d0c718a91dade73134b25f817e34deb67b00d725bb6
[INFO] running `Command { std: "docker" "start" "f2fa5e96d6cbd776ba1e4d0c718a91dade73134b25f817e34deb67b00d725bb6", kill_on_drop: false }`
[INFO] running `Command { std: "docker" "inspect" "f2fa5e96d6cbd776ba1e4d0c718a91dade73134b25f817e34deb67b00d725bb6", kill_on_drop: false }`
[INFO] running `Command { std: "docker" "exec" "-e" "SOURCE_DIR=/opt/rustwide/workdir" "-e" "CARGO_HOME=/opt/rustwide/cargo-home" "-e" "RUSTUP_HOME=/opt/rustwide/rustup-home" "-e" "CARGO_TARGET_DIR=/opt/rustwide/target" "-w" "/opt/rustwide/workdir" "--user" "0:0" "f2fa5e96d6cbd776ba1e4d0c718a91dade73134b25f817e34deb67b00d725bb6" "/opt/rustwide/cargo-home/bin/cargo" "+1.99.0-beta.8" "metadata" "--no-deps" "--format-version=1", kill_on_drop: false }`
[INFO] running `Command { std: "docker" "inspect" "f2fa5e96d6cbd776ba1e4d0c718a91dade73134b25f817e34deb67b00d725bb6", kill_on_drop: false }`
[INFO] running `Command { std: "docker" "exec" "-e" "SOURCE_DIR=/opt/rustwide/workdir" "-e" "CARGO_HOME=/opt/rustwide/cargo-home" "-e" "RUSTUP_HOME=/opt/rustwide/rustup-home" "-e" "CARGO_TARGET_DIR=/opt/rustwide/target" "-e" "CARGO_INCREMENTAL=0" "-e" "RUST_BACKTRACE=full" "-e" "RUSTFLAGS=--cap-lints=warn" "-e" "RUSTDOCFLAGS=--cap-lints=warn" "-w" "/opt/rustwide/workdir" "--user" "0:0" "f2fa5e96d6cbd776ba1e4d0c718a91dade73134b25f817e34deb67b00d725bb6" "/opt/rustwide/cargo-home/bin/cargo" "+1.99.0-beta.8" "build" "--frozen" "--message-format=json" "--release", kill_on_drop: false }`
[INFO] [stderr]    Compiling text-size v1.1.1
[INFO] [stderr]    Compiling hashbrown v0.14.5
[INFO] [stderr]    Compiling serde_json v1.0.151
[INFO] [stderr]    Compiling countme v3.0.1
[INFO] [stderr]    Compiling oafmt-oas v0.2.0
[INFO] [stderr]    Compiling rowan v0.16.1
[INFO] [stderr]    Compiling yaml-edit v0.2.3
[INFO] [stderr]    Compiling oafmt-syntax v0.2.0
[INFO] [stderr]    Compiling oafmt-core v0.2.0 (/opt/rustwide/workdir)
[INFO] [stderr]     Finished `release` profile [optimized] target(s) in 25.93s
[INFO] running `Command { std: "docker" "inspect" "f2fa5e96d6cbd776ba1e4d0c718a91dade73134b25f817e34deb67b00d725bb6", kill_on_drop: false }`
[INFO] running `Command { std: "docker" "exec" "-e" "SOURCE_DIR=/opt/rustwide/workdir" "-e" "CARGO_HOME=/opt/rustwide/cargo-home" "-e" "RUSTUP_HOME=/opt/rustwide/rustup-home" "-e" "CARGO_TARGET_DIR=/opt/rustwide/target" "-e" "CARGO_INCREMENTAL=0" "-e" "RUST_BACKTRACE=full" "-e" "RUSTFLAGS=--cap-lints=warn" "-e" "RUSTDOCFLAGS=--cap-lints=warn" "-w" "/opt/rustwide/workdir" "--user" "0:0" "f2fa5e96d6cbd776ba1e4d0c718a91dade73134b25f817e34deb67b00d725bb6" "/opt/rustwide/cargo-home/bin/cargo" "+1.99.0-beta.8" "test" "--frozen" "--no-run" "--message-format=json" "--release", kill_on_drop: false }`
[INFO] [stderr]    Compiling zerocopy v0.8.55
[INFO] [stderr]    Compiling toml_datetime v0.6.11
[INFO] [stderr]    Compiling serde_spanned v0.6.9
[INFO] [stderr]    Compiling serde_json v1.0.151
[INFO] [stderr]    Compiling crypto-common v0.1.7
[INFO] [stderr]    Compiling rand v0.9.5
[INFO] [stderr]    Compiling rand_xorshift v0.4.0
[INFO] [stderr]    Compiling unarray v0.1.4
[INFO] [stderr]    Compiling digest v0.10.7
[INFO] [stderr]    Compiling toml_edit v0.22.27
[INFO] [stderr]    Compiling sha2 v0.10.9
[INFO] [stderr]    Compiling oafmt-syntax v0.2.0
[INFO] [stderr]    Compiling oafmt-core v0.2.0 (/opt/rustwide/workdir)
[INFO] [stderr]    Compiling toml v0.8.23
[INFO] [stderr]    Compiling ppv-lite86 v0.2.21
[INFO] [stderr]    Compiling rand_chacha v0.9.0
[INFO] [stderr]    Compiling proptest v1.11.0
[INFO] [stderr]     Finished `release` profile [optimized] target(s) in 45.41s
[INFO] running `Command { std: "docker" "inspect" "f2fa5e96d6cbd776ba1e4d0c718a91dade73134b25f817e34deb67b00d725bb6", kill_on_drop: false }`
[INFO] running `Command { std: "docker" "exec" "-e" "SOURCE_DIR=/opt/rustwide/workdir" "-e" "CARGO_HOME=/opt/rustwide/cargo-home" "-e" "RUSTUP_HOME=/opt/rustwide/rustup-home" "-e" "CARGO_TARGET_DIR=/opt/rustwide/target" "-e" "CARGO_INCREMENTAL=0" "-e" "RUST_BACKTRACE=full" "-e" "RUSTFLAGS=--cap-lints=warn" "-e" "RUSTDOCFLAGS=--cap-lints=warn" "-w" "/opt/rustwide/workdir" "--user" "0:0" "f2fa5e96d6cbd776ba1e4d0c718a91dade73134b25f817e34deb67b00d725bb6" "/opt/rustwide/cargo-home/bin/cargo" "+1.99.0-beta.8" "test" "--frozen" "--release", kill_on_drop: false }`
[INFO] [stderr]     Finished `release` profile [optimized] target(s) in 0.12s
[INFO] [stderr]      Running unittests src/lib.rs (/opt/rustwide/target/release/deps/oafmt_core-8ad4feac0f08dc43)
[INFO] [stdout] 
[INFO] [stdout] running 0 tests
[INFO] [stdout] 
[INFO] [stdout] test result: ok. 0 passed; 0 failed; 0 ignored; 0 measured; 0 filtered out; finished in 0.00s
[INFO] [stdout] 
[INFO] [stderr]      Running tests/classification.rs (/opt/rustwide/target/release/deps/classification-3f51cdf9067c57ad)
[INFO] [stdout] 
[INFO] [stdout] running 7 tests
[INFO] [stdout] test oas30_reaches_objects_through_maps_and_sequences ... ok
[INFO] [stdout] test json_array_items_use_the_same_neutral_sequence_graph ... ok
[INFO] [stdout] test context_collisions_terminate_at_opaque_values ... ok
[INFO] [stdout] test unknown_response_keys_do_not_create_response_classification_collisions ... ok
[INFO] [stdout] test fixed_operation_methods_with_sequence_values_remain_unclassified_and_unchanged ... ok
[INFO] [stdout] test oas31_classifies_webhooks_and_json_schema_2020_12_children ... ok
[INFO] [stdout] test oas32_classifies_query_additional_operations_and_media_types ... ok
[INFO] [stdout] 
[INFO] [stdout] test result: ok. 7 passed; 0 failed; 0 ignored; 0 measured; 0 filtered out; finished in 0.01s
[INFO] [stdout] 
[INFO] [stderr]      Running tests/formatting.rs (/opt/rustwide/target/release/deps/formatting-c62f6761a1b94d92)
[INFO] [stdout] 
[INFO] [stdout] running 6 tests
[INFO] [stdout] test malformed_input_is_rejected_without_output ... ok
[INFO] [stdout] test anchors_and_non_string_keys_may_pass_unchanged_outside_an_actual_reorder ... ok
[INFO] [stdout] test unsafe_or_unsupported_inputs_fail_closed ... ok
[INFO] [stdout] test bom_crlf_unicode_and_no_final_newline_are_preserved ... ok
[INFO] [stdout] test json_number_lexemes_survive_root_and_operation_movement_exactly ... ok
[INFO] [stdout] test successful_fixtures_are_exact_deterministic_idempotent_and_lossless ... ok
[INFO] [stdout] 
[INFO] [stdout] test result: ok. 6 passed; 0 failed; 0 ignored; 0 measured; 0 filtered out; finished in 0.03s
[INFO] [stdout] 
[INFO] [stderr]      Running tests/preservation.rs (/opt/rustwide/target/release/deps/preservation-135d54ff53f74019)
[INFO] [stdout] 
[INFO] [stdout] running 2 tests
[INFO] [stdout] test unsafe_movement_and_unsupported_alias_syntax_are_classified_as_rejected ... ok
[INFO] [stdout] test successful_preservation_matrix_is_exact_deterministic_idempotent_and_semantic ... ok
[INFO] [stdout] 
[INFO] [stdout] test result: ok. 2 passed; 0 failed; 0 ignored; 0 measured; 0 filtered out; finished in 0.12s
[INFO] [stdout] 
[INFO] [stdout] 
[INFO] [stdout] running 6 tests
[INFO] [stderr]      Running tests/properties.rs (/opt/rustwide/target/release/deps/properties-d1fe60fb6e7b3731)
[INFO] [stdout] test json_31_properties ... ok
[INFO] [stdout] test json_30_properties ... ok
[INFO] [stdout] test json_32_properties ... ok
[INFO] [stdout] test yaml_30_properties ... ok
[INFO] [stdout] test yaml_31_properties ... ok
[INFO] [stdout] test yaml_32_properties ... ok
[INFO] [stdout] 
[INFO] [stdout] test result: ok. 6 passed; 0 failed; 0 ignored; 0 measured; 0 filtered out; finished in 2.15s
[INFO] [stdout] 
[INFO] [stderr]      Running tests/upstream_corpus.rs (/opt/rustwide/target/release/deps/upstream_corpus-2562037e4d19b6ba)
[INFO] [stdout] 
[INFO] [stdout] running 1 test
[INFO] [stdout] test pinned_manifest_and_executable_cases_are_complete_and_exact ... FAILED
[INFO] [stdout] 
[INFO] [stdout] failures:
[INFO] [stdout] 
[INFO] [stdout] ---- pinned_manifest_and_executable_cases_are_complete_and_exact stdout ----
[INFO] [stdout] 
[INFO] [stdout] thread 'pinned_manifest_and_executable_cases_are_complete_and_exact' (758) panicked at tests/upstream_corpus.rs:351:56:
[INFO] [stdout] manifest should be readable: Os { code: 2, kind: NotFound, message: "No such file or directory" }
[INFO] [stdout] stack backtrace:
[INFO] [stdout]    0:     0x5ec065798321 - <<std[70759c8f55707aa4]::sys::backtrace::BacktraceLock>::print::DisplayBacktrace as core[df12db4294e9bfd3]::fmt::Display>::fmt
[INFO] [stdout]    1:     0x5ec0657ae69a - core[df12db4294e9bfd3]::fmt::write
[INFO] [stdout]    2:     0x5ec06579caac - <alloc[2182bb758b4b3781]::vec::Vec<u8> as core[df12db4294e9bfd3]::io::write::Write>::write_fmt
[INFO] [stdout]    3:     0x5ec065773826 - std[70759c8f55707aa4]::panicking::default_hook::{closure#0}
[INFO] [stdout]    4:     0x5ec0657901e9 - std[70759c8f55707aa4]::panicking::default_hook
[INFO] [stdout]    5:     0x5ec0656ec000 - test[9d35eded1c95d3be]::test_main_inner::<test[9d35eded1c95d3be]::test_main_static::{closure#0}>::{closure#0}
[INFO] [stdout]    6:     0x5ec0657903a2 - std[70759c8f55707aa4]::panicking::panic_with_hook
[INFO] [stdout]    7:     0x5ec0657738d2 - std[70759c8f55707aa4]::panicking::panic_handler::{closure#0}
[INFO] [stdout]    8:     0x5ec06576c429 - std[70759c8f55707aa4]::sys::backtrace::__rust_end_short_backtrace::<std[70759c8f55707aa4]::panicking::panic_handler::{closure#0}, !>
[INFO] [stdout]    9:     0x5ec0657744cd - __rustc[8fa7c3cbc660c2b3]::rust_begin_unwind
[INFO] [stdout]   10:     0x5ec0657aedcc - core[df12db4294e9bfd3]::panicking::panic_fmt
[INFO] [stdout]   11:     0x5ec0657aeba2 - core[df12db4294e9bfd3]::result::unwrap_failed
[INFO] [stdout]   12:     0x5ec0656a3505 - <upstream_corpus[cd7789dcc55d5713]::pinned_manifest_and_executable_cases_are_complete_and_exact::{closure#0} as core[df12db4294e9bfd3]::ops::function::FnOnce<()>>::call_once
[INFO] [stdout]   13:     0x5ec0656df2eb - test[9d35eded1c95d3be]::__rust_begin_short_backtrace::<core[df12db4294e9bfd3]::result::Result<(), alloc[2182bb758b4b3781]::string::String>, fn() -> core[df12db4294e9bfd3]::result::Result<(), alloc[2182bb758b4b3781]::string::String>>
[INFO] [stdout]   14:     0x5ec0656ec955 - test[9d35eded1c95d3be]::run_test::{closure#0}
[INFO] [stdout]   15:     0x5ec0656e6214 - std[70759c8f55707aa4]::sys::backtrace::__rust_begin_short_backtrace::<test[9d35eded1c95d3be]::run_test::{closure#1}, ()>
[INFO] [stdout]   16:     0x5ec0656efab2 - <std[70759c8f55707aa4]::thread::lifecycle::spawn_unchecked<test[9d35eded1c95d3be]::run_test::{closure#1}, ()>::{closure#1} as core[df12db4294e9bfd3]::ops::function::FnOnce<()>>::call_once::{shim:vtable#0}
[INFO] [stdout]   17:     0x5ec065797569 - <std[70759c8f55707aa4]::sys::thread::unix::Thread>::new::thread_start
[INFO] [stdout]   18:     0x752c44455dfa - <unknown>
[INFO] [stdout]   19:     0x752c444e93d4 - clone
[INFO] [stdout]   20:                0x0 - <unknown>
[INFO] [stdout] 
[INFO] [stdout] 
[INFO] [stdout] failures:
[INFO] [stdout]     pinned_manifest_and_executable_cases_are_complete_and_exact
[INFO] [stdout] 
[INFO] [stdout] test result: FAILED. 0 passed; 1 failed; 0 ignored; 0 measured; 0 filtered out; finished in 0.00s
[INFO] [stdout] 
[INFO] [stderr] error: test failed, to rerun pass `--test upstream_corpus`
[INFO] running `Command { std: "docker" "inspect" "f2fa5e96d6cbd776ba1e4d0c718a91dade73134b25f817e34deb67b00d725bb6", kill_on_drop: false }`
[INFO] running `Command { std: "docker" "rm" "-f" "f2fa5e96d6cbd776ba1e4d0c718a91dade73134b25f817e34deb67b00d725bb6", kill_on_drop: false }`
[INFO] [stdout] f2fa5e96d6cbd776ba1e4d0c718a91dade73134b25f817e34deb67b00d725bb6
