[INFO] fetching crate oa-forge-emitter-valibot 0.2.1...
[INFO] testing oa-forge-emitter-valibot-0.2.1 against 1.99.0-beta.8+cargoflags=--release for beta-release-1.100-2
[INFO] extracting crate oa-forge-emitter-valibot 0.2.1 into /workspace/builds/worker-4-tc1/source
[INFO] started tweaking crates.io crate oa-forge-emitter-valibot 0.2.1
[INFO] removed 0 missing tests
[INFO] finished tweaking crates.io crate oa-forge-emitter-valibot 0.2.1
[INFO] tweaked toml for crates.io crate oa-forge-emitter-valibot 0.2.1 written to /workspace/builds/worker-4-tc1/source/Cargo.toml
[INFO] validating manifest of crates.io crate oa-forge-emitter-valibot 0.2.1 on toolchain 1.99.0-beta.8
[INFO] running `Command { std: CARGO_HOME="/workspace/cargo-home" RUSTUP_HOME="/workspace/rustup-home" "/workspace/cargo-home/bin/cargo" "+1.99.0-beta.8" "metadata" "--manifest-path" "Cargo.toml" "--no-deps", kill_on_drop: false }`
[INFO] crate crates.io crate oa-forge-emitter-valibot 0.2.1 already has a lockfile, it will not be regenerated
[INFO] running `Command { std: CARGO_HOME="/workspace/cargo-home" RUSTUP_HOME="/workspace/rustup-home" "/workspace/cargo-home/bin/cargo" "+1.99.0-beta.8" "fetch" "--manifest-path" "Cargo.toml", kill_on_drop: false }`
[INFO] [stderr]     Updating crates.io index
[INFO] [stderr]  Downloading crates ...
[INFO] [stderr]   Downloaded oa-forge-ir v0.2.1
[INFO] [stderr]   Downloaded oa-forge-parser v0.2.1
[INFO] [stderr]   Downloaded insta v1.46.3
[INFO] [stderr]   Downloaded tempfile v3.26.0
[INFO] running `Command { std: "docker" "create" "-v" "/var/lib/crater-agent-workspace/builds/worker-4-tc1/source:/opt/rustwide/workdir:ro,Z" "-v" "/var/lib/crater-agent-workspace/builds/worker-4-tc1/target:/opt/rustwide/target:rw,Z" "-v" "/var/lib/crater-agent-workspace/cargo-home:/opt/rustwide/cargo-home:ro,Z" "-v" "/var/lib/crater-agent-workspace/rustup-home:/opt/rustwide/rustup-home:ro,Z" "-m" "1610612736" "--network" "none" "ghcr.io/rust-lang/crates-build-env/linux@sha256:77db811e55d90add9212f6832c23229e3de5f1c1f9905e8cb07319ea15df73ac" "sleep" "infinity", kill_on_drop: false }`
[INFO] [stdout] 68344a4c674442abaddc02638366cd60c2ef6ea879132f069426233f6a6b2590
[INFO] running `Command { std: "docker" "start" "68344a4c674442abaddc02638366cd60c2ef6ea879132f069426233f6a6b2590", kill_on_drop: false }`
[INFO] running `Command { std: "docker" "inspect" "68344a4c674442abaddc02638366cd60c2ef6ea879132f069426233f6a6b2590", kill_on_drop: false }`
[INFO] running `Command { std: "docker" "exec" "-e" "SOURCE_DIR=/opt/rustwide/workdir" "-e" "CARGO_HOME=/opt/rustwide/cargo-home" "-e" "RUSTUP_HOME=/opt/rustwide/rustup-home" "-e" "CARGO_TARGET_DIR=/opt/rustwide/target" "-w" "/opt/rustwide/workdir" "--user" "0:0" "68344a4c674442abaddc02638366cd60c2ef6ea879132f069426233f6a6b2590" "/opt/rustwide/cargo-home/bin/cargo" "+1.99.0-beta.8" "metadata" "--no-deps" "--format-version=1", kill_on_drop: false }`
[INFO] running `Command { std: "docker" "inspect" "68344a4c674442abaddc02638366cd60c2ef6ea879132f069426233f6a6b2590", kill_on_drop: false }`
[INFO] running `Command { std: "docker" "exec" "-e" "SOURCE_DIR=/opt/rustwide/workdir" "-e" "CARGO_HOME=/opt/rustwide/cargo-home" "-e" "RUSTUP_HOME=/opt/rustwide/rustup-home" "-e" "CARGO_TARGET_DIR=/opt/rustwide/target" "-e" "CARGO_INCREMENTAL=0" "-e" "RUST_BACKTRACE=full" "-e" "RUSTFLAGS=--cap-lints=warn" "-e" "RUSTDOCFLAGS=--cap-lints=warn" "-w" "/opt/rustwide/workdir" "--user" "0:0" "68344a4c674442abaddc02638366cd60c2ef6ea879132f069426233f6a6b2590" "/opt/rustwide/cargo-home/bin/cargo" "+1.99.0-beta.8" "build" "--frozen" "--message-format=json" "--release", kill_on_drop: false }`
[INFO] [stderr]    Compiling syn v2.0.117
[INFO] [stderr]    Compiling indexmap v2.13.0
[INFO] [stderr]    Compiling serde_json v1.0.149
[INFO] [stderr]    Compiling serde_derive v1.0.228
[INFO] [stderr]    Compiling thiserror-impl v2.0.18
[INFO] [stderr]    Compiling thiserror v2.0.18
[INFO] [stderr]    Compiling serde v1.0.228
[INFO] [stderr]    Compiling serde_yaml v0.9.34+deprecated
[INFO] [stderr]    Compiling oa-forge-parser v0.2.1
[INFO] [stderr]    Compiling oa-forge-ir v0.2.1
[INFO] [stderr]    Compiling oa-forge-emitter-valibot v0.2.1 (/opt/rustwide/workdir)
[INFO] [stderr]     Finished `release` profile [optimized] target(s) in 6.86s
[INFO] running `Command { std: "docker" "inspect" "68344a4c674442abaddc02638366cd60c2ef6ea879132f069426233f6a6b2590", kill_on_drop: false }`
[INFO] running `Command { std: "docker" "exec" "-e" "SOURCE_DIR=/opt/rustwide/workdir" "-e" "CARGO_HOME=/opt/rustwide/cargo-home" "-e" "RUSTUP_HOME=/opt/rustwide/rustup-home" "-e" "CARGO_TARGET_DIR=/opt/rustwide/target" "-e" "CARGO_INCREMENTAL=0" "-e" "RUST_BACKTRACE=full" "-e" "RUSTFLAGS=--cap-lints=warn" "-e" "RUSTDOCFLAGS=--cap-lints=warn" "-w" "/opt/rustwide/workdir" "--user" "0:0" "68344a4c674442abaddc02638366cd60c2ef6ea879132f069426233f6a6b2590" "/opt/rustwide/cargo-home/bin/cargo" "+1.99.0-beta.8" "test" "--frozen" "--no-run" "--message-format=json" "--release", kill_on_drop: false }`
[INFO] [stderr]    Compiling libc v0.2.183
[INFO] [stderr]    Compiling bitflags v2.11.0
[INFO] [stderr]    Compiling similar v2.7.0
[INFO] [stderr]    Compiling rustix v1.1.4
[INFO] [stderr]    Compiling getrandom v0.4.2
[INFO] [stderr]    Compiling console v0.15.11
[INFO] [stderr]    Compiling tempfile v3.26.0
[INFO] [stderr]    Compiling insta v1.46.3
[INFO] [stderr]    Compiling oa-forge-emitter-valibot v0.2.1 (/opt/rustwide/workdir)
[INFO] [stderr]     Finished `release` profile [optimized] target(s) in 4.50s
[INFO] running `Command { std: "docker" "inspect" "68344a4c674442abaddc02638366cd60c2ef6ea879132f069426233f6a6b2590", kill_on_drop: false }`
[INFO] running `Command { std: "docker" "exec" "-e" "SOURCE_DIR=/opt/rustwide/workdir" "-e" "CARGO_HOME=/opt/rustwide/cargo-home" "-e" "RUSTUP_HOME=/opt/rustwide/rustup-home" "-e" "CARGO_TARGET_DIR=/opt/rustwide/target" "-e" "CARGO_INCREMENTAL=0" "-e" "RUST_BACKTRACE=full" "-e" "RUSTFLAGS=--cap-lints=warn" "-e" "RUSTDOCFLAGS=--cap-lints=warn" "-w" "/opt/rustwide/workdir" "--user" "0:0" "68344a4c674442abaddc02638366cd60c2ef6ea879132f069426233f6a6b2590" "/opt/rustwide/cargo-home/bin/cargo" "+1.99.0-beta.8" "test" "--frozen" "--release", kill_on_drop: false }`
[INFO] [stderr]     Finished `release` profile [optimized] target(s) in 0.03s
[INFO] [stderr]      Running unittests src/lib.rs (/opt/rustwide/target/release/deps/oa_forge_emitter_valibot-13d2bf485d99f631)
[INFO] [stdout] 
[INFO] [stdout] running 0 tests
[INFO] [stdout] 
[INFO] [stdout] test result: ok. 0 passed; 0 failed; 0 ignored; 0 measured; 0 filtered out; finished in 0.00s
[INFO] [stdout] 
[INFO] [stderr]      Running tests/snapshots.rs (/opt/rustwide/target/release/deps/snapshots-c2cd5f07fba3202c)
[INFO] [stdout] 
[INFO] [stdout] running 14 tests
[INFO] [stdout] test snapshot_additional_props_valibot ... FAILED
[INFO] [stdout] test snapshot_allof_conflict_valibot ... FAILED
[INFO] [stdout] test snapshot_anyof_plain_valibot ... FAILED
[INFO] [stdout] test snapshot_coverage_gaps_valibot ... FAILED
[INFO] [stdout] test snapshot_edge_cases_valibot ... FAILED
[INFO] [stdout] test snapshot_error_responses_valibot ... FAILED
[INFO] [stdout] test snapshot_header_cookie_params_valibot ... FAILED
[INFO] [stdout] test snapshot_inline_schemas_valibot ... FAILED
[INFO] [stdout] test snapshot_multipart_paginated_valibot ... FAILED
[INFO] [stdout] test snapshot_large_scale_valibot ... FAILED
[INFO] [stdout] test snapshot_oneof_discriminator_valibot ... FAILED
[INFO] [stdout] test snapshot_openapi31_valibot ... FAILED
[INFO] [stdout] test snapshot_petstore_valibot ... FAILED
[INFO] [stdout] test snapshot_reserved_keywords_valibot ... FAILED
[INFO] [stdout] 
[INFO] [stdout] failures:
[INFO] [stdout] 
[INFO] [stdout] ---- snapshot_additional_props_valibot stdout ----
[INFO] [stdout] 
[INFO] [stdout] thread 'snapshot_additional_props_valibot' (590) panicked at tests/snapshots.rs:7:51:
[INFO] [stdout] called `Result::unwrap()` on an `Err` value: FileRead { path: "/opt/rustwide/workdir/../../tests/fixtures/additional-props.yaml", source: Os { code: 2, kind: NotFound, message: "No such file or directory" } }
[INFO] [stdout] stack backtrace:
[INFO] [stderr] error: test failed, to rerun pass `--test snapshots`
[INFO] [stdout]    0:     0x61bd71f883d1 - <<std[70759c8f55707aa4]::sys::backtrace::BacktraceLock>::print::DisplayBacktrace as core[df12db4294e9bfd3]::fmt::Display>::fmt
[INFO] [stdout]    1:     0x61bd71f9f1fa - core[df12db4294e9bfd3]::fmt::write
[INFO] [stdout]    2:     0x61bd71f8cddc - <alloc[2182bb758b4b3781]::vec::Vec<u8> as core[df12db4294e9bfd3]::io::write::Write>::write_fmt
[INFO] [stdout]    3:     0x61bd71f61706 - std[70759c8f55707aa4]::panicking::default_hook::{closure#0}
[INFO] [stdout]    4:     0x61bd71f7f5c9 - std[70759c8f55707aa4]::panicking::default_hook
[INFO] [stdout]    5:     0x61bd71f192d0 - test[9d35eded1c95d3be]::test_main_inner::<test[9d35eded1c95d3be]::test_main_static::{closure#0}>::{closure#0}
[INFO] [stdout]    6:     0x61bd71f7f782 - std[70759c8f55707aa4]::panicking::panic_with_hook
[INFO] [stdout]    7:     0x61bd71f617b2 - std[70759c8f55707aa4]::panicking::panic_handler::{closure#0}
[INFO] [stdout]    8:     0x61bd71f5a059 - std[70759c8f55707aa4]::sys::backtrace::__rust_end_short_backtrace::<std[70759c8f55707aa4]::panicking::panic_handler::{closure#0}, !>
[INFO] [stdout]    9:     0x61bd71f6244d - __rustc[8fa7c3cbc660c2b3]::rust_begin_unwind
[INFO] [stdout]   10:     0x61bd71f9f95c - core[df12db4294e9bfd3]::panicking::panic_fmt
[INFO] [stdout]   11:     0x61bd71f9f732 - core[df12db4294e9bfd3]::result::unwrap_failed
[INFO] [stdout]   12:     0x61bd71df8315 - snapshots[dbb5dda74c30e63a]::run_pipeline
[INFO] [stdout]   13:     0x61bd71df9868 - <snapshots[dbb5dda74c30e63a]::snapshot_additional_props_valibot::{closure#0} as core[df12db4294e9bfd3]::ops::function::FnOnce<()>>::call_once
[INFO] [stdout]   14:     0x61bd71f0c5bb - test[9d35eded1c95d3be]::__rust_begin_short_backtrace::<core[df12db4294e9bfd3]::result::Result<(), alloc[2182bb758b4b3781]::string::String>, fn() -> core[df12db4294e9bfd3]::result::Result<(), alloc[2182bb758b4b3781]::string::String>>
[INFO] [stdout]   15:     0x61bd71f19c25 - test[9d35eded1c95d3be]::run_test::{closure#0}
[INFO] [stdout]   16:     0x61bd71f134e4 - std[70759c8f55707aa4]::sys::backtrace::__rust_begin_short_backtrace::<test[9d35eded1c95d3be]::run_test::{closure#1}, ()>
[INFO] [stdout]   17:     0x61bd71f1cd82 - <std[70759c8f55707aa4]::thread::lifecycle::spawn_unchecked<test[9d35eded1c95d3be]::run_test::{closure#1}, ()>::{closure#1} as core[df12db4294e9bfd3]::ops::function::FnOnce<()>>::call_once::{shim:vtable#0}
[INFO] [stdout]   18:     0x61bd71f873f9 - <std[70759c8f55707aa4]::sys::thread::unix::Thread>::new::thread_start
[INFO] [stdout]   19:     0x731ab04b6dfa - <unknown>
[INFO] [stdout]   20:     0x731ab054a3d4 - clone
[INFO] [stdout]   21:                0x0 - <unknown>
[INFO] [stdout] 
[INFO] [stdout] ---- snapshot_allof_conflict_valibot stdout ----
[INFO] [stdout] 
[INFO] [stdout] thread 'snapshot_allof_conflict_valibot' (591) panicked at tests/snapshots.rs:7:51:
[INFO] [stdout] called `Result::unwrap()` on an `Err` value: FileRead { path: "/opt/rustwide/workdir/../../tests/fixtures/allof-conflict.yaml", source: Os { code: 2, kind: NotFound, message: "No such file or directory" } }
[INFO] [stdout] stack backtrace:
[INFO] [stdout]    0:     0x61bd71f883d1 - <<std[70759c8f55707aa4]::sys::backtrace::BacktraceLock>::print::DisplayBacktrace as core[df12db4294e9bfd3]::fmt::Display>::fmt
[INFO] [stdout]    1:     0x61bd71f9f1fa - core[df12db4294e9bfd3]::fmt::write
[INFO] [stdout]    2:     0x61bd71f8cddc - <alloc[2182bb758b4b3781]::vec::Vec<u8> as core[df12db4294e9bfd3]::io::write::Write>::write_fmt
[INFO] [stdout]    3:     0x61bd71f61706 - std[70759c8f55707aa4]::panicking::default_hook::{closure#0}
[INFO] [stdout]    4:     0x61bd71f7f5c9 - std[70759c8f55707aa4]::panicking::default_hook
[INFO] [stdout]    5:     0x61bd71f192d0 - test[9d35eded1c95d3be]::test_main_inner::<test[9d35eded1c95d3be]::test_main_static::{closure#0}>::{closure#0}
[INFO] [stdout]    6:     0x61bd71f7f782 - std[70759c8f55707aa4]::panicking::panic_with_hook
[INFO] [stdout]    7:     0x61bd71f617b2 - std[70759c8f55707aa4]::panicking::panic_handler::{closure#0}
[INFO] [stdout]    8:     0x61bd71f5a059 - std[70759c8f55707aa4]::sys::backtrace::__rust_end_short_backtrace::<std[70759c8f55707aa4]::panicking::panic_handler::{closure#0}, !>
[INFO] [stdout]    9:     0x61bd71f6244d - __rustc[8fa7c3cbc660c2b3]::rust_begin_unwind
[INFO] [stdout]   10:     0x61bd71f9f95c - core[df12db4294e9bfd3]::panicking::panic_fmt
[INFO] [stdout]   11:     0x61bd71f9f732 - core[df12db4294e9bfd3]::result::unwrap_failed
[INFO] [stdout]   12:     0x61bd71df8315 - snapshots[dbb5dda74c30e63a]::run_pipeline
[INFO] [stdout]   13:     0x61bd71df9268 - <snapshots[dbb5dda74c30e63a]::snapshot_allof_conflict_valibot::{closure#0} as core[df12db4294e9bfd3]::ops::function::FnOnce<()>>::call_once
[INFO] [stdout]   14:     0x61bd71f0c5bb - test[9d35eded1c95d3be]::__rust_begin_short_backtrace::<core[df12db4294e9bfd3]::result::Result<(), alloc[2182bb758b4b3781]::string::String>, fn() -> core[df12db4294e9bfd3]::result::Result<(), alloc[2182bb758b4b3781]::string::String>>
[INFO] [stdout]   15:     0x61bd71f19c25 - test[9d35eded1c95d3be]::run_test::{closure#0}
[INFO] [stdout]   16:     0x61bd71f134e4 - std[70759c8f55707aa4]::sys::backtrace::__rust_begin_short_backtrace::<test[9d35eded1c95d3be]::run_test::{closure#1}, ()>
[INFO] [stdout]   17:     0x61bd71f1cd82 - <std[70759c8f55707aa4]::thread::lifecycle::spawn_unchecked<test[9d35eded1c95d3be]::run_test::{closure#1}, ()>::{closure#1} as core[df12db4294e9bfd3]::ops::function::FnOnce<()>>::call_once::{shim:vtable#0}
[INFO] [stdout]   18:     0x61bd71f873f9 - <std[70759c8f55707aa4]::sys::thread::unix::Thread>::new::thread_start
[INFO] [stdout]   19:     0x731ab04b6dfa - <unknown>
[INFO] [stdout]   20:     0x731ab054a3d4 - clone
[INFO] [stdout]   21:                0x0 - <unknown>
[INFO] [stdout] 
[INFO] [stdout] ---- snapshot_anyof_plain_valibot stdout ----
[INFO] [stdout] 
[INFO] [stdout] thread 'snapshot_anyof_plain_valibot' (592) panicked at tests/snapshots.rs:7:51:
[INFO] [stdout] called `Result::unwrap()` on an `Err` value: FileRead { path: "/opt/rustwide/workdir/../../tests/fixtures/anyof-plain.yaml", source: Os { code: 2, kind: NotFound, message: "No such file or directory" } }
[INFO] [stdout] stack backtrace:
[INFO] [stdout]    0:     0x61bd71f883d1 - <<std[70759c8f55707aa4]::sys::backtrace::BacktraceLock>::print::DisplayBacktrace as core[df12db4294e9bfd3]::fmt::Display>::fmt
[INFO] [stdout]    1:     0x61bd71f9f1fa - core[df12db4294e9bfd3]::fmt::write
[INFO] [stdout]    2:     0x61bd71f8cddc - <alloc[2182bb758b4b3781]::vec::Vec<u8> as core[df12db4294e9bfd3]::io::write::Write>::write_fmt
[INFO] [stdout]    3:     0x61bd71f61706 - std[70759c8f55707aa4]::panicking::default_hook::{closure#0}
[INFO] [stdout]    4:     0x61bd71f7f5c9 - std[70759c8f55707aa4]::panicking::default_hook
[INFO] [stdout]    5:     0x61bd71f192d0 - test[9d35eded1c95d3be]::test_main_inner::<test[9d35eded1c95d3be]::test_main_static::{closure#0}>::{closure#0}
[INFO] [stdout]    6:     0x61bd71f7f782 - std[70759c8f55707aa4]::panicking::panic_with_hook
[INFO] [stdout]    7:     0x61bd71f617b2 - std[70759c8f55707aa4]::panicking::panic_handler::{closure#0}
[INFO] [stdout]    8:     0x61bd71f5a059 - std[70759c8f55707aa4]::sys::backtrace::__rust_end_short_backtrace::<std[70759c8f55707aa4]::panicking::panic_handler::{closure#0}, !>
[INFO] [stdout]    9:     0x61bd71f6244d - __rustc[8fa7c3cbc660c2b3]::rust_begin_unwind
[INFO] [stdout]   10:     0x61bd71f9f95c - core[df12db4294e9bfd3]::panicking::panic_fmt
[INFO] [stdout]   11:     0x61bd71f9f732 - core[df12db4294e9bfd3]::result::unwrap_failed
[INFO] [stdout]   12:     0x61bd71df8315 - snapshots[dbb5dda74c30e63a]::run_pipeline
[INFO] [stdout]   13:     0x61bd71df8c68 - <snapshots[dbb5dda74c30e63a]::snapshot_anyof_plain_valibot::{closure#0} as core[df12db4294e9bfd3]::ops::function::FnOnce<()>>::call_once
[INFO] [stdout]   14:     0x61bd71f0c5bb - test[9d35eded1c95d3be]::__rust_begin_short_backtrace::<core[df12db4294e9bfd3]::result::Result<(), alloc[2182bb758b4b3781]::string::String>, fn() -> core[df12db4294e9bfd3]::result::Result<(), alloc[2182bb758b4b3781]::string::String>>
[INFO] [stdout]   15:     0x61bd71f19c25 - test[9d35eded1c95d3be]::run_test::{closure#0}
[INFO] [stdout]   16:     0x61bd71f134e4 - std[70759c8f55707aa4]::sys::backtrace::__rust_begin_short_backtrace::<test[9d35eded1c95d3be]::run_test::{closure#1}, ()>
[INFO] [stdout]   17:     0x61bd71f1cd82 - <std[70759c8f55707aa4]::thread::lifecycle::spawn_unchecked<test[9d35eded1c95d3be]::run_test::{closure#1}, ()>::{closure#1} as core[df12db4294e9bfd3]::ops::function::FnOnce<()>>::call_once::{shim:vtable#0}
[INFO] [stdout]   18:     0x61bd71f873f9 - <std[70759c8f55707aa4]::sys::thread::unix::Thread>::new::thread_start
[INFO] [stdout]   19:     0x731ab04b6dfa - <unknown>
[INFO] [stdout]   20:     0x731ab054a3d4 - clone
[INFO] [stdout]   21:                0x0 - <unknown>
[INFO] [stdout] 
[INFO] [stdout] ---- snapshot_coverage_gaps_valibot stdout ----
[INFO] [stdout] 
[INFO] [stdout] thread 'snapshot_coverage_gaps_valibot' (593) panicked at tests/snapshots.rs:7:51:
[INFO] [stdout] called `Result::unwrap()` on an `Err` value: FileRead { path: "/opt/rustwide/workdir/../../tests/fixtures/coverage-gaps.yaml", source: Os { code: 2, kind: NotFound, message: "No such file or directory" } }
[INFO] [stdout] stack backtrace:
[INFO] [stdout]    0:     0x61bd71f883d1 - <<std[70759c8f55707aa4]::sys::backtrace::BacktraceLock>::print::DisplayBacktrace as core[df12db4294e9bfd3]::fmt::Display>::fmt
[INFO] [stdout]    1:     0x61bd71f9f1fa - core[df12db4294e9bfd3]::fmt::write
[INFO] [stdout]    2:     0x61bd71f8cddc - <alloc[2182bb758b4b3781]::vec::Vec<u8> as core[df12db4294e9bfd3]::io::write::Write>::write_fmt
[INFO] [stdout]    3:     0x61bd71f61706 - std[70759c8f55707aa4]::panicking::default_hook::{closure#0}
[INFO] [stdout]    4:     0x61bd71f7f5c9 - std[70759c8f55707aa4]::panicking::default_hook
[INFO] [stdout]    5:     0x61bd71f192d0 - test[9d35eded1c95d3be]::test_main_inner::<test[9d35eded1c95d3be]::test_main_static::{closure#0}>::{closure#0}
[INFO] [stdout]    6:     0x61bd71f7f782 - std[70759c8f55707aa4]::panicking::panic_with_hook
[INFO] [stdout]    7:     0x61bd71f617b2 - std[70759c8f55707aa4]::panicking::panic_handler::{closure#0}
[INFO] [stdout]    8:     0x61bd71f5a059 - std[70759c8f55707aa4]::sys::backtrace::__rust_end_short_backtrace::<std[70759c8f55707aa4]::panicking::panic_handler::{closure#0}, !>
[INFO] [stdout]    9:     0x61bd71f6244d - __rustc[8fa7c3cbc660c2b3]::rust_begin_unwind
[INFO] [stdout]   10:     0x61bd71f9f95c - core[df12db4294e9bfd3]::panicking::panic_fmt
[INFO] [stdout]   11:     0x61bd71f9f732 - core[df12db4294e9bfd3]::result::unwrap_failed
[INFO] [stdout]   12:     0x61bd71df8315 - snapshots[dbb5dda74c30e63a]::run_pipeline
[INFO] [stdout]   13:     0x61bd71df9068 - <snapshots[dbb5dda74c30e63a]::snapshot_coverage_gaps_valibot::{closure#0} as core[df12db4294e9bfd3]::ops::function::FnOnce<()>>::call_once
[INFO] [stdout]   14:     0x61bd71f0c5bb - test[9d35eded1c95d3be]::__rust_begin_short_backtrace::<core[df12db4294e9bfd3]::result::Result<(), alloc[2182bb758b4b3781]::string::String>, fn() -> core[df12db4294e9bfd3]::result::Result<(), alloc[2182bb758b4b3781]::string::String>>
[INFO] [stdout]   15:     0x61bd71f19c25 - test[9d35eded1c95d3be]::run_test::{closure#0}
[INFO] [stdout]   16:     0x61bd71f134e4 - std[70759c8f55707aa4]::sys::backtrace::__rust_begin_short_backtrace::<test[9d35eded1c95d3be]::run_test::{closure#1}, ()>
[INFO] [stdout]   17:     0x61bd71f1cd82 - <std[70759c8f55707aa4]::thread::lifecycle::spawn_unchecked<test[9d35eded1c95d3be]::run_test::{closure#1}, ()>::{closure#1} as core[df12db4294e9bfd3]::ops::function::FnOnce<()>>::call_once::{shim:vtable#0}
[INFO] [stdout]   18:     0x61bd71f873f9 - <std[70759c8f55707aa4]::sys::thread::unix::Thread>::new::thread_start
[INFO] [stdout]   19:     0x731ab04b6dfa - <unknown>
[INFO] [stdout]   20:     0x731ab054a3d4 - clone
[INFO] [stdout]   21:                0x0 - <unknown>
[INFO] [stdout] 
[INFO] [stdout] ---- snapshot_edge_cases_valibot stdout ----
[INFO] [stdout] 
[INFO] [stdout] thread 'snapshot_edge_cases_valibot' (594) panicked at tests/snapshots.rs:7:51:
[INFO] [stdout] called `Result::unwrap()` on an `Err` value: FileRead { path: "/opt/rustwide/workdir/../../tests/fixtures/edge-cases.yaml", source: Os { code: 2, kind: NotFound, message: "No such file or directory" } }
[INFO] [stdout] stack backtrace:
[INFO] [stdout]    0:     0x61bd71f883d1 - <<std[70759c8f55707aa4]::sys::backtrace::BacktraceLock>::print::DisplayBacktrace as core[df12db4294e9bfd3]::fmt::Display>::fmt
[INFO] [stdout]    1:     0x61bd71f9f1fa - core[df12db4294e9bfd3]::fmt::write
[INFO] [stdout]    2:     0x61bd71f8cddc - <alloc[2182bb758b4b3781]::vec::Vec<u8> as core[df12db4294e9bfd3]::io::write::Write>::write_fmt
[INFO] [stdout]    3:     0x61bd71f61706 - std[70759c8f55707aa4]::panicking::default_hook::{closure#0}
[INFO] [stdout]    4:     0x61bd71f7f5c9 - std[70759c8f55707aa4]::panicking::default_hook
[INFO] [stdout]    5:     0x61bd71f192d0 - test[9d35eded1c95d3be]::test_main_inner::<test[9d35eded1c95d3be]::test_main_static::{closure#0}>::{closure#0}
[INFO] [stdout]    6:     0x61bd71f7f782 - std[70759c8f55707aa4]::panicking::panic_with_hook
[INFO] [stdout]    7:     0x61bd71f617b2 - std[70759c8f55707aa4]::panicking::panic_handler::{closure#0}
[INFO] [stdout]    8:     0x61bd71f5a059 - std[70759c8f55707aa4]::sys::backtrace::__rust_end_short_backtrace::<std[70759c8f55707aa4]::panicking::panic_handler::{closure#0}, !>
[INFO] [stdout]    9:     0x61bd71f6244d - __rustc[8fa7c3cbc660c2b3]::rust_begin_unwind
[INFO] [stdout]   10:     0x61bd71f9f95c - core[df12db4294e9bfd3]::panicking::panic_fmt
[INFO] [stdout]   11:     0x61bd71f9f732 - core[df12db4294e9bfd3]::result::unwrap_failed
[INFO] [stdout]   12:     0x61bd71df8315 - snapshots[dbb5dda74c30e63a]::run_pipeline
[INFO] [stdout]   13:     0x61bd71df8a68 - <snapshots[dbb5dda74c30e63a]::snapshot_edge_cases_valibot::{closure#0} as core[df12db4294e9bfd3]::ops::function::FnOnce<()>>::call_once
[INFO] [stdout]   14:     0x61bd71f0c5bb - test[9d35eded1c95d3be]::__rust_begin_short_backtrace::<core[df12db4294e9bfd3]::result::Result<(), alloc[2182bb758b4b3781]::string::String>, fn() -> core[df12db4294e9bfd3]::result::Result<(), alloc[2182bb758b4b3781]::string::String>>
[INFO] [stdout]   15:     0x61bd71f19c25 - test[9d35eded1c95d3be]::run_test::{closure#0}
[INFO] [stdout]   16:     0x61bd71f134e4 - std[70759c8f55707aa4]::sys::backtrace::__rust_begin_short_backtrace::<test[9d35eded1c95d3be]::run_test::{closure#1}, ()>
[INFO] [stdout]   17:     0x61bd71f1cd82 - <std[70759c8f55707aa4]::thread::lifecycle::spawn_unchecked<test[9d35eded1c95d3be]::run_test::{closure#1}, ()>::{closure#1} as core[df12db4294e9bfd3]::ops::function::FnOnce<()>>::call_once::{shim:vtable#0}
[INFO] [stdout]   18:     0x61bd71f873f9 - <std[70759c8f55707aa4]::sys::thread::unix::Thread>::new::thread_start
[INFO] [stdout]   19:     0x731ab04b6dfa - <unknown>
[INFO] [stdout]   20:     0x731ab054a3d4 - clone
[INFO] [stdout]   21:                0x0 - <unknown>
[INFO] [stdout] 
[INFO] [stdout] ---- snapshot_error_responses_valibot stdout ----
[INFO] [stdout] 
[INFO] [stdout] thread 'snapshot_error_responses_valibot' (595) panicked at tests/snapshots.rs:7:51:
[INFO] [stdout] called `Result::unwrap()` on an `Err` value: FileRead { path: "/opt/rustwide/workdir/../../tests/fixtures/error-responses.yaml", source: Os { code: 2, kind: NotFound, message: "No such file or directory" } }
[INFO] [stdout] stack backtrace:
[INFO] [stdout]    0:     0x61bd71f883d1 - <<std[70759c8f55707aa4]::sys::backtrace::BacktraceLock>::print::DisplayBacktrace as core[df12db4294e9bfd3]::fmt::Display>::fmt
[INFO] [stdout]    1:     0x61bd71f9f1fa - core[df12db4294e9bfd3]::fmt::write
[INFO] [stdout]    2:     0x61bd71f8cddc - <alloc[2182bb758b4b3781]::vec::Vec<u8> as core[df12db4294e9bfd3]::io::write::Write>::write_fmt
[INFO] [stdout]    3:     0x61bd71f61706 - std[70759c8f55707aa4]::panicking::default_hook::{closure#0}
[INFO] [stdout]    4:     0x61bd71f7f5c9 - std[70759c8f55707aa4]::panicking::default_hook
[INFO] [stdout]    5:     0x61bd71f192d0 - test[9d35eded1c95d3be]::test_main_inner::<test[9d35eded1c95d3be]::test_main_static::{closure#0}>::{closure#0}
[INFO] [stdout]    6:     0x61bd71f7f782 - std[70759c8f55707aa4]::panicking::panic_with_hook
[INFO] [stdout]    7:     0x61bd71f617b2 - std[70759c8f55707aa4]::panicking::panic_handler::{closure#0}
[INFO] [stdout]    8:     0x61bd71f5a059 - std[70759c8f55707aa4]::sys::backtrace::__rust_end_short_backtrace::<std[70759c8f55707aa4]::panicking::panic_handler::{closure#0}, !>
[INFO] [stdout]    9:     0x61bd71f6244d - __rustc[8fa7c3cbc660c2b3]::rust_begin_unwind
[INFO] [stdout]   10:     0x61bd71f9f95c - core[df12db4294e9bfd3]::panicking::panic_fmt
[INFO] [stdout]   11:     0x61bd71f9f732 - core[df12db4294e9bfd3]::result::unwrap_failed
[INFO] [stdout]   12:     0x61bd71df8315 - snapshots[dbb5dda74c30e63a]::run_pipeline
[INFO] [stdout]   13:     0x61bd71df9668 - <snapshots[dbb5dda74c30e63a]::snapshot_error_responses_valibot::{closure#0} as core[df12db4294e9bfd3]::ops::function::FnOnce<()>>::call_once
[INFO] [stdout]   14:     0x61bd71f0c5bb - test[9d35eded1c95d3be]::__rust_begin_short_backtrace::<core[df12db4294e9bfd3]::result::Result<(), alloc[2182bb758b4b3781]::string::String>, fn() -> core[df12db4294e9bfd3]::result::Result<(), alloc[2182bb758b4b3781]::string::String>>
[INFO] [stdout]   15:     0x61bd71f19c25 - test[9d35eded1c95d3be]::run_test::{closure#0}
[INFO] [stdout]   16:     0x61bd71f134e4 - std[70759c8f55707aa4]::sys::backtrace::__rust_begin_short_backtrace::<test[9d35eded1c95d3be]::run_test::{closure#1}, ()>
[INFO] [stdout]   17:     0x61bd71f1cd82 - <std[70759c8f55707aa4]::thread::lifecycle::spawn_unchecked<test[9d35eded1c95d3be]::run_test::{closure#1}, ()>::{closure#1} as core[df12db4294e9bfd3]::ops::function::FnOnce<()>>::call_once::{shim:vtable#0}
[INFO] [stdout]   18:     0x61bd71f873f9 - <std[70759c8f55707aa4]::sys::thread::unix::Thread>::new::thread_start
[INFO] [stdout]   19:     0x731ab04b6dfa - <unknown>
[INFO] [stdout]   20:     0x731ab054a3d4 - clone
[INFO] [stdout]   21:                0x0 - <unknown>
[INFO] [stdout] 
[INFO] [stdout] ---- snapshot_header_cookie_params_valibot stdout ----
[INFO] [stdout] 
[INFO] [stdout] thread 'snapshot_header_cookie_params_valibot' (596) panicked at tests/snapshots.rs:7:51:
[INFO] [stdout] called `Result::unwrap()` on an `Err` value: FileRead { path: "/opt/rustwide/workdir/../../tests/fixtures/header-cookie-params.yaml", source: Os { code: 2, kind: NotFound, message: "No such file or directory" } }
[INFO] [stdout] stack backtrace:
[INFO] [stdout]    0:     0x61bd71f883d1 - <<std[70759c8f55707aa4]::sys::backtrace::BacktraceLock>::print::DisplayBacktrace as core[df12db4294e9bfd3]::fmt::Display>::fmt
[INFO] [stdout]    1:     0x61bd71f9f1fa - core[df12db4294e9bfd3]::fmt::write
[INFO] [stdout]    2:     0x61bd71f8cddc - <alloc[2182bb758b4b3781]::vec::Vec<u8> as core[df12db4294e9bfd3]::io::write::Write>::write_fmt
[INFO] [stdout]    3:     0x61bd71f61706 - std[70759c8f55707aa4]::panicking::default_hook::{closure#0}
[INFO] [stdout]    4:     0x61bd71f7f5c9 - std[70759c8f55707aa4]::panicking::default_hook
[INFO] [stdout]    5:     0x61bd71f192d0 - test[9d35eded1c95d3be]::test_main_inner::<test[9d35eded1c95d3be]::test_main_static::{closure#0}>::{closure#0}
[INFO] [stdout]    6:     0x61bd71f7f782 - std[70759c8f55707aa4]::panicking::panic_with_hook
[INFO] [stdout]    7:     0x61bd71f617b2 - std[70759c8f55707aa4]::panicking::panic_handler::{closure#0}
[INFO] [stdout]    8:     0x61bd71f5a059 - std[70759c8f55707aa4]::sys::backtrace::__rust_end_short_backtrace::<std[70759c8f55707aa4]::panicking::panic_handler::{closure#0}, !>
[INFO] [stdout]    9:     0x61bd71f6244d - __rustc[8fa7c3cbc660c2b3]::rust_begin_unwind
[INFO] [stdout]   10:     0x61bd71f9f95c - core[df12db4294e9bfd3]::panicking::panic_fmt
[INFO] [stdout]   11:     0x61bd71f9f732 - core[df12db4294e9bfd3]::result::unwrap_failed
[INFO] [stdout]   12:     0x61bd71df8315 - snapshots[dbb5dda74c30e63a]::run_pipeline
[INFO] [stdout]   13:     0x61bd71dfa068 - <snapshots[dbb5dda74c30e63a]::snapshot_header_cookie_params_valibot::{closure#0} as core[df12db4294e9bfd3]::ops::function::FnOnce<()>>::call_once
[INFO] [stdout]   14:     0x61bd71f0c5bb - test[9d35eded1c95d3be]::__rust_begin_short_backtrace::<core[df12db4294e9bfd3]::result::Result<(), alloc[2182bb758b4b3781]::string::String>, fn() -> core[df12db4294e9bfd3]::result::Result<(), alloc[2182bb758b4b3781]::string::String>>
[INFO] [stdout]   15:     0x61bd71f19c25 - test[9d35eded1c95d3be]::run_test::{closure#0}
[INFO] [stdout]   16:     0x61bd71f134e4 - std[70759c8f55707aa4]::sys::backtrace::__rust_begin_short_backtrace::<test[9d35eded1c95d3be]::run_test::{closure#1}, ()>
[INFO] [stdout]   17:     0x61bd71f1cd82 - <std[70759c8f55707aa4]::thread::lifecycle::spawn_unchecked<test[9d35eded1c95d3be]::run_test::{closure#1}, ()>::{closure#1} as core[df12db4294e9bfd3]::ops::function::FnOnce<()>>::call_once::{shim:vtable#0}
[INFO] [stdout]   18:     0x61bd71f873f9 - <std[70759c8f55707aa4]::sys::thread::unix::Thread>::new::thread_start
[INFO] [stdout]   19:     0x731ab04b6dfa - <unknown>
[INFO] [stdout]   20:     0x731ab054a3d4 - clone
[INFO] [stdout]   21:                0x0 - <unknown>
[INFO] [stdout] 
[INFO] [stdout] ---- snapshot_inline_schemas_valibot stdout ----
[INFO] [stdout] 
[INFO] [stdout] thread 'snapshot_inline_schemas_valibot' (597) panicked at tests/snapshots.rs:7:51:
[INFO] [stdout] called `Result::unwrap()` on an `Err` value: FileRead { path: "/opt/rustwide/workdir/../../tests/fixtures/inline-schemas.yaml", source: Os { code: 2, kind: NotFound, message: "No such file or directory" } }
[INFO] [stdout] stack backtrace:
[INFO] [stdout]    0:     0x61bd71f883d1 - <<std[70759c8f55707aa4]::sys::backtrace::BacktraceLock>::print::DisplayBacktrace as core[df12db4294e9bfd3]::fmt::Display>::fmt
[INFO] [stdout]    1:     0x61bd71f9f1fa - core[df12db4294e9bfd3]::fmt::write
[INFO] [stdout]    2:     0x61bd71f8cddc - <alloc[2182bb758b4b3781]::vec::Vec<u8> as core[df12db4294e9bfd3]::io::write::Write>::write_fmt
[INFO] [stdout]    3:     0x61bd71f61706 - std[70759c8f55707aa4]::panicking::default_hook::{closure#0}
[INFO] [stdout]    4:     0x61bd71f7f5c9 - std[70759c8f55707aa4]::panicking::default_hook
[INFO] [stdout]    5:     0x61bd71f192d0 - test[9d35eded1c95d3be]::test_main_inner::<test[9d35eded1c95d3be]::test_main_static::{closure#0}>::{closure#0}
[INFO] [stdout]    6:     0x61bd71f7f782 - std[70759c8f55707aa4]::panicking::panic_with_hook
[INFO] [stdout]    7:     0x61bd71f617b2 - std[70759c8f55707aa4]::panicking::panic_handler::{closure#0}
[INFO] [stdout]    8:     0x61bd71f5a059 - std[70759c8f55707aa4]::sys::backtrace::__rust_end_short_backtrace::<std[70759c8f55707aa4]::panicking::panic_handler::{closure#0}, !>
[INFO] [stdout]    9:     0x61bd71f6244d - __rustc[8fa7c3cbc660c2b3]::rust_begin_unwind
[INFO] [stdout]   10:     0x61bd71f9f95c - core[df12db4294e9bfd3]::panicking::panic_fmt
[INFO] [stdout]   11:     0x61bd71f9f732 - core[df12db4294e9bfd3]::result::unwrap_failed
[INFO] [stdout]   12:     0x61bd71df8315 - snapshots[dbb5dda74c30e63a]::run_pipeline
[INFO] [stdout]   13:     0x61bd71df9468 - <snapshots[dbb5dda74c30e63a]::snapshot_inline_schemas_valibot::{closure#0} as core[df12db4294e9bfd3]::ops::function::FnOnce<()>>::call_once
[INFO] [stdout]   14:     0x61bd71f0c5bb - test[9d35eded1c95d3be]::__rust_begin_short_backtrace::<core[df12db4294e9bfd3]::result::Result<(), alloc[2182bb758b4b3781]::string::String>, fn() -> core[df12db4294e9bfd3]::result::Result<(), alloc[2182bb758b4b3781]::string::String>>
[INFO] [stdout]   15:     0x61bd71f19c25 - test[9d35eded1c95d3be]::run_test::{closure#0}
[INFO] [stdout]   16:     0x61bd71f134e4 - std[70759c8f55707aa4]::sys::backtrace::__rust_begin_short_backtrace::<test[9d35eded1c95d3be]::run_test::{closure#1}, ()>
[INFO] [stdout]   17:     0x61bd71f1cd82 - <std[70759c8f55707aa4]::thread::lifecycle::spawn_unchecked<test[9d35eded1c95d3be]::run_test::{closure#1}, ()>::{closure#1} as core[df12db4294e9bfd3]::ops::function::FnOnce<()>>::call_once::{shim:vtable#0}
[INFO] [stdout]   18:     0x61bd71f873f9 - <std[70759c8f55707aa4]::sys::thread::unix::Thread>::new::thread_start
[INFO] [stdout]   19:     0x731ab04b6dfa - <unknown>
[INFO] [stdout]   20:     0x731ab054a3d4 - clone
[INFO] [stdout]   21:                0x0 - <unknown>
[INFO] [stdout] 
[INFO] [stdout] ---- snapshot_multipart_paginated_valibot stdout ----
[INFO] [stdout] 
[INFO] [stdout] thread 'snapshot_multipart_paginated_valibot' (599) panicked at tests/snapshots.rs:7:51:
[INFO] [stdout] called `Result::unwrap()` on an `Err` value: FileRead { path: "/opt/rustwide/workdir/../../tests/fixtures/multipart-paginated.yaml", source: Os { code: 2, kind: NotFound, message: "No such file or directory" } }
[INFO] [stdout] stack backtrace:
[INFO] [stdout]    0:     0x61bd71f883d1 - <<std[70759c8f55707aa4]::sys::backtrace::BacktraceLock>::print::DisplayBacktrace as core[df12db4294e9bfd3]::fmt::Display>::fmt
[INFO] [stdout]    1:     0x61bd71f9f1fa - core[df12db4294e9bfd3]::fmt::write
[INFO] [stdout]    2:     0x61bd71f8cddc - <alloc[2182bb758b4b3781]::vec::Vec<u8> as core[df12db4294e9bfd3]::io::write::Write>::write_fmt
[INFO] [stdout]    3:     0x61bd71f61706 - std[70759c8f55707aa4]::panicking::default_hook::{closure#0}
[INFO] [stdout]    4:     0x61bd71f7f5c9 - std[70759c8f55707aa4]::panicking::default_hook
[INFO] [stdout]    5:     0x61bd71f192d0 - test[9d35eded1c95d3be]::test_main_inner::<test[9d35eded1c95d3be]::test_main_static::{closure#0}>::{closure#0}
[INFO] [stdout]    6:     0x61bd71f7f782 - std[70759c8f55707aa4]::panicking::panic_with_hook
[INFO] [stdout]    7:     0x61bd71f617b2 - std[70759c8f55707aa4]::panicking::panic_handler::{closure#0}
[INFO] [stdout]    8:     0x61bd71f5a059 - std[70759c8f55707aa4]::sys::backtrace::__rust_end_short_backtrace::<std[70759c8f55707aa4]::panicking::panic_handler::{closure#0}, !>
[INFO] [stdout]    9:     0x61bd71f6244d - __rustc[8fa7c3cbc660c2b3]::rust_begin_unwind
[INFO] [stdout]   10:     0x61bd71f9f95c - core[df12db4294e9bfd3]::panicking::panic_fmt
[INFO] [stdout]   11:     0x61bd71f9f732 - core[df12db4294e9bfd3]::result::unwrap_failed
[INFO] [stdout]   12:     0x61bd71df8315 - snapshots[dbb5dda74c30e63a]::run_pipeline
[INFO] [stdout]   13:     0x61bd71df9c68 - <snapshots[dbb5dda74c30e63a]::snapshot_multipart_paginated_valibot::{closure#0} as core[df12db4294e9bfd3]::ops::function::FnOnce<()>>::call_once
[INFO] [stdout]   14:     0x61bd71f0c5bb - test[9d35eded1c95d3be]::__rust_begin_short_backtrace::<core[df12db4294e9bfd3]::result::Result<(), alloc[2182bb758b4b3781]::string::String>, fn() -> core[df12db4294e9bfd3]::result::Result<(), alloc[2182bb758b4b3781]::string::String>>
[INFO] [stdout]   15:     0x61bd71f19c25 - test[9d35eded1c95d3be]::run_test::{closure#0}
[INFO] [stdout]   16:     0x61bd71f134e4 - std[70759c8f55707aa4]::sys::backtrace::__rust_begin_short_backtrace::<test[9d35eded1c95d3be]::run_test::{closure#1}, ()>
[INFO] [stdout]   17:     0x61bd71f1cd82 - <std[70759c8f55707aa4]::thread::lifecycle::spawn_unchecked<test[9d35eded1c95d3be]::run_test::{closure#1}, ()>::{closure#1} as core[df12db4294e9bfd3]::ops::function::FnOnce<()>>::call_once::{shim:vtable#0}
[INFO] [stdout]   18:     0x61bd71f873f9 - <std[70759c8f55707aa4]::sys::thread::unix::Thread>::new::thread_start
[INFO] [stdout]   19:     0x731ab04b6dfa - <unknown>
[INFO] [stdout]   20:     0x731ab054a3d4 - clone
[INFO] [stdout]   21:                0x0 - <unknown>
[INFO] [stdout] 
[INFO] [stdout] ---- snapshot_large_scale_valibot stdout ----
[INFO] [stdout] 
[INFO] [stdout] thread 'snapshot_large_scale_valibot' (598) panicked at tests/snapshots.rs:7:51:
[INFO] [stdout] called `Result::unwrap()` on an `Err` value: FileRead { path: "/opt/rustwide/workdir/../../tests/fixtures/large-scale.yaml", source: Os { code: 2, kind: NotFound, message: "No such file or directory" } }
[INFO] [stdout] stack backtrace:
[INFO] [stdout]    0:     0x61bd71f883d1 - <<std[70759c8f55707aa4]::sys::backtrace::BacktraceLock>::print::DisplayBacktrace as core[df12db4294e9bfd3]::fmt::Display>::fmt
[INFO] [stdout]    1:     0x61bd71f9f1fa - core[df12db4294e9bfd3]::fmt::write
[INFO] [stdout]    2:     0x61bd71f8cddc - <alloc[2182bb758b4b3781]::vec::Vec<u8> as core[df12db4294e9bfd3]::io::write::Write>::write_fmt
[INFO] [stdout]    3:     0x61bd71f61706 - std[70759c8f55707aa4]::panicking::default_hook::{closure#0}
[INFO] [stdout]    4:     0x61bd71f7f5c9 - std[70759c8f55707aa4]::panicking::default_hook
[INFO] [stdout]    5:     0x61bd71f192d0 - test[9d35eded1c95d3be]::test_main_inner::<test[9d35eded1c95d3be]::test_main_static::{closure#0}>::{closure#0}
[INFO] [stdout]    6:     0x61bd71f7f782 - std[70759c8f55707aa4]::panicking::panic_with_hook
[INFO] [stdout]    7:     0x61bd71f617b2 - std[70759c8f55707aa4]::panicking::panic_handler::{closure#0}
[INFO] [stdout]    8:     0x61bd71f5a059 - std[70759c8f55707aa4]::sys::backtrace::__rust_end_short_backtrace::<std[70759c8f55707aa4]::panicking::panic_handler::{closure#0}, !>
[INFO] [stdout]    9:     0x61bd71f6244d - __rustc[8fa7c3cbc660c2b3]::rust_begin_unwind
[INFO] [stdout]   10:     0x61bd71f9f95c - core[df12db4294e9bfd3]::panicking::panic_fmt
[INFO] [stdout]   11:     0x61bd71f9f732 - core[df12db4294e9bfd3]::result::unwrap_failed
[INFO] [stdout]   12:     0x61bd71df8315 - snapshots[dbb5dda74c30e63a]::run_pipeline
[INFO] [stdout]   13:     0x61bd71df8e68 - <snapshots[dbb5dda74c30e63a]::snapshot_large_scale_valibot::{closure#0} as core[df12db4294e9bfd3]::ops::function::FnOnce<()>>::call_once
[INFO] [stdout]   14:     0x61bd71f0c5bb - test[9d35eded1c95d3be]::__rust_begin_short_backtrace::<core[df12db4294e9bfd3]::result::Result<(), alloc[2182bb758b4b3781]::string::String>, fn() -> core[df12db4294e9bfd3]::result::Result<(), alloc[2182bb758b4b3781]::string::String>>
[INFO] [stdout]   15:     0x61bd71f19c25 - test[9d35eded1c95d3be]::run_test::{closure#0}
[INFO] [stdout]   16:     0x61bd71f134e4 - std[70759c8f55707aa4]::sys::backtrace::__rust_begin_short_backtrace::<test[9d35eded1c95d3be]::run_test::{closure#1}, ()>
[INFO] [stdout]   17:     0x61bd71f1cd82 - <std[70759c8f55707aa4]::thread::lifecycle::spawn_unchecked<test[9d35eded1c95d3be]::run_test::{closure#1}, ()>::{closure#1} as core[df12db4294e9bfd3]::ops::function::FnOnce<()>>::call_once::{shim:vtable#0}
[INFO] [stdout]   18:     0x61bd71f873f9 - <std[70759c8f55707aa4]::sys::thread::unix::Thread>::new::thread_start
[INFO] [stdout]   19:     0x731ab04b6dfa - <unknown>
[INFO] [stdout]   20:     0x731ab054a3d4 - clone
[INFO] [stdout]   21:                0x0 - <unknown>
[INFO] [stdout] 
[INFO] [stdout] ---- snapshot_oneof_discriminator_valibot stdout ----
[INFO] [stdout] 
[INFO] [stdout] thread 'snapshot_oneof_discriminator_valibot' (600) panicked at tests/snapshots.rs:7:51:
[INFO] [stdout] called `Result::unwrap()` on an `Err` value: FileRead { path: "/opt/rustwide/workdir/../../tests/fixtures/oneof-discriminator.yaml", source: Os { code: 2, kind: NotFound, message: "No such file or directory" } }
[INFO] [stdout] stack backtrace:
[INFO] [stdout]    0:     0x61bd71f883d1 - <<std[70759c8f55707aa4]::sys::backtrace::BacktraceLock>::print::DisplayBacktrace as core[df12db4294e9bfd3]::fmt::Display>::fmt
[INFO] [stdout]    1:     0x61bd71f9f1fa - core[df12db4294e9bfd3]::fmt::write
[INFO] [stdout]    2:     0x61bd71f8cddc - <alloc[2182bb758b4b3781]::vec::Vec<u8> as core[df12db4294e9bfd3]::io::write::Write>::write_fmt
[INFO] [stdout]    3:     0x61bd71f61706 - std[70759c8f55707aa4]::panicking::default_hook::{closure#0}
[INFO] [stdout]    4:     0x61bd71f7f5c9 - std[70759c8f55707aa4]::panicking::default_hook
[INFO] [stdout]    5:     0x61bd71f192d0 - test[9d35eded1c95d3be]::test_main_inner::<test[9d35eded1c95d3be]::test_main_static::{closure#0}>::{closure#0}
[INFO] [stdout]    6:     0x61bd71f7f782 - std[70759c8f55707aa4]::panicking::panic_with_hook
[INFO] [stdout]    7:     0x61bd71f617b2 - std[70759c8f55707aa4]::panicking::panic_handler::{closure#0}
[INFO] [stdout]    8:     0x61bd71f5a059 - std[70759c8f55707aa4]::sys::backtrace::__rust_end_short_backtrace::<std[70759c8f55707aa4]::panicking::panic_handler::{closure#0}, !>
[INFO] [stdout]    9:     0x61bd71f6244d - __rustc[8fa7c3cbc660c2b3]::rust_begin_unwind
[INFO] [stdout]   10:     0x61bd71f9f95c - core[df12db4294e9bfd3]::panicking::panic_fmt
[INFO] [stdout]   11:     0x61bd71f9f732 - core[df12db4294e9bfd3]::result::unwrap_failed
[INFO] [stdout]   12:     0x61bd71df8315 - snapshots[dbb5dda74c30e63a]::run_pipeline
[INFO] [stdout]   13:     0x61bd71df9e68 - <snapshots[dbb5dda74c30e63a]::snapshot_oneof_discriminator_valibot::{closure#0} as core[df12db4294e9bfd3]::ops::function::FnOnce<()>>::call_once
[INFO] [stdout]   14:     0x61bd71f0c5bb - test[9d35eded1c95d3be]::__rust_begin_short_backtrace::<core[df12db4294e9bfd3]::result::Result<(), alloc[2182bb758b4b3781]::string::String>, fn() -> core[df12db4294e9bfd3]::result::Result<(), alloc[2182bb758b4b3781]::string::String>>
[INFO] [stdout]   15:     0x61bd71f19c25 - test[9d35eded1c95d3be]::run_test::{closure#0}
[INFO] [stdout]   16:     0x61bd71f134e4 - std[70759c8f55707aa4]::sys::backtrace::__rust_begin_short_backtrace::<test[9d35eded1c95d3be]::run_test::{closure#1}, ()>
[INFO] [stdout]   17:     0x61bd71f1cd82 - <std[70759c8f55707aa4]::thread::lifecycle::spawn_unchecked<test[9d35eded1c95d3be]::run_test::{closure#1}, ()>::{closure#1} as core[df12db4294e9bfd3]::ops::function::FnOnce<()>>::call_once::{shim:vtable#0}
[INFO] [stdout]   18:     0x61bd71f873f9 - <std[70759c8f55707aa4]::sys::thread::unix::Thread>::new::thread_start
[INFO] [stdout]   19:     0x731ab04b6dfa - <unknown>
[INFO] [stdout]   20:     0x731ab054a3d4 - clone
[INFO] [stdout]   21:                0x0 - <unknown>
[INFO] [stdout] 
[INFO] [stdout] ---- snapshot_openapi31_valibot stdout ----
[INFO] [stdout] 
[INFO] [stdout] thread 'snapshot_openapi31_valibot' (601) panicked at tests/snapshots.rs:7:51:
[INFO] [stdout] called `Result::unwrap()` on an `Err` value: FileRead { path: "/opt/rustwide/workdir/../../tests/fixtures/openapi31.yaml", source: Os { code: 2, kind: NotFound, message: "No such file or directory" } }
[INFO] [stdout] stack backtrace:
[INFO] [stdout]    0:     0x61bd71f883d1 - <<std[70759c8f55707aa4]::sys::backtrace::BacktraceLock>::print::DisplayBacktrace as core[df12db4294e9bfd3]::fmt::Display>::fmt
[INFO] [stdout]    1:     0x61bd71f9f1fa - core[df12db4294e9bfd3]::fmt::write
[INFO] [stdout]    2:     0x61bd71f8cddc - <alloc[2182bb758b4b3781]::vec::Vec<u8> as core[df12db4294e9bfd3]::io::write::Write>::write_fmt
[INFO] [stdout]    3:     0x61bd71f61706 - std[70759c8f55707aa4]::panicking::default_hook::{closure#0}
[INFO] [stdout]    4:     0x61bd71f7f5c9 - std[70759c8f55707aa4]::panicking::default_hook
[INFO] [stdout]    5:     0x61bd71f192d0 - test[9d35eded1c95d3be]::test_main_inner::<test[9d35eded1c95d3be]::test_main_static::{closure#0}>::{closure#0}
[INFO] [stdout]    6:     0x61bd71f7f782 - std[70759c8f55707aa4]::panicking::panic_with_hook
[INFO] [stdout]    7:     0x61bd71f617b2 - std[70759c8f55707aa4]::panicking::panic_handler::{closure#0}
[INFO] [stdout]    8:     0x61bd71f5a059 - std[70759c8f55707aa4]::sys::backtrace::__rust_end_short_backtrace::<std[70759c8f55707aa4]::panicking::panic_handler::{closure#0}, !>
[INFO] [stdout]    9:     0x61bd71f6244d - __rustc[8fa7c3cbc660c2b3]::rust_begin_unwind
[INFO] [stdout]   10:     0x61bd71f9f95c - core[df12db4294e9bfd3]::panicking::panic_fmt
[INFO] [stdout]   11:     0x61bd71f9f732 - core[df12db4294e9bfd3]::result::unwrap_failed
[INFO] [stdout]   12:     0x61bd71df8315 - snapshots[dbb5dda74c30e63a]::run_pipeline
[INFO] [stdout]   13:     0x61bd71df8868 - <snapshots[dbb5dda74c30e63a]::snapshot_openapi31_valibot::{closure#0} as core[df12db4294e9bfd3]::ops::function::FnOnce<()>>::call_once
[INFO] [stdout]   14:     0x61bd71f0c5bb - test[9d35eded1c95d3be]::__rust_begin_short_backtrace::<core[df12db4294e9bfd3]::result::Result<(), alloc[2182bb758b4b3781]::string::String>, fn() -> core[df12db4294e9bfd3]::result::Result<(), alloc[2182bb758b4b3781]::string::String>>
[INFO] [stdout]   15:     0x61bd71f19c25 - test[9d35eded1c95d3be]::run_test::{closure#0}
[INFO] [stdout]   16:     0x61bd71f134e4 - std[70759c8f55707aa4]::sys::backtrace::__rust_begin_short_backtrace::<test[9d35eded1c95d3be]::run_test::{closure#1}, ()>
[INFO] [stdout]   17:     0x61bd71f1cd82 - <std[70759c8f55707aa4]::thread::lifecycle::spawn_unchecked<test[9d35eded1c95d3be]::run_test::{closure#1}, ()>::{closure#1} as core[df12db4294e9bfd3]::ops::function::FnOnce<()>>::call_once::{shim:vtable#0}
[INFO] [stdout]   18:     0x61bd71f873f9 - <std[70759c8f55707aa4]::sys::thread::unix::Thread>::new::thread_start
[INFO] [stdout]   19:     0x731ab04b6dfa - <unknown>
[INFO] [stdout]   20:     0x731ab054a3d4 - clone
[INFO] [stdout]   21:                0x0 - <unknown>
[INFO] [stdout] 
[INFO] [stdout] ---- snapshot_petstore_valibot stdout ----
[INFO] [stdout] 
[INFO] [stdout] thread 'snapshot_petstore_valibot' (602) panicked at tests/snapshots.rs:7:51:
[INFO] [stdout] called `Result::unwrap()` on an `Err` value: FileRead { path: "/opt/rustwide/workdir/../../tests/fixtures/petstore.yaml", source: Os { code: 2, kind: NotFound, message: "No such file or directory" } }
[INFO] [stdout] stack backtrace:
[INFO] [stdout]    0:     0x61bd71f883d1 - <<std[70759c8f55707aa4]::sys::backtrace::BacktraceLock>::print::DisplayBacktrace as core[df12db4294e9bfd3]::fmt::Display>::fmt
[INFO] [stdout]    1:     0x61bd71f9f1fa - core[df12db4294e9bfd3]::fmt::write
[INFO] [stdout]    2:     0x61bd71f8cddc - <alloc[2182bb758b4b3781]::vec::Vec<u8> as core[df12db4294e9bfd3]::io::write::Write>::write_fmt
[INFO] [stdout]    3:     0x61bd71f61706 - std[70759c8f55707aa4]::panicking::default_hook::{closure#0}
[INFO] [stdout]    4:     0x61bd71f7f5c9 - std[70759c8f55707aa4]::panicking::default_hook
[INFO] [stdout]    5:     0x61bd71f192d0 - test[9d35eded1c95d3be]::test_main_inner::<test[9d35eded1c95d3be]::test_main_static::{closure#0}>::{closure#0}
[INFO] [stdout]    6:     0x61bd71f7f782 - std[70759c8f55707aa4]::panicking::panic_with_hook
[INFO] [stdout]    7:     0x61bd71f617b2 - std[70759c8f55707aa4]::panicking::panic_handler::{closure#0}
[INFO] [stdout]    8:     0x61bd71f5a059 - std[70759c8f55707aa4]::sys::backtrace::__rust_end_short_backtrace::<std[70759c8f55707aa4]::panicking::panic_handler::{closure#0}, !>
[INFO] [stdout]    9:     0x61bd71f6244d - __rustc[8fa7c3cbc660c2b3]::rust_begin_unwind
[INFO] [stdout]   10:     0x61bd71f9f95c - core[df12db4294e9bfd3]::panicking::panic_fmt
[INFO] [stdout]   11:     0x61bd71f9f732 - core[df12db4294e9bfd3]::result::unwrap_failed
[INFO] [stdout]   12:     0x61bd71df8315 - snapshots[dbb5dda74c30e63a]::run_pipeline
[INFO] [stdout]   13:     0x61bd71df8668 - <snapshots[dbb5dda74c30e63a]::snapshot_petstore_valibot::{closure#0} as core[df12db4294e9bfd3]::ops::function::FnOnce<()>>::call_once
[INFO] [stdout]   14:     0x61bd71f0c5bb - test[9d35eded1c95d3be]::__rust_begin_short_backtrace::<core[df12db4294e9bfd3]::result::Result<(), alloc[2182bb758b4b3781]::string::String>, fn() -> core[df12db4294e9bfd3]::result::Result<(), alloc[2182bb758b4b3781]::string::String>>
[INFO] [stdout]   15:     0x61bd71f19c25 - test[9d35eded1c95d3be]::run_test::{closure#0}
[INFO] [stdout]   16:     0x61bd71f134e4 - std[70759c8f55707aa4]::sys::backtrace::__rust_begin_short_backtrace::<test[9d35eded1c95d3be]::run_test::{closure#1}, ()>
[INFO] [stdout]   17:     0x61bd71f1cd82 - <std[70759c8f55707aa4]::thread::lifecycle::spawn_unchecked<test[9d35eded1c95d3be]::run_test::{closure#1}, ()>::{closure#1} as core[df12db4294e9bfd3]::ops::function::FnOnce<()>>::call_once::{shim:vtable#0}
[INFO] [stdout]   18:     0x61bd71f873f9 - <std[70759c8f55707aa4]::sys::thread::unix::Thread>::new::thread_start
[INFO] [stdout]   19:     0x731ab04b6dfa - <unknown>
[INFO] [stdout]   20:     0x731ab054a3d4 - clone
[INFO] [stdout]   21:                0x0 - <unknown>
[INFO] [stdout] 
[INFO] [stdout] ---- snapshot_reserved_keywords_valibot stdout ----
[INFO] [stdout] 
[INFO] [stdout] thread 'snapshot_reserved_keywords_valibot' (603) panicked at tests/snapshots.rs:7:51:
[INFO] [stdout] called `Result::unwrap()` on an `Err` value: FileRead { path: "/opt/rustwide/workdir/../../tests/fixtures/reserved-keywords.yaml", source: Os { code: 2, kind: NotFound, message: "No such file or directory" } }
[INFO] [stdout] stack backtrace:
[INFO] [stdout]    0:     0x61bd71f883d1 - <<std[70759c8f55707aa4]::sys::backtrace::BacktraceLock>::print::DisplayBacktrace as core[df12db4294e9bfd3]::fmt::Display>::fmt
[INFO] [stdout]    1:     0x61bd71f9f1fa - core[df12db4294e9bfd3]::fmt::write
[INFO] [stdout]    2:     0x61bd71f8cddc - <alloc[2182bb758b4b3781]::vec::Vec<u8> as core[df12db4294e9bfd3]::io::write::Write>::write_fmt
[INFO] [stdout]    3:     0x61bd71f61706 - std[70759c8f55707aa4]::panicking::default_hook::{closure#0}
[INFO] [stdout]    4:     0x61bd71f7f5c9 - std[70759c8f55707aa4]::panicking::default_hook
[INFO] [stdout]    5:     0x61bd71f192d0 - test[9d35eded1c95d3be]::test_main_inner::<test[9d35eded1c95d3be]::test_main_static::{closure#0}>::{closure#0}
[INFO] [stdout]    6:     0x61bd71f7f782 - std[70759c8f55707aa4]::panicking::panic_with_hook
[INFO] [stdout]    7:     0x61bd71f617b2 - std[70759c8f55707aa4]::panicking::panic_handler::{closure#0}
[INFO] [stdout]    8:     0x61bd71f5a059 - std[70759c8f55707aa4]::sys::backtrace::__rust_end_short_backtrace::<std[70759c8f55707aa4]::panicking::panic_handler::{closure#0}, !>
[INFO] [stdout]    9:     0x61bd71f6244d - __rustc[8fa7c3cbc660c2b3]::rust_begin_unwind
[INFO] [stdout]   10:     0x61bd71f9f95c - core[df12db4294e9bfd3]::panicking::panic_fmt
[INFO] [stdout]   11:     0x61bd71f9f732 - core[df12db4294e9bfd3]::result::unwrap_failed
[INFO] [stdout]   12:     0x61bd71df8315 - snapshots[dbb5dda74c30e63a]::run_pipeline
[INFO] [stdout]   13:     0x61bd71df9a68 - <snapshots[dbb5dda74c30e63a]::snapshot_reserved_keywords_valibot::{closure#0} as core[df12db4294e9bfd3]::ops::function::FnOnce<()>>::call_once
[INFO] [stdout]   14:     0x61bd71f0c5bb - test[9d35eded1c95d3be]::__rust_begin_short_backtrace::<core[df12db4294e9bfd3]::result::Result<(), alloc[2182bb758b4b3781]::string::String>, fn() -> core[df12db4294e9bfd3]::result::Result<(), alloc[2182bb758b4b3781]::string::String>>
[INFO] [stdout]   15:     0x61bd71f19c25 - test[9d35eded1c95d3be]::run_test::{closure#0}
[INFO] [stdout]   16:     0x61bd71f134e4 - std[70759c8f55707aa4]::sys::backtrace::__rust_begin_short_backtrace::<test[9d35eded1c95d3be]::run_test::{closure#1}, ()>
[INFO] [stdout]   17:     0x61bd71f1cd82 - <std[70759c8f55707aa4]::thread::lifecycle::spawn_unchecked<test[9d35eded1c95d3be]::run_test::{closure#1}, ()>::{closure#1} as core[df12db4294e9bfd3]::ops::function::FnOnce<()>>::call_once::{shim:vtable#0}
[INFO] [stdout]   18:     0x61bd71f873f9 - <std[70759c8f55707aa4]::sys::thread::unix::Thread>::new::thread_start
[INFO] [stdout]   19:     0x731ab04b6dfa - <unknown>
[INFO] [stdout]   20:     0x731ab054a3d4 - clone
[INFO] [stdout]   21:                0x0 - <unknown>
[INFO] [stdout] 
[INFO] [stdout] 
[INFO] [stdout] failures:
[INFO] [stdout]     snapshot_additional_props_valibot
[INFO] [stdout]     snapshot_allof_conflict_valibot
[INFO] [stdout]     snapshot_anyof_plain_valibot
[INFO] [stdout]     snapshot_coverage_gaps_valibot
[INFO] [stdout]     snapshot_edge_cases_valibot
[INFO] [stdout]     snapshot_error_responses_valibot
[INFO] [stdout]     snapshot_header_cookie_params_valibot
[INFO] [stdout]     snapshot_inline_schemas_valibot
[INFO] [stdout]     snapshot_large_scale_valibot
[INFO] [stdout]     snapshot_multipart_paginated_valibot
[INFO] [stdout]     snapshot_oneof_discriminator_valibot
[INFO] [stdout]     snapshot_openapi31_valibot
[INFO] [stdout]     snapshot_petstore_valibot
[INFO] [stdout]     snapshot_reserved_keywords_valibot
[INFO] [stdout] 
[INFO] [stdout] test result: FAILED. 0 passed; 14 failed; 0 ignored; 0 measured; 0 filtered out; finished in 0.00s
[INFO] [stdout] 
[INFO] running `Command { std: "docker" "inspect" "68344a4c674442abaddc02638366cd60c2ef6ea879132f069426233f6a6b2590", kill_on_drop: false }`
[INFO] running `Command { std: "docker" "rm" "-f" "68344a4c674442abaddc02638366cd60c2ef6ea879132f069426233f6a6b2590", kill_on_drop: false }`
[INFO] [stdout] 68344a4c674442abaddc02638366cd60c2ef6ea879132f069426233f6a6b2590
