[INFO] fetching crate o-o 0.5.4...
[INFO] testing o-o-0.5.4 against 1.100.0-beta.1+cargoflags=--release for beta-release-1.100-2
[INFO] extracting crate o-o 0.5.4 into /workspace/builds/worker-5-tc2/source
[INFO] started tweaking crates.io crate o-o 0.5.4
[INFO] removed 0 missing tests
[INFO] finished tweaking crates.io crate o-o 0.5.4
[INFO] tweaked toml for crates.io crate o-o 0.5.4 written to /workspace/builds/worker-5-tc2/source/Cargo.toml
[INFO] validating manifest of crates.io crate o-o 0.5.4 on toolchain 1.100.0-beta.1
[INFO] running `Command { std: CARGO_HOME="/workspace/cargo-home" RUSTUP_HOME="/workspace/rustup-home" "/workspace/cargo-home/bin/cargo" "+1.100.0-beta.1" "metadata" "--manifest-path" "Cargo.toml" "--no-deps", kill_on_drop: false }`
[INFO] crate crates.io crate o-o 0.5.4 already has a lockfile, it will not be regenerated
[INFO] running `Command { std: CARGO_HOME="/workspace/cargo-home" RUSTUP_HOME="/workspace/rustup-home" "/workspace/cargo-home/bin/cargo" "+1.100.0-beta.1" "fetch" "--manifest-path" "Cargo.toml", kill_on_drop: false }`
[INFO] running `Command { std: "docker" "create" "-v" "/var/lib/crater-agent-workspace/builds/worker-5-tc2/source:/opt/rustwide/workdir:ro,Z" "-v" "/var/lib/crater-agent-workspace/builds/worker-5-tc2/target:/opt/rustwide/target:rw,Z" "-v" "/var/lib/crater-agent-workspace/cargo-home:/opt/rustwide/cargo-home:ro,Z" "-v" "/var/lib/crater-agent-workspace/rustup-home:/opt/rustwide/rustup-home:ro,Z" "-m" "1610612736" "--network" "none" "ghcr.io/rust-lang/crates-build-env/linux@sha256:77db811e55d90add9212f6832c23229e3de5f1c1f9905e8cb07319ea15df73ac" "sleep" "infinity", kill_on_drop: false }`
[INFO] [stdout] 3617440c39d0c0c816bf85646b6d37f27685159d3380d285c8452d3f17f5f54a
[INFO] running `Command { std: "docker" "start" "3617440c39d0c0c816bf85646b6d37f27685159d3380d285c8452d3f17f5f54a", kill_on_drop: false }`
[INFO] running `Command { std: "docker" "inspect" "3617440c39d0c0c816bf85646b6d37f27685159d3380d285c8452d3f17f5f54a", kill_on_drop: false }`
[INFO] running `Command { std: "docker" "exec" "-e" "SOURCE_DIR=/opt/rustwide/workdir" "-e" "CARGO_HOME=/opt/rustwide/cargo-home" "-e" "RUSTUP_HOME=/opt/rustwide/rustup-home" "-e" "CARGO_TARGET_DIR=/opt/rustwide/target" "-w" "/opt/rustwide/workdir" "--user" "0:0" "3617440c39d0c0c816bf85646b6d37f27685159d3380d285c8452d3f17f5f54a" "/opt/rustwide/cargo-home/bin/cargo" "+1.100.0-beta.1" "metadata" "--no-deps" "--format-version=1", kill_on_drop: false }`
[INFO] running `Command { std: "docker" "inspect" "3617440c39d0c0c816bf85646b6d37f27685159d3380d285c8452d3f17f5f54a", kill_on_drop: false }`
[INFO] running `Command { std: "docker" "exec" "-e" "SOURCE_DIR=/opt/rustwide/workdir" "-e" "CARGO_HOME=/opt/rustwide/cargo-home" "-e" "RUSTUP_HOME=/opt/rustwide/rustup-home" "-e" "CARGO_TARGET_DIR=/opt/rustwide/target" "-e" "CARGO_INCREMENTAL=0" "-e" "RUST_BACKTRACE=full" "-e" "RUSTFLAGS=--cap-lints=warn" "-e" "RUSTDOCFLAGS=--cap-lints=warn" "-w" "/opt/rustwide/workdir" "--user" "0:0" "3617440c39d0c0c816bf85646b6d37f27685159d3380d285c8452d3f17f5f54a" "/opt/rustwide/cargo-home/bin/cargo" "+1.100.0-beta.1" "build" "--frozen" "--message-format=json" "--release", kill_on_drop: false }`
[INFO] [stderr]    Compiling libc v0.2.172
[INFO] [stderr]    Compiling proc-macro2 v1.0.95
[INFO] [stderr]    Compiling unicode-ident v1.0.18
[INFO] [stderr]    Compiling thiserror v1.0.69
[INFO] [stderr]    Compiling getrandom v0.3.3
[INFO] [stderr]    Compiling rustix v1.0.7
[INFO] [stderr]    Compiling anyhow v1.0.98
[INFO] [stderr]    Compiling once_cell v1.21.3
[INFO] [stderr]    Compiling bitflags v2.9.1
[INFO] [stderr]    Compiling linux-raw-sys v0.9.4
[INFO] [stderr]    Compiling cfg-if v1.0.0
[INFO] [stderr]    Compiling fastrand v2.3.0
[INFO] [stderr]    Compiling quote v1.0.40
[INFO] [stderr]    Compiling syn v2.0.101
[INFO] [stderr]    Compiling os_pipe v1.2.1
[INFO] [stderr]    Compiling shared_child v1.0.2
[INFO] [stderr]    Compiling duct v0.13.7
[INFO] [stderr]    Compiling tempfile v3.20.0
[INFO] [stderr]    Compiling thiserror-impl v1.0.69
[INFO] [stderr]    Compiling ng-clp v0.3.1
[INFO] [stderr]    Compiling o-o v0.5.4 (/opt/rustwide/workdir)
[INFO] [stderr]     Finished `release` profile [optimized] target(s) in 7.14s
[INFO] running `Command { std: "docker" "inspect" "3617440c39d0c0c816bf85646b6d37f27685159d3380d285c8452d3f17f5f54a", kill_on_drop: false }`
[INFO] running `Command { std: "docker" "exec" "-e" "SOURCE_DIR=/opt/rustwide/workdir" "-e" "CARGO_HOME=/opt/rustwide/cargo-home" "-e" "RUSTUP_HOME=/opt/rustwide/rustup-home" "-e" "CARGO_TARGET_DIR=/opt/rustwide/target" "-e" "CARGO_INCREMENTAL=0" "-e" "RUST_BACKTRACE=full" "-e" "RUSTFLAGS=--cap-lints=warn" "-e" "RUSTDOCFLAGS=--cap-lints=warn" "-w" "/opt/rustwide/workdir" "--user" "0:0" "3617440c39d0c0c816bf85646b6d37f27685159d3380d285c8452d3f17f5f54a" "/opt/rustwide/cargo-home/bin/cargo" "+1.100.0-beta.1" "test" "--frozen" "--no-run" "--message-format=json" "--release", kill_on_drop: false }`
[INFO] [stderr]    Compiling o-o v0.5.4 (/opt/rustwide/workdir)
[INFO] [stderr]     Finished `release` profile [optimized] target(s) in 6.67s
[INFO] running `Command { std: "docker" "inspect" "3617440c39d0c0c816bf85646b6d37f27685159d3380d285c8452d3f17f5f54a", kill_on_drop: false }`
[INFO] running `Command { std: "docker" "exec" "-e" "SOURCE_DIR=/opt/rustwide/workdir" "-e" "CARGO_HOME=/opt/rustwide/cargo-home" "-e" "RUSTUP_HOME=/opt/rustwide/rustup-home" "-e" "CARGO_TARGET_DIR=/opt/rustwide/target" "-e" "CARGO_INCREMENTAL=0" "-e" "RUST_BACKTRACE=full" "-e" "RUSTFLAGS=--cap-lints=warn" "-e" "RUSTDOCFLAGS=--cap-lints=warn" "-w" "/opt/rustwide/workdir" "--user" "0:0" "3617440c39d0c0c816bf85646b6d37f27685159d3380d285c8452d3f17f5f54a" "/opt/rustwide/cargo-home/bin/cargo" "+1.100.0-beta.1" "test" "--frozen" "--release", kill_on_drop: false }`
[INFO] [stderr]     Finished `release` profile [optimized] target(s) in 0.02s
[INFO] [stderr]      Running unittests src/lib.rs (/opt/rustwide/target/release/build/o-o/94887a304971ad52/out/o_o-94887a304971ad52)
[INFO] [stdout] 
[INFO] [stdout] running 0 tests
[INFO] [stdout] 
[INFO] [stdout] test result: ok. 0 passed; 0 failed; 0 ignored; 0 measured; 0 filtered out; finished in 0.00s
[INFO] [stdout] 
[INFO] [stderr]      Running unittests src/main.rs (/opt/rustwide/target/release/build/o-o/ae7fe9fade5f3048/out/o_o-ae7fe9fade5f3048)
[INFO] [stdout] 
[INFO] [stdout] running 0 tests
[INFO] [stdout] 
[INFO] [stdout] test result: ok. 0 passed; 0 failed; 0 ignored; 0 measured; 0 filtered out; finished in 0.00s
[INFO] [stdout] 
[INFO] [stderr]      Running tests/executable-tests.rs (/opt/rustwide/target/release/build/o-o/38c64f688a12a26f/out/executable_tests-38c64f688a12a26f)
[INFO] [stdout] 
[INFO] [stdout] running 17 tests
[INFO] [stderr]     Blocking waiting for file lock on build directory
[INFO] [stderr]     Blocking waiting for file lock on build directory
[INFO] [stderr]    Compiling libc v0.2.172
[INFO] [stderr]    Compiling proc-macro2 v1.0.95
[INFO] [stderr]    Compiling unicode-ident v1.0.18
[INFO] [stderr]    Compiling thiserror v1.0.69
[INFO] [stderr]    Compiling getrandom v0.3.3
[INFO] [stderr]    Compiling anyhow v1.0.98
[INFO] [stderr]    Compiling rustix v1.0.7
[INFO] [stderr]    Compiling cfg-if v1.0.0
[INFO] [stderr]    Compiling once_cell v1.21.3
[INFO] [stderr]    Compiling bitflags v2.9.1
[INFO] [stderr]    Compiling linux-raw-sys v0.9.4
[INFO] [stderr]    Compiling fastrand v2.3.0
[INFO] [stderr]     Blocking waiting for file lock on build directory
[INFO] [stdout] test executable_tests::run_ls ... FAILED
[INFO] [stdout] test executable_tests::sub_oo_redirection ... FAILED
[INFO] [stderr]     Blocking waiting for file lock on build directory
[INFO] [stderr]     Blocking waiting for file lock on build directory
[INFO] [stderr]    Compiling quote v1.0.40
[INFO] [stderr]    Compiling os_pipe v1.2.1
[INFO] [stderr]    Compiling shared_child v1.0.2
[INFO] [stderr]    Compiling syn v2.0.101
[INFO] [stderr]    Compiling duct v0.13.7
[INFO] [stderr]    Compiling tempfile v3.20.0
[INFO] [stderr]    Compiling thiserror-impl v1.0.69
[INFO] [stderr]    Compiling ng-clp v0.3.1
[INFO] [stderr]    Compiling o-o v0.5.4 (/opt/rustwide/workdir)
[INFO] [stderr]     Finished `dev` profile [unoptimized + debuginfo] target(s) in 2.56s
[INFO] [stderr]      Running `/opt/rustwide/target/debug/o-o -d /tmp/.tmpm3mIF2 - - - ls --a-option-ls-must-not-have`
[INFO] [stderr]     Finished `dev` profile [unoptimized + debuginfo] target(s) in 2.57s
[INFO] [stderr] error: unexpected argument '--a-option-ls-must-not-have' found
[INFO] [stderr] 
[INFO] [stderr]   tip: to pass '--a-option-ls-must-not-have' as a value, use '-- --a-option-ls-must-not-have'
[INFO] [stderr] 
[INFO] [stderr] Usage: ls [OPTION]... [FILE]...
[INFO] [stderr] 
[INFO] [stderr] For more information, try '--help'.
[INFO] [stderr]      Running `/opt/rustwide/target/debug/o-o -d /tmp/.tmpf9b1Lx - +/tmp/.tmpf9b1Lx/out.txt - echo '1st line'`
[INFO] [stderr]     Finished `dev` profile [unoptimized + debuginfo] target(s) in 2.58s
[INFO] [stderr]      Running `/opt/rustwide/target/debug/o-o`
[INFO] [stdout] Run a sub-process and customize how it handles standard I/O.
[INFO] [stdout] 
[INFO] [stdout] Usage:
[INFO] [stdout]   o-o [options] <stdin> <stdout> <stderr> [--] <commandline>...
[INFO] [stdout]   o-o --help
[INFO] [stdout]   o-o --version
[INFO] [stdout] 
[INFO] [stdout] Options:
[INFO] [stdout]   <stdin>       File served as the standard input. Use `-` for no redirection.
[INFO] [stdout]   <stdout>      File served as the standard output. Use `-` for no redirection, `=` for the same file as the standard input, and `.` for /dev/null.
[INFO] [stdout]   <stderr>      File served as the standard error. Use `-` for no redirection, `=` for the same file as the standard output, and `.` for /dev/null.
[INFO] [stdout]                 Prefix with `+` to append to the file (akin to the `>>` redirection in shell).
[INFO] [stdout]   -e VAR=VALUE                      Set environment variables.
[INFO] [stdout]   --pipe=STR, -p STR                String for pipe to connect subprocesses (`|` in shell) [default: `I`].
[INFO] [stdout]   --separator=STR, -s STR           String for separator of command lines (`;` in shell) [default: `J`].
[INFO] [stdout]   --tempdir-placeholder=STR, -t STR     Placeholder string for temporary directory [default: `T`].
[INFO] [stdout]   --force-overwrite, -F             Overwrite the file even if subprocess fails (exit status != 0). Valid only when <stdout> is `=`.
[INFO] [stdout]   --keep-going, -k                  Only effective when multiple command lines are chained with the separator. Even if one command line fails, subsequent command lines continue to be executed.
[INFO] [stdout]   --working-directory=DIR, -d DIR   Working directory.
[INFO] [stdout]   --version, -V                     Version information.
[INFO] [stdout]   --help, -h                        Shows this help message.
[INFO] [stdout] test executable_tests::run_simple ... ok
[INFO] [stderr]     Finished `dev` profile [unoptimized + debuginfo] target(s) in 2.19s
[INFO] [stderr]      Running `/opt/rustwide/target/debug/o-o -d /tmp/.tmpPzGuaQ /tmp/.tmpPzGuaQ/a.txt = - wc`
[INFO] [stdout] test executable_tests::run_ls_with_wrong_option ... ok
[INFO] [stdout] test executable_tests::sink_to_stdin ... ok
[INFO] [stdout] test executable_tests::environment_variable ... ok
[INFO] [stdout] test executable_tests::redirect_stderr_to_stdout ... ok
[INFO] [stdout] test executable_tests::stdout_devnull ... ok
[INFO] [stdout] test executable_tests::overwrite_input_file ... ok
[INFO] [stderr]     Finished `dev` profile [unoptimized + debuginfo] target(s) in 2.12s
[INFO] [stdout] test executable_tests::pipe_commands ... ok
[INFO] [stdout] test executable_tests::sequential_run_commands_sub_oo_invalid_option ... ok
[INFO] [stderr]      Running `/opt/rustwide/target/debug/o-o -d /tmp/.tmpxaHm2Y /tmp/.tmpxaHm2Y/a.txt = - bash /tmp/.tmpxaHm2Y/echo_and_fail.sh`
[INFO] [stderr]     Finished `dev` profile [unoptimized + debuginfo] target(s) in 2.13s
[INFO] [stderr]      Running `/opt/rustwide/target/debug/o-o -F -d /tmp/.tmpDlWvpp /tmp/.tmpDlWvpp/a.txt = - bash /tmp/.tmpDlWvpp/echo_and_fail.sh`
[INFO] [stdout] test executable_tests::process_which_fails ... ok
[INFO] [stdout] test executable_tests::sequential_run_commands ... ok
[INFO] [stderr]     Finished `dev` profile [unoptimized + debuginfo] target(s) in 0.02s
[INFO] [stderr]      Running `/opt/rustwide/target/debug/o-o -d /tmp/.tmpf9b1Lx - +/tmp/.tmpf9b1Lx/out.txt - echo '2ne line'`
[INFO] [stdout] test executable_tests::overwrite_with_process_which_fails ... ok
[INFO] [stdout] test executable_tests::capture_stdout_and_stderr ... ok
[INFO] [stdout] test executable_tests::stderr_devnull ... ok
[INFO] [stdout] test executable_tests::append_to_output_file ... ok
[INFO] [stdout] 
[INFO] [stdout] failures:
[INFO] [stdout] 
[INFO] [stdout] ---- executable_tests::run_ls stdout ----
[INFO] [stdout] Error: Os { code: 2, kind: NotFound, message: "No such file or directory" }
[INFO] [stdout] 
[INFO] [stdout] ---- executable_tests::sub_oo_redirection stdout ----
[INFO] [stdout] Error: Os { code: 2, kind: NotFound, message: "No such file or directory" }
[INFO] [stdout] 
[INFO] [stdout] 
[INFO] [stdout] failures:
[INFO] [stdout]     executable_tests::run_ls
[INFO] [stdout]     executable_tests::sub_oo_redirection
[INFO] [stdout] 
[INFO] [stdout] test result: FAILED. 15 passed; 2 failed; 0 ignored; 0 measured; 0 filtered out; finished in 2.69s
[INFO] [stdout] 
[INFO] [stderr] error: test failed, to rerun pass `--test executable-tests`
[INFO] running `Command { std: "docker" "inspect" "3617440c39d0c0c816bf85646b6d37f27685159d3380d285c8452d3f17f5f54a", kill_on_drop: false }`
[INFO] running `Command { std: "docker" "rm" "-f" "3617440c39d0c0c816bf85646b6d37f27685159d3380d285c8452d3f17f5f54a", kill_on_drop: false }`
[INFO] [stdout] 3617440c39d0c0c816bf85646b6d37f27685159d3380d285c8452d3f17f5f54a
