[INFO] fetching crate nylon-ring-host 0.2.2...
[INFO] testing nylon-ring-host-0.2.2 against 1.100.0-beta.1+cargoflags=--release for beta-release-1.100-2
[INFO] extracting crate nylon-ring-host 0.2.2 into /workspace/builds/worker-2-tc2/source
[INFO] started tweaking crates.io crate nylon-ring-host 0.2.2
[INFO] removed 0 missing tests
[INFO] finished tweaking crates.io crate nylon-ring-host 0.2.2
[INFO] tweaked toml for crates.io crate nylon-ring-host 0.2.2 written to /workspace/builds/worker-2-tc2/source/Cargo.toml
[INFO] validating manifest of crates.io crate nylon-ring-host 0.2.2 on toolchain 1.100.0-beta.1
[INFO] running `Command { std: CARGO_HOME="/workspace/cargo-home" RUSTUP_HOME="/workspace/rustup-home" "/workspace/cargo-home/bin/cargo" "+1.100.0-beta.1" "metadata" "--manifest-path" "Cargo.toml" "--no-deps", kill_on_drop: false }`
[INFO] crate crates.io crate nylon-ring-host 0.2.2 already has a lockfile, it will not be regenerated
[INFO] running `Command { std: CARGO_HOME="/workspace/cargo-home" RUSTUP_HOME="/workspace/rustup-home" "/workspace/cargo-home/bin/cargo" "+1.100.0-beta.1" "fetch" "--manifest-path" "Cargo.toml", kill_on_drop: false }`
[INFO] [stderr] warning: `package.homepage` is redundant with `package.repository`
[INFO] [stderr]   --> Cargo.toml:44:12
[INFO] [stderr]    |
[INFO] [stderr] 44 | homepage = "https://github.com/AssetsArt/nylon-ring"
[INFO] [stderr]    |            ^^^^^^^^^^^^^^^^^^^^^^^^^^^^^^^^^^^^^^^^^
[INFO] [stderr] ...
[INFO] [stderr] 49 | repository = "https://github.com/AssetsArt/nylon-ring"
[INFO] [stderr]    |              -----------------------------------------
[INFO] [stderr]    |
[INFO] [stderr]    = note: `cargo::redundant_homepage` is set to `warn` by default
[INFO] [stderr] help: consider removing `package.homepage`
[INFO] [stderr] warning: `nylon-ring-host` (manifest) generated 1 warning
[INFO] running `Command { std: "docker" "create" "-v" "/var/lib/crater-agent-workspace/builds/worker-2-tc2/source:/opt/rustwide/workdir:ro,Z" "-v" "/var/lib/crater-agent-workspace/builds/worker-2-tc2/target:/opt/rustwide/target:rw,Z" "-v" "/var/lib/crater-agent-workspace/cargo-home:/opt/rustwide/cargo-home:ro,Z" "-v" "/var/lib/crater-agent-workspace/rustup-home:/opt/rustwide/rustup-home:ro,Z" "-m" "1610612736" "--network" "none" "ghcr.io/rust-lang/crates-build-env/linux@sha256:77db811e55d90add9212f6832c23229e3de5f1c1f9905e8cb07319ea15df73ac" "sleep" "infinity", kill_on_drop: false }`
[INFO] [stdout] a071802a76a8d645fd3e49258995aa3be19a17f2b5cd5e261bcb07fb820d332d
[INFO] running `Command { std: "docker" "start" "a071802a76a8d645fd3e49258995aa3be19a17f2b5cd5e261bcb07fb820d332d", kill_on_drop: false }`
[INFO] running `Command { std: "docker" "inspect" "a071802a76a8d645fd3e49258995aa3be19a17f2b5cd5e261bcb07fb820d332d", kill_on_drop: false }`
[INFO] running `Command { std: "docker" "exec" "-e" "SOURCE_DIR=/opt/rustwide/workdir" "-e" "CARGO_HOME=/opt/rustwide/cargo-home" "-e" "RUSTUP_HOME=/opt/rustwide/rustup-home" "-e" "CARGO_TARGET_DIR=/opt/rustwide/target" "-w" "/opt/rustwide/workdir" "--user" "0:0" "a071802a76a8d645fd3e49258995aa3be19a17f2b5cd5e261bcb07fb820d332d" "/opt/rustwide/cargo-home/bin/cargo" "+1.100.0-beta.1" "metadata" "--no-deps" "--format-version=1", kill_on_drop: false }`
[INFO] running `Command { std: "docker" "inspect" "a071802a76a8d645fd3e49258995aa3be19a17f2b5cd5e261bcb07fb820d332d", kill_on_drop: false }`
[INFO] running `Command { std: "docker" "exec" "-e" "SOURCE_DIR=/opt/rustwide/workdir" "-e" "CARGO_HOME=/opt/rustwide/cargo-home" "-e" "RUSTUP_HOME=/opt/rustwide/rustup-home" "-e" "CARGO_TARGET_DIR=/opt/rustwide/target" "-e" "CARGO_INCREMENTAL=0" "-e" "RUST_BACKTRACE=full" "-e" "RUSTFLAGS=--cap-lints=warn" "-e" "RUSTDOCFLAGS=--cap-lints=warn" "-w" "/opt/rustwide/workdir" "--user" "0:0" "a071802a76a8d645fd3e49258995aa3be19a17f2b5cd5e261bcb07fb820d332d" "/opt/rustwide/cargo-home/bin/cargo" "+1.100.0-beta.1" "build" "--frozen" "--message-format=json" "--release", kill_on_drop: false }`
[INFO] [stderr] warning: `package.homepage` is redundant with `package.repository`
[INFO] [stderr]   --> Cargo.toml:44:12
[INFO] [stderr]    |
[INFO] [stderr] 44 | homepage = "https://github.com/AssetsArt/nylon-ring"
[INFO] [stderr]    |            ^^^^^^^^^^^^^^^^^^^^^^^^^^^^^^^^^^^^^^^^^
[INFO] [stderr] ...
[INFO] [stderr] 49 | repository = "https://github.com/AssetsArt/nylon-ring"
[INFO] [stderr]    |              -----------------------------------------
[INFO] [stderr]    |
[INFO] [stderr]    = note: `cargo::redundant_homepage` is set to `warn` by default
[INFO] [stderr] help: consider removing `package.homepage`
[INFO] [stderr] warning: `nylon-ring-host` (manifest) generated 1 warning
[INFO] [stderr]    Compiling rustc-hash v2.1.1
[INFO] [stderr]    Compiling nylon-ring v0.2.2
[INFO] [stderr]    Compiling libloading v0.9.0
[INFO] [stderr]    Compiling tokio v1.48.0
[INFO] [stderr]    Compiling quote v1.0.42
[INFO] [stderr]    Compiling parking_lot_core v0.9.12
[INFO] [stderr]    Compiling syn v2.0.111
[INFO] [stderr]    Compiling dashmap v6.1.0
[INFO] [stderr]    Compiling thiserror-impl v2.0.17
[INFO] [stderr]    Compiling thiserror v2.0.17
[INFO] [stderr]    Compiling nylon-ring-host v0.2.2 (/opt/rustwide/workdir)
[INFO] [stdout] warning: use of deprecated method `std::sync::atomic::Atomic::<usize>::fetch_update`: renamed to `try_update` for consistency
[INFO] [stdout]   --> src/call_tracker.rs:37:14
[INFO] [stdout]    |
[INFO] [stdout] 37 |             .fetch_update(Ordering::Acquire, Ordering::Relaxed, |state| {
[INFO] [stdout]    |              ^^^^^^^^^^^^
[INFO] [stdout]    |
[INFO] [stdout]    = note: `#[warn(deprecated)]` on by default
[INFO] [stdout] help: replace the use of the deprecated method
[INFO] [stdout]    |
[INFO] [stdout] 37 -             .fetch_update(Ordering::Acquire, Ordering::Relaxed, |state| {
[INFO] [stdout] 37 +             .try_update(Ordering::Acquire, Ordering::Relaxed, |state| {
[INFO] [stdout]    |
[INFO] [stdout] 
[INFO] [stdout] 
[INFO] [stdout] warning: use of deprecated method `std::sync::atomic::Atomic::<u64>::fetch_update`: renamed to `try_update` for consistency
[INFO] [stdout]   --> src/sid.rs:42:18
[INFO] [stdout]    |
[INFO] [stdout] 42 |                 .fetch_update(Ordering::Relaxed, Ordering::Relaxed, |next| {
[INFO] [stdout]    |                  ^^^^^^^^^^^^
[INFO] [stdout]    |
[INFO] [stdout] help: replace the use of the deprecated method
[INFO] [stdout]    |
[INFO] [stdout] 42 -                 .fetch_update(Ordering::Relaxed, Ordering::Relaxed, |next| {
[INFO] [stdout] 42 +                 .try_update(Ordering::Relaxed, Ordering::Relaxed, |next| {
[INFO] [stdout]    |
[INFO] [stdout] 
[INFO] [stdout] 
[INFO] [stderr]     Finished `release` profile [optimized] target(s) in 2.36s
[INFO] running `Command { std: "docker" "inspect" "a071802a76a8d645fd3e49258995aa3be19a17f2b5cd5e261bcb07fb820d332d", kill_on_drop: false }`
[INFO] running `Command { std: "docker" "exec" "-e" "SOURCE_DIR=/opt/rustwide/workdir" "-e" "CARGO_HOME=/opt/rustwide/cargo-home" "-e" "RUSTUP_HOME=/opt/rustwide/rustup-home" "-e" "CARGO_TARGET_DIR=/opt/rustwide/target" "-e" "CARGO_INCREMENTAL=0" "-e" "RUST_BACKTRACE=full" "-e" "RUSTFLAGS=--cap-lints=warn" "-e" "RUSTDOCFLAGS=--cap-lints=warn" "-w" "/opt/rustwide/workdir" "--user" "0:0" "a071802a76a8d645fd3e49258995aa3be19a17f2b5cd5e261bcb07fb820d332d" "/opt/rustwide/cargo-home/bin/cargo" "+1.100.0-beta.1" "test" "--frozen" "--no-run" "--message-format=json" "--release", kill_on_drop: false }`
[INFO] [stderr] warning: `package.homepage` is redundant with `package.repository`
[INFO] [stderr]   --> Cargo.toml:44:12
[INFO] [stderr]    |
[INFO] [stderr] 44 | homepage = "https://github.com/AssetsArt/nylon-ring"
[INFO] [stderr]    |            ^^^^^^^^^^^^^^^^^^^^^^^^^^^^^^^^^^^^^^^^^
[INFO] [stderr] ...
[INFO] [stderr] 49 | repository = "https://github.com/AssetsArt/nylon-ring"
[INFO] [stderr]    |              -----------------------------------------
[INFO] [stderr]    |
[INFO] [stderr]    = note: `cargo::redundant_homepage` is set to `warn` by default
[INFO] [stderr] help: consider removing `package.homepage`
[INFO] [stderr] warning: `nylon-ring-host` (manifest) generated 1 warning
[INFO] [stderr]    Compiling find-msvc-tools v0.1.5
[INFO] [stderr]    Compiling regex-syntax v0.8.8
[INFO] [stderr]    Compiling tracing-core v0.1.36
[INFO] [stderr]    Compiling thread_local v1.1.10
[INFO] [stderr]    Compiling tokio v1.48.0
[INFO] [stderr]    Compiling scoped-tls v1.0.1
[INFO] [stderr]    Compiling cc v1.2.49
[INFO] [stderr]    Compiling tracing v0.1.44
[INFO] [stderr]    Compiling tracing-log v0.2.0
[INFO] [stderr]    Compiling generator v0.8.9
[INFO] [stderr]    Compiling regex-automata v0.4.13
[INFO] [stderr]    Compiling nylon-ring-host v0.2.2 (/opt/rustwide/workdir)
[INFO] [stdout] warning: use of deprecated method `std::sync::atomic::Atomic::<usize>::fetch_update`: renamed to `try_update` for consistency
[INFO] [stdout]   --> src/call_tracker.rs:37:14
[INFO] [stdout]    |
[INFO] [stdout] 37 |             .fetch_update(Ordering::Acquire, Ordering::Relaxed, |state| {
[INFO] [stdout]    |              ^^^^^^^^^^^^
[INFO] [stdout]    |
[INFO] [stdout]    = note: `#[warn(deprecated)]` on by default
[INFO] [stdout] help: replace the use of the deprecated method
[INFO] [stdout]    |
[INFO] [stdout] 37 -             .fetch_update(Ordering::Acquire, Ordering::Relaxed, |state| {
[INFO] [stdout] 37 +             .try_update(Ordering::Acquire, Ordering::Relaxed, |state| {
[INFO] [stdout]    |
[INFO] [stdout] 
[INFO] [stdout] 
[INFO] [stdout] warning: use of deprecated method `std::sync::atomic::Atomic::<u64>::fetch_update`: renamed to `try_update` for consistency
[INFO] [stdout]   --> src/sid.rs:42:18
[INFO] [stdout]    |
[INFO] [stdout] 42 |                 .fetch_update(Ordering::Relaxed, Ordering::Relaxed, |next| {
[INFO] [stdout]    |                  ^^^^^^^^^^^^
[INFO] [stdout]    |
[INFO] [stdout] help: replace the use of the deprecated method
[INFO] [stdout]    |
[INFO] [stdout] 42 -                 .fetch_update(Ordering::Relaxed, Ordering::Relaxed, |next| {
[INFO] [stdout] 42 +                 .try_update(Ordering::Relaxed, Ordering::Relaxed, |next| {
[INFO] [stdout]    |
[INFO] [stdout] 
[INFO] [stdout] 
[INFO] [stderr]    Compiling matchers v0.2.0
[INFO] [stderr]    Compiling tracing-subscriber v0.3.23
[INFO] [stderr]    Compiling loom v0.7.2
[INFO] [stdout] warning: use of deprecated method `std::sync::atomic::Atomic::<usize>::fetch_update`: renamed to `try_update` for consistency
[INFO] [stdout]   --> src/call_tracker.rs:37:14
[INFO] [stdout]    |
[INFO] [stdout] 37 |             .fetch_update(Ordering::Acquire, Ordering::Relaxed, |state| {
[INFO] [stdout]    |              ^^^^^^^^^^^^
[INFO] [stdout]    |
[INFO] [stdout]    = note: `#[warn(deprecated)]` on by default
[INFO] [stdout] help: replace the use of the deprecated method
[INFO] [stdout]    |
[INFO] [stdout] 37 -             .fetch_update(Ordering::Acquire, Ordering::Relaxed, |state| {
[INFO] [stdout] 37 +             .try_update(Ordering::Acquire, Ordering::Relaxed, |state| {
[INFO] [stdout]    |
[INFO] [stdout] 
[INFO] [stdout] 
[INFO] [stdout] warning: use of deprecated method `std::sync::atomic::Atomic::<u64>::fetch_update`: renamed to `try_update` for consistency
[INFO] [stdout]   --> src/sid.rs:42:18
[INFO] [stdout]    |
[INFO] [stdout] 42 |                 .fetch_update(Ordering::Relaxed, Ordering::Relaxed, |next| {
[INFO] [stdout]    |                  ^^^^^^^^^^^^
[INFO] [stdout]    |
[INFO] [stdout] help: replace the use of the deprecated method
[INFO] [stdout]    |
[INFO] [stdout] 42 -                 .fetch_update(Ordering::Relaxed, Ordering::Relaxed, |next| {
[INFO] [stdout] 42 +                 .try_update(Ordering::Relaxed, Ordering::Relaxed, |next| {
[INFO] [stdout]    |
[INFO] [stdout] 
[INFO] [stdout] 
[INFO] [stdout] warning: use of deprecated method `std::sync::atomic::Atomic::<usize>::fetch_update`: renamed to `try_update` for consistency
[INFO] [stdout]     --> src/lib.rs:2244:26
[INFO] [stdout]      |
[INFO] [stdout] 2244 |                         .fetch_update(AtomOrd::Acquire, AtomOrd::Relaxed, |v| Some(v + 1)),
[INFO] [stdout]      |                          ^^^^^^^^^^^^
[INFO] [stdout]      |
[INFO] [stdout] help: replace the use of the deprecated method
[INFO] [stdout]      |
[INFO] [stdout] 2244 -                         .fetch_update(AtomOrd::Acquire, AtomOrd::Relaxed, |v| Some(v + 1)),
[INFO] [stdout] 2244 +                         .try_update(AtomOrd::Acquire, AtomOrd::Relaxed, |v| Some(v + 1)),
[INFO] [stdout]      |
[INFO] [stdout] 
[INFO] [stdout] 
[INFO] [stdout] warning: use of deprecated method `std::sync::atomic::Atomic::<usize>::fetch_update`: renamed to `try_update` for consistency
[INFO] [stdout]     --> src/lib.rs:2254:26
[INFO] [stdout]      |
[INFO] [stdout] 2254 |                         .fetch_update(AtomOrd::Relaxed, AtomOrd::Relaxed, |v| Some(v + 1)),
[INFO] [stdout]      |                          ^^^^^^^^^^^^
[INFO] [stdout]      |
[INFO] [stdout] help: replace the use of the deprecated method
[INFO] [stdout]      |
[INFO] [stdout] 2254 -                         .fetch_update(AtomOrd::Relaxed, AtomOrd::Relaxed, |v| Some(v + 1)),
[INFO] [stdout] 2254 +                         .try_update(AtomOrd::Relaxed, AtomOrd::Relaxed, |v| Some(v + 1)),
[INFO] [stdout]      |
[INFO] [stdout] 
[INFO] [stdout] 
[INFO] [stdout] warning: use of deprecated method `std::sync::atomic::Atomic::<usize>::fetch_update`: renamed to `try_update` for consistency
[INFO] [stdout]     --> src/lib.rs:2277:26
[INFO] [stdout]      |
[INFO] [stdout] 2277 |                         .fetch_update(AtomOrd::Relaxed, AtomOrd::Relaxed, |v| Some(v + 1)),
[INFO] [stdout]      |                          ^^^^^^^^^^^^
[INFO] [stdout]      |
[INFO] [stdout] help: replace the use of the deprecated method
[INFO] [stdout]      |
[INFO] [stdout] 2277 -                         .fetch_update(AtomOrd::Relaxed, AtomOrd::Relaxed, |v| Some(v + 1)),
[INFO] [stdout] 2277 +                         .try_update(AtomOrd::Relaxed, AtomOrd::Relaxed, |v| Some(v + 1)),
[INFO] [stdout]      |
[INFO] [stdout] 
[INFO] [stdout] 
[INFO] [stderr]     Finished `release` profile [optimized] target(s) in 9.93s
[INFO] running `Command { std: "docker" "inspect" "a071802a76a8d645fd3e49258995aa3be19a17f2b5cd5e261bcb07fb820d332d", kill_on_drop: false }`
[INFO] running `Command { std: "docker" "exec" "-e" "SOURCE_DIR=/opt/rustwide/workdir" "-e" "CARGO_HOME=/opt/rustwide/cargo-home" "-e" "RUSTUP_HOME=/opt/rustwide/rustup-home" "-e" "CARGO_TARGET_DIR=/opt/rustwide/target" "-e" "CARGO_INCREMENTAL=0" "-e" "RUST_BACKTRACE=full" "-e" "RUSTFLAGS=--cap-lints=warn" "-e" "RUSTDOCFLAGS=--cap-lints=warn" "-w" "/opt/rustwide/workdir" "--user" "0:0" "a071802a76a8d645fd3e49258995aa3be19a17f2b5cd5e261bcb07fb820d332d" "/opt/rustwide/cargo-home/bin/cargo" "+1.100.0-beta.1" "test" "--frozen" "--release", kill_on_drop: false }`
[INFO] [stderr] warning: `package.homepage` is redundant with `package.repository`
[INFO] [stderr]   --> Cargo.toml:44:12
[INFO] [stderr]    |
[INFO] [stderr] 44 | homepage = "https://github.com/AssetsArt/nylon-ring"
[INFO] [stderr]    |            ^^^^^^^^^^^^^^^^^^^^^^^^^^^^^^^^^^^^^^^^^
[INFO] [stderr] ...
[INFO] [stderr] 49 | repository = "https://github.com/AssetsArt/nylon-ring"
[INFO] [stderr]    |              -----------------------------------------
[INFO] [stderr]    |
[INFO] [stderr]    = note: `cargo::redundant_homepage` is set to `warn` by default
[INFO] [stderr] help: consider removing `package.homepage`
[INFO] [stderr] warning: `nylon-ring-host` (manifest) generated 1 warning
[INFO] [stderr] warning: use of deprecated method `std::sync::atomic::Atomic::<usize>::fetch_update`: renamed to `try_update` for consistency
[INFO] [stderr]   --> src/call_tracker.rs:37:14
[INFO] [stderr]    |
[INFO] [stderr] 37 |             .fetch_update(Ordering::Acquire, Ordering::Relaxed, |state| {
[INFO] [stderr]    |              ^^^^^^^^^^^^
[INFO] [stderr]    |
[INFO] [stderr]    = note: `#[warn(deprecated)]` on by default
[INFO] [stderr] help: replace the use of the deprecated method
[INFO] [stderr]    |
[INFO] [stderr] 37 -             .fetch_update(Ordering::Acquire, Ordering::Relaxed, |state| {
[INFO] [stderr] 37 +             .try_update(Ordering::Acquire, Ordering::Relaxed, |state| {
[INFO] [stderr]    |
[INFO] [stderr] 
[INFO] [stderr] warning: use of deprecated method `std::sync::atomic::Atomic::<u64>::fetch_update`: renamed to `try_update` for consistency
[INFO] [stderr]   --> src/sid.rs:42:18
[INFO] [stderr]    |
[INFO] [stderr] 42 |                 .fetch_update(Ordering::Relaxed, Ordering::Relaxed, |next| {
[INFO] [stderr]    |                  ^^^^^^^^^^^^
[INFO] [stderr]    |
[INFO] [stderr] help: replace the use of the deprecated method
[INFO] [stderr]    |
[INFO] [stderr] 42 -                 .fetch_update(Ordering::Relaxed, Ordering::Relaxed, |next| {
[INFO] [stderr] 42 +                 .try_update(Ordering::Relaxed, Ordering::Relaxed, |next| {
[INFO] [stderr]    |
[INFO] [stderr] 
[INFO] [stderr] warning: use of deprecated method `std::sync::atomic::Atomic::<usize>::fetch_update`: renamed to `try_update` for consistency
[INFO] [stderr]     --> src/lib.rs:2244:26
[INFO] [stderr]      |
[INFO] [stderr] 2244 |                         .fetch_update(AtomOrd::Acquire, AtomOrd::Relaxed, |v| Some(v + 1)),
[INFO] [stderr]      |                          ^^^^^^^^^^^^
[INFO] [stderr]      |
[INFO] [stderr] help: replace the use of the deprecated method
[INFO] [stderr]      |
[INFO] [stderr] 2244 -                         .fetch_update(AtomOrd::Acquire, AtomOrd::Relaxed, |v| Some(v + 1)),
[INFO] [stderr] 2244 +                         .try_update(AtomOrd::Acquire, AtomOrd::Relaxed, |v| Some(v + 1)),
[INFO] [stderr]      |
[INFO] [stderr] 
[INFO] [stderr] warning: use of deprecated method `std::sync::atomic::Atomic::<usize>::fetch_update`: renamed to `try_update` for consistency
[INFO] [stderr]     --> src/lib.rs:2254:26
[INFO] [stderr]      |
[INFO] [stderr] 2254 |                         .fetch_update(AtomOrd::Relaxed, AtomOrd::Relaxed, |v| Some(v + 1)),
[INFO] [stderr]      |                          ^^^^^^^^^^^^
[INFO] [stderr]      |
[INFO] [stderr] help: replace the use of the deprecated method
[INFO] [stderr]      |
[INFO] [stderr] 2254 -                         .fetch_update(AtomOrd::Relaxed, AtomOrd::Relaxed, |v| Some(v + 1)),
[INFO] [stderr] 2254 +                         .try_update(AtomOrd::Relaxed, AtomOrd::Relaxed, |v| Some(v + 1)),
[INFO] [stderr]      |
[INFO] [stderr] 
[INFO] [stderr] warning: use of deprecated method `std::sync::atomic::Atomic::<usize>::fetch_update`: renamed to `try_update` for consistency
[INFO] [stderr]     --> src/lib.rs:2277:26
[INFO] [stderr]      |
[INFO] [stderr] 2277 |                         .fetch_update(AtomOrd::Relaxed, AtomOrd::Relaxed, |v| Some(v + 1)),
[INFO] [stderr]      |                          ^^^^^^^^^^^^
[INFO] [stderr]      |
[INFO] [stderr] help: replace the use of the deprecated method
[INFO] [stderr]      |
[INFO] [stderr] 2277 -                         .fetch_update(AtomOrd::Relaxed, AtomOrd::Relaxed, |v| Some(v + 1)),
[INFO] [stderr] 2277 +                         .try_update(AtomOrd::Relaxed, AtomOrd::Relaxed, |v| Some(v + 1)),
[INFO] [stderr]      |
[INFO] [stderr] 
[INFO] [stderr] warning: `nylon-ring-host` (lib) generated 2 warnings (run `cargo fix --lib -p nylon-ring-host` to apply 2 suggestions)
[INFO] [stderr] warning: `nylon-ring-host` (lib test) generated 5 warnings (2 duplicates) (run `cargo fix --lib -p nylon-ring-host --tests` to apply 3 suggestions)
[INFO] [stderr]     Finished `release` profile [optimized] target(s) in 0.03s
[INFO] [stderr]      Running unittests src/lib.rs (/opt/rustwide/target/release/build/nylon-ring-host/08f48150ae97cb0b/out/nylon_ring_host-08f48150ae97cb0b)
[INFO] [stdout] 
[INFO] [stdout] running 35 tests
[INFO] [stdout] test call_tracker::tests::tracks_nested_calls_and_rejects_calls_after_stop ... ok
[INFO] [stdout] test extensions::tests::test_extensions ... ok
[INFO] [stdout] test stream_channel::tests::recycle_clears_stale_state_and_reuses_allocation ... ok
[INFO] [stdout] test stream_channel::tests::full_queue_reports_backpressure_and_returns_frame ... ok
[INFO] [stdout] test stream_channel::tests::sender_drop_closes_after_buffered_frames ... ok
[INFO] [stdout] test stream_channel::tests::recycle_refuses_shared_channel_and_capacity_mismatch ... ok
[INFO] [stdout] test stream_channel::tests::cross_thread_send_wakes_receiver ... ok
[INFO] [stdout] test tests::cycle_budget_probe ... ignored, manual probe; needs --release for meaningful numbers
[INFO] [stdout] test sid::tests::session_ids_are_unique_across_threads ... ok
[INFO] [stdout] test tests::fast_slot_reentry_is_rejected_and_binding_is_cleared ... ok
[INFO] [stdout] test tests::dropping_stream_receiver_unregisters_stream ... ok
[INFO] [stdout] test tests::dropping_pending_guard_unregisters_unary_request ... ok
[INFO] [stdout] test tests::bounded_stream_reports_backpressure_and_removes_terminal_once ... ok
[INFO] [stderr] cc1: fatal error: /opt/examples/c-plugin/plugin.c: No such file or directory
[INFO] [stderr] compilation terminated.
[INFO] [stdout] test tests::concurrent_terminal_frames_complete_stream_once ... ok
[INFO] [stdout] test tests::c_plugin_layout_round_trips_through_host ... FAILED
[INFO] [stdout] test tests::abandoned_leases_are_parked_not_freed ... ok
[INFO] [stdout] test tests::entry_id_dispatch_round_trips_all_call_shapes ... ok
[INFO] [stdout] test tests::unary_waker_callbacks_run_outside_pending_lock ... ok
[INFO] [stdout] test loom_tests::loom_sid_blocks_do_not_overlap ... ok
[INFO] [stdout] test tests::unary_completion_wakes_latest_waiter_across_threads ... ok
[INFO] [stderr] cc1plus: fatal error: /opt/examples/cpp-plugin/plugin.cpp: No such file or directory
[INFO] [stderr] compilation terminated.
[INFO] [stdout] test tests::cpp_plugin_layout_round_trips_through_host ... FAILED
[INFO] [stdout] test tests::lease_round_trips_and_rejects_misuse ... ok
[INFO] [stdout] test tests::go_plugin_round_trips_through_pinned_host ... ok
[INFO] [stdout] test tests::example_plugin_fire_and_forget_entry_returns_ok ... ok
[INFO] [stdout] test tests::owned_response_keeps_plugin_alive_after_unload ... ok
[INFO] [stdout] test tests::owned_response_round_trips_and_releases_exactly_once ... ok
[INFO] [stdout] test tests::pinned_plugin_calls_and_refuses_unload ... ok
[INFO] [stdout] test tests::stream_receiver_outlives_host_drop ... ok
[INFO] [stdout] test tests::stream_receiver_outlives_unload_and_drains_frames ... ok
[INFO] [stdout] test tests::trait_plugin_round_trips_through_host ... ok
[INFO] [stdout] test tests::zig_plugin_layout_round_trips_through_host ... ok
[INFO] [stdout] test tests::unload_defers_library_drop_and_rejects_new_calls_on_existing_handle ... ok
[INFO] [stdout] test loom_tests::loom_call_gate_drains_across_unload_race ... ok
[INFO] [stdout] test loom_tests::loom_callback_router_completes_terminal_stream_once ... ok
[INFO] [stdout] test loom_tests::loom_retired_plugin_frees_exactly_once_across_finish_stop_races ... ok
[INFO] [stdout] 
[INFO] [stdout] failures:
[INFO] [stdout] 
[INFO] [stdout] ---- tests::c_plugin_layout_round_trips_through_host stdout ----
[INFO] [stdout] 
[INFO] [stdout] thread 'tests::c_plugin_layout_round_trips_through_host' (731) panicked at src/lib.rs:1267:9:
[INFO] [stdout] nylon_ring_c_example failed to compile
[INFO] [stdout] stack backtrace:
[INFO] [stdout]    0:     0x60fd3c6046e1 - <<std[617be2ca0a6fd877]::sys::backtrace::BacktraceLock>::print::DisplayBacktrace as core[a373ad73a504971]::fmt::Display>::fmt
[INFO] [stdout]    1:     0x60fd3c61a3ea - core[a373ad73a504971]::fmt::write
[INFO] [stdout]    2:     0x60fd3c608f1c - <alloc[2e1b2a31b91974c5]::vec::Vec<u8> as core[a373ad73a504971]::io::write::Write>::write_fmt
[INFO] [stdout]    3:     0x60fd3c5df306 - std[617be2ca0a6fd877]::panicking::default_hook::{closure#0}
[INFO] [stdout]    4:     0x60fd3c5fc9b9 - std[617be2ca0a6fd877]::panicking::default_hook
[INFO] [stdout]    5:     0x60fd3c5018a0 - test[aada8e7e76ba119b]::test_main_inner::{closure#0}
[INFO] [stdout]    6:     0x60fd3c5c314a - generator[5a0182a5a6368e5a]::detail::gen::catch_unwind_filter::<generator[5a0182a5a6368e5a]::detail::gen::gen_init_impl::{closure#0}, ()>::{closure#0}::{closure#0}
[INFO] [stdout]    7:     0x60fd3c5fcce2 - std[617be2ca0a6fd877]::panicking::panic_with_hook
[INFO] [stdout]    8:     0x60fd3c5df3b2 - std[617be2ca0a6fd877]::panicking::panic_handler::{closure#0}
[INFO] [stdout]    9:     0x60fd3c5d79e9 - std[617be2ca0a6fd877]::sys::backtrace::__rust_end_short_backtrace::<std[617be2ca0a6fd877]::panicking::panic_handler::{closure#0}, !>
[INFO] [stdout]   10:     0x60fd3c5e00cd - __rustc[ea4f61d10b84890b]::rust_begin_unwind
[INFO] [stdout]   11:     0x60fd3c61abcc - core[a373ad73a504971]::panicking::panic_fmt
[INFO] [stdout]   12:     0x60fd3c47f883 - <nylon_ring_host[fab69c456d80201]::tests::c_plugin_layout_round_trips_through_host::{closure#0} as core[a373ad73a504971]::ops::function::FnOnce<()>>::call_once
[INFO] [stdout]   13:     0x60fd3c4f4ceb - test[aada8e7e76ba119b]::__rust_begin_short_backtrace::<core[a373ad73a504971]::result::Result<(), alloc[2e1b2a31b91974c5]::string::String>, fn() -> core[a373ad73a504971]::result::Result<(), alloc[2e1b2a31b91974c5]::string::String>>
[INFO] [stdout]   14:     0x60fd3c501ec5 - test[aada8e7e76ba119b]::run_test::{closure#0}
[INFO] [stdout]   15:     0x60fd3c4fb7b4 - std[617be2ca0a6fd877]::sys::backtrace::__rust_begin_short_backtrace::<test[aada8e7e76ba119b]::run_test::{closure#1}, ()>
[INFO] [stdout]   16:     0x60fd3c504f52 - <std[617be2ca0a6fd877]::thread::lifecycle::spawn_unchecked<test[aada8e7e76ba119b]::run_test::{closure#1}, ()>::{closure#1} as core[a373ad73a504971]::ops::function::FnOnce<()>>::call_once::{shim:vtable#0}
[INFO] [stdout]   17:     0x60fd3c603eff - <std[617be2ca0a6fd877]::sys::thread::unix::Thread>::new::thread_start
[INFO] [stdout]   18:     0x702f03bd3dfa - <unknown>
[INFO] [stdout]   19:     0x702f03c673d4 - clone
[INFO] [stdout]   20:                0x0 - <unknown>
[INFO] [stdout] 
[INFO] [stdout] ---- tests::cpp_plugin_layout_round_trips_through_host stdout ----
[INFO] [stdout] 
[INFO] [stdout] thread 'tests::cpp_plugin_layout_round_trips_through_host' (733) panicked at src/lib.rs:1267:9:
[INFO] [stdout] nylon_ring_cpp_example failed to compile
[INFO] [stdout] stack backtrace:
[INFO] [stdout]    0:     0x60fd3c6046e1 - <<std[617be2ca0a6fd877]::sys::backtrace::BacktraceLock>::print::DisplayBacktrace as core[a373ad73a504971]::fmt::Display>::fmt
[INFO] [stdout]    1:     0x60fd3c61a3ea - core[a373ad73a504971]::fmt::write
[INFO] [stdout]    2:     0x60fd3c608f1c - <alloc[2e1b2a31b91974c5]::vec::Vec<u8> as core[a373ad73a504971]::io::write::Write>::write_fmt
[INFO] [stdout]    3:     0x60fd3c5df306 - std[617be2ca0a6fd877]::panicking::default_hook::{closure#0}
[INFO] [stdout]    4:     0x60fd3c5fc9b9 - std[617be2ca0a6fd877]::panicking::default_hook
[INFO] [stdout]    5:     0x60fd3c5018a0 - test[aada8e7e76ba119b]::test_main_inner::{closure#0}
[INFO] [stdout]    6:     0x60fd3c5c314a - generator[5a0182a5a6368e5a]::detail::gen::catch_unwind_filter::<generator[5a0182a5a6368e5a]::detail::gen::gen_init_impl::{closure#0}, ()>::{closure#0}::{closure#0}
[INFO] [stdout]    7:     0x60fd3c5fcce2 - std[617be2ca0a6fd877]::panicking::panic_with_hook
[INFO] [stdout]    8:     0x60fd3c5df3b2 - std[617be2ca0a6fd877]::panicking::panic_handler::{closure#0}
[INFO] [stdout]    9:     0x60fd3c5d79e9 - std[617be2ca0a6fd877]::sys::backtrace::__rust_end_short_backtrace::<std[617be2ca0a6fd877]::panicking::panic_handler::{closure#0}, !>
[INFO] [stdout]   10:     0x60fd3c5e00cd - __rustc[ea4f61d10b84890b]::rust_begin_unwind
[INFO] [stdout]   11:     0x60fd3c61abcc - core[a373ad73a504971]::panicking::panic_fmt
[INFO] [stdout]   12:     0x60fd3c480ce8 - <nylon_ring_host[fab69c456d80201]::tests::cpp_plugin_layout_round_trips_through_host::{closure#0} as core[a373ad73a504971]::ops::function::FnOnce<()>>::call_once
[INFO] [stdout]   13:     0x60fd3c4f4ceb - test[aada8e7e76ba119b]::__rust_begin_short_backtrace::<core[a373ad73a504971]::result::Result<(), alloc[2e1b2a31b91974c5]::string::String>, fn() -> core[a373ad73a504971]::result::Result<(), alloc[2e1b2a31b91974c5]::string::String>>
[INFO] [stdout]   14:     0x60fd3c501ec5 - test[aada8e7e76ba119b]::run_test::{closure#0}
[INFO] [stdout]   15:     0x60fd3c4fb7b4 - std[617be2ca0a6fd877]::sys::backtrace::__rust_begin_short_backtrace::<test[aada8e7e76ba119b]::run_test::{closure#1}, ()>
[INFO] [stdout]   16:     0x60fd3c504f52 - <std[617be2ca0a6fd877]::thread::lifecycle::spawn_unchecked<test[aada8e7e76ba119b]::run_test::{closure#1}, ()>::{closure#1} as core[a373ad73a504971]::ops::function::FnOnce<()>>::call_once::{shim:vtable#0}
[INFO] [stdout]   17:     0x60fd3c603eff - <std[617be2ca0a6fd877]::sys::thread::unix::Thread>::new::thread_start
[INFO] [stdout]   18:     0x702f03bd3dfa - <unknown>
[INFO] [stdout]   19:     0x702f03c673d4 - clone
[INFO] [stdout]   20:                0x0 - <unknown>
[INFO] [stdout] 
[INFO] [stdout] 
[INFO] [stdout] failures:
[INFO] [stdout]     tests::c_plugin_layout_round_trips_through_host
[INFO] [stdout]     tests::cpp_plugin_layout_round_trips_through_host
[INFO] [stdout] 
[INFO] [stdout] test result: FAILED. 32 passed; 2 failed; 1 ignored; 0 measured; 0 filtered out; finished in 1.40s
[INFO] [stdout] 
[INFO] [stderr] error: test failed, to rerun pass `--lib`
[INFO] running `Command { std: "docker" "inspect" "a071802a76a8d645fd3e49258995aa3be19a17f2b5cd5e261bcb07fb820d332d", kill_on_drop: false }`
[INFO] running `Command { std: "docker" "rm" "-f" "a071802a76a8d645fd3e49258995aa3be19a17f2b5cd5e261bcb07fb820d332d", kill_on_drop: false }`
[INFO] [stdout] a071802a76a8d645fd3e49258995aa3be19a17f2b5cd5e261bcb07fb820d332d
