[INFO] fetching crate nye 0.1.0...
[INFO] testing nye-0.1.0 against 1.99.0-beta.8+cargoflags=--release for beta-release-1.100-2
[INFO] extracting crate nye 0.1.0 into /workspace/builds/worker-5-tc1/source
[INFO] started tweaking crates.io crate nye 0.1.0
[INFO] finished tweaking crates.io crate nye 0.1.0
[INFO] tweaked toml for crates.io crate nye 0.1.0 written to /workspace/builds/worker-5-tc1/source/Cargo.toml
[INFO] validating manifest of crates.io crate nye 0.1.0 on toolchain 1.99.0-beta.8
[INFO] running `Command { std: CARGO_HOME="/workspace/cargo-home" RUSTUP_HOME="/workspace/rustup-home" "/workspace/cargo-home/bin/cargo" "+1.99.0-beta.8" "metadata" "--manifest-path" "Cargo.toml" "--no-deps", kill_on_drop: false }`
[INFO] crate crates.io crate nye 0.1.0 already has a lockfile, it will not be regenerated
[INFO] running `Command { std: CARGO_HOME="/workspace/cargo-home" RUSTUP_HOME="/workspace/rustup-home" "/workspace/cargo-home/bin/cargo" "+1.99.0-beta.8" "fetch" "--manifest-path" "Cargo.toml", kill_on_drop: false }`
[INFO] [stderr]     Updating crates.io index
[INFO] [stderr]  Downloading crates ...
[INFO] [stderr]   Downloaded toasty-cli v0.10.0
[INFO] [stderr]   Downloaded fluent-uri v0.4.1
[INFO] [stderr]   Downloaded tantivy-tokenizer-api v0.7.0
[INFO] [stderr]   Downloaded users v0.11.0
[INFO] [stderr]   Downloaded tantivy-sstable v0.7.0
[INFO] [stderr]   Downloaded measure_time v0.9.0
[INFO] [stderr]   Downloaded typetag-impl v0.2.23
[INFO] [stderr]   Downloaded tantivy-bitpacker v0.10.0
[INFO] [stderr]   Downloaded ownedbytes v0.9.0
[INFO] [stderr]   Downloaded rand_pcg v0.3.1
[INFO] [stderr]   Downloaded assoc v0.1.3
[INFO] [stderr]   Downloaded rustc_version_runtime v0.3.0
[INFO] [stderr]   Downloaded pack1 v1.1.0
[INFO] [stderr]   Downloaded icu_locale_fallback_data v2.3.0
[INFO] [stderr]   Downloaded cfg_block v0.1.1
[INFO] [stderr]   Downloaded aristo v0.4.1
[INFO] [stderr]   Downloaded pluralizer v0.5.0
[INFO] [stderr]   Downloaded typetag v0.2.23
[INFO] [stderr]   Downloaded tantivy-query-grammar v0.26.0
[INFO] [stderr]   Downloaded fs4 v0.13.1
[INFO] [stderr]   Downloaded turso_ext v0.7.2
[INFO] [stderr]   Downloaded tantivy-common v0.11.0
[INFO] [stderr]   Downloaded sketches-ddsketch v0.4.1
[INFO] [stderr]   Downloaded bytemuck_derive v1.12.0
[INFO] [stderr]   Downloaded icu_locale_fallback v2.3.0
[INFO] [stderr]   Downloaded fastbloom v0.14.1
[INFO] [stderr]   Downloaded turso_sdk_kit_macros v0.7.2
[INFO] [stderr]   Downloaded mimalloc v0.1.52
[INFO] [stderr]   Downloaded flagset v0.4.7
[INFO] [stderr]   Downloaded toasty-driver-turso v0.10.0
[INFO] [stderr]   Downloaded lz4_flex v0.13.1
[INFO] [stderr]   Downloaded tantivy-stacker v0.7.0
[INFO] [stderr]   Downloaded turso_sync_sdk_kit v0.7.2
[INFO] [stderr]   Downloaded turso_macros v0.7.2
[INFO] [stderr]   Downloaded icu_locale v2.3.1
[INFO] [stderr]   Downloaded antithesis_sdk v0.2.9
[INFO] [stderr]   Downloaded toasty-driver-sqlite v0.10.0
[INFO] [stderr]   Downloaded softaes v0.1.5
[INFO] [stderr]   Downloaded der_derive v0.7.3
[INFO] [stderr]   Downloaded wasite v1.0.2
[INFO] [stderr]   Downloaded aristo-macros v0.4.1
[INFO] [stderr]   Downloaded intrusive-collections v0.9.7
[INFO] [stderr]   Downloaded whoami v2.1.3
[INFO] [stderr]   Downloaded turso v0.7.2
[INFO] [stderr]   Downloaded bon v3.10.0
[INFO] [stderr]   Downloaded turso_sdk_kit v0.7.2
[INFO] [stderr]   Downloaded toasty-driver-postgresql v0.10.0
[INFO] [stderr]   Downloaded tokio-postgres-rustls v0.14.0
[INFO] [stderr]   Downloaded allocator-api2 v0.4.0
[INFO] [stderr]   Downloaded objc2-system-configuration v0.3.2
[INFO] [stderr]   Downloaded postgres-types v0.2.14
[INFO] [stderr]   Downloaded toasty-macros v0.10.0
[INFO] [stderr]   Downloaded bon-macros v3.10.0
[INFO] [stderr]   Downloaded toasty-sql v0.10.0
[INFO] [stderr]   Downloaded postgres-protocol v0.6.12
[INFO] [stderr]   Downloaded toasty-driver-mysql v0.10.0
[INFO] [stderr]   Downloaded turso_parser v0.7.2
[INFO] [stderr]   Downloaded io-uring v0.7.14
[INFO] [stderr]   Downloaded turso_sync_engine v0.7.2
[INFO] [stderr]   Downloaded tantivy-columnar v0.7.0
[INFO] [stderr]   Downloaded simsimd v6.5.16
[INFO] [stderr]   Downloaded datasketches v0.2.0
[INFO] [stderr]   Downloaded x509-cert v0.2.5
[INFO] [stderr]   Downloaded tokio-postgres v0.7.18
[INFO] [stderr]   Downloaded branches v0.4.6
[INFO] [stderr]   Downloaded toasty-core v0.10.0
[INFO] [stderr]   Downloaded rsa v0.10.0-rc.18
[INFO] [stderr]   Downloaded toasty v0.10.0
[INFO] [stderr]   Downloaded shuttle v0.8.1
[INFO] [stderr]   Downloaded aegis v0.9.15
[INFO] [stderr]   Downloaded pkcs1 v0.8.0-rc.4
[INFO] [stderr]   Downloaded serdect v0.4.3
[INFO] [stderr]   Downloaded index_vec v0.1.4
[INFO] [stderr]   Downloaded deadpool-runtime v0.3.1
[INFO] [stderr]   Downloaded dialoguer v0.12.0
[INFO] [stderr]   Downloaded deadpool v0.13.1
[INFO] [stderr]   Downloaded crypto-primes v0.7.2
[INFO] [stderr]   Downloaded icu_collator_data v2.3.0
[INFO] [stderr]   Downloaded libmimalloc-sys v0.1.49
[INFO] [stderr]   Downloaded crypto-bigint v0.7.5
[INFO] [stderr]   Downloaded dedent v0.1.1
[INFO] [stderr]   Downloaded binrw_derive v0.15.2
[INFO] [stderr]   Downloaded tantivy v0.26.1
[INFO] [stderr]   Downloaded binrw v0.15.2
[INFO] [stderr]   Downloaded icu_collator v2.3.1
[INFO] [stderr]   Downloaded async_zip v0.0.19
[INFO] [stderr]   Downloaded icu_locale_data v2.3.0
[INFO] [stderr]   Downloaded turso_core v0.7.2
[INFO] running `Command { std: "docker" "create" "-v" "/var/lib/crater-agent-workspace/builds/worker-5-tc1/source:/opt/rustwide/workdir:ro,Z" "-v" "/var/lib/crater-agent-workspace/builds/worker-5-tc1/target:/opt/rustwide/target:rw,Z" "-v" "/var/lib/crater-agent-workspace/cargo-home:/opt/rustwide/cargo-home:ro,Z" "-v" "/var/lib/crater-agent-workspace/rustup-home:/opt/rustwide/rustup-home:ro,Z" "-m" "1610612736" "--network" "none" "ghcr.io/rust-lang/crates-build-env/linux@sha256:77db811e55d90add9212f6832c23229e3de5f1c1f9905e8cb07319ea15df73ac" "sleep" "infinity", kill_on_drop: false }`
[INFO] [stdout] b139287ff19b33b6f58452f2874037d9d632e39e69233a4c47774fac7bec401a
[INFO] running `Command { std: "docker" "start" "b139287ff19b33b6f58452f2874037d9d632e39e69233a4c47774fac7bec401a", kill_on_drop: false }`
[INFO] running `Command { std: "docker" "inspect" "b139287ff19b33b6f58452f2874037d9d632e39e69233a4c47774fac7bec401a", kill_on_drop: false }`
[INFO] running `Command { std: "docker" "exec" "-e" "SOURCE_DIR=/opt/rustwide/workdir" "-e" "CARGO_HOME=/opt/rustwide/cargo-home" "-e" "RUSTUP_HOME=/opt/rustwide/rustup-home" "-e" "CARGO_TARGET_DIR=/opt/rustwide/target" "-w" "/opt/rustwide/workdir" "--user" "0:0" "b139287ff19b33b6f58452f2874037d9d632e39e69233a4c47774fac7bec401a" "/opt/rustwide/cargo-home/bin/cargo" "+1.99.0-beta.8" "metadata" "--no-deps" "--format-version=1", kill_on_drop: false }`
[INFO] running `Command { std: "docker" "inspect" "b139287ff19b33b6f58452f2874037d9d632e39e69233a4c47774fac7bec401a", kill_on_drop: false }`
[INFO] running `Command { std: "docker" "exec" "-e" "SOURCE_DIR=/opt/rustwide/workdir" "-e" "CARGO_HOME=/opt/rustwide/cargo-home" "-e" "RUSTUP_HOME=/opt/rustwide/rustup-home" "-e" "CARGO_TARGET_DIR=/opt/rustwide/target" "-e" "CARGO_INCREMENTAL=0" "-e" "RUST_BACKTRACE=full" "-e" "RUSTFLAGS=--cap-lints=warn" "-e" "RUSTDOCFLAGS=--cap-lints=warn" "-w" "/opt/rustwide/workdir" "--user" "0:0" "b139287ff19b33b6f58452f2874037d9d632e39e69233a4c47774fac7bec401a" "/opt/rustwide/cargo-home/bin/cargo" "+1.99.0-beta.8" "build" "--frozen" "--message-format=json" "--release", kill_on_drop: false }`
[INFO] [stderr]    Compiling proc-macro2 v1.0.107
[INFO] [stderr]    Compiling bitflags v2.13.1
[INFO] [stderr]    Compiling libc v0.2.189
[INFO] [stderr]    Compiling serde v1.0.229
[INFO] [stderr]    Compiling getrandom v0.4.3
[INFO] [stderr]    Compiling jiff-core v0.1.0
[INFO] [stderr]    Compiling indexmap v2.14.0
[INFO] [stderr]    Compiling toml_parser v1.1.3+spec-1.1.0
[INFO] [stderr]    Compiling serde_spanned v1.1.1
[INFO] [stderr]    Compiling toml_datetime v1.1.1+spec-1.1.0
[INFO] [stderr]    Compiling cpufeatures v0.3.1
[INFO] [stderr]    Compiling toml_writer v1.1.2+spec-1.1.0
[INFO] [stderr]    Compiling rand v0.10.2
[INFO] [stderr]    Compiling libsqlite3-sys v0.38.2
[INFO] [stderr]    Compiling ref-cast v1.0.27
[INFO] [stderr]    Compiling crossbeam-utils v0.8.22
[INFO] [stderr]    Compiling winnow v1.0.4
[INFO] [stderr]    Compiling chacha20 v0.10.2
[INFO] [stderr]    Compiling borrow-or-share v0.2.4
[INFO] [stderr]    Compiling rustix v1.1.4
[INFO] [stderr]    Compiling tokio v1.53.1
[INFO] [stderr]    Compiling tracing-core v0.1.36
[INFO] [stderr]    Compiling aho-corasick v1.1.5
[INFO] [stderr]    Compiling futures-core v0.3.34
[INFO] [stderr]    Compiling owo-colors v4.3.0
[INFO] [stderr]    Compiling form_urlencoded v1.2.2
[INFO] [stderr]    Compiling hashlink v0.12.1
[INFO] [stderr]    Compiling uuid v1.26.0
[INFO] [stderr]    Compiling toml v1.1.4+spec-1.1.0
[INFO] [stderr]    Compiling quote v1.0.47
[INFO] [stderr]    Compiling syn v3.0.4
[INFO] [stderr]    Compiling syn v2.0.119
[INFO] [stderr]    Compiling toasty-macros v0.10.0
[INFO] [stderr]    Compiling binrw_derive v0.15.2
[INFO] [stderr]    Compiling tokio-stream v0.1.19
[INFO] [stderr]    Compiling console v0.16.4
[INFO] [stderr]    Compiling crossbeam-epoch v0.9.20
[INFO] [stderr]    Compiling pluralizer v0.5.0
[INFO] [stderr]    Compiling bstr v1.13.1
[INFO] [stderr]    Compiling portable-atomic v1.15.0
[INFO] [stderr]    Compiling regex-automata v0.4.18
[INFO] [stderr]    Compiling anyhow v1.0.104
[INFO] [stderr]    Compiling crc32fast v1.5.1
[INFO] [stderr]    Compiling toasty v0.10.0
[INFO] [stderr]    Compiling binrw v0.15.2
[INFO] [stderr]    Compiling either v1.18.0
[INFO] [stderr]    Compiling crossbeam-deque v0.8.7
[INFO] [stderr]    Compiling toml_edit v0.25.13+spec-1.1.0
[INFO] [stderr]    Compiling by_address v1.2.1
[INFO] [stderr]    Compiling index_vec v0.1.4
[INFO] [stderr]    Compiling inventory v0.3.24
[INFO] [stderr]    Compiling futures-lite v2.6.1
[INFO] [stderr]    Compiling unit-prefix v0.5.2
[INFO] [stderr]    Compiling users v0.11.0
[INFO] [stderr]    Compiling terminal_size v0.4.4
[INFO] [stderr]    Compiling tempfile v3.27.0
[INFO] [stderr]    Compiling clap_builder v4.6.6
[INFO] [stderr]    Compiling dialoguer v0.12.0
[INFO] [stderr]    Compiling globset v0.4.20
[INFO] [stderr]    Compiling regex v1.13.1
[INFO] [stderr]    Compiling serde_derive v1.0.229
[INFO] [stderr]    Compiling tokio-macros v2.7.2
[INFO] [stderr]    Compiling ref-cast-impl v1.0.27
[INFO] [stderr]    Compiling tracing-attributes v0.1.31
[INFO] [stderr]    Compiling async-trait v0.1.92
[INFO] [stderr]    Compiling jiff-static v0.2.35
[INFO] [stderr]    Compiling pin-project-internal v1.1.13
[INFO] [stderr]    Compiling clap_derive v4.6.4
[INFO] [stderr]    Compiling thiserror-impl v2.0.20
[INFO] [stderr]    Compiling fluent-uri v0.4.1
[INFO] [stderr]    Compiling jiff v0.2.35
[INFO] [stderr]    Compiling ignore v0.4.33
[INFO] [stderr]    Compiling dedent v0.1.1
[INFO] [stderr]    Compiling tracing v0.1.44
[INFO] [stderr]    Compiling pin-project v1.1.13
[INFO] [stderr]    Compiling thiserror v2.0.20
[INFO] [stderr]    Compiling globwalk v0.9.1
[INFO] [stderr]    Compiling clap v4.6.6
[INFO] [stderr]    Compiling bit-vec v0.10.1
[INFO] [stderr]    Compiling bit-set v0.11.1
[INFO] [stderr]    Compiling toasty-core v0.10.0
[INFO] [stderr]    Compiling deadpool-runtime v0.3.1
[INFO] [stderr]    Compiling tokio-util v0.7.19
[INFO] [stderr]    Compiling indicatif v0.18.6
[INFO] [stderr]    Compiling deadpool v0.13.1
[INFO] [stderr]    Compiling async_zip v0.0.19
[INFO] [stderr]    Compiling toasty-sql v0.10.0
[INFO] [stderr]    Compiling rusqlite v0.40.2
[INFO] [stderr]    Compiling toasty-driver-sqlite v0.10.0
[INFO] [stderr]    Compiling toasty-cli v0.10.0
[INFO] [stderr]    Compiling nye v0.1.0 (/opt/rustwide/workdir)
[INFO] [stderr]     Finished `release` profile [optimized] target(s) in 1m 12s
[INFO] running `Command { std: "docker" "inspect" "b139287ff19b33b6f58452f2874037d9d632e39e69233a4c47774fac7bec401a", kill_on_drop: false }`
[INFO] running `Command { std: "docker" "exec" "-e" "SOURCE_DIR=/opt/rustwide/workdir" "-e" "CARGO_HOME=/opt/rustwide/cargo-home" "-e" "RUSTUP_HOME=/opt/rustwide/rustup-home" "-e" "CARGO_TARGET_DIR=/opt/rustwide/target" "-e" "CARGO_INCREMENTAL=0" "-e" "RUST_BACKTRACE=full" "-e" "RUSTFLAGS=--cap-lints=warn" "-e" "RUSTDOCFLAGS=--cap-lints=warn" "-w" "/opt/rustwide/workdir" "--user" "0:0" "b139287ff19b33b6f58452f2874037d9d632e39e69233a4c47774fac7bec401a" "/opt/rustwide/cargo-home/bin/cargo" "+1.99.0-beta.8" "test" "--frozen" "--no-run" "--message-format=json" "--release", kill_on_drop: false }`
[INFO] [stderr]    Compiling nye v0.1.0 (/opt/rustwide/workdir)
[INFO] [stderr]     Finished `release` profile [optimized] target(s) in 2.73s
[INFO] running `Command { std: "docker" "inspect" "b139287ff19b33b6f58452f2874037d9d632e39e69233a4c47774fac7bec401a", kill_on_drop: false }`
[INFO] running `Command { std: "docker" "exec" "-e" "SOURCE_DIR=/opt/rustwide/workdir" "-e" "CARGO_HOME=/opt/rustwide/cargo-home" "-e" "RUSTUP_HOME=/opt/rustwide/rustup-home" "-e" "CARGO_TARGET_DIR=/opt/rustwide/target" "-e" "CARGO_INCREMENTAL=0" "-e" "RUST_BACKTRACE=full" "-e" "RUSTFLAGS=--cap-lints=warn" "-e" "RUSTDOCFLAGS=--cap-lints=warn" "-w" "/opt/rustwide/workdir" "--user" "0:0" "b139287ff19b33b6f58452f2874037d9d632e39e69233a4c47774fac7bec401a" "/opt/rustwide/cargo-home/bin/cargo" "+1.99.0-beta.8" "test" "--frozen" "--release", kill_on_drop: false }`
[INFO] [stderr]     Finished `release` profile [optimized] target(s) in 0.20s
[INFO] [stderr]      Running unittests src/lib.rs (/opt/rustwide/target/release/deps/nye-74f3ee3babbab2f3)
[INFO] [stdout] 
[INFO] [stdout] running 6 tests
[INFO] [stdout] test semver::tests::test_semver_compatibility ... ok
[INFO] [stdout] test semver::tests::test_semver_incompatibility ... ok
[INFO] [stdout] test semver::tests::test_semver_display ... ok
[INFO] [stdout] test semver::tests::test_semver_precedence ... ok
[INFO] [stdout] test semver::tests::test_semver_invalid ... ok
[INFO] [stdout] test semver::tests::test_semver_valid ... ok
[INFO] [stdout] 
[INFO] [stdout] test result: ok. 6 passed; 0 failed; 0 ignored; 0 measured; 0 filtered out; finished in 0.00s
[INFO] [stdout] 
[INFO] [stderr]      Running unittests src/main.rs (/opt/rustwide/target/release/deps/nye-3029113c595fc4dd)
[INFO] [stdout] 
[INFO] [stdout] running 0 tests
[INFO] [stdout] 
[INFO] [stdout] test result: ok. 0 passed; 0 failed; 0 ignored; 0 measured; 0 filtered out; finished in 0.00s
[INFO] [stdout] 
[INFO] [stderr]      Running unittests src/bin/nye-toasty.rs (/opt/rustwide/target/release/deps/nye_toasty-a39b6e19c17d5718)
[INFO] [stdout] 
[INFO] [stdout] running 0 tests
[INFO] [stdout] 
[INFO] [stdout] test result: ok. 0 passed; 0 failed; 0 ignored; 0 measured; 0 filtered out; finished in 0.00s
[INFO] [stdout] 
[INFO] [stderr]    Doc-tests nye
[INFO] [stdout] 
[INFO] [stdout] running 1 test
[INFO] [stdout] test src/semver.rs - semver::Semver<T>::is_compatible (line 39) ... FAILED
[INFO] [stdout] 
[INFO] [stdout] failures:
[INFO] [stdout] 
[INFO] [stdout] ---- src/semver.rs - semver::Semver<T>::is_compatible (line 39) stdout ----
[INFO] [stdout] error[E0433]: cannot find type `Semver` in this scope
[INFO] [stdout]   --> src/semver.rs:40:9
[INFO] [stdout]    |
[INFO] [stdout] 40 | let a = Semver::from_str("1.0.0").unwrap();
[INFO] [stdout]    |         ^^^^^^ use of undeclared type `Semver`
[INFO] [stdout] 
[INFO] [stdout] error[E0433]: cannot find type `Semver` in this scope
[INFO] [stdout]   --> src/semver.rs:41:9
[INFO] [stdout]    |
[INFO] [stdout] 41 | let b = Semver::from_str("1.1.0").unwrap();
[INFO] [stdout]    |         ^^^^^^ use of undeclared type `Semver`
[INFO] [stdout] 
[INFO] [stdout] error: aborting due to 2 previous errors
[INFO] [stdout] 
[INFO] [stdout] For more information about this error, try `rustc --explain E0433`.
[INFO] [stdout] Couldn't compile the test.
[INFO] [stdout] 
[INFO] [stdout] failures:
[INFO] [stdout]     src/semver.rs - semver::Semver<T>::is_compatible (line 39)
[INFO] [stdout] 
[INFO] [stdout] test result: FAILED. 0 passed; 1 failed; 0 ignored; 0 measured; 0 filtered out; finished in 0.09s
[INFO] [stdout] 
[INFO] [stdout] all doctests ran in 0.17s; merged doctests compilation took 0.09s
[INFO] [stderr] error: doctest failed, to rerun pass `--doc`
[INFO] running `Command { std: "docker" "inspect" "b139287ff19b33b6f58452f2874037d9d632e39e69233a4c47774fac7bec401a", kill_on_drop: false }`
[INFO] running `Command { std: "docker" "rm" "-f" "b139287ff19b33b6f58452f2874037d9d632e39e69233a4c47774fac7bec401a", kill_on_drop: false }`
[INFO] [stdout] b139287ff19b33b6f58452f2874037d9d632e39e69233a4c47774fac7bec401a
