[INFO] fetching crate nydus-rafs 0.4.1...
[INFO] testing nydus-rafs-0.4.1 against 1.99.0-beta.8+cargoflags=--release for beta-release-1.100-2
[INFO] extracting crate nydus-rafs 0.4.1 into /workspace/builds/worker-3-tc1/source
[INFO] started tweaking crates.io crate nydus-rafs 0.4.1
[INFO] removed 0 missing tests
[INFO] finished tweaking crates.io crate nydus-rafs 0.4.1
[INFO] tweaked toml for crates.io crate nydus-rafs 0.4.1 written to /workspace/builds/worker-3-tc1/source/Cargo.toml
[INFO] validating manifest of crates.io crate nydus-rafs 0.4.1 on toolchain 1.99.0-beta.8
[INFO] running `Command { std: CARGO_HOME="/workspace/cargo-home" RUSTUP_HOME="/workspace/rustup-home" "/workspace/cargo-home/bin/cargo" "+1.99.0-beta.8" "metadata" "--manifest-path" "Cargo.toml" "--no-deps", kill_on_drop: false }`
[INFO] crate crates.io crate nydus-rafs 0.4.1 already has a lockfile, it will not be regenerated
[INFO] running `Command { std: CARGO_HOME="/workspace/cargo-home" RUSTUP_HOME="/workspace/rustup-home" "/workspace/cargo-home/bin/cargo" "+1.99.0-beta.8" "fetch" "--manifest-path" "Cargo.toml", kill_on_drop: false }`
[INFO] [stderr]     Updating crates.io index
[INFO] [stderr]  Downloading crates ...
[INFO] [stderr]   Downloaded unicode-ident v1.0.15
[INFO] [stderr]   Downloaded nydus-utils v0.5.1
[INFO] [stderr]   Downloaded vm-memory v0.17.1
[INFO] [stderr]   Downloaded endian-type v0.1.2
[INFO] [stderr]   Downloaded xattr v1.4.0
[INFO] [stderr]   Downloaded filetime v0.2.25
[INFO] [stderr]   Downloaded caps v0.5.5
[INFO] [stderr]   Downloaded crc32fast v1.4.2
[INFO] [stderr]   Downloaded vmm-sys-util v0.15.0
[INFO] [stderr]   Downloaded nydus-api v0.4.1
[INFO] [stderr]   Downloaded uuid v1.12.1
[INFO] [stderr]   Downloaded tar v0.4.43
[INFO] [stderr]   Downloaded openssl-sys v0.9.107
[INFO] [stderr]   Downloaded serde_json v1.0.137
[INFO] [stderr]   Downloaded flate2 v1.0.35
[INFO] [stderr]   Downloaded nydus-storage v0.7.2
[INFO] [stderr]   Downloaded virtio-queue v0.17.0
[INFO] [stderr]   Downloaded vhost v0.15.0
[INFO] [stderr]   Downloaded virtio-bindings v0.2.7
[INFO] [stderr]   Downloaded radix_trie v0.2.1
[INFO] [stderr]   Downloaded openssl v0.10.72
[INFO] [stderr]   Downloaded fuse-backend-rs v0.14.0
[INFO] [stderr]   Downloaded zstd-sys v2.0.13+zstd.1.5.6
[INFO] [stderr]   Downloaded libz-sys v1.1.21
[INFO] [stderr]   Downloaded tokio v1.44.2
[INFO] [stderr]   Downloaded openssl-src v300.4.1+3.4.0
[INFO] running `Command { std: "docker" "create" "-v" "/var/lib/crater-agent-workspace/builds/worker-3-tc1/source:/opt/rustwide/workdir:ro,Z" "-v" "/var/lib/crater-agent-workspace/builds/worker-3-tc1/target:/opt/rustwide/target:rw,Z" "-v" "/var/lib/crater-agent-workspace/cargo-home:/opt/rustwide/cargo-home:ro,Z" "-v" "/var/lib/crater-agent-workspace/rustup-home:/opt/rustwide/rustup-home:ro,Z" "-m" "1610612736" "--network" "none" "ghcr.io/rust-lang/crates-build-env/linux@sha256:77db811e55d90add9212f6832c23229e3de5f1c1f9905e8cb07319ea15df73ac" "sleep" "infinity", kill_on_drop: false }`
[INFO] [stdout] 5c1150af214d7e6b77f53c40d5fe631dcbe49a7a70204fb7222d9dd417b170ab
[INFO] running `Command { std: "docker" "start" "5c1150af214d7e6b77f53c40d5fe631dcbe49a7a70204fb7222d9dd417b170ab", kill_on_drop: false }`
[INFO] running `Command { std: "docker" "inspect" "5c1150af214d7e6b77f53c40d5fe631dcbe49a7a70204fb7222d9dd417b170ab", kill_on_drop: false }`
[INFO] running `Command { std: "docker" "exec" "-e" "SOURCE_DIR=/opt/rustwide/workdir" "-e" "CARGO_HOME=/opt/rustwide/cargo-home" "-e" "RUSTUP_HOME=/opt/rustwide/rustup-home" "-e" "CARGO_TARGET_DIR=/opt/rustwide/target" "-w" "/opt/rustwide/workdir" "--user" "0:0" "5c1150af214d7e6b77f53c40d5fe631dcbe49a7a70204fb7222d9dd417b170ab" "/opt/rustwide/cargo-home/bin/cargo" "+1.99.0-beta.8" "metadata" "--no-deps" "--format-version=1", kill_on_drop: false }`
[INFO] running `Command { std: "docker" "inspect" "5c1150af214d7e6b77f53c40d5fe631dcbe49a7a70204fb7222d9dd417b170ab", kill_on_drop: false }`
[INFO] running `Command { std: "docker" "exec" "-e" "SOURCE_DIR=/opt/rustwide/workdir" "-e" "CARGO_HOME=/opt/rustwide/cargo-home" "-e" "RUSTUP_HOME=/opt/rustwide/rustup-home" "-e" "CARGO_TARGET_DIR=/opt/rustwide/target" "-e" "CARGO_INCREMENTAL=0" "-e" "RUST_BACKTRACE=full" "-e" "RUSTFLAGS=--cap-lints=warn" "-e" "RUSTDOCFLAGS=--cap-lints=warn" "-w" "/opt/rustwide/workdir" "--user" "0:0" "5c1150af214d7e6b77f53c40d5fe631dcbe49a7a70204fb7222d9dd417b170ab" "/opt/rustwide/cargo-home/bin/cargo" "+1.99.0-beta.8" "build" "--frozen" "--message-format=json" "--release", kill_on_drop: false }`
[INFO] [stderr]    Compiling find-msvc-tools v0.1.6
[INFO] [stderr]    Compiling unicode-ident v1.0.15
[INFO] [stderr]    Compiling libc v0.2.177
[INFO] [stderr]    Compiling typenum v1.17.0
[INFO] [stderr]    Compiling serde v1.0.217
[INFO] [stderr]    Compiling bitflags v2.8.0
[INFO] [stderr]    Compiling zstd-safe v5.0.2+zstd.1.5.2
[INFO] [stderr]    Compiling memoffset v0.6.5
[INFO] [stderr]    Compiling rustix v0.38.44
[INFO] [stderr]    Compiling serde_json v1.0.137
[INFO] [stderr]    Compiling jobserver v0.1.32
[INFO] [stderr]    Compiling itoa v1.0.14
[INFO] [stderr]    Compiling openssl v0.10.72
[INFO] [stderr]    Compiling linux-raw-sys v0.4.15
[INFO] [stderr]    Compiling nibble_vec v0.1.0
[INFO] [stderr]    Compiling crc32fast v1.4.2
[INFO] [stderr]    Compiling fuse-backend-rs v0.14.0
[INFO] [stderr]    Compiling proc-macro2 v1.0.93
[INFO] [stderr]    Compiling endian-type v0.1.2
[INFO] [stderr]    Compiling crc-catalog v2.4.0
[INFO] [stderr]    Compiling once_cell v1.20.2
[INFO] [stderr]    Compiling arc-swap v1.7.1
[INFO] [stderr]    Compiling anyhow v1.0.95
[INFO] [stderr]    Compiling cc v1.2.51
[INFO] [stderr]    Compiling radix_trie v0.2.1
[INFO] [stderr]    Compiling crc v3.4.0
[INFO] [stderr]    Compiling quote v1.0.38
[INFO] [stderr]    Compiling syn v2.0.96
[INFO] [stderr]    Compiling generic-array v0.14.7
[INFO] [stderr]    Compiling openssl-src v300.4.1+3.4.0
[INFO] [stderr]    Compiling cmake v0.1.57
[INFO] [stderr]    Compiling zstd-sys v2.0.13+zstd.1.5.6
[INFO] [stderr]    Compiling lz4-sys v1.11.1+lz4-1.10.0
[INFO] [stderr]    Compiling blake3 v1.5.5
[INFO] [stderr]    Compiling libz-sys v1.1.21
[INFO] [stderr]    Compiling openssl-sys v0.9.107
[INFO] [stderr]    Compiling block-buffer v0.10.4
[INFO] [stderr]    Compiling crypto-common v0.1.6
[INFO] [stderr]    Compiling digest v0.10.7
[INFO] [stderr]    Compiling sha2 v0.10.8
[INFO] [stderr]    Compiling nix v0.24.3
[INFO] [stderr]    Compiling xattr v1.4.0
[INFO] [stderr]    Compiling mio v0.8.11
[INFO] [stderr]    Compiling filetime v0.2.25
[INFO] [stderr]    Compiling vmm-sys-util v0.15.0
[INFO] [stderr]    Compiling tar v0.4.43
[INFO] [stderr]    Compiling serde_derive v1.0.217
[INFO] [stderr]    Compiling thiserror-impl v1.0.69
[INFO] [stderr]    Compiling thiserror-impl v2.0.18
[INFO] [stderr]    Compiling thiserror v1.0.69
[INFO] [stderr]    Compiling tokio-macros v2.5.0
[INFO] [stderr]    Compiling openssl-macros v0.1.1
[INFO] [stderr]    Compiling caps v0.5.5
[INFO] [stderr]    Compiling thiserror v2.0.18
[INFO] [stderr]    Compiling vm-memory v0.17.1
[INFO] [stderr]    Compiling tokio v1.44.2
[INFO] [stderr]    Compiling toml v0.5.11
[INFO] [stderr]    Compiling lz4 v1.28.1
[INFO] [stderr]    Compiling nydus-api v0.4.1
[INFO] [stderr]    Compiling flate2 v1.0.35
[INFO] [stderr]    Compiling zstd v0.11.2+zstd.1.5.2
[INFO] [stderr]    Compiling nydus-utils v0.5.1
[INFO] [stderr]    Compiling nydus-storage v0.7.2
[INFO] [stderr]    Compiling nydus-rafs v0.4.1 (/opt/rustwide/workdir)
[INFO] [stderr]     Finished `release` profile [optimized] target(s) in 1m 30s
[INFO] running `Command { std: "docker" "inspect" "5c1150af214d7e6b77f53c40d5fe631dcbe49a7a70204fb7222d9dd417b170ab", kill_on_drop: false }`
[INFO] running `Command { std: "docker" "exec" "-e" "SOURCE_DIR=/opt/rustwide/workdir" "-e" "CARGO_HOME=/opt/rustwide/cargo-home" "-e" "RUSTUP_HOME=/opt/rustwide/rustup-home" "-e" "CARGO_TARGET_DIR=/opt/rustwide/target" "-e" "CARGO_INCREMENTAL=0" "-e" "RUST_BACKTRACE=full" "-e" "RUSTFLAGS=--cap-lints=warn" "-e" "RUSTDOCFLAGS=--cap-lints=warn" "-w" "/opt/rustwide/workdir" "--user" "0:0" "5c1150af214d7e6b77f53c40d5fe631dcbe49a7a70204fb7222d9dd417b170ab" "/opt/rustwide/cargo-home/bin/cargo" "+1.99.0-beta.8" "test" "--frozen" "--no-run" "--message-format=json" "--release", kill_on_drop: false }`
[INFO] [stderr]    Compiling assert_matches v1.5.0
[INFO] [stderr]    Compiling nydus-rafs v0.4.1 (/opt/rustwide/workdir)
[INFO] [stderr]     Finished `release` profile [optimized] target(s) in 3.90s
[INFO] running `Command { std: "docker" "inspect" "5c1150af214d7e6b77f53c40d5fe631dcbe49a7a70204fb7222d9dd417b170ab", kill_on_drop: false }`
[INFO] running `Command { std: "docker" "exec" "-e" "SOURCE_DIR=/opt/rustwide/workdir" "-e" "CARGO_HOME=/opt/rustwide/cargo-home" "-e" "RUSTUP_HOME=/opt/rustwide/rustup-home" "-e" "CARGO_TARGET_DIR=/opt/rustwide/target" "-e" "CARGO_INCREMENTAL=0" "-e" "RUST_BACKTRACE=full" "-e" "RUSTFLAGS=--cap-lints=warn" "-e" "RUSTDOCFLAGS=--cap-lints=warn" "-w" "/opt/rustwide/workdir" "--user" "0:0" "5c1150af214d7e6b77f53c40d5fe631dcbe49a7a70204fb7222d9dd417b170ab" "/opt/rustwide/cargo-home/bin/cargo" "+1.99.0-beta.8" "test" "--frozen" "--release", kill_on_drop: false }`
[INFO] [stderr]     Finished `release` profile [optimized] target(s) in 0.06s
[INFO] [stderr]      Running unittests src/lib.rs (/opt/rustwide/target/release/deps/nydus_rafs-7f915ed74784eb16)
[INFO] [stdout] 
[INFO] [stdout] running 150 tests
[INFO] [stdout] test fs::tests::test_rafs ... ok
[INFO] [stdout] test metadata::cached_v5::cached_tests::test_cached_chunk_info_v5 ... ok
[INFO] [stdout] test metadata::cached_v5::cached_tests::test_cached_chunk_info_v5_boundary_values ... ok
[INFO] [stdout] test metadata::cached_v5::cached_tests::test_cached_chunk_info_v5_detailed ... ok
[INFO] [stdout] test metadata::cached_v5::cached_tests::test_alloc_bio_desc ... ok
[INFO] [stdout] test metadata::cached_v5::cached_tests::test_cached_inode_v5_accessor_methods ... ok
[INFO] [stdout] test metadata::cached_v5::cached_tests::test_cached_inode_v5_child_operations ... ok
[INFO] [stdout] test metadata::cached_v5::cached_tests::test_cached_inode_v5_chunk_operations ... ok
[INFO] [stdout] test metadata::cached_v5::cached_tests::test_cached_inode_v5_collect_descendants ... ok
[INFO] [stdout] test metadata::cached_v5::cached_tests::test_cached_inode_v5_complex_directory_structure ... ok
[INFO] [stdout] test metadata::cached_v5::cached_tests::test_cached_inode_v5_edge_cases ... ok
[INFO] [stdout] test metadata::cached_v5::cached_tests::test_cached_inode_v5_file_type_checks ... ok
[INFO] [stdout] test metadata::cached_v5::cached_tests::test_cached_inode_v5_file_type_validation ... ok
[INFO] [stdout] test metadata::cached_v5::cached_tests::test_cached_inode_v5_special_names ... ok
[INFO] [stdout] test metadata::cached_v5::cached_tests::test_cached_inode_v5_symlink_operations ... ok
[INFO] [stdout] test metadata::cached_v5::cached_tests::test_cached_inode_v5_validation_errors ... ok
[INFO] [stdout] test metadata::cached_v5::cached_tests::test_cached_inode_v5_walk_children ... ok
[INFO] [stdout] test metadata::cached_v5::cached_tests::test_cached_inode_v5_xattr_operations ... ok
[INFO] [stdout] test metadata::cached_v5::cached_tests::test_cached_inode_v5_zero_values ... ok
[INFO] [stdout] test metadata::cached_v5::cached_tests::test_cached_superblock_v5_blob_operations ... ok
[INFO] [stdout] test metadata::cached_v5::cached_tests::test_cached_superblock_v5_edge_cases ... ok
[INFO] [stdout] test metadata::cached_v5::cached_tests::test_cached_superblock_v5_hardlink_handling ... ok
[INFO] [stdout] test metadata::cached_v5::cached_tests::test_cached_super_block_v5 ... ok
[INFO] [stdout] test metadata::cached_v5::cached_tests::test_from_rafs_v5_chunk_info ... ok
[INFO] [stdout] test metadata::cached_v5::cached_tests::test_cached_superblock_v5_inode_management ... ok
[INFO] [stdout] test metadata::cached_v5::cached_tests::test_rafsv5_superblock ... ok
[INFO] [stdout] test metadata::chunk::tests::test_chunk_wrapper_copy_from ... ok
[INFO] [stdout] test metadata::cached_v5::cached_tests::test_load_symlink ... ok
[INFO] [stdout] test metadata::cached_v5::cached_tests::test_load_inode ... ok
[INFO] [stdout] test metadata::chunk::tests::test_chunk_wrapper_v6 ... ok
[INFO] [stdout] test metadata::chunk::tests::test_chunk_wrapper_v5 ... ok
[INFO] [stdout] test metadata::chunk::tests::test_fmt ... ok
[INFO] [stdout] test metadata::chunk::tests::test_chunk_wrapper_ref - should panic ... ok
[INFO] [stdout] test metadata::chunk::tests::test_chunk_wrapper_ref_ensure_owned - should panic ... ok
[INFO] [stdout] test metadata::chunk::tests::test_chunk_wrapper_ref_set_batch - should panic ... ok
[INFO] [stdout] test metadata::chunk::tests::test_chunk_wrapper_ref_set_blob_index - should panic ... ok
[INFO] [stdout] test metadata::direct_v6::tests::test_direct_mapping_state ... ok
[INFO] [stdout] test metadata::chunk::tests::test_chunk_wrapper_ref_set_chunk_info - should panic ... ok
[INFO] [stdout] test metadata::direct_v6::tests::test_tarfs_chunk_info_v6 ... ok
[INFO] [stdout] test metadata::chunk::tests::test_chunk_wrapper_ref_set_compressed_offset - should panic ... ok
[INFO] [stdout] test metadata::inode::tests::test_get_digest_v6 - should panic ... ok
[INFO] [stdout] test metadata::chunk::tests::test_chunk_wrapper_ref_set_compressed - should panic ... ok
[INFO] [stdout] test metadata::inode::tests::test_has_hardlink_ref - should panic ... ok
[INFO] [stdout] test metadata::chunk::tests::test_chunk_wrapper_ref_set_index - should panic ... ok
[INFO] [stdout] test metadata::inode::tests::test_inode_size_v6 - should panic ... ok
[INFO] [stdout] test metadata::inode::tests::test_inode_wrapper ... ok
[INFO] [stdout] test metadata::chunk::tests::test_chunk_wrapper_ref_set_uncompressed_size - should panic ... ok
[INFO] [stdout] test metadata::chunk::tests::test_chunk_wrapper_ref_set_file_offset - should panic ... ok
[INFO] [stdout] test metadata::inode::tests::test_rafs_v6_inode ... ok
[INFO] [stdout] test metadata::chunk::tests::test_ref_copy1 - should panic ... ok
[INFO] [stdout] test metadata::chunk::tests::test_ref_copy2 - should panic ... ok
[INFO] [stdout] test metadata::chunk::tests::test_ref_copy3 - should panic ... ok
[INFO] [stdout] test metadata::inode::tests::test_set_digest_ref - should panic ... ok
[INFO] [stdout] test metadata::inode::tests::test_set_gid_ref - should panic ... ok
[INFO] [stdout] test metadata::inode::tests::test_create_chunk_ref - should panic ... ok
[INFO] [stdout] test metadata::inode::tests::test_set_ino_ref - should panic ... ok
[INFO] [stdout] test metadata::inode::tests::test_get_parent_ref - should panic ... ok
[INFO] [stdout] test metadata::inode::tests::test_get_parent_v6 - should panic ... ok
[INFO] [stdout] test metadata::chunk::tests::test_chunk_wrapper_ref_set_uncompressed_offset - should panic ... ok
[INFO] [stdout] test metadata::inode::tests::test_inode_size_ref - should panic ... ok
[INFO] [stdout] test metadata::chunk::tests::test_chunk_wrapper_ref_set_id - should panic ... ok
[INFO] [stdout] test metadata::inode::tests::test_is_blk_dev_ref - should panic ... ok
[INFO] [stdout] test metadata::inode::tests::test_is_fifo_ref - should panic ... ok
[INFO] [stdout] test metadata::inode::tests::test_set_blocks_ref - should panic ... ok
[INFO] [stdout] test metadata::inode::tests::test_set_child_count_ref - should panic ... ok
[INFO] [stdout] test metadata::inode::tests::test_set_size_ref - should panic ... ok
[INFO] [stdout] test metadata::chunk::tests::test_ref_copy5 - should panic ... ok
[INFO] [stdout] test metadata::layout::tests::test_bootstrap_convert ... ok
[INFO] [stdout] test metadata::inode::tests::test_set_uid_ref - should panic ... ok
[INFO] [stdout] test metadata::layout::tests::test_meta_range ... ok
[INFO] [stdout] test metadata::inode::tests::test_set_has_xattr_ref - should panic ... ok
[INFO] [stdout] test metadata::layout::tests::test_parse_string ... ok
[INFO] [stdout] test metadata::chunk::tests::test_chunk_wrapper_ref_set_compressed_size - should panic ... ok
[INFO] [stdout] test metadata::layout::tests::test_parse_xattrs ... ok
[INFO] [stdout] test metadata::layout::v5::tests::test_add_chunk_to_bio_desc ... ok
[INFO] [stdout] test metadata::layout::v5::tests::test_calculate_bio_chunk_index ... ok
[INFO] [stdout] test metadata::inode::tests::test_set_mode_ref - should panic ... ok
[INFO] [stdout] test metadata::inode::tests::test_set_mtime_nsec_ref - should panic ... ok
[INFO] [stdout] test metadata::layout::v5::tests::test_new_inode ... ok
[INFO] [stdout] test metadata::layout::v5::tests::test_extended_blob_table ... ok
[INFO] [stdout] test metadata::inode::tests::test_set_mtime_ref - should panic ... ok
[INFO] [stdout] test metadata::layout::v5::tests::test_rafsv5_align ... ok
[INFO] [stdout] test metadata::inode::tests::test_set_namesize_ref - should panic ... ok
[INFO] [stdout] test metadata::layout::v5::tests::test_inode_load_store ... ok
[INFO] [stdout] test metadata::layout::v5::tests::test_rafsv5_new_xattrs ... ok
[INFO] [stdout] test metadata::layout::v5::tests::test_rafsv5_inode_table ... ok
[INFO] [stdout] test metadata::layout::v5::tests::test_load_blob_table ... ok
[INFO] [stdout] test metadata::inode::tests::test_set_parent_ref - should panic ... ok
[INFO] [stdout] test metadata::inode::tests::test_set_parent_v6 - should panic ... ok
[INFO] [stdout] test metadata::layout::v5::tests::test_rafsv5_superflags ... ok
[INFO] [stdout] test metadata::inode::tests::test_set_projid_ref - should panic ... ok
[INFO] [stdout] test metadata::layout::v6::tests::test_align_offset ... ok
[INFO] [stdout] test metadata::layout::v6::tests::test_calculate_nid ... ok
[INFO] [stdout] test metadata::inode::tests::test_set_rdev_ref - should panic ... ok
[INFO] [stdout] test metadata::layout::v5::tests::test_rafsv5_prefetch_table ... ok
[INFO] [stdout] test metadata::layout::v5::tests::test_unknown_blob_feature_flags ... ok
[INFO] [stdout] test metadata::layout::v6::tests::test_invalid_blob_idx_from_chunk_addr ... ok
[INFO] [stdout] test metadata::chunk::tests::test_ref_copy4 - should panic ... ok
[INFO] [stdout] test metadata::layout::v6::tests::test_rafs_v6_blob ... ok
[INFO] [stdout] test metadata::layout::v6::tests::test_rafs_v6_blob_table ... ok
[INFO] [stdout] test metadata::inode::tests::test_set_symlink_size_ref - should panic ... ok
[INFO] [stdout] test metadata::layout::v6::tests::test_rafs_prefetch_table ... ok
[INFO] [stdout] test metadata::inode::tests::test_set_has_hardlink_ref - should panic ... ok
[INFO] [stdout] test metadata::layout::v6::tests::test_rafs_v6_chunk_header ... ok
[INFO] [stdout] test metadata::layout::v6::tests::test_rafs_v6_blob_table_store ... ok
[INFO] [stdout] test metadata::layout::v6::tests::test_rafs_v6_dirent ... ok
[INFO] [stdout] test metadata::layout::v6::tests::test_rafs_v6_chunk_addr ... ok
[INFO] [stdout] test metadata::layout::v6::tests::test_rafs_v6_inode_compact ... ok
[INFO] [stdout] test metadata::layout::v6::tests::test_rafs_v6_inode_chunk_header ... ok
[INFO] [stdout] test metadata::layout::v6::tests::test_rafs_v6_inode_extended_inode ... ok
[INFO] [stdout] test metadata::layout::v6::tests::test_rafs_v6_device ... ok
[INFO] [stdout] test metadata::layout::v6::tests::test_rafs_v6_super_block_ext ... ok
[INFO] [stdout] test metadata::layout::v6::tests::test_rafs_v6_xattr_entry ... ok
[INFO] [stdout] test metadata::layout::v6::tests::test_rafs_v6_inode_extended ... ok
[INFO] [stdout] test metadata::layout::v6::tests::test_rafs_xattr_size_v6 ... ok
[INFO] [stdout] test metadata::layout::v6::tests::test_rafs_xattr_count_v6 ... ok
[INFO] [stdout] test metadata::layout::v6::tests::test_rsfs_v6_super_block ... ok
[INFO] [stdout] test metadata::md_v5::tests::test_v5_io_chunk ... ok
[INFO] [stdout] test metadata::layout::v6::tests::test_rafs_xattr_store_v6 ... ok
[INFO] [stdout] test metadata::layout::v6::tests::test_v6_inode ... ok
[INFO] [stdout] test metadata::layout::v6::tests::test_super_block_load_store ... ok
[INFO] [stdout] test metadata::md_v6::tests::test_v6_load_invalid_magic ... ok
[INFO] [stdout] test metadata::noop::tests::test_get_chunk_info - should panic ... ok
[INFO] [stdout] test metadata::md_v6::tests::test_v6_load_too_small_superblock ... ok
[INFO] [stdout] test metadata::noop::tests::test_get_inode - should panic ... ok
[INFO] [stdout] test metadata::noop::tests::test_noop_super_block ... ok
[INFO] [stdout] test metadata::md_v6::tests::test_v6_load_invalid_superblock ... ok
[INFO] [stdout] test metadata::noop::tests::test_get_extended_inode - should panic ... ok
[INFO] [stdout] test metadata::tests::test_rafs_compressor ... ok
[INFO] [stdout] test metadata::tests::test_rafs_crypt_from ... ok
[INFO] [stdout] test metadata::noop::tests::test_set_blob_device - should panic ... ok
[INFO] [stdout] test metadata::tests::test_rafs_digestor ... ok
[INFO] [stdout] test metadata::tests::test_rafs_mode ... ok
[INFO] [stdout] test metadata::tests::test_rafs_super_meta ... ok
[INFO] [stdout] test metadata::noop::tests::test_root_ino - should panic ... ok
[INFO] [stdout] test metadata::tests::test_rafs_super_new ... ok
[INFO] [stdout] test mock::mock_chunk::tests::test_mock_chunk_info ... ok
[INFO] [stdout] test metadata::noop::tests::test_get_max_ino - should panic ... ok
[INFO] [stdout] test mock::mock_inode::tests::test_mock_node ... ok
[INFO] [stdout] test metadata::tests::test_rafs_super_config_check_compatibility_fail ... ok
[INFO] [stdout] test mock::mock_super::tests::test_get_chunk_info - should panic ... ok
[INFO] [stdout] test mock::mock_super::tests::test_get_max_ino - should panic ... ok
[INFO] [stdout] test mock::mock_super::tests::test_mock_super_block ... ok
[INFO] [stdout] test mock::mock_super::tests::test_mock_super_block_func ... ok
[INFO] [stdout] test mock::mock_super::tests::test_load - should panic ... ok
[INFO] [stdout] test mock::mock_super::tests::test_rootino - should panic ... ok
[INFO] [stdout] test mock::mock_super::tests::test_set_blob_device - should panic ... ok
[INFO] [stdout] test tests::test_rafs_io_writer ... ok
[INFO] [stdout] test mock::mock_super::tests::test_update - should panic ... ok
[INFO] [stdout] test tests::test_rafs_iterator ... FAILED
[INFO] [stdout] 
[INFO] [stdout] failures:
[INFO] [stdout] 
[INFO] [stdout] ---- tests::test_rafs_iterator stdout ----
[INFO] [stdout] 
[INFO] [stdout] thread 'tests::test_rafs_iterator' (12488) panicked at src/lib.rs:330:14:
[INFO] [stdout] called `Result::unwrap()` on an `Err` value: Os { code: 2, kind: NotFound, message: "No such file or directory" }
[INFO] [stdout] stack backtrace:
[INFO] [stdout]    0:     0x59d26a65da31 - <<std[70759c8f55707aa4]::sys::backtrace::BacktraceLock>::print::DisplayBacktrace as core[df12db4294e9bfd3]::fmt::Display>::fmt
[INFO] [stdout]    1:     0x59d26a67339a - core[df12db4294e9bfd3]::fmt::write
[INFO] [stdout]    2:     0x59d26a66277c - <alloc[2182bb758b4b3781]::vec::Vec<u8> as core[df12db4294e9bfd3]::io::write::Write>::write_fmt
[INFO] [stdout]    3:     0x59d26a638e56 - std[70759c8f55707aa4]::panicking::default_hook::{closure#0}
[INFO] [stdout]    4:     0x59d26a6559c9 - std[70759c8f55707aa4]::panicking::default_hook
[INFO] [stdout]    5:     0x59d26a38c560 - test[9d35eded1c95d3be]::test_main_inner::<test[9d35eded1c95d3be]::test_main_static::{closure#0}>::{closure#0}
[INFO] [stdout]    6:     0x59d26a655b82 - std[70759c8f55707aa4]::panicking::panic_with_hook
[INFO] [stdout]    7:     0x59d26a638f02 - std[70759c8f55707aa4]::panicking::panic_handler::{closure#0}
[INFO] [stdout]    8:     0x59d26a631649 - std[70759c8f55707aa4]::sys::backtrace::__rust_end_short_backtrace::<std[70759c8f55707aa4]::panicking::panic_handler::{closure#0}, !>
[INFO] [stdout]    9:     0x59d26a639c0d - __rustc[8fa7c3cbc660c2b3]::rust_begin_unwind
[INFO] [stdout]   10:     0x59d26a673acc - core[df12db4294e9bfd3]::panicking::panic_fmt
[INFO] [stdout]   11:     0x59d26a6738a2 - core[df12db4294e9bfd3]::result::unwrap_failed
[INFO] [stdout]   12:     0x59d26a34b72c - <nydus_rafs[f6b8056af16a10c4]::tests::test_rafs_iterator::{closure#0} as core[df12db4294e9bfd3]::ops::function::FnOnce<()>>::call_once
[INFO] [stdout]   13:     0x59d26a37f84b - test[9d35eded1c95d3be]::__rust_begin_short_backtrace::<core[df12db4294e9bfd3]::result::Result<(), alloc[2182bb758b4b3781]::string::String>, fn() -> core[df12db4294e9bfd3]::result::Result<(), alloc[2182bb758b4b3781]::string::String>>
[INFO] [stdout]   14:     0x59d26a38ceb5 - test[9d35eded1c95d3be]::run_test::{closure#0}
[INFO] [stdout]   15:     0x59d26a386774 - std[70759c8f55707aa4]::sys::backtrace::__rust_begin_short_backtrace::<test[9d35eded1c95d3be]::run_test::{closure#1}, ()>
[INFO] [stdout]   16:     0x59d26a390012 - <std[70759c8f55707aa4]::thread::lifecycle::spawn_unchecked<test[9d35eded1c95d3be]::run_test::{closure#1}, ()>::{closure#1} as core[df12db4294e9bfd3]::ops::function::FnOnce<()>>::call_once::{shim:vtable#0}
[INFO] [stdout]   17:     0x59d26a65d309 - <std[70759c8f55707aa4]::sys::thread::unix::Thread>::new::thread_start
[INFO] [stdout]   18:     0x756b5692adfa - <unknown>
[INFO] [stdout]   19:     0x756b569be3d4 - clone
[INFO] [stdout]   20:                0x0 - <unknown>
[INFO] [stdout] 
[INFO] [stdout] 
[INFO] [stdout] failures:
[INFO] [stdout]     tests::test_rafs_iterator
[INFO] [stdout] 
[INFO] [stdout] test result: FAILED. 149 passed; 1 failed; 0 ignored; 0 measured; 0 filtered out; finished in 0.01s
[INFO] [stdout] 
[INFO] [stderr] error: test failed, to rerun pass `--lib`
[INFO] running `Command { std: "docker" "inspect" "5c1150af214d7e6b77f53c40d5fe631dcbe49a7a70204fb7222d9dd417b170ab", kill_on_drop: false }`
[INFO] running `Command { std: "docker" "rm" "-f" "5c1150af214d7e6b77f53c40d5fe631dcbe49a7a70204fb7222d9dd417b170ab", kill_on_drop: false }`
[INFO] [stdout] 5c1150af214d7e6b77f53c40d5fe631dcbe49a7a70204fb7222d9dd417b170ab
