[INFO] fetching crate nwnrs 0.0.1...
[INFO] testing nwnrs-0.0.1 against 1.99.0-beta.8+cargoflags=--release for beta-release-1.100-2
[INFO] extracting crate nwnrs 0.0.1 into /workspace/builds/worker-7-tc1/source
[INFO] started tweaking crates.io crate nwnrs 0.0.1
[INFO] finished tweaking crates.io crate nwnrs 0.0.1
[INFO] tweaked toml for crates.io crate nwnrs 0.0.1 written to /workspace/builds/worker-7-tc1/source/Cargo.toml
[INFO] validating manifest of crates.io crate nwnrs 0.0.1 on toolchain 1.99.0-beta.8
[INFO] running `Command { std: CARGO_HOME="/workspace/cargo-home" RUSTUP_HOME="/workspace/rustup-home" "/workspace/cargo-home/bin/cargo" "+1.99.0-beta.8" "metadata" "--manifest-path" "Cargo.toml" "--no-deps", kill_on_drop: false }`
[INFO] crate crates.io crate nwnrs 0.0.1 already has a lockfile, it will not be regenerated
[INFO] running `Command { std: CARGO_HOME="/workspace/cargo-home" RUSTUP_HOME="/workspace/rustup-home" "/workspace/cargo-home/bin/cargo" "+1.99.0-beta.8" "fetch" "--manifest-path" "Cargo.toml", kill_on_drop: false }`
[INFO] [stderr]     Updating crates.io index
[INFO] [stderr]  Downloading crates ...
[INFO] [stderr]   Downloaded rsqlite-vfs v0.1.0
[INFO] [stderr]   Downloaded nwnrs-nwpkg v0.0.1
[INFO] [stderr]   Downloaded texpresso v2.0.2
[INFO] [stderr]   Downloaded nwnrs-nwscript v0.0.1
[INFO] [stderr]   Downloaded nwnrs-types v0.0.1
[INFO] [stderr]   Downloaded sqlite-wasm-rs v0.5.3
[INFO] running `Command { std: "docker" "create" "-v" "/var/lib/crater-agent-workspace/builds/worker-7-tc1/source:/opt/rustwide/workdir:ro,Z" "-v" "/var/lib/crater-agent-workspace/builds/worker-7-tc1/target:/opt/rustwide/target:rw,Z" "-v" "/var/lib/crater-agent-workspace/cargo-home:/opt/rustwide/cargo-home:ro,Z" "-v" "/var/lib/crater-agent-workspace/rustup-home:/opt/rustwide/rustup-home:ro,Z" "-m" "1610612736" "--network" "none" "ghcr.io/rust-lang/crates-build-env/linux@sha256:77db811e55d90add9212f6832c23229e3de5f1c1f9905e8cb07319ea15df73ac" "sleep" "infinity", kill_on_drop: false }`
[INFO] [stdout] 28a4f45e9a494717bafe32d8a2f391e35b4ce9167a77c094c75840754630786d
[INFO] running `Command { std: "docker" "start" "28a4f45e9a494717bafe32d8a2f391e35b4ce9167a77c094c75840754630786d", kill_on_drop: false }`
[INFO] running `Command { std: "docker" "inspect" "28a4f45e9a494717bafe32d8a2f391e35b4ce9167a77c094c75840754630786d", kill_on_drop: false }`
[INFO] running `Command { std: "docker" "exec" "-e" "SOURCE_DIR=/opt/rustwide/workdir" "-e" "CARGO_HOME=/opt/rustwide/cargo-home" "-e" "RUSTUP_HOME=/opt/rustwide/rustup-home" "-e" "CARGO_TARGET_DIR=/opt/rustwide/target" "-w" "/opt/rustwide/workdir" "--user" "0:0" "28a4f45e9a494717bafe32d8a2f391e35b4ce9167a77c094c75840754630786d" "/opt/rustwide/cargo-home/bin/cargo" "+1.99.0-beta.8" "metadata" "--no-deps" "--format-version=1", kill_on_drop: false }`
[INFO] running `Command { std: "docker" "inspect" "28a4f45e9a494717bafe32d8a2f391e35b4ce9167a77c094c75840754630786d", kill_on_drop: false }`
[INFO] running `Command { std: "docker" "exec" "-e" "SOURCE_DIR=/opt/rustwide/workdir" "-e" "CARGO_HOME=/opt/rustwide/cargo-home" "-e" "RUSTUP_HOME=/opt/rustwide/rustup-home" "-e" "CARGO_TARGET_DIR=/opt/rustwide/target" "-e" "CARGO_INCREMENTAL=0" "-e" "RUST_BACKTRACE=full" "-e" "RUSTFLAGS=--cap-lints=warn" "-e" "RUSTDOCFLAGS=--cap-lints=warn" "-w" "/opt/rustwide/workdir" "--user" "0:0" "28a4f45e9a494717bafe32d8a2f391e35b4ce9167a77c094c75840754630786d" "/opt/rustwide/cargo-home/bin/cargo" "+1.99.0-beta.8" "build" "--frozen" "--message-format=json" "--release", kill_on_drop: false }`
[INFO] [stderr]    Compiling parking_lot_core v0.9.12
[INFO] [stderr]    Compiling cmake v0.1.58
[INFO] [stderr]    Compiling zstd-sys v2.0.16+zstd.1.5.7
[INFO] [stderr]    Compiling libsqlite3-sys v0.37.0
[INFO] [stderr]    Compiling tracing v0.1.44
[INFO] [stderr]    Compiling serde_json v1.0.149
[INFO] [stderr]    Compiling hashbrown v0.17.0
[INFO] [stderr]    Compiling crypto-common v0.2.1
[INFO] [stderr]    Compiling block-buffer v0.12.0
[INFO] [stderr]    Compiling serde v1.0.228
[INFO] [stderr]    Compiling num-traits v0.2.19
[INFO] [stderr]    Compiling encoding_rs v0.8.35
[INFO] [stderr]    Compiling texpresso v2.0.2
[INFO] [stderr]    Compiling md5 v0.8.0
[INFO] [stderr]    Compiling idna_adapter v1.2.2
[INFO] [stderr]    Compiling fdeflate v0.3.7
[INFO] [stderr]    Compiling argh_shared v0.1.19
[INFO] [stderr]    Compiling idna v1.1.0
[INFO] [stderr]    Compiling parking_lot v0.12.5
[INFO] [stderr]    Compiling pxfm v0.1.29
[INFO] [stderr]    Compiling zune-core v0.5.1
[INFO] [stderr]    Compiling quick-error v2.0.1
[INFO] [stderr]    Compiling byteorder-lite v0.1.0
[INFO] [stderr]    Compiling toml v1.1.2+spec-1.1.0
[INFO] [stderr]    Compiling aws-lc-sys v0.40.0
[INFO] [stderr]    Compiling tokio v1.52.1
[INFO] [stderr]    Compiling url v2.5.8
[INFO] [stderr]    Compiling indexmap v2.14.0
[INFO] [stderr]    Compiling digest v0.11.2
[INFO] [stderr]    Compiling sha1 v0.11.0
[INFO] [stderr]    Compiling png v0.18.1
[INFO] [stderr]    Compiling image-webp v0.2.4
[INFO] [stderr]    Compiling zune-jpeg v0.5.15
[INFO] [stderr]    Compiling argh_derive v0.1.19
[INFO] [stderr]    Compiling codepage v0.1.2
[INFO] [stderr]    Compiling bytemuck v1.25.0
[INFO] [stderr]    Compiling tracing-subscriber v0.3.23
[INFO] [stderr]    Compiling argh v0.1.19
[INFO] [stderr]    Compiling moxcms v0.8.1
[INFO] [stderr]    Compiling hyper v1.9.0
[INFO] [stderr]    Compiling tower v0.5.3
[INFO] [stderr]    Compiling tower-http v0.6.8
[INFO] [stderr]    Compiling hyper-util v0.1.20
[INFO] [stderr]    Compiling image v0.25.10
[INFO] [stderr]    Compiling zstd-safe v7.2.4
[INFO] [stderr]    Compiling zstd v0.13.3
[INFO] [stderr]    Compiling aws-lc-rs v1.16.3
[INFO] [stderr]    Compiling rustls v0.23.40
[INFO] [stderr]    Compiling rustls-webpki v0.103.13
[INFO] [stderr]    Compiling tokio-rustls v0.26.4
[INFO] [stderr]    Compiling rustls-platform-verifier v0.7.0
[INFO] [stderr]    Compiling hyper-rustls v0.27.9
[INFO] [stderr]    Compiling reqwest v0.13.3
[INFO] [stderr]    Compiling rusqlite v0.39.0
[INFO] [stderr]    Compiling nwnrs-types v0.0.1
[INFO] [stderr]    Compiling nwnrs-nwpkg v0.0.1
[INFO] [stderr]    Compiling nwnrs-nwscript v0.0.1
[INFO] [stderr]    Compiling nwnrs v0.0.1 (/opt/rustwide/workdir)
[INFO] [stderr]     Finished `release` profile [optimized] target(s) in 2m 41s
[INFO] running `Command { std: "docker" "inspect" "28a4f45e9a494717bafe32d8a2f391e35b4ce9167a77c094c75840754630786d", kill_on_drop: false }`
[INFO] running `Command { std: "docker" "exec" "-e" "SOURCE_DIR=/opt/rustwide/workdir" "-e" "CARGO_HOME=/opt/rustwide/cargo-home" "-e" "RUSTUP_HOME=/opt/rustwide/rustup-home" "-e" "CARGO_TARGET_DIR=/opt/rustwide/target" "-e" "CARGO_INCREMENTAL=0" "-e" "RUST_BACKTRACE=full" "-e" "RUSTFLAGS=--cap-lints=warn" "-e" "RUSTDOCFLAGS=--cap-lints=warn" "-w" "/opt/rustwide/workdir" "--user" "0:0" "28a4f45e9a494717bafe32d8a2f391e35b4ce9167a77c094c75840754630786d" "/opt/rustwide/cargo-home/bin/cargo" "+1.99.0-beta.8" "test" "--frozen" "--no-run" "--message-format=json" "--release", kill_on_drop: false }`
[INFO] [stderr]    Compiling nwnrs v0.0.1 (/opt/rustwide/workdir)
[INFO] [stderr]     Finished `release` profile [optimized] target(s) in 10.78s
[INFO] running `Command { std: "docker" "inspect" "28a4f45e9a494717bafe32d8a2f391e35b4ce9167a77c094c75840754630786d", kill_on_drop: false }`
[INFO] running `Command { std: "docker" "exec" "-e" "SOURCE_DIR=/opt/rustwide/workdir" "-e" "CARGO_HOME=/opt/rustwide/cargo-home" "-e" "RUSTUP_HOME=/opt/rustwide/rustup-home" "-e" "CARGO_TARGET_DIR=/opt/rustwide/target" "-e" "CARGO_INCREMENTAL=0" "-e" "RUST_BACKTRACE=full" "-e" "RUSTFLAGS=--cap-lints=warn" "-e" "RUSTDOCFLAGS=--cap-lints=warn" "-w" "/opt/rustwide/workdir" "--user" "0:0" "28a4f45e9a494717bafe32d8a2f391e35b4ce9167a77c094c75840754630786d" "/opt/rustwide/cargo-home/bin/cargo" "+1.99.0-beta.8" "test" "--frozen" "--release", kill_on_drop: false }`
[INFO] [stderr]     Finished `release` profile [optimized] target(s) in 0.26s
[INFO] [stderr]      Running unittests src/lib.rs (/opt/rustwide/target/release/deps/nwnrs-d834164979139f8c)
[INFO] [stdout] 
[INFO] [stdout] running 52 tests
[INFO] [stdout] test args::tests::parses_init_command_with_kind_and_path ... ok
[INFO] [stdout] test compile::tests::compile_helper_produces_ncs_and_ndb_outputs ... ok
[INFO] [stdout] test args::tests::parses_convert_command_for_animation_listing_without_output ... ok
[INFO] [stdout] test args::tests::parses_convert_command_for_mdl_paths ... ok
[INFO] [stdout] test args::tests::parses_pack_command_for_generic_packing ... ok
[INFO] [stdout] test args::tests::parses_nwsync_fetch_command ... ok
[INFO] [stdout] test args::tests::parses_inspect_command_with_ncs_disassembly_options ... ok
[INFO] [stdout] test convert::tests::convert_supports_compiled_mdl_to_ascii ... FAILED
[INFO] [stdout] test convert::tests::convert_supports_dds_to_webp ... ok
[INFO] [stdout] test convert::tests::convert_supports_jpeg_to_dds ... ok
[INFO] [stdout] test convert::tests::convert_supports_jpeg_to_webp ... ok
[INFO] [stdout] test args::tests::parses_new_command_with_kind_and_path ... ok
[INFO] [stdout] test args::tests::parses_pack_command_for_install_packaging ... ok
[INFO] [stdout] test convert::tests::convert_supports_ascii_mdl_to_compiled ... FAILED
[INFO] [stdout] test convert::tests::convert_supports_tga_to_dds ... ok
[INFO] [stdout] test convert::tests::convert_supports_png_to_tga ... ok
[INFO] [stdout] test convert::tests::snapshot_without_explicit_animation_reports_available_names ... ok
[INFO] [stdout] 0000: RET
[INFO] [stdout] test inspect::tests::compiled_model_block_kinds_include_header_and_mesh ... FAILED
[INFO] [stdout] test convert::tests::convert_rejects_unknown_animation_name_and_preserves_output_path ... FAILED
[INFO] [stdout] test convert::tests::convert_supports_tga_to_webp ... ok
[INFO] [stdout] test inspect::tests::inspect_ncs_renders_disassembly ... ok
[INFO] [stderr]  WARN nwnrs::pack: skipping invalid file during pack error=/tmp/nwnrs-erf-pack-nwscript-1792327256407054202/src/nwscript.nss is a NWScript langspec file, not a packable resource path=/tmp/nwnrs-erf-pack-nwscript-1792327256407054202/src/nwscript.nss
[INFO] [stdout] test inspect::tests::rejects_unsupported_extensions_before_reading ... ok
[INFO] [stdout] test args::tests::parses_pack_command_with_repeated_include_dirs ... ok
[INFO] [stdout] test logging::tests::tracing_initialization_is_idempotent ... ok
[INFO] [stderr] ERROR nwnrs_types::install::discovery: error=requested NWN root does not exist: /tmp/nwnrs-package-missing-root-1792327256409143622/missing-root
[INFO] [stderr] ERROR nwnrs_types::install::discovery: error=requested NWN root does not exist: /tmp/nwnrs-package-missing-root-1792327256409143622/missing-root
[INFO] [stderr] ERROR nwnrs::package: error=requested NWN root does not exist: /tmp/nwnrs-package-missing-root-1792327256409143622/missing-root
[INFO] [stderr]  WARN nwnrs_types::install::discovery: NWN root does not contain databuild.txt path=/tmp/nwnrs-package-missing-language-1792327256409723871/root
[INFO] [stderr] ERROR nwnrs_types::install::discovery: error=language /tmp/nwnrs-package-missing-language-1792327256409723871/root/lang/english not found
[INFO] [stdout] test pack::tests::pack_compiles_single_nwscript_source_to_ncs_and_ndb ... ok
[INFO] [stderr] ERROR nwnrs_types::install::builder: error=language /tmp/nwnrs-package-missing-language-1792327256409723871/root/lang/english not found
[INFO] [stdout] test compile::tests::compile_helper_resolves_include_directories ... ok
[INFO] [stderr] ERROR nwnrs::package: error=language /tmp/nwnrs-package-missing-language-1792327256409723871/root/lang/english not found
[INFO] [stdout] test pack::tests::pack_supports_binary_twoda_resource ... ok
[INFO] [stderr]  WARN nwnrs_types::install::discovery: NWN root does not contain databuild.txt path=/tmp/nwnrs-package-missing-user-1792327256409832311/root
[INFO] [stdout] test pack::tests::pack_supports_binary_gff_resource ... ok
[INFO] [stderr] ERROR nwnrs_types::install::discovery: error=requested user directory does not exist: /tmp/nwnrs-package-missing-user-1792327256409832311/user/missing
[INFO] [stdout] test pack::tests::pack_assembles_ncs_asm_entries_into_archives ... ok
[INFO] [stderr] ERROR nwnrs_types::install::discovery: error=requested user directory does not exist: /tmp/nwnrs-package-missing-user-1792327256409832311/user/missing
[INFO] [stdout] test nwsync::tests::manifest_base_url_strips_manifest_path ... ok
[INFO] [stderr] ERROR nwnrs::package: error=requested user directory does not exist: /tmp/nwnrs-package-missing-user-1792327256409832311/user/missing
[INFO] [stdout] test inspect::tests::compiled_model_summary_reports_encoding_and_counts ... FAILED
[INFO] [stderr]  WARN nwnrs_types::install::discovery: NWN root does not contain databuild.txt path=/tmp/nwnrs-package-deterministic-1792327256410051471/root
[INFO] [stdout] test package::tests::package_rejects_missing_install_root ... ok
[INFO] [stderr]  WARN nwnrs_types::install::keyload: key not found, skipping path=/tmp/nwnrs-package-deterministic-1792327256410051471/root/data/nwn_base.key
[INFO] [stdout] test nwsync::tests::manifest_data_url_uses_hash_tree_layout ... ok
[INFO] [stderr]  WARN nwnrs_types::install::keyload: key not found, skipping path=/tmp/nwnrs-package-deterministic-1792327256410051471/root/data/nwn_retail.key
[INFO] [stdout] test package::tests::package_rejects_missing_user_directory ... ok
[INFO] [stderr]  WARN nwnrs_types::install::discovery: NWN root does not contain databuild.txt path=/tmp/nwnrs-package-deterministic-1792327256410051471/root
[INFO] [stdout] test package::tests::package_rejects_missing_language_root ... ok
[INFO] [stderr]  WARN nwnrs_types::install::keyload: key not found, skipping path=/tmp/nwnrs-package-deterministic-1792327256410051471/root/data/nwn_base.key
[INFO] [stdout] test pack::tests::pack_compiles_nwscript_sources_into_key_bif_entries ... ok
[INFO] [stderr]  WARN nwnrs_types::install::keyload: key not found, skipping path=/tmp/nwnrs-package-deterministic-1792327256410051471/root/data/nwn_retail.key
[INFO] [stdout] test pack::tests::pack_compiles_nwscript_sources_into_erf_entries ... ok
[INFO] [stderr]  WARN nwnrs::pack: skipping invalid file during pack error=/tmp/nwnrs-erf-pack-deep-nesting-1792327256414017731/src/nwscript.nss is a NWScript langspec file, not a packable resource path=/tmp/nwnrs-erf-pack-deep-nesting-1792327256414017731/src/nwscript.nss
[INFO] [stdout] test project::tests::project_kind_picker_accepts_named_selection ... ok
[INFO] [stderr]  WARN nwnrs_types::install::discovery: NWN root does not contain databuild.txt path=/tmp/nwnrs-package-fixture-1792327256409183931/root
[INFO] [stdout] test package::tests::package_output_is_deterministic ... ok
[INFO] [stderr]  WARN nwnrs_types::install::keyload: key not found, skipping path=/tmp/nwnrs-package-fixture-1792327256409183931/root/data/nwn_base.key
[INFO] [stdout] test project::tests::new_scaffolds_ncs_project_with_langspec ... ok
[INFO] [stderr]  WARN nwnrs_types::install::keyload: key not found, skipping path=/tmp/nwnrs-package-fixture-1792327256409183931/root/data/nwn_retail.key
[INFO] [stdout] test unpack::tests::unpack_supports_binary_gff_resource ... ok
[INFO] [stderr]  WARN nwnrs_types::install::discovery: NWN root does not contain databuild.txt path=/tmp/nwnrs-package-non-empty-destination-1792327256415277991/root
[INFO] [stdout] test project::tests::project_kind_picker_accepts_numeric_selection ... ok
[INFO] [stderr]  WARN nwnrs_types::install::keyload: key not found, skipping path=/tmp/nwnrs-package-non-empty-destination-1792327256415277991/root/data/nwn_base.key
[INFO] [stdout] test unpack::tests::unpack_supports_binary_twoda_resource ... ok
[INFO] [stderr]  WARN nwnrs_types::install::keyload: key not found, skipping path=/tmp/nwnrs-package-non-empty-destination-1792327256415277991/root/data/nwn_retail.key
[INFO] [stdout] test tests::run_propagates_subcommand_errors ... ok
[INFO] [stderr] ERROR nwnrs::package: error=target directory not empty; aborting for your own safety
[INFO] [stdout] test package::tests::package_rejects_non_empty_destination_without_force ... ok
[INFO] [stderr] ERROR nwnrs::inspect: error=unsupported file type for unsupported.xyz
[INFO] [stdout] test project::tests::project_kind_picker_defaults_to_erf_on_empty_input ... ok
[INFO] [stderr] ERROR nwnrs: error=unsupported file type for unsupported.xyz
[INFO] [stdout] test package::tests::package_builds_slim_key_set_from_install_view ... ok
[INFO] [stdout] test unpack::tests::unpack_and_pack_roundtrip_raw_ncs_as_asm ... ok
[INFO] [stdout] test project::tests::init_scaffolds_archive_project_with_empty_lock ... ok
[INFO] [stdout] test project::tests::new_scaffolds_resource_project_with_manifest_and_lock ... ok
[INFO] [stdout] test pack::tests::pack_walks_nested_archive_directories_without_depth_limit ... ok
[INFO] [stderr]  WARN nwnrs_types::install::discovery: NWN root does not contain databuild.txt path=/tmp/nwnrs-package-split-1792327256415427271/root
[INFO] [stderr]  WARN nwnrs_types::install::keyload: key not found, skipping path=/tmp/nwnrs-package-split-1792327256415427271/root/data/nwn_base.key
[INFO] [stderr]  WARN nwnrs_types::install::keyload: key not found, skipping path=/tmp/nwnrs-package-split-1792327256415427271/root/data/nwn_retail.key
[INFO] [stdout] test package::tests::package_splits_large_output_into_multiple_bifs ... ok
[INFO] [stdout] 
[INFO] [stdout] failures:
[INFO] [stdout] 
[INFO] [stdout] ---- convert::tests::convert_supports_compiled_mdl_to_ascii stdout ----
[INFO] [stdout] Error: InstallUnavailable("NWN install not available for install-backed tests: Could not locate NWN; try --root")
[INFO] [stdout] 
[INFO] [stdout] ---- convert::tests::convert_supports_ascii_mdl_to_compiled stdout ----
[INFO] [stdout] Error: InstallUnavailable("NWN install not available for install-backed tests: Could not locate NWN; try --root")
[INFO] [stdout] 
[INFO] [stdout] ---- inspect::tests::compiled_model_block_kinds_include_header_and_mesh stdout ----
[INFO] [stdout] Error: InstallUnavailable("NWN install not available for install-backed tests: Could not locate NWN; try --root")
[INFO] [stdout] 
[INFO] [stdout] ---- convert::tests::convert_rejects_unknown_animation_name_and_preserves_output_path stdout ----
[INFO] [stdout] Error: InstallUnavailable("NWN install not available for install-backed tests: Could not locate NWN; try --root")
[INFO] [stdout] 
[INFO] [stdout] ---- inspect::tests::compiled_model_summary_reports_encoding_and_counts stdout ----
[INFO] [stdout] Error: InstallUnavailable("NWN install not available for install-backed tests: Could not locate NWN; try --root")
[INFO] [stdout] 
[INFO] [stdout] 
[INFO] [stdout] failures:
[INFO] [stdout]     convert::tests::convert_rejects_unknown_animation_name_and_preserves_output_path
[INFO] [stdout]     convert::tests::convert_supports_ascii_mdl_to_compiled
[INFO] [stdout]     convert::tests::convert_supports_compiled_mdl_to_ascii
[INFO] [stdout]     inspect::tests::compiled_model_block_kinds_include_header_and_mesh
[INFO] [stdout]     inspect::tests::compiled_model_summary_reports_encoding_and_counts
[INFO] [stdout] 
[INFO] [stdout] test result: FAILED. 47 passed; 5 failed; 0 ignored; 0 measured; 0 filtered out; finished in 1.09s
[INFO] [stdout] 
[INFO] [stderr] error: test failed, to rerun pass `--lib`
[INFO] running `Command { std: "docker" "inspect" "28a4f45e9a494717bafe32d8a2f391e35b4ce9167a77c094c75840754630786d", kill_on_drop: false }`
[INFO] running `Command { std: "docker" "rm" "-f" "28a4f45e9a494717bafe32d8a2f391e35b4ce9167a77c094c75840754630786d", kill_on_drop: false }`
[INFO] [stdout] 28a4f45e9a494717bafe32d8a2f391e35b4ce9167a77c094c75840754630786d
