[INFO] fetching crate nvrs 0.1.10...
[INFO] testing nvrs-0.1.10 against 1.99.0-beta.8+cargoflags=--release for beta-release-1.100-2
[INFO] extracting crate nvrs 0.1.10 into /workspace/builds/worker-0-tc1/source
[INFO] started tweaking crates.io crate nvrs 0.1.10
[INFO] finished tweaking crates.io crate nvrs 0.1.10
[INFO] tweaked toml for crates.io crate nvrs 0.1.10 written to /workspace/builds/worker-0-tc1/source/Cargo.toml
[INFO] validating manifest of crates.io crate nvrs 0.1.10 on toolchain 1.99.0-beta.8
[INFO] running `Command { std: CARGO_HOME="/workspace/cargo-home" RUSTUP_HOME="/workspace/rustup-home" "/workspace/cargo-home/bin/cargo" "+1.99.0-beta.8" "metadata" "--manifest-path" "Cargo.toml" "--no-deps", kill_on_drop: false }`
[INFO] crate crates.io crate nvrs 0.1.10 already has a lockfile, it will not be regenerated
[INFO] running `Command { std: CARGO_HOME="/workspace/cargo-home" RUSTUP_HOME="/workspace/rustup-home" "/workspace/cargo-home/bin/cargo" "+1.99.0-beta.8" "fetch" "--manifest-path" "Cargo.toml", kill_on_drop: false }`
[INFO] [stderr]     Updating crates.io index
[INFO] [stderr]  Downloading crates ...
[INFO] [stderr]   Downloaded serde_spanned v1.1.1
[INFO] [stderr]   Downloaded tokio-test v0.4.5
[INFO] [stderr]   Downloaded toml v1.1.2+spec-1.1.0
[INFO] [stderr]   Downloaded toml_writer v1.1.1+spec-1.1.0
[INFO] [stderr]   Downloaded wasm-bindgen-futures v0.4.68
[INFO] [stderr]   Downloaded rustc-hash v2.1.2
[INFO] [stderr]   Downloaded jni-sys v0.3.1
[INFO] [stderr]   Downloaded jni-sys v0.4.1
[INFO] [stderr]   Downloaded jni-sys-macros v0.4.1
[INFO] [stderr]   Downloaded rustls-platform-verifier v0.6.2
[INFO] [stderr]   Downloaded cc v1.2.60
[INFO] [stderr]   Downloaded zerocopy-derive v0.8.48
[INFO] [stderr]   Downloaded colored v3.1.1
[INFO] [stderr]   Downloaded reqwest v0.13.2
[INFO] [stderr]   Downloaded webpki-root-certs v1.0.7
[INFO] [stderr]   Downloaded winnow v1.0.2
[INFO] [stderr]   Downloaded quinn-proto v0.11.14
[INFO] [stderr]   Downloaded aws-lc-rs v1.16.3
[INFO] [stderr]   Downloaded zerocopy v0.8.48
[INFO] [stderr]   Downloaded rustls v0.23.39
[INFO] [stderr]   Downloaded libc v0.2.185
[INFO] [stderr]   Downloaded aws-lc-sys v0.40.0
[INFO] running `Command { std: "docker" "create" "-v" "/var/lib/crater-agent-workspace/builds/worker-0-tc1/source:/opt/rustwide/workdir:ro,Z" "-v" "/var/lib/crater-agent-workspace/builds/worker-0-tc1/target:/opt/rustwide/target:rw,Z" "-v" "/var/lib/crater-agent-workspace/cargo-home:/opt/rustwide/cargo-home:ro,Z" "-v" "/var/lib/crater-agent-workspace/rustup-home:/opt/rustwide/rustup-home:ro,Z" "-m" "1610612736" "--network" "none" "ghcr.io/rust-lang/crates-build-env/linux@sha256:77db811e55d90add9212f6832c23229e3de5f1c1f9905e8cb07319ea15df73ac" "sleep" "infinity", kill_on_drop: false }`
[INFO] [stdout] 7641107d3cd69961767c5031030407d59fd3e4012afa1d079159f42f9938577b
[INFO] running `Command { std: "docker" "start" "7641107d3cd69961767c5031030407d59fd3e4012afa1d079159f42f9938577b", kill_on_drop: false }`
[INFO] running `Command { std: "docker" "inspect" "7641107d3cd69961767c5031030407d59fd3e4012afa1d079159f42f9938577b", kill_on_drop: false }`
[INFO] running `Command { std: "docker" "exec" "-e" "SOURCE_DIR=/opt/rustwide/workdir" "-e" "CARGO_HOME=/opt/rustwide/cargo-home" "-e" "RUSTUP_HOME=/opt/rustwide/rustup-home" "-e" "CARGO_TARGET_DIR=/opt/rustwide/target" "-w" "/opt/rustwide/workdir" "--user" "0:0" "7641107d3cd69961767c5031030407d59fd3e4012afa1d079159f42f9938577b" "/opt/rustwide/cargo-home/bin/cargo" "+1.99.0-beta.8" "metadata" "--no-deps" "--format-version=1", kill_on_drop: false }`
[INFO] running `Command { std: "docker" "inspect" "7641107d3cd69961767c5031030407d59fd3e4012afa1d079159f42f9938577b", kill_on_drop: false }`
[INFO] running `Command { std: "docker" "exec" "-e" "SOURCE_DIR=/opt/rustwide/workdir" "-e" "CARGO_HOME=/opt/rustwide/cargo-home" "-e" "RUSTUP_HOME=/opt/rustwide/rustup-home" "-e" "CARGO_TARGET_DIR=/opt/rustwide/target" "-e" "CARGO_INCREMENTAL=0" "-e" "RUST_BACKTRACE=full" "-e" "RUSTFLAGS=--cap-lints=warn" "-e" "RUSTDOCFLAGS=--cap-lints=warn" "-w" "/opt/rustwide/workdir" "--user" "0:0" "7641107d3cd69961767c5031030407d59fd3e4012afa1d079159f42f9938577b" "/opt/rustwide/cargo-home/bin/cargo" "+1.99.0-beta.8" "build" "--frozen" "--message-format=json" "--release", kill_on_drop: false }`
[INFO] [stderr]    Compiling proc-macro2 v1.0.106
[INFO] [stderr]    Compiling unicode-ident v1.0.24
[INFO] [stderr]    Compiling quote v1.0.45
[INFO] [stderr]    Compiling libc v0.2.185
[INFO] [stderr]    Compiling shlex v1.3.0
[INFO] [stderr]    Compiling find-msvc-tools v0.1.9
[INFO] [stderr]    Compiling stable_deref_trait v1.2.1
[INFO] [stderr]    Compiling fs_extra v1.3.0
[INFO] [stderr]    Compiling dunce v1.0.5
[INFO] [stderr]    Compiling pin-project-lite v0.2.17
[INFO] [stderr]    Compiling bytes v1.11.1
[INFO] [stderr]    Compiling futures-core v0.3.32
[INFO] [stderr]    Compiling itoa v1.0.18
[INFO] [stderr]    Compiling aws-lc-rs v1.16.3
[INFO] [stderr]    Compiling zeroize v1.8.2
[INFO] [stderr]    Compiling once_cell v1.21.4
[INFO] [stderr]    Compiling serde_core v1.0.228
[INFO] [stderr]    Compiling smallvec v1.15.1
[INFO] [stderr]    Compiling writeable v0.6.3
[INFO] [stderr]    Compiling litemap v0.8.2
[INFO] [stderr]    Compiling rustls-pki-types v1.14.0
[INFO] [stderr]    Compiling utf8_iter v1.0.4
[INFO] [stderr]    Compiling icu_properties_data v2.2.0
[INFO] [stderr]    Compiling icu_normalizer_data v2.2.0
[INFO] [stderr]    Compiling slab v0.4.12
[INFO] [stderr]    Compiling httparse v1.10.1
[INFO] [stderr]    Compiling futures-task v0.3.32
[INFO] [stderr]    Compiling untrusted v0.9.0
[INFO] [stderr]    Compiling rustls v0.23.39
[INFO] [stderr]    Compiling futures-util v0.3.32
[INFO] [stderr]    Compiling percent-encoding v2.3.2
[INFO] [stderr]    Compiling tower-service v0.3.3
[INFO] [stderr]    Compiling subtle v2.6.1
[INFO] [stderr]    Compiling memchr v2.8.0
[INFO] [stderr]    Compiling try-lock v0.2.5
[INFO] [stderr]    Compiling tracing-core v0.1.36
[INFO] [stderr]    Compiling futures-channel v0.3.32
[INFO] [stderr]    Compiling atomic-waker v1.1.2
[INFO] [stderr]    Compiling zmij v1.0.21
[INFO] [stderr]    Compiling sync_wrapper v1.0.2
[INFO] [stderr]    Compiling openssl-probe v0.2.1
[INFO] [stderr]    Compiling serde v1.0.228
[INFO] [stderr]    Compiling http v1.4.0
[INFO] [stderr]    Compiling want v0.3.1
[INFO] [stderr]    Compiling serde_json v1.0.149
[INFO] [stderr]    Compiling base64 v0.22.1
[INFO] [stderr]    Compiling ipnet v2.12.0
[INFO] [stderr]    Compiling tower-layer v0.3.3
[INFO] [stderr]    Compiling rustls-native-certs v0.8.3
[INFO] [stderr]    Compiling form_urlencoded v1.2.2
[INFO] [stderr]    Compiling tracing v0.1.44
[INFO] [stderr]    Compiling iri-string v0.7.12
[INFO] [stderr]    Compiling syn v2.0.117
[INFO] [stderr]    Compiling aho-corasick v1.1.4
[INFO] [stderr]    Compiling log v0.4.29
[INFO] [stderr]    Compiling bitflags v2.11.1
[INFO] [stderr]    Compiling thiserror v2.0.18
[INFO] [stderr]    Compiling regex-syntax v0.8.10
[INFO] [stderr]    Compiling winnow v1.0.2
[INFO] [stderr]    Compiling toml_writer v1.1.1+spec-1.1.0
[INFO] [stderr]    Compiling toml_parser v1.1.2+spec-1.1.0
[INFO] [stderr]    Compiling jobserver v0.1.34
[INFO] [stderr]    Compiling cc v1.2.60
[INFO] [stderr]    Compiling http-body v1.0.1
[INFO] [stderr]    Compiling http-body-util v0.1.3
[INFO] [stderr]    Compiling socket2 v0.6.3
[INFO] [stderr]    Compiling mio v1.2.0
[INFO] [stderr]    Compiling cmake v0.1.58
[INFO] [stderr]    Compiling serde_spanned v1.1.1
[INFO] [stderr]    Compiling toml_datetime v1.1.1+spec-1.1.0
[INFO] [stderr]    Compiling regex-automata v0.4.14
[INFO] [stderr]    Compiling toml v1.1.2+spec-1.1.0
[INFO] [stderr]    Compiling aws-lc-sys v0.40.0
[INFO] [stderr]    Compiling synstructure v0.13.2
[INFO] [stderr]    Compiling zerofrom-derive v0.1.7
[INFO] [stderr]    Compiling yoke-derive v0.8.2
[INFO] [stderr]    Compiling zerovec-derive v0.11.3
[INFO] [stderr]    Compiling displaydoc v0.2.5
[INFO] [stderr]    Compiling tokio-macros v2.7.0
[INFO] [stderr]    Compiling serde_derive v1.0.228
[INFO] [stderr]    Compiling thiserror-impl v2.0.18
[INFO] [stderr]    Compiling regex v1.12.3
[INFO] [stderr]    Compiling tokio v1.52.1
[INFO] [stderr]    Compiling zerofrom v0.1.7
[INFO] [stderr]    Compiling yoke v0.8.2
[INFO] [stderr]    Compiling zerovec v0.11.6
[INFO] [stderr]    Compiling zerotrie v0.2.4
[INFO] [stderr]    Compiling tinystr v0.8.3
[INFO] [stderr]    Compiling potential_utf v0.1.5
[INFO] [stderr]    Compiling icu_collections v2.2.0
[INFO] [stderr]    Compiling icu_locale_core v2.2.0
[INFO] [stderr]    Compiling icu_provider v2.2.0
[INFO] [stderr]    Compiling icu_normalizer v2.2.0
[INFO] [stderr]    Compiling icu_properties v2.2.0
[INFO] [stderr]    Compiling idna_adapter v1.2.1
[INFO] [stderr]    Compiling idna v1.1.0
[INFO] [stderr]    Compiling hyper v1.9.0
[INFO] [stderr]    Compiling tower v0.5.3
[INFO] [stderr]    Compiling url v2.5.8
[INFO] [stderr]    Compiling tower-http v0.6.8
[INFO] [stderr]    Compiling hyper-util v0.1.20
[INFO] [stderr]    Compiling rustls-webpki v0.103.13
[INFO] [stderr]    Compiling tokio-rustls v0.26.4
[INFO] [stderr]    Compiling rustls-platform-verifier v0.6.2
[INFO] [stderr]    Compiling hyper-rustls v0.27.9
[INFO] [stderr]    Compiling reqwest v0.13.2
[INFO] [stderr]    Compiling nvrs v0.1.10 (/opt/rustwide/workdir)
[INFO] [stderr]     Finished `release` profile [optimized] target(s) in 56.18s
[INFO] running `Command { std: "docker" "inspect" "7641107d3cd69961767c5031030407d59fd3e4012afa1d079159f42f9938577b", kill_on_drop: false }`
[INFO] running `Command { std: "docker" "exec" "-e" "SOURCE_DIR=/opt/rustwide/workdir" "-e" "CARGO_HOME=/opt/rustwide/cargo-home" "-e" "RUSTUP_HOME=/opt/rustwide/rustup-home" "-e" "CARGO_TARGET_DIR=/opt/rustwide/target" "-e" "CARGO_INCREMENTAL=0" "-e" "RUST_BACKTRACE=full" "-e" "RUSTFLAGS=--cap-lints=warn" "-e" "RUSTDOCFLAGS=--cap-lints=warn" "-w" "/opt/rustwide/workdir" "--user" "0:0" "7641107d3cd69961767c5031030407d59fd3e4012afa1d079159f42f9938577b" "/opt/rustwide/cargo-home/bin/cargo" "+1.99.0-beta.8" "test" "--frozen" "--no-run" "--message-format=json" "--release", kill_on_drop: false }`
[INFO] [stderr]    Compiling stable_deref_trait v1.2.1
[INFO] [stderr]    Compiling bytes v1.11.1
[INFO] [stderr]    Compiling pin-project-lite v0.2.17
[INFO] [stderr]    Compiling futures-core v0.3.32
[INFO] [stderr]    Compiling itoa v1.0.18
[INFO] [stderr]    Compiling zeroize v1.8.2
[INFO] [stderr]    Compiling writeable v0.6.3
[INFO] [stderr]    Compiling smallvec v1.15.1
[INFO] [stderr]    Compiling litemap v0.8.2
[INFO] [stderr]    Compiling once_cell v1.21.4
[INFO] [stderr]    Compiling utf8_iter v1.0.4
[INFO] [stderr]    Compiling libc v0.2.185
[INFO] [stderr]    Compiling serde_core v1.0.228
[INFO] [stderr]    Compiling memchr v2.8.0
[INFO] [stderr]    Compiling zerofrom v0.1.7
[INFO] [stderr]    Compiling aws-lc-sys v0.40.0
[INFO] [stderr]    Compiling serde v1.0.228
[INFO] [stderr]    Compiling crossbeam-utils v0.8.21
[INFO] [stderr]    Compiling slab v0.4.12
[INFO] [stderr]    Compiling untrusted v0.9.0
[INFO] [stderr]    Compiling rustls-pki-types v1.14.0
[INFO] [stderr]    Compiling futures-task v0.3.32
[INFO] [stderr]    Compiling icu_normalizer_data v2.2.0
[INFO] [stderr]    Compiling yoke v0.8.2
[INFO] [stderr]    Compiling icu_properties_data v2.2.0
[INFO] [stderr]    Compiling try-lock v0.2.5
[INFO] [stderr]    Compiling zerocopy v0.8.48
[INFO] [stderr]    Compiling futures-util v0.3.32
[INFO] [stderr]    Compiling subtle v2.6.1
[INFO] [stderr]    Compiling percent-encoding v2.3.2
[INFO] [stderr]    Compiling tower-service v0.3.3
[INFO] [stderr]    Compiling want v0.3.1
[INFO] [stderr]    Compiling tracing-core v0.1.36
[INFO] [stderr]    Compiling httparse v1.10.1
[INFO] [stderr]    Compiling zmij v1.0.21
[INFO] [stderr]    Compiling zerovec v0.11.6
[INFO] [stderr]    Compiling zerotrie v0.2.4
[INFO] [stderr]    Compiling futures-channel v0.3.32
[INFO] [stderr]    Compiling zerocopy-derive v0.8.48
[INFO] [stderr]    Compiling atomic-waker v1.1.2
[INFO] [stderr]    Compiling autocfg v1.5.0
[INFO] [stderr]    Compiling sync_wrapper v1.0.2
[INFO] [stderr]    Compiling rayon-core v1.13.0
[INFO] [stderr]    Compiling base64 v0.22.1
[INFO] [stderr]    Compiling tower-layer v0.3.3
[INFO] [stderr]    Compiling ipnet v2.12.0
[INFO] [stderr]    Compiling aho-corasick v1.1.4
[INFO] [stderr]    Compiling cfg-if v1.0.4
[INFO] [stderr]    Compiling regex-syntax v0.8.10
[INFO] [stderr]    Compiling openssl-probe v0.2.1
[INFO] [stderr]    Compiling num-traits v0.2.19
[INFO] [stderr]    Compiling either v1.15.0
[INFO] [stderr]    Compiling rustls-native-certs v0.8.3
[INFO] [stderr]    Compiling aws-lc-rs v1.16.3
[INFO] [stderr]    Compiling http v1.4.0
[INFO] [stderr]    Compiling tracing v0.1.44
[INFO] [stderr]    Compiling crossbeam-epoch v0.9.18
[INFO] [stderr]    Compiling form_urlencoded v1.2.2
[INFO] [stderr]    Compiling alloca v0.4.0
[INFO] [stderr]    Compiling log v0.4.29
[INFO] [stderr]    Compiling winnow v1.0.2
[INFO] [stderr]    Compiling socket2 v0.6.3
[INFO] [stderr]    Compiling mio v1.2.0
[INFO] [stderr]    Compiling bitflags v2.11.1
[INFO] [stderr]    Compiling ciborium-io v0.2.2
[INFO] [stderr]    Compiling anstyle v1.0.14
[INFO] [stderr]    Compiling plotters-backend v0.3.7
[INFO] [stderr]    Compiling crossbeam-deque v0.8.6
[INFO] [stderr]    Compiling clap_lex v1.1.0
[INFO] [stderr]    Compiling tinystr v0.8.3
[INFO] [stderr]    Compiling potential_utf v0.1.5
[INFO] [stderr]    Compiling iri-string v0.7.12
[INFO] [stderr]    Compiling icu_collections v2.2.0
[INFO] [stderr]    Compiling toml_parser v1.1.2+spec-1.1.0
[INFO] [stderr]    Compiling clap_builder v4.6.0
[INFO] [stderr]    Compiling tokio v1.52.1
[INFO] [stderr]    Compiling icu_locale_core v2.2.0
[INFO] [stderr]    Compiling plotters-svg v0.3.7
[INFO] [stderr]    Compiling itertools v0.13.0
[INFO] [stderr]    Compiling cast v0.3.0
[INFO] [stderr]    Compiling http-body v1.0.1
[INFO] [stderr]    Compiling http-body-util v0.1.3
[INFO] [stderr]    Compiling rustls-webpki v0.103.13
[INFO] [stderr]    Compiling toml_writer v1.1.1+spec-1.1.0
[INFO] [stderr]    Compiling icu_provider v2.2.0
[INFO] [stderr]    Compiling same-file v1.0.6
[INFO] [stderr]    Compiling rayon v1.12.0
[INFO] [stderr]    Compiling thiserror v2.0.18
[INFO] [stderr]    Compiling plotters v0.3.7
[INFO] [stderr]    Compiling walkdir v2.5.0
[INFO] [stderr]    Compiling page_size v0.6.0
[INFO] [stderr]    Compiling icu_normalizer v2.2.0
[INFO] [stderr]    Compiling icu_properties v2.2.0
[INFO] [stderr]    Compiling rustls v0.23.39
[INFO] [stderr]    Compiling regex-automata v0.4.14
[INFO] [stderr]    Compiling anes v0.1.6
[INFO] [stderr]    Compiling oorandom v11.1.5
[INFO] [stderr]    Compiling serde_json v1.0.149
[INFO] [stderr]    Compiling toml_datetime v1.1.1+spec-1.1.0
[INFO] [stderr]    Compiling serde_spanned v1.1.1
[INFO] [stderr]    Compiling toml v1.1.2+spec-1.1.0
[INFO] [stderr]    Compiling criterion-plot v0.8.2
[INFO] [stderr]    Compiling tinytemplate v1.2.1
[INFO] [stderr]    Compiling clap v4.6.1
[INFO] [stderr]    Compiling idna_adapter v1.2.1
[INFO] [stderr]    Compiling idna v1.1.0
[INFO] [stderr]    Compiling url v2.5.8
[INFO] [stderr]    Compiling regex v1.12.3
[INFO] [stderr]    Compiling hyper v1.9.0
[INFO] [stderr]    Compiling tower v0.5.3
[INFO] [stderr]    Compiling tokio-stream v0.1.18
[INFO] [stderr]    Compiling tokio-test v0.4.5
[INFO] [stderr]    Compiling tower-http v0.6.8
[INFO] [stderr]    Compiling half v2.7.1
[INFO] [stderr]    Compiling hyper-util v0.1.20
[INFO] [stderr]    Compiling ciborium-ll v0.2.2
[INFO] [stderr]    Compiling tokio-rustls v0.26.4
[INFO] [stderr]    Compiling rustls-platform-verifier v0.6.2
[INFO] [stderr]    Compiling ciborium v0.2.2
[INFO] [stderr]    Compiling criterion v0.8.2
[INFO] [stderr]    Compiling hyper-rustls v0.27.9
[INFO] [stderr]    Compiling reqwest v0.13.2
[INFO] [stderr]    Compiling nvrs v0.1.10 (/opt/rustwide/workdir)
[INFO] [stderr]     Finished `release` profile [optimized] target(s) in 1m 30s
[INFO] running `Command { std: "docker" "inspect" "7641107d3cd69961767c5031030407d59fd3e4012afa1d079159f42f9938577b", kill_on_drop: false }`
[INFO] running `Command { std: "docker" "exec" "-e" "SOURCE_DIR=/opt/rustwide/workdir" "-e" "CARGO_HOME=/opt/rustwide/cargo-home" "-e" "RUSTUP_HOME=/opt/rustwide/rustup-home" "-e" "CARGO_TARGET_DIR=/opt/rustwide/target" "-e" "CARGO_INCREMENTAL=0" "-e" "RUST_BACKTRACE=full" "-e" "RUSTFLAGS=--cap-lints=warn" "-e" "RUSTDOCFLAGS=--cap-lints=warn" "-w" "/opt/rustwide/workdir" "--user" "0:0" "7641107d3cd69961767c5031030407d59fd3e4012afa1d079159f42f9938577b" "/opt/rustwide/cargo-home/bin/cargo" "+1.99.0-beta.8" "test" "--frozen" "--release", kill_on_drop: false }`
[INFO] [stderr]     Finished `release` profile [optimized] target(s) in 0.32s
[INFO] [stderr]      Running unittests src/lib.rs (/opt/rustwide/target/release/deps/nvrs-8ffb7dcbccf8aa74)
[INFO] [stdout] 
[INFO] [stdout] running 11 tests
[INFO] [stdout] test api::statuscode_matching_test ... ok
[INFO] [stdout] test error::test_error ... ok
[INFO] [stdout] test config::tests::manual_package ... ok
[INFO] [stdout] test config::tests::loading ... FAILED
[INFO] [stdout] test api::gitea::request_test ... FAILED
[INFO] [stdout] test api::regex::request_test ... FAILED
[INFO] [stdout] test api::crates_io::request_test ... FAILED
[INFO] [stdout] test api::shell::shell_test ... ok
[INFO] [stdout] test api::gitlab::request_test ... FAILED
[INFO] [stdout] test api::aur::request_test ... FAILED
[INFO] [stdout] test api::github::request_test ... FAILED
[INFO] [stdout] 
[INFO] [stdout] failures:
[INFO] [stdout] 
[INFO] [stdout] ---- config::tests::loading stdout ----
[INFO] [stdout] 
[INFO] [stdout] thread 'config::tests::loading' (3936) panicked at src/config.rs:277:40:
[INFO] [stdout] called `Result::unwrap()` on an `Err` value: NoConfig
[INFO] [stdout] stack backtrace:
[INFO] [stdout]    0:     0x555e6c5de917 - <unknown>
[INFO] [stdout]    1:     0x555e6c4b5ac4 - <unknown>
[INFO] [stdout]    2:     0x555e6c5ddedb - <unknown>
[INFO] [stdout]    3:     0x555e6c5ddad9 - <unknown>
[INFO] [stdout]    4:     0x555e6c5dd75a - <unknown>
[INFO] [stdout]    5:     0x555e6c5dd293 - <unknown>
[INFO] [stdout]    6:     0x555e6c603081 - <unknown>
[INFO] [stdout]    7:     0x555e6c603039 - <unknown>
[INFO] [stdout]    8:     0x555e6c60353c - <unknown>
[INFO] [stdout]    9:     0x555e6c4b595b - <unknown>
[INFO] [stdout]   10:     0x555e6c4baba1 - <unknown>
[INFO] [stdout]   11:     0x555e6c4f683c - <unknown>
[INFO] [stdout]   12:     0x555e6c4829aa - <unknown>
[INFO] [stdout]   13:     0x555e6c4927fb - <unknown>
[INFO] [stdout]   14:     0x555e6c61c79b - <unknown>
[INFO] [stdout]   15:     0x555e6c618ca2 - <unknown>
[INFO] [stdout]   16:     0x555e6c6184cc - <unknown>
[INFO] [stdout]   17:     0x555e6c63149c - <unknown>
[INFO] [stdout]   18:     0x555e6c604b2a - <unknown>
[INFO] [stdout]   19:     0x7d6219ccedfa - <unknown>
[INFO] [stdout]   20:     0x7d6219d623d4 - clone
[INFO] [stdout]   21:                0x0 - <unknown>
[INFO] [stdout] 
[INFO] [stdout] ---- api::gitea::request_test stdout ----
[INFO] [stdout] 
[INFO] [stdout] thread 'api::gitea::request_test' (3930) panicked at src/api/gitea.rs:91:5:
[INFO] [stdout] assertion failed: get_latest(args).await.is_ok()
[INFO] [stdout] stack backtrace:
[INFO] [stdout]    0:     0x555e6c5de917 - <unknown>
[INFO] [stdout]    1:     0x555e6c4b5ac4 - <unknown>
[INFO] [stdout]    2:     0x555e6c5ddedb - <unknown>
[INFO] [stdout]    3:     0x555e6c5ddad9 - <unknown>
[INFO] [stdout]    4:     0x555e6c5dd75a - <unknown>
[INFO] [stdout]    5:     0x555e6c5dd293 - <unknown>
[INFO] [stdout]    6:     0x555e6c6030b2 - <unknown>
[INFO] [stdout]    7:     0x555e6c603039 - <unknown>
[INFO] [stdout]    8:     0x555e6c60353c - <unknown>
[INFO] [stdout]    9:     0x555e6c4b595b - <unknown>
[INFO] [stdout]   10:     0x555e6c4b76f1 - <unknown>
[INFO] [stdout]   11:     0x555e6c4ed593 - <unknown>
[INFO] [stdout]   12:     0x555e6c4829aa - <unknown>
[INFO] [stdout]   13:     0x555e6c49222f - <unknown>
[INFO] [stdout]   14:     0x555e6c61c79b - <unknown>
[INFO] [stdout]   15:     0x555e6c618ca2 - <unknown>
[INFO] [stdout]   16:     0x555e6c6184cc - <unknown>
[INFO] [stdout]   17:     0x555e6c63149c - <unknown>
[INFO] [stdout]   18:     0x555e6c604b2a - <unknown>
[INFO] [stdout]   19:     0x7d6219ccedfa - <unknown>
[INFO] [stdout]   20:     0x7d6219d623d4 - clone
[INFO] [stdout]   21:                0x0 - <unknown>
[INFO] [stdout] 
[INFO] [stdout] ---- api::regex::request_test stdout ----
[INFO] [stdout] 
[INFO] [stdout] thread 'api::regex::request_test' (3933) panicked at src/api/regex.rs:46:5:
[INFO] [stdout] assertion failed: crate::api::regex::get_latest(args).await.is_ok()
[INFO] [stdout] stack backtrace:
[INFO] [stdout]    0:     0x555e6c5de917 - <unknown>
[INFO] [stdout]    1:     0x555e6c4b5ac4 - <unknown>
[INFO] [stdout]    2:     0x555e6c5ddedb - <unknown>
[INFO] [stdout]    3:     0x555e6c5ddad9 - <unknown>
[INFO] [stdout]    4:     0x555e6c5dd75a - <unknown>
[INFO] [stdout]    5:     0x555e6c5dd293 - <unknown>
[INFO] [stdout]    6:     0x555e6c6030b2 - <unknown>
[INFO] [stdout]    7:     0x555e6c603039 - <unknown>
[INFO] [stdout]    8:     0x555e6c60353c - <unknown>
[INFO] [stdout]    9:     0x555e6c4b595b - <unknown>
[INFO] [stdout]   10:     0x555e6c4b76f1 - <unknown>
[INFO] [stdout]   11:     0x555e6c48cb5c - <unknown>
[INFO] [stdout]   12:     0x555e6c4829aa - <unknown>
[INFO] [stdout]   13:     0x555e6c492306 - <unknown>
[INFO] [stdout]   14:     0x555e6c61c79b - <unknown>
[INFO] [stdout]   15:     0x555e6c618ca2 - <unknown>
[INFO] [stdout]   16:     0x555e6c6184cc - <unknown>
[INFO] [stdout]   17:     0x555e6c63149c - <unknown>
[INFO] [stdout]   18:     0x555e6c604b2a - <unknown>
[INFO] [stdout]   19:     0x7d6219ccedfa - <unknown>
[INFO] [stdout]   20:     0x7d6219d623d4 - clone
[INFO] [stdout]   21:                0x0 - <unknown>
[INFO] [stdout] 
[INFO] [stdout] ---- api::crates_io::request_test stdout ----
[INFO] [stdout] 
[INFO] [stdout] thread 'api::crates_io::request_test' (3929) panicked at src/api/crates_io.rs:54:5:
[INFO] [stdout] assertion failed: get_latest(args).await.is_ok()
[INFO] [stdout] stack backtrace:
[INFO] [stdout]    0:     0x555e6c5de917 - <unknown>
[INFO] [stdout]    1:     0x555e6c4b5ac4 - <unknown>
[INFO] [stdout]    2:     0x555e6c5ddedb - <unknown>
[INFO] [stdout]    3:     0x555e6c5ddad9 - <unknown>
[INFO] [stdout]    4:     0x555e6c5dd75a - <unknown>
[INFO] [stdout]    5:     0x555e6c5dd293 - <unknown>
[INFO] [stdout]    6:     0x555e6c6030b2 - <unknown>
[INFO] [stdout]    7:     0x555e6c603039 - <unknown>
[INFO] [stdout]    8:     0x555e6c60353c - <unknown>
[INFO] [stdout]    9:     0x555e6c4b595b - <unknown>
[INFO] [stdout]   10:     0x555e6c4b76f1 - <unknown>
[INFO] [stdout]   11:     0x555e6c4f25af - <unknown>
[INFO] [stdout]   12:     0x555e6c4829aa - <unknown>
[INFO] [stdout]   13:     0x555e6c492662 - <unknown>
[INFO] [stdout]   14:     0x555e6c61c79b - <unknown>
[INFO] [stdout]   15:     0x555e6c618ca2 - <unknown>
[INFO] [stdout]   16:     0x555e6c6184cc - <unknown>
[INFO] [stdout]   17:     0x555e6c63149c - <unknown>
[INFO] [stdout]   18:     0x555e6c604b2a - <unknown>
[INFO] [stdout]   19:     0x7d6219ccedfa - <unknown>
[INFO] [stdout]   20:     0x7d6219d623d4 - clone
[INFO] [stdout]   21:                0x0 - <unknown>
[INFO] [stdout] 
[INFO] [stdout] ---- api::gitlab::request_test stdout ----
[INFO] [stdout] 
[INFO] [stdout] thread 'api::gitlab::request_test' (3932) panicked at src/api/gitlab.rs:87:5:
[INFO] [stdout] assertion failed: get_latest(args).await.is_ok()
[INFO] [stdout] stack backtrace:
[INFO] [stdout]    0:     0x555e6c5de917 - <unknown>
[INFO] [stdout]    1:     0x555e6c4b5ac4 - <unknown>
[INFO] [stdout]    2:     0x555e6c5ddedb - <unknown>
[INFO] [stdout]    3:     0x555e6c5ddad9 - <unknown>
[INFO] [stdout]    4:     0x555e6c5dd75a - <unknown>
[INFO] [stdout]    5:     0x555e6c5dd293 - <unknown>
[INFO] [stdout]    6:     0x555e6c6030b2 - <unknown>
[INFO] [stdout]    7:     0x555e6c603039 - <unknown>
[INFO] [stdout]    8:     0x555e6c60353c - <unknown>
[INFO] [stdout]    9:     0x555e6c4b595b - <unknown>
[INFO] [stdout]   10:     0x555e6c4b76f1 - <unknown>
[INFO] [stdout]   11:     0x555e6c4f0514 - <unknown>
[INFO] [stdout]   12:     0x555e6c4829aa - <unknown>
[INFO] [stdout]   13:     0x555e6c49258b - <unknown>
[INFO] [stdout]   14:     0x555e6c61c79b - <unknown>
[INFO] [stdout]   15:     0x555e6c618ca2 - <unknown>
[INFO] [stdout]   16:     0x555e6c6184cc - <unknown>
[INFO] [stdout]   17:     0x555e6c63149c - <unknown>
[INFO] [stdout]   18:     0x555e6c604b2a - <unknown>
[INFO] [stdout]   19:     0x7d6219ccedfa - <unknown>
[INFO] [stdout]   20:     0x7d6219d623d4 - clone
[INFO] [stdout]   21:                0x0 - <unknown>
[INFO] [stdout] 
[INFO] [stdout] ---- api::aur::request_test stdout ----
[INFO] [stdout] 
[INFO] [stdout] thread 'api::aur::request_test' (3928) panicked at src/api/aur.rs:50:5:
[INFO] [stdout] assertion failed: get_latest(args).await.is_ok()
[INFO] [stdout] stack backtrace:
[INFO] [stdout]    0:     0x555e6c5de917 - <unknown>
[INFO] [stdout]    1:     0x555e6c4b5ac4 - <unknown>
[INFO] [stdout]    2:     0x555e6c5ddedb - <unknown>
[INFO] [stdout]    3:     0x555e6c5ddad9 - <unknown>
[INFO] [stdout]    4:     0x555e6c5dd75a - <unknown>
[INFO] [stdout]    5:     0x555e6c5dd293 - <unknown>
[INFO] [stdout]    6:     0x555e6c6030b2 - <unknown>
[INFO] [stdout]    7:     0x555e6c603039 - <unknown>
[INFO] [stdout]    8:     0x555e6c60353c - <unknown>
[INFO] [stdout]    9:     0x555e6c4b595b - <unknown>
[INFO] [stdout]   10:     0x555e6c4b76f1 - <unknown>
[INFO] [stdout]   11:     0x555e6c48b990 - <unknown>
[INFO] [stdout]   12:     0x555e6c4829aa - <unknown>
[INFO] [stdout]   13:     0x555e6c492158 - <unknown>
[INFO] [stdout]   14:     0x555e6c61c79b - <unknown>
[INFO] [stdout]   15:     0x555e6c618ca2 - <unknown>
[INFO] [stdout]   16:     0x555e6c6184cc - <unknown>
[INFO] [stdout]   17:     0x555e6c63149c - <unknown>
[INFO] [stdout]   18:     0x555e6c604b2a - <unknown>
[INFO] [stdout]   19:     0x7d6219ccedfa - <unknown>
[INFO] [stdout]   20:     0x7d6219d623d4 - clone
[INFO] [stdout]   21:                0x0 - <unknown>
[INFO] [stdout] 
[INFO] [stdout] ---- api::github::request_test stdout ----
[INFO] [stdout] 
[INFO] [stdout] thread 'api::github::request_test' (3931) panicked at src/api/github.rs:88:5:
[INFO] [stdout] assertion failed: get_latest(args).await.is_ok()
[INFO] [stdout] stack backtrace:
[INFO] [stdout]    0:     0x555e6c5de917 - <unknown>
[INFO] [stdout]    1:     0x555e6c4b5ac4 - <unknown>
[INFO] [stdout]    2:     0x555e6c5ddedb - <unknown>
[INFO] [stdout]    3:     0x555e6c5ddad9 - <unknown>
[INFO] [stdout]    4:     0x555e6c5dd75a - <unknown>
[INFO] [stdout]    5:     0x555e6c5dd293 - <unknown>
[INFO] [stdout]    6:     0x555e6c6030b2 - <unknown>
[INFO] [stdout]    7:     0x555e6c603039 - <unknown>
[INFO] [stdout]    8:     0x555e6c60353c - <unknown>
[INFO] [stdout]    9:     0x555e6c4b595b - <unknown>
[INFO] [stdout]   10:     0x555e6c4b76f1 - <unknown>
[INFO] [stdout]   11:     0x555e6c48ef9b - <unknown>
[INFO] [stdout]   12:     0x555e6c4829aa - <unknown>
[INFO] [stdout]   13:     0x555e6c4924b4 - <unknown>
[INFO] [stdout]   14:     0x555e6c61c79b - <unknown>
[INFO] [stdout]   15:     0x555e6c618ca2 - <unknown>
[INFO] [stdout]   16:     0x555e6c6184cc - <unknown>
[INFO] [stdout]   17:     0x555e6c63149c - <unknown>
[INFO] [stdout]   18:     0x555e6c604b2a - <unknown>
[INFO] [stdout]   19:     0x7d6219ccedfa - <unknown>
[INFO] [stdout]   20:     0x7d6219d623d4 - clone
[INFO] [stdout]   21:                0x0 - <unknown>
[INFO] [stdout] 
[INFO] [stdout] 
[INFO] [stdout] failures:
[INFO] [stdout]     api::aur::request_test
[INFO] [stdout]     api::crates_io::request_test
[INFO] [stdout]     api::gitea::request_test
[INFO] [stdout]     api::github::request_test
[INFO] [stdout]     api::gitlab::request_test
[INFO] [stdout]     api::regex::request_test
[INFO] [stdout]     config::tests::loading
[INFO] [stdout] 
[INFO] [stdout] test result: FAILED. 4 passed; 7 failed; 0 ignored; 0 measured; 0 filtered out; finished in 0.25s
[INFO] [stdout] 
[INFO] [stderr] error: test failed, to rerun pass `--lib`
[INFO] running `Command { std: "docker" "inspect" "7641107d3cd69961767c5031030407d59fd3e4012afa1d079159f42f9938577b", kill_on_drop: false }`
[INFO] running `Command { std: "docker" "rm" "-f" "7641107d3cd69961767c5031030407d59fd3e4012afa1d079159f42f9938577b", kill_on_drop: false }`
[INFO] [stdout] 7641107d3cd69961767c5031030407d59fd3e4012afa1d079159f42f9938577b
