[INFO] fetching crate nvimx 0.1.1...
[INFO] testing nvimx-0.1.1 against 1.100.0-beta.1+cargoflags=--release for beta-release-1.100-2
[INFO] extracting crate nvimx 0.1.1 into /workspace/builds/worker-6-tc2/source
[INFO] removed /workspace/builds/worker-6-tc2/source/rust-toolchain.toml
[INFO] started tweaking crates.io crate nvimx 0.1.1
[INFO] removed 0 missing tests
[INFO] finished tweaking crates.io crate nvimx 0.1.1
[INFO] tweaked toml for crates.io crate nvimx 0.1.1 written to /workspace/builds/worker-6-tc2/source/Cargo.toml
[INFO] validating manifest of crates.io crate nvimx 0.1.1 on toolchain 1.100.0-beta.1
[INFO] running `Command { std: CARGO_HOME="/workspace/cargo-home" RUSTUP_HOME="/workspace/rustup-home" "/workspace/cargo-home/bin/cargo" "+1.100.0-beta.1" "metadata" "--manifest-path" "Cargo.toml" "--no-deps", kill_on_drop: false }`
[INFO] crate crates.io crate nvimx 0.1.1 already has a lockfile, it will not be regenerated
[INFO] running `Command { std: CARGO_HOME="/workspace/cargo-home" RUSTUP_HOME="/workspace/rustup-home" "/workspace/cargo-home/bin/cargo" "+1.100.0-beta.1" "fetch" "--manifest-path" "Cargo.toml", kill_on_drop: false }`
[INFO] [stderr] warning: `package.homepage` is redundant with `package.repository`
[INFO] [stderr]   --> Cargo.toml:74:12
[INFO] [stderr]    |
[INFO] [stderr] 74 | homepage = "https://github.com/zx0r/nvimx"
[INFO] [stderr]    |            ^^^^^^^^^^^^^^^^^^^^^^^^^^^^^^^
[INFO] [stderr] ...
[INFO] [stderr] 79 | repository = "https://github.com/zx0r/nvimx"
[INFO] [stderr]    |              -------------------------------
[INFO] [stderr]    |
[INFO] [stderr]    = note: `cargo::redundant_homepage` is set to `warn` by default
[INFO] [stderr] help: consider removing `package.homepage`
[INFO] [stderr] warning: `nvimx` (manifest) generated 1 warning
[INFO] running `Command { std: "docker" "create" "-v" "/var/lib/crater-agent-workspace/builds/worker-6-tc2/source:/opt/rustwide/workdir:ro,Z" "-v" "/var/lib/crater-agent-workspace/builds/worker-6-tc2/target:/opt/rustwide/target:rw,Z" "-v" "/var/lib/crater-agent-workspace/cargo-home:/opt/rustwide/cargo-home:ro,Z" "-v" "/var/lib/crater-agent-workspace/rustup-home:/opt/rustwide/rustup-home:ro,Z" "-m" "1610612736" "--network" "none" "ghcr.io/rust-lang/crates-build-env/linux@sha256:77db811e55d90add9212f6832c23229e3de5f1c1f9905e8cb07319ea15df73ac" "sleep" "infinity", kill_on_drop: false }`
[INFO] [stdout] 87fec0a4e2d2d43bf3e4f7a5f8519764fb453aa0f731cedbf6bcd3e695b9b4f8
[INFO] running `Command { std: "docker" "start" "87fec0a4e2d2d43bf3e4f7a5f8519764fb453aa0f731cedbf6bcd3e695b9b4f8", kill_on_drop: false }`
[INFO] running `Command { std: "docker" "inspect" "87fec0a4e2d2d43bf3e4f7a5f8519764fb453aa0f731cedbf6bcd3e695b9b4f8", kill_on_drop: false }`
[INFO] running `Command { std: "docker" "exec" "-e" "SOURCE_DIR=/opt/rustwide/workdir" "-e" "CARGO_HOME=/opt/rustwide/cargo-home" "-e" "RUSTUP_HOME=/opt/rustwide/rustup-home" "-e" "CARGO_TARGET_DIR=/opt/rustwide/target" "-w" "/opt/rustwide/workdir" "--user" "0:0" "87fec0a4e2d2d43bf3e4f7a5f8519764fb453aa0f731cedbf6bcd3e695b9b4f8" "/opt/rustwide/cargo-home/bin/cargo" "+1.100.0-beta.1" "metadata" "--no-deps" "--format-version=1", kill_on_drop: false }`
[INFO] running `Command { std: "docker" "inspect" "87fec0a4e2d2d43bf3e4f7a5f8519764fb453aa0f731cedbf6bcd3e695b9b4f8", kill_on_drop: false }`
[INFO] running `Command { std: "docker" "exec" "-e" "SOURCE_DIR=/opt/rustwide/workdir" "-e" "CARGO_HOME=/opt/rustwide/cargo-home" "-e" "RUSTUP_HOME=/opt/rustwide/rustup-home" "-e" "CARGO_TARGET_DIR=/opt/rustwide/target" "-e" "CARGO_INCREMENTAL=0" "-e" "RUST_BACKTRACE=full" "-e" "RUSTFLAGS=--cap-lints=warn" "-e" "RUSTDOCFLAGS=--cap-lints=warn" "-w" "/opt/rustwide/workdir" "--user" "0:0" "87fec0a4e2d2d43bf3e4f7a5f8519764fb453aa0f731cedbf6bcd3e695b9b4f8" "/opt/rustwide/cargo-home/bin/cargo" "+1.100.0-beta.1" "build" "--frozen" "--message-format=json" "--release", kill_on_drop: false }`
[INFO] [stderr] warning: `package.homepage` is redundant with `package.repository`
[INFO] [stderr]   --> Cargo.toml:74:12
[INFO] [stderr]    |
[INFO] [stderr] 74 | homepage = "https://github.com/zx0r/nvimx"
[INFO] [stderr]    |            ^^^^^^^^^^^^^^^^^^^^^^^^^^^^^^^
[INFO] [stderr] ...
[INFO] [stderr] 79 | repository = "https://github.com/zx0r/nvimx"
[INFO] [stderr]    |              -------------------------------
[INFO] [stderr]    |
[INFO] [stderr]    = note: `cargo::redundant_homepage` is set to `warn` by default
[INFO] [stderr] help: consider removing `package.homepage`
[INFO] [stderr] warning: `nvimx` (manifest) generated 1 warning
[INFO] [stderr]    Compiling proc-macro2 v1.0.106
[INFO] [stderr]    Compiling unicode-ident v1.0.24
[INFO] [stderr]    Compiling quote v1.0.45
[INFO] [stderr]    Compiling libc v0.2.186
[INFO] [stderr]    Compiling cfg-if v1.0.4
[INFO] [stderr]    Compiling find-msvc-tools v0.1.9
[INFO] [stderr]    Compiling serde_core v1.0.228
[INFO] [stderr]    Compiling once_cell v1.21.4
[INFO] [stderr]    Compiling utf8parse v0.2.2
[INFO] [stderr]    Compiling zeroize v1.8.2
[INFO] [stderr]    Compiling log v0.4.29
[INFO] [stderr]    Compiling crc32fast v1.5.0
[INFO] [stderr]    Compiling is_terminal_polyfill v1.70.2
[INFO] [stderr]    Compiling untrusted v0.9.0
[INFO] [stderr]    Compiling colorchoice v1.0.5
[INFO] [stderr]    Compiling zmij v1.0.21
[INFO] [stderr]    Compiling autocfg v1.5.0
[INFO] [stderr]    Compiling anstyle-parse v1.0.0
[INFO] [stderr]    Compiling anstyle v1.0.14
[INFO] [stderr]    Compiling anstyle-query v1.1.5
[INFO] [stderr]    Compiling itoa v1.0.18
[INFO] [stderr]    Compiling httparse v1.10.1
[INFO] [stderr]    Compiling cc v1.2.61
[INFO] [stderr]    Compiling rustls-pki-types v1.14.1
[INFO] [stderr]    Compiling tracing-core v0.1.36
[INFO] [stderr]    Compiling clap_lex v1.1.0
[INFO] [stderr]    Compiling adler2 v2.0.1
[INFO] [stderr]    Compiling serde v1.0.228
[INFO] [stderr]    Compiling regex-syntax v0.8.10
[INFO] [stderr]    Compiling simd-adler32 v0.3.9
[INFO] [stderr]    Compiling anstream v1.0.0
[INFO] [stderr]    Compiling rustls v0.23.39
[INFO] [stderr]    Compiling portable-atomic v1.13.1
[INFO] [stderr]    Compiling bytes v1.11.1
[INFO] [stderr]    Compiling strsim v0.11.1
[INFO] [stderr]    Compiling serde_json v1.0.149
[INFO] [stderr]    Compiling miniz_oxide v0.8.9
[INFO] [stderr]    Compiling num-traits v0.2.19
[INFO] [stderr]    Compiling clap_builder v4.6.0
[INFO] [stderr]    Compiling unicode-width v0.2.2
[INFO] [stderr]    Compiling pin-project-lite v0.2.17
[INFO] [stderr]    Compiling lazy_static v1.5.0
[INFO] [stderr]    Compiling memchr v2.8.0
[INFO] [stderr]    Compiling thiserror v2.0.18
[INFO] [stderr]    Compiling option-ext v0.2.0
[INFO] [stderr]    Compiling base64 v0.22.1
[INFO] [stderr]    Compiling anyhow v1.0.102
[INFO] [stderr]    Compiling owo-colors v4.3.0
[INFO] [stderr]    Compiling subtle v2.6.1
[INFO] [stderr]    Compiling winnow v1.0.2
[INFO] [stderr]    Compiling syn v2.0.117
[INFO] [stderr]    Compiling http v1.4.0
[INFO] [stderr]    Compiling flate2 v1.1.9
[INFO] [stderr]    Compiling sharded-slab v0.1.7
[INFO] [stderr]    Compiling tracing-log v0.2.0
[INFO] [stderr]    Compiling webpki-roots v1.0.7
[INFO] [stderr]    Compiling toml_parser v1.1.2+spec-1.1.0
[INFO] [stderr]    Compiling thread_local v1.1.9
[INFO] [stderr]    Compiling nu-ansi-term v0.50.3
[INFO] [stderr]    Compiling percent-encoding v2.3.2
[INFO] [stderr]    Compiling unit-prefix v0.5.2
[INFO] [stderr]    Compiling toml_writer v1.1.1+spec-1.1.0
[INFO] [stderr]    Compiling getrandom v0.2.17
[INFO] [stderr]    Compiling regex-automata v0.4.14
[INFO] [stderr]    Compiling console v0.16.3
[INFO] [stderr]    Compiling dirs-sys v0.5.0
[INFO] [stderr]    Compiling smallvec v1.15.1
[INFO] [stderr]    Compiling iana-time-zone v0.1.65
[INFO] [stderr]    Compiling utf8-zero v0.8.1
[INFO] [stderr]    Compiling which v8.0.2
[INFO] [stderr]    Compiling ring v0.17.14
[INFO] [stderr]    Compiling dirs v6.0.0
[INFO] [stderr]    Compiling chrono v0.4.44
[INFO] [stderr]    Compiling ureq-proto v0.6.0
[INFO] [stderr]    Compiling semver v1.0.28
[INFO] [stderr]    Compiling indicatif v0.18.4
[INFO] [stderr]    Compiling toml_datetime v1.1.1+spec-1.1.0
[INFO] [stderr]    Compiling serde_spanned v1.1.1
[INFO] [stderr]    Compiling toml v1.1.2+spec-1.1.0
[INFO] [stderr]    Compiling matchers v0.2.0
[INFO] [stderr]    Compiling tracing-attributes v0.1.31
[INFO] [stderr]    Compiling clap_derive v4.6.1
[INFO] [stderr]    Compiling serde_derive v1.0.228
[INFO] [stderr]    Compiling thiserror-impl v2.0.18
[INFO] [stderr]    Compiling tracing v0.1.44
[INFO] [stderr]    Compiling tracing-subscriber v0.3.23
[INFO] [stderr]    Compiling clap v4.6.1
[INFO] [stderr]    Compiling clap_complete v4.6.2
[INFO] [stderr]    Compiling rustls-webpki v0.103.13
[INFO] [stderr]    Compiling ureq v3.3.0
[INFO] [stderr]    Compiling nvimx v0.1.1 (/opt/rustwide/workdir)
[INFO] [stderr] warning: unused dependency `chrono`
[INFO] [stderr]  --> Cargo.toml:8:15
[INFO] [stderr]   |
[INFO] [stderr] 8 | [dependencies.chrono]
[INFO] [stderr]   |               ^^^^^^^
[INFO] [stderr]   |
[INFO] [stderr]   = note: `cargo::unused_dependencies` is set to `warn` by default
[INFO] [stderr] help: consider removing the dependency on `chrono`
[INFO] [stderr] warning: unused dependency `tracing-subscriber`
[INFO] [stderr]   --> Cargo.toml:46:15
[INFO] [stderr]    |
[INFO] [stderr] 46 | [dependencies.tracing-subscriber]
[INFO] [stderr]    |               ^^^^^^^^^^^^^^^^^^^
[INFO] [stderr]    |
[INFO] [stderr] help: consider removing the dependency on `tracing-subscriber`
[INFO] [stderr] warning: `nvimx` (manifest) generated 2 warnings
[INFO] [stderr]     Finished `release` profile [optimized] target(s) in 38.67s
[INFO] running `Command { std: "docker" "inspect" "87fec0a4e2d2d43bf3e4f7a5f8519764fb453aa0f731cedbf6bcd3e695b9b4f8", kill_on_drop: false }`
[INFO] running `Command { std: "docker" "exec" "-e" "SOURCE_DIR=/opt/rustwide/workdir" "-e" "CARGO_HOME=/opt/rustwide/cargo-home" "-e" "RUSTUP_HOME=/opt/rustwide/rustup-home" "-e" "CARGO_TARGET_DIR=/opt/rustwide/target" "-e" "CARGO_INCREMENTAL=0" "-e" "RUST_BACKTRACE=full" "-e" "RUSTFLAGS=--cap-lints=warn" "-e" "RUSTDOCFLAGS=--cap-lints=warn" "-w" "/opt/rustwide/workdir" "--user" "0:0" "87fec0a4e2d2d43bf3e4f7a5f8519764fb453aa0f731cedbf6bcd3e695b9b4f8" "/opt/rustwide/cargo-home/bin/cargo" "+1.100.0-beta.1" "test" "--frozen" "--no-run" "--message-format=json" "--release", kill_on_drop: false }`
[INFO] [stderr] warning: `package.homepage` is redundant with `package.repository`
[INFO] [stderr]   --> Cargo.toml:74:12
[INFO] [stderr]    |
[INFO] [stderr] 74 | homepage = "https://github.com/zx0r/nvimx"
[INFO] [stderr]    |            ^^^^^^^^^^^^^^^^^^^^^^^^^^^^^^^
[INFO] [stderr] ...
[INFO] [stderr] 79 | repository = "https://github.com/zx0r/nvimx"
[INFO] [stderr]    |              -------------------------------
[INFO] [stderr]    |
[INFO] [stderr]    = note: `cargo::redundant_homepage` is set to `warn` by default
[INFO] [stderr] help: consider removing `package.homepage`
[INFO] [stderr] warning: `nvimx` (manifest) generated 1 warning
[INFO] [stderr]    Compiling getrandom v0.3.4
[INFO] [stderr]    Compiling zerocopy v0.8.48
[INFO] [stderr]    Compiling diff v0.1.13
[INFO] [stderr]    Compiling yansi v1.0.1
[INFO] [stderr]    Compiling pretty_assertions v1.4.1
[INFO] [stderr]    Compiling rand_core v0.9.5
[INFO] [stderr]    Compiling ppv-lite86 v0.2.21
[INFO] [stderr]    Compiling rand_chacha v0.9.0
[INFO] [stderr]    Compiling rand v0.9.4
[INFO] [stderr]    Compiling nvimx v0.1.1 (/opt/rustwide/workdir)
[INFO] [stderr]     Finished `release` profile [optimized] target(s) in 15.96s
[INFO] running `Command { std: "docker" "inspect" "87fec0a4e2d2d43bf3e4f7a5f8519764fb453aa0f731cedbf6bcd3e695b9b4f8", kill_on_drop: false }`
[INFO] running `Command { std: "docker" "exec" "-e" "SOURCE_DIR=/opt/rustwide/workdir" "-e" "CARGO_HOME=/opt/rustwide/cargo-home" "-e" "RUSTUP_HOME=/opt/rustwide/rustup-home" "-e" "CARGO_TARGET_DIR=/opt/rustwide/target" "-e" "CARGO_INCREMENTAL=0" "-e" "RUST_BACKTRACE=full" "-e" "RUSTFLAGS=--cap-lints=warn" "-e" "RUSTDOCFLAGS=--cap-lints=warn" "-w" "/opt/rustwide/workdir" "--user" "0:0" "87fec0a4e2d2d43bf3e4f7a5f8519764fb453aa0f731cedbf6bcd3e695b9b4f8" "/opt/rustwide/cargo-home/bin/cargo" "+1.100.0-beta.1" "test" "--frozen" "--release", kill_on_drop: false }`
[INFO] [stderr] warning: `package.homepage` is redundant with `package.repository`
[INFO] [stderr]   --> Cargo.toml:74:12
[INFO] [stderr]    |
[INFO] [stderr] 74 | homepage = "https://github.com/zx0r/nvimx"
[INFO] [stderr]    |            ^^^^^^^^^^^^^^^^^^^^^^^^^^^^^^^
[INFO] [stderr] ...
[INFO] [stderr] 79 | repository = "https://github.com/zx0r/nvimx"
[INFO] [stderr]    |              -------------------------------
[INFO] [stderr]    |
[INFO] [stderr]    = note: `cargo::redundant_homepage` is set to `warn` by default
[INFO] [stderr] help: consider removing `package.homepage`
[INFO] [stderr] warning: `nvimx` (manifest) generated 1 warning
[INFO] [stderr]     Finished `release` profile [optimized] target(s) in 0.15s
[INFO] [stderr]      Running unittests src/main.rs (/opt/rustwide/target/release/build/nvimx/52de116ac569b79b/out/nvimx-52de116ac569b79b)
[INFO] [stdout] 
[INFO] [stdout] running 2 tests
[INFO] [stdout] test commands::run::tests::test_valid_profile_names ... ok
[INFO] [stdout] test commands::run::tests::test_invalid_profile_names ... ok
[INFO] [stdout] 
[INFO] [stdout] test result: ok. 2 passed; 0 failed; 0 ignored; 0 measured; 0 filtered out; finished in 0.00s
[INFO] [stdout] 
[INFO] [stderr]      Running tests/integration_test.rs (/opt/rustwide/target/release/build/nvimx/d1aff5ee339ef62f/out/integration_test-d1aff5ee339ef62f)
[INFO] [stdout] 
[INFO] [stdout] running 1 test
[INFO] [stdout] 🧪 Starting nvimx tests using binary: /opt/rustwide/target/release/nvimx
[INFO] [stdout] --------------------------------------------------------
[INFO] [stdout] [31m❌ FAIL:[0m 1. Exact argv passthrough (Output: '[2mno profiles found — launching vanilla nvim[0m[31m✘[39m failed to execute nvim: No such file or directory (os error 2)Common causes: nvim not in PATH, permission denied, or invalid arguments')
[INFO] [stdout] [31m❌ FAIL:[0m 2. NVIM_APPNAME isolation (Output: '[2mno profiles found — launching vanilla nvim[0m[31m✘[39m failed to execute nvim: No such file or directory (os error 2)Common causes: nvim not in PATH, permission denied, or invalid arguments')
[INFO] [stdout] [31m❌ FAIL:[0m 3. XDG config path (Output: '[2mno profiles found — launching vanilla nvim[0m[31m✘[39m failed to execute nvim: No such file or directory (os error 2)Common causes: nvim not in PATH, permission denied, or invalid arguments')
[INFO] [stdout] [31m❌ FAIL:[0m 4. Startup overhead (Failed to parse time from: '[2mno profiles found — launching vanilla nvim[0m
[INFO] [stdout] [31m✘[39m failed to execute nvim: No such file or directory (os error 2)
[INFO] [stdout] Common causes: nvim not in PATH, permission denied, or invalid arguments')
[INFO] [stdout] [31m❌ FAIL:[0m 5. Headless LSP init (Output: '[2mno profiles found — launching vanilla nvim[0m[31m✘[39m failed to execute nvim: No such file or directory (os error 2)Common causes: nvim not in PATH, permission denied, or invalid arguments')
[INFO] [stdout] [31m❌ FAIL:[0m 6. IPC server readiness (Socket timeout)
[INFO] [stdout] --------------------------------------------------------
[INFO] [stdout] [31m💥 FAILED: 6 tests failed (Passed: 0)[0m
[INFO] [stdout] test run_e2e_validation_suite ... FAILED
[INFO] [stdout] 
[INFO] [stdout] failures:
[INFO] [stdout] 
[INFO] [stdout] ---- run_e2e_validation_suite stdout ----
[INFO] [stdout] 
[INFO] [stdout] thread 'run_e2e_validation_suite' (1697) panicked at tests/integration_test.rs:20:5:
[INFO] [stdout] E2E Bash validation suite failed! Check the output above.
[INFO] [stdout] stack backtrace:
[INFO] [stdout]    0:     0x62e94d98c6e7 - <unknown>
[INFO] [stdout]    1:     0x62e94d976174 - <unknown>
[INFO] [stdout]    2:     0x62e94d98bcab - <unknown>
[INFO] [stdout]    3:     0x62e94d98b8a9 - <unknown>
[INFO] [stdout]    4:     0x62e94d98b52a - <unknown>
[INFO] [stdout]    5:     0x62e94d98b05b - <unknown>
[INFO] [stdout]    6:     0x62e94d9b0e52 - <unknown>
[INFO] [stdout]    7:     0x62e94d9b0dd9 - <unknown>
[INFO] [stdout]    8:     0x62e94d9b12cc - <unknown>
[INFO] [stdout]    9:     0x62e94d97600b - <unknown>
[INFO] [stdout]   10:     0x62e94d974a47 - <unknown>
[INFO] [stdout]   11:     0x62e94d9c770b - <unknown>
[INFO] [stdout]   12:     0x62e94d9c3466 - <unknown>
[INFO] [stdout]   13:     0x62e94d9c2bcc - <unknown>
[INFO] [stdout]   14:     0x62e94d9e15ec - <unknown>
[INFO] [stdout]   15:     0x62e94d9b29e8 - <unknown>
[INFO] [stdout]   16:     0x79453c28fdfa - <unknown>
[INFO] [stdout]   17:     0x79453c3233d4 - clone
[INFO] [stdout]   18:                0x0 - <unknown>
[INFO] [stdout] 
[INFO] [stdout] 
[INFO] [stdout] failures:
[INFO] [stdout]     run_e2e_validation_suite
[INFO] [stdout] 
[INFO] [stdout] test result: FAILED. 0 passed; 1 failed; 0 ignored; 0 measured; 0 filtered out; finished in 2.34s
[INFO] [stdout] 
[INFO] [stderr] error: test failed, to rerun pass `--test integration_test`
[INFO] running `Command { std: "docker" "inspect" "87fec0a4e2d2d43bf3e4f7a5f8519764fb453aa0f731cedbf6bcd3e695b9b4f8", kill_on_drop: false }`
[INFO] running `Command { std: "docker" "rm" "-f" "87fec0a4e2d2d43bf3e4f7a5f8519764fb453aa0f731cedbf6bcd3e695b9b4f8", kill_on_drop: false }`
[INFO] [stdout] 87fec0a4e2d2d43bf3e4f7a5f8519764fb453aa0f731cedbf6bcd3e695b9b4f8
