[INFO] fetching crate nvdialog-sys 0.10.0...
[INFO] testing nvdialog-sys-0.10.0 against 1.100.0-beta.1+cargoflags=--release for beta-release-1.100-2
[INFO] extracting crate nvdialog-sys 0.10.0 into /workspace/builds/worker-3-tc2/source
[INFO] started tweaking crates.io crate nvdialog-sys 0.10.0
[INFO] finished tweaking crates.io crate nvdialog-sys 0.10.0
[INFO] tweaked toml for crates.io crate nvdialog-sys 0.10.0 written to /workspace/builds/worker-3-tc2/source/Cargo.toml
[INFO] validating manifest of crates.io crate nvdialog-sys 0.10.0 on toolchain 1.100.0-beta.1
[INFO] running `Command { std: CARGO_HOME="/workspace/cargo-home" RUSTUP_HOME="/workspace/rustup-home" "/workspace/cargo-home/bin/cargo" "+1.100.0-beta.1" "metadata" "--manifest-path" "Cargo.toml" "--no-deps", kill_on_drop: false }`
[INFO] crate crates.io crate nvdialog-sys 0.10.0 already has a lockfile, it will not be regenerated
[INFO] running `Command { std: CARGO_HOME="/workspace/cargo-home" RUSTUP_HOME="/workspace/rustup-home" "/workspace/cargo-home/bin/cargo" "+1.100.0-beta.1" "fetch" "--manifest-path" "Cargo.toml", kill_on_drop: false }`
[INFO] running `Command { std: "docker" "create" "-v" "/var/lib/crater-agent-workspace/builds/worker-3-tc2/source:/opt/rustwide/workdir:ro,Z" "-v" "/var/lib/crater-agent-workspace/builds/worker-3-tc2/target:/opt/rustwide/target:rw,Z" "-v" "/var/lib/crater-agent-workspace/cargo-home:/opt/rustwide/cargo-home:ro,Z" "-v" "/var/lib/crater-agent-workspace/rustup-home:/opt/rustwide/rustup-home:ro,Z" "-m" "1610612736" "--network" "none" "ghcr.io/rust-lang/crates-build-env/linux@sha256:77db811e55d90add9212f6832c23229e3de5f1c1f9905e8cb07319ea15df73ac" "sleep" "infinity", kill_on_drop: false }`
[INFO] [stdout] 42edc83ecd4674d2a86526c5907759b65acf5775e77bec2b044877d8d1c42f34
[INFO] running `Command { std: "docker" "start" "42edc83ecd4674d2a86526c5907759b65acf5775e77bec2b044877d8d1c42f34", kill_on_drop: false }`
[INFO] running `Command { std: "docker" "inspect" "42edc83ecd4674d2a86526c5907759b65acf5775e77bec2b044877d8d1c42f34", kill_on_drop: false }`
[INFO] running `Command { std: "docker" "exec" "-e" "SOURCE_DIR=/opt/rustwide/workdir" "-e" "CARGO_HOME=/opt/rustwide/cargo-home" "-e" "RUSTUP_HOME=/opt/rustwide/rustup-home" "-e" "CARGO_TARGET_DIR=/opt/rustwide/target" "-w" "/opt/rustwide/workdir" "--user" "0:0" "42edc83ecd4674d2a86526c5907759b65acf5775e77bec2b044877d8d1c42f34" "/opt/rustwide/cargo-home/bin/cargo" "+1.100.0-beta.1" "metadata" "--no-deps" "--format-version=1", kill_on_drop: false }`
[INFO] running `Command { std: "docker" "inspect" "42edc83ecd4674d2a86526c5907759b65acf5775e77bec2b044877d8d1c42f34", kill_on_drop: false }`
[INFO] running `Command { std: "docker" "exec" "-e" "SOURCE_DIR=/opt/rustwide/workdir" "-e" "CARGO_HOME=/opt/rustwide/cargo-home" "-e" "RUSTUP_HOME=/opt/rustwide/rustup-home" "-e" "CARGO_TARGET_DIR=/opt/rustwide/target" "-e" "CARGO_INCREMENTAL=0" "-e" "RUST_BACKTRACE=full" "-e" "RUSTFLAGS=--cap-lints=warn" "-e" "RUSTDOCFLAGS=--cap-lints=warn" "-w" "/opt/rustwide/workdir" "--user" "0:0" "42edc83ecd4674d2a86526c5907759b65acf5775e77bec2b044877d8d1c42f34" "/opt/rustwide/cargo-home/bin/cargo" "+1.100.0-beta.1" "build" "--frozen" "--message-format=json" "--release", kill_on_drop: false }`
[INFO] [stderr]    Compiling proc-macro2 v1.0.101
[INFO] [stderr]    Compiling prettyplease v0.2.37
[INFO] [stderr]    Compiling rustix v0.38.44
[INFO] [stderr]    Compiling libc v0.2.175
[INFO] [stderr]    Compiling bitflags v2.9.2
[INFO] [stderr]    Compiling clang-sys v1.8.1
[INFO] [stderr]    Compiling linux-raw-sys v0.4.15
[INFO] [stderr]    Compiling memchr v2.7.5
[INFO] [stderr]    Compiling regex-syntax v0.8.5
[INFO] [stderr]    Compiling libloading v0.8.8
[INFO] [stderr]    Compiling home v0.5.11
[INFO] [stderr]    Compiling bindgen v0.69.5
[INFO] [stderr]    Compiling itertools v0.12.1
[INFO] [stderr]    Compiling cc v1.2.33
[INFO] [stderr]    Compiling nom v7.1.3
[INFO] [stderr]    Compiling log v0.4.27
[INFO] [stderr]    Compiling lazy_static v1.5.0
[INFO] [stderr]    Compiling quote v1.0.40
[INFO] [stderr]    Compiling syn v2.0.106
[INFO] [stderr]    Compiling cmake v0.1.54
[INFO] [stderr]    Compiling regex-automata v0.4.9
[INFO] [stderr]    Compiling which v4.4.2
[INFO] [stderr]    Compiling cexpr v0.6.0
[INFO] [stderr]    Compiling regex v1.11.1
[INFO] [stderr]    Compiling nvdialog-sys v0.10.0 (/opt/rustwide/workdir)
[INFO] [stderr]     Finished `release` profile [optimized] target(s) in 34.72s
[INFO] running `Command { std: "docker" "inspect" "42edc83ecd4674d2a86526c5907759b65acf5775e77bec2b044877d8d1c42f34", kill_on_drop: false }`
[INFO] running `Command { std: "docker" "exec" "-e" "SOURCE_DIR=/opt/rustwide/workdir" "-e" "CARGO_HOME=/opt/rustwide/cargo-home" "-e" "RUSTUP_HOME=/opt/rustwide/rustup-home" "-e" "CARGO_TARGET_DIR=/opt/rustwide/target" "-e" "CARGO_INCREMENTAL=0" "-e" "RUST_BACKTRACE=full" "-e" "RUSTFLAGS=--cap-lints=warn" "-e" "RUSTDOCFLAGS=--cap-lints=warn" "-w" "/opt/rustwide/workdir" "--user" "0:0" "42edc83ecd4674d2a86526c5907759b65acf5775e77bec2b044877d8d1c42f34" "/opt/rustwide/cargo-home/bin/cargo" "+1.100.0-beta.1" "test" "--frozen" "--no-run" "--message-format=json" "--release", kill_on_drop: false }`
[INFO] [stderr]    Compiling nvdialog-sys v0.10.0 (/opt/rustwide/workdir)
[INFO] [stderr]     Finished `release` profile [optimized] target(s) in 2.11s
[INFO] running `Command { std: "docker" "inspect" "42edc83ecd4674d2a86526c5907759b65acf5775e77bec2b044877d8d1c42f34", kill_on_drop: false }`
[INFO] running `Command { std: "docker" "exec" "-e" "SOURCE_DIR=/opt/rustwide/workdir" "-e" "CARGO_HOME=/opt/rustwide/cargo-home" "-e" "RUSTUP_HOME=/opt/rustwide/rustup-home" "-e" "CARGO_TARGET_DIR=/opt/rustwide/target" "-e" "CARGO_INCREMENTAL=0" "-e" "RUST_BACKTRACE=full" "-e" "RUSTFLAGS=--cap-lints=warn" "-e" "RUSTDOCFLAGS=--cap-lints=warn" "-w" "/opt/rustwide/workdir" "--user" "0:0" "42edc83ecd4674d2a86526c5907759b65acf5775e77bec2b044877d8d1c42f34" "/opt/rustwide/cargo-home/bin/cargo" "+1.100.0-beta.1" "test" "--frozen" "--release", kill_on_drop: false }`
[INFO] [stderr]    Compiling nvdialog-sys v0.10.0 (/opt/rustwide/workdir)
[INFO] [stderr]     Finished `release` profile [optimized] target(s) in 1.65s
[INFO] [stdout] 
[INFO] [stderr]      Running unittests src/lib.rs (/opt/rustwide/target/release/build/nvdialog-sys/ace93674b8b6a465/out/nvdialog_sys-ace93674b8b6a465)
[INFO] [stdout] running 3 tests
[INFO] [stderr]    Doc-tests nvdialog_sys
[INFO] [stdout] test ffi::bindgen_test_layout___fsid_t ... ok
[INFO] [stdout] test ffi::bindgen_test_layout_NvdVersion ... ok
[INFO] [stdout] test ffi::bindgen_test_layout_max_align_t ... ok
[INFO] [stdout] 
[INFO] [stdout] test result: ok. 3 passed; 0 failed; 0 ignored; 0 measured; 0 filtered out; finished in 0.00s
[INFO] [stdout] 
[INFO] [stdout] 
[INFO] [stdout] running 1 test
[INFO] [stdout] test /opt/rustwide/target/release/build/nvdialog-sys/2b195701e009b94b/out/bindings.rs - ffi::NvdDialogBox (line 15) ... FAILED
[INFO] [stdout] 
[INFO] [stdout] failures:
[INFO] [stdout] 
[INFO] [stdout] ---- /opt/rustwide/target/release/build/nvdialog-sys/2b195701e009b94b/out/bindings.rs - ffi::NvdDialogBox (line 15) stdout ----
[INFO] [stdout] error[E0425]: cannot find value `dialog` in this scope
[INFO] [stdout]   --> /opt/rustwide/target/release/build/nvdialog-sys/2b195701e009b94b/out/bindings.rs:16:17
[INFO] [stdout]    |
[INFO] [stdout] 16 | nvd_show_dialog(dialog);
[INFO] [stdout]    |                 ^^^^^^ not found in this scope
[INFO] [stdout] 
[INFO] [stdout] error[E0425]: cannot find value `dialog` in this scope
[INFO] [stdout]   --> /opt/rustwide/target/release/build/nvdialog-sys/2b195701e009b94b/out/bindings.rs:17:18
[INFO] [stdout]    |
[INFO] [stdout] 17 |  nvd_free_object(dialog);
[INFO] [stdout]    |                  ^^^^^^ not found in this scope
[INFO] [stdout] 
[INFO] [stdout] error[E0425]: cannot find function `nvd_show_dialog` in this scope
[INFO] [stdout]   --> /opt/rustwide/target/release/build/nvdialog-sys/2b195701e009b94b/out/bindings.rs:16:1
[INFO] [stdout]    |
[INFO] [stdout] 16 | nvd_show_dialog(dialog);
[INFO] [stdout]    | ^^^^^^^^^^^^^^^ not found in this scope
[INFO] [stdout] 
[INFO] [stdout] error[E0425]: cannot find function `nvd_free_object` in this scope
[INFO] [stdout]   --> /opt/rustwide/target/release/build/nvdialog-sys/2b195701e009b94b/out/bindings.rs:17:2
[INFO] [stdout]    |
[INFO] [stdout] 17 |  nvd_free_object(dialog);
[INFO] [stdout]    |  ^^^^^^^^^^^^^^^ not found in this scope
[INFO] [stdout] 
[INFO] [stdout] error[E0308]: mismatched types
[INFO] [stdout]   --> /opt/rustwide/target/release/build/nvdialog-sys/2b195701e009b94b/out/bindings.rs:19:9
[INFO] [stdout]    |
[INFO] [stdout] 15 | ...in() { #[allow(non_snake_case)] fn _doctest_main__opt_rustwide_target_release_build_nvdialog_sys_2b195701e009b94b_out_bindings_rs_15_0() {
[INFO] [stdout]    |                                                                                                                                            - help: try adding a return type: `-> i32`
[INFO] [stdout] ...
[INFO] [stdout] 19 | ...rn 0;
[INFO] [stdout]    |       ^ expected `()`, found integer
[INFO] [stdout] 
[INFO] [stdout] error: aborting due to 5 previous errors
[INFO] [stdout] 
[INFO] [stdout] Some errors have detailed explanations: E0308, E0425.
[INFO] [stdout] For more information about an error, try `rustc --explain E0308`.
[INFO] [stdout] Couldn't compile the test.
[INFO] [stdout] 
[INFO] [stdout] failures:
[INFO] [stdout]     /opt/rustwide/target/release/build/nvdialog-sys/2b195701e009b94b/out/bindings.rs - ffi::NvdDialogBox (line 15)
[INFO] [stdout] 
[INFO] [stdout] test result: FAILED. 0 passed; 1 failed; 0 ignored; 0 measured; 0 filtered out; finished in 0.07s
[INFO] [stdout] 
[INFO] [stderr] error: doctest failed, to rerun pass `--doc`
[INFO] running `Command { std: "docker" "inspect" "42edc83ecd4674d2a86526c5907759b65acf5775e77bec2b044877d8d1c42f34", kill_on_drop: false }`
[INFO] running `Command { std: "docker" "rm" "-f" "42edc83ecd4674d2a86526c5907759b65acf5775e77bec2b044877d8d1c42f34", kill_on_drop: false }`
[INFO] [stdout] 42edc83ecd4674d2a86526c5907759b65acf5775e77bec2b044877d8d1c42f34
