[INFO] fetching crate nvd 0.1.14...
[INFO] testing nvd-0.1.14 against 1.100.0-beta.1+cargoflags=--release for beta-release-1.100-2
[INFO] extracting crate nvd 0.1.14 into /workspace/builds/worker-2-tc2/source
[INFO] started tweaking crates.io crate nvd 0.1.14
[INFO] finished tweaking crates.io crate nvd 0.1.14
[INFO] tweaked toml for crates.io crate nvd 0.1.14 written to /workspace/builds/worker-2-tc2/source/Cargo.toml
[INFO] validating manifest of crates.io crate nvd 0.1.14 on toolchain 1.100.0-beta.1
[INFO] running `Command { std: CARGO_HOME="/workspace/cargo-home" RUSTUP_HOME="/workspace/rustup-home" "/workspace/cargo-home/bin/cargo" "+1.100.0-beta.1" "metadata" "--manifest-path" "Cargo.toml" "--no-deps", kill_on_drop: false }`
[INFO] crate crates.io crate nvd 0.1.14 already has a lockfile, it will not be regenerated
[INFO] running `Command { std: CARGO_HOME="/workspace/cargo-home" RUSTUP_HOME="/workspace/rustup-home" "/workspace/cargo-home/bin/cargo" "+1.100.0-beta.1" "fetch" "--manifest-path" "Cargo.toml", kill_on_drop: false }`
[INFO] running `Command { std: "docker" "create" "-v" "/var/lib/crater-agent-workspace/builds/worker-2-tc2/source:/opt/rustwide/workdir:ro,Z" "-v" "/var/lib/crater-agent-workspace/builds/worker-2-tc2/target:/opt/rustwide/target:rw,Z" "-v" "/var/lib/crater-agent-workspace/cargo-home:/opt/rustwide/cargo-home:ro,Z" "-v" "/var/lib/crater-agent-workspace/rustup-home:/opt/rustwide/rustup-home:ro,Z" "-m" "1610612736" "--network" "none" "ghcr.io/rust-lang/crates-build-env/linux@sha256:77db811e55d90add9212f6832c23229e3de5f1c1f9905e8cb07319ea15df73ac" "sleep" "infinity", kill_on_drop: false }`
[INFO] [stdout] a0e224f30140d3c44fe2f546d356ee303746a1cdcd0d72386372a9e29a446055
[INFO] running `Command { std: "docker" "start" "a0e224f30140d3c44fe2f546d356ee303746a1cdcd0d72386372a9e29a446055", kill_on_drop: false }`
[INFO] running `Command { std: "docker" "inspect" "a0e224f30140d3c44fe2f546d356ee303746a1cdcd0d72386372a9e29a446055", kill_on_drop: false }`
[INFO] running `Command { std: "docker" "exec" "-e" "SOURCE_DIR=/opt/rustwide/workdir" "-e" "CARGO_HOME=/opt/rustwide/cargo-home" "-e" "RUSTUP_HOME=/opt/rustwide/rustup-home" "-e" "CARGO_TARGET_DIR=/opt/rustwide/target" "-w" "/opt/rustwide/workdir" "--user" "0:0" "a0e224f30140d3c44fe2f546d356ee303746a1cdcd0d72386372a9e29a446055" "/opt/rustwide/cargo-home/bin/cargo" "+1.100.0-beta.1" "metadata" "--no-deps" "--format-version=1", kill_on_drop: false }`
[INFO] running `Command { std: "docker" "inspect" "a0e224f30140d3c44fe2f546d356ee303746a1cdcd0d72386372a9e29a446055", kill_on_drop: false }`
[INFO] running `Command { std: "docker" "exec" "-e" "SOURCE_DIR=/opt/rustwide/workdir" "-e" "CARGO_HOME=/opt/rustwide/cargo-home" "-e" "RUSTUP_HOME=/opt/rustwide/rustup-home" "-e" "CARGO_TARGET_DIR=/opt/rustwide/target" "-e" "CARGO_INCREMENTAL=0" "-e" "RUST_BACKTRACE=full" "-e" "RUSTFLAGS=--cap-lints=warn" "-e" "RUSTDOCFLAGS=--cap-lints=warn" "-w" "/opt/rustwide/workdir" "--user" "0:0" "a0e224f30140d3c44fe2f546d356ee303746a1cdcd0d72386372a9e29a446055" "/opt/rustwide/cargo-home/bin/cargo" "+1.100.0-beta.1" "build" "--frozen" "--message-format=json" "--release", kill_on_drop: false }`
[INFO] [stderr]    Compiling autocfg v1.1.0
[INFO] [stderr]    Compiling proc-macro2 v1.0.49
[INFO] [stderr]    Compiling unicode-ident v1.0.6
[INFO] [stderr]    Compiling quote v1.0.23
[INFO] [stderr]    Compiling syn v1.0.107
[INFO] [stderr]    Compiling libc v0.2.139
[INFO] [stderr]    Compiling cfg-if v1.0.0
[INFO] [stderr]    Compiling log v0.4.17
[INFO] [stderr]    Compiling once_cell v1.17.0
[INFO] [stderr]    Compiling pin-project-lite v0.2.9
[INFO] [stderr]    Compiling memchr v2.5.0
[INFO] [stderr]    Compiling futures-core v0.3.25
[INFO] [stderr]    Compiling bytes v1.3.0
[INFO] [stderr]    Compiling pkg-config v0.3.26
[INFO] [stderr]    Compiling cc v1.0.78
[INFO] [stderr]    Compiling tracing-core v0.1.30
[INFO] [stderr]    Compiling slab v0.4.7
[INFO] [stderr]    Compiling futures-sink v0.3.25
[INFO] [stderr]    Compiling futures-channel v0.3.25
[INFO] [stderr]    Compiling anyhow v1.0.68
[INFO] [stderr]    Compiling either v1.8.0
[INFO] [stderr]    Compiling futures-task v0.3.25
[INFO] [stderr]    Compiling tokio v1.24.1
[INFO] [stderr]    Compiling itoa v1.0.5
[INFO] [stderr]    Compiling futures-util v0.3.25
[INFO] [stderr]    Compiling itertools v0.10.5
[INFO] [stderr]    Compiling openssl-sys v0.9.80
[INFO] [stderr]    Compiling mio v0.8.5
[INFO] [stderr]    Compiling socket2 v0.4.7
[INFO] [stderr]    Compiling num_cpus v1.15.0
[INFO] [stderr]    Compiling version_check v0.9.4
[INFO] [stderr]    Compiling typenum v1.16.0
[INFO] [stderr]    Compiling futures-io v0.3.25
[INFO] [stderr]    Compiling pin-utils v0.1.0
[INFO] [stderr]    Compiling generic-array v0.14.6
[INFO] [stderr]    Compiling indexmap v1.9.2
[INFO] [stderr]    Compiling fnv v1.0.7
[INFO] [stderr]    Compiling serde_derive v1.0.152
[INFO] [stderr]    Compiling openssl v0.10.45
[INFO] [stderr]    Compiling foreign-types-shared v0.1.1
[INFO] [stderr]    Compiling foreign-types v0.3.2
[INFO] [stderr]    Compiling http v0.2.8
[INFO] [stderr]    Compiling num-traits v0.2.15
[INFO] [stderr]    Compiling tinyvec_macros v0.1.0
[INFO] [stderr]    Compiling httparse v1.8.0
[INFO] [stderr]    Compiling serde v1.0.152
[INFO] [stderr]    Compiling prettyplease v0.1.23
[INFO] [stderr]    Compiling bitflags v1.3.2
[INFO] [stderr]    Compiling hashbrown v0.12.3
[INFO] [stderr]    Compiling native-tls v0.2.11
[INFO] [stderr]    Compiling tinyvec v1.6.0
[INFO] [stderr]    Compiling num-integer v0.1.45
[INFO] [stderr]    Compiling lazy_static v1.4.0
[INFO] [stderr]    Compiling percent-encoding v2.2.0
[INFO] [stderr]    Compiling fixedbitset v0.4.2
[INFO] [stderr]    Compiling fastrand v1.8.0
[INFO] [stderr]    Compiling remove_dir_all v0.5.3
[INFO] [stderr]    Compiling regex-syntax v0.6.28
[INFO] [stderr]    Compiling openssl-probe v0.1.5
[INFO] [stderr]    Compiling try-lock v0.2.3
[INFO] [stderr]    Compiling want v0.3.0
[INFO] [stderr]    Compiling unicode-normalization v0.1.22
[INFO] [stderr]    Compiling tempfile v3.3.0
[INFO] [stderr]    Compiling petgraph v0.6.2
[INFO] [stderr]    Compiling form_urlencoded v1.1.0
[INFO] [stderr]    Compiling http-body v0.4.5
[INFO] [stderr]    Compiling which v4.3.0
[INFO] [stderr]    Compiling multimap v0.8.3
[INFO] [stderr]    Compiling encoding_rs v0.8.31
[INFO] [stderr]    Compiling regex v1.7.0
[INFO] [stderr]    Compiling overload v0.1.1
[INFO] [stderr]    Compiling httpdate v1.0.2
[INFO] [stderr]    Compiling ryu v1.0.12
[INFO] [stderr]    Compiling tower-service v0.3.2
[INFO] [stderr]    Compiling crc32fast v1.3.2
[INFO] [stderr]    Compiling heck v0.4.0
[INFO] [stderr]    Compiling unicode-bidi v0.3.8
[INFO] [stderr]    Compiling nu-ansi-term v0.46.0
[INFO] [stderr]    Compiling block-buffer v0.10.3
[INFO] [stderr]    Compiling crypto-common v0.1.6
[INFO] [stderr]    Compiling tracing-log v0.1.3
[INFO] [stderr]    Compiling sharded-slab v0.1.4
[INFO] [stderr]    Compiling time v0.1.45
[INFO] [stderr]    Compiling idna v0.3.0
[INFO] [stderr]    Compiling thread_local v1.1.4
[INFO] [stderr]    Compiling adler v1.0.2
[INFO] [stderr]    Compiling serde_json v1.0.91
[INFO] [stderr]    Compiling smallvec v1.10.0
[INFO] [stderr]    Compiling iana-time-zone v0.1.53
[INFO] [stderr]    Compiling miniz_oxide v0.6.2
[INFO] [stderr]    Compiling digest v0.10.6
[INFO] [stderr]    Compiling chrono v0.4.23
[INFO] [stderr]    Compiling tracing-subscriber v0.3.16
[INFO] [stderr]    Compiling url v2.3.1
[INFO] [stderr]    Compiling base64 v0.13.1
[INFO] [stderr]    Compiling tracing-attributes v0.1.23
[INFO] [stderr]    Compiling futures-macro v0.3.25
[INFO] [stderr]    Compiling tokio-macros v1.8.2
[INFO] [stderr]    Compiling prost-derive v0.11.5
[INFO] [stderr]    Compiling tracing v0.1.37
[INFO] [stderr]    Compiling openssl-macros v0.1.0
[INFO] [stderr]    Compiling prost v0.11.5
[INFO] [stderr]    Compiling prost-types v0.11.5
[INFO] [stderr]    Compiling cpufeatures v0.2.5
[INFO] [stderr]    Compiling ipnet v2.7.0
[INFO] [stderr]    Compiling mime v0.3.16
[INFO] [stderr]    Compiling futures-executor v0.3.25
[INFO] [stderr]    Compiling prost-build v0.11.5
[INFO] [stderr]    Compiling futures v0.3.25
[INFO] [stderr]    Compiling sha2 v0.10.6
[INFO] [stderr]    Compiling dev_util v0.1.1
[INFO] [stderr]    Compiling nvd v0.1.14 (/opt/rustwide/workdir)
[INFO] [stderr]    Compiling tokio-util v0.7.4
[INFO] [stderr]    Compiling tokio-native-tls v0.3.0
[INFO] [stderr]    Compiling flate2 v1.0.25
[INFO] [stderr]    Compiling xml-rs v0.8.4
[INFO] [stderr]    Compiling hex v0.4.3
[INFO] [stderr]    Compiling h2 v0.3.15
[INFO] [stderr]    Compiling serde_urlencoded v0.7.1
[INFO] [stderr]    Compiling hyper v0.14.23
[INFO] [stderr]    Compiling hyper-tls v0.5.0
[INFO] [stderr]    Compiling reqwest v0.11.13
[INFO] [stderr]     Finished `release` profile [optimized] target(s) in 1m 23s
[INFO] [stderr] warning: the following packages contain code that will be rejected by a future version of Rust: openssl v0.10.45
[INFO] [stderr] note: to see what the problems were, use the option `--future-incompat-report`, or run `cargo report future-incompatibilities --id 1`
[INFO] running `Command { std: "docker" "inspect" "a0e224f30140d3c44fe2f546d356ee303746a1cdcd0d72386372a9e29a446055", kill_on_drop: false }`
[INFO] running `Command { std: "docker" "exec" "-e" "SOURCE_DIR=/opt/rustwide/workdir" "-e" "CARGO_HOME=/opt/rustwide/cargo-home" "-e" "RUSTUP_HOME=/opt/rustwide/rustup-home" "-e" "CARGO_TARGET_DIR=/opt/rustwide/target" "-e" "CARGO_INCREMENTAL=0" "-e" "RUST_BACKTRACE=full" "-e" "RUSTFLAGS=--cap-lints=warn" "-e" "RUSTDOCFLAGS=--cap-lints=warn" "-w" "/opt/rustwide/workdir" "--user" "0:0" "a0e224f30140d3c44fe2f546d356ee303746a1cdcd0d72386372a9e29a446055" "/opt/rustwide/cargo-home/bin/cargo" "+1.100.0-beta.1" "test" "--frozen" "--no-run" "--message-format=json" "--release", kill_on_drop: false }`
[INFO] [stderr]    Compiling serde v1.0.152
[INFO] [stderr]    Compiling num-traits v0.2.15
[INFO] [stderr]    Compiling crossbeam-utils v0.8.14
[INFO] [stderr]    Compiling memoffset v0.7.1
[INFO] [stderr]    Compiling crossbeam-epoch v0.9.13
[INFO] [stderr]    Compiling scopeguard v1.1.0
[INFO] [stderr]    Compiling rayon-core v1.10.1
[INFO] [stderr]    Compiling either v1.8.0
[INFO] [stderr]    Compiling half v1.8.2
[INFO] [stderr]    Compiling ciborium-io v0.2.0
[INFO] [stderr]    Compiling plotters-backend v0.3.4
[INFO] [stderr]    Compiling os_str_bytes v6.4.1
[INFO] [stderr]    Compiling itertools v0.10.5
[INFO] [stderr]    Compiling regex-syntax v0.6.28
[INFO] [stderr]    Compiling clap_lex v0.2.4
[INFO] [stderr]    Compiling plotters-svg v0.3.3
[INFO] [stderr]    Compiling ciborium-ll v0.2.0
[INFO] [stderr]    Compiling crossbeam-channel v0.5.6
[INFO] [stderr]    Compiling same-file v1.0.6
[INFO] [stderr]    Compiling cast v0.3.0
[INFO] [stderr]    Compiling textwrap v0.16.0
[INFO] [stderr]    Compiling crossbeam-deque v0.8.2
[INFO] [stderr]    Compiling walkdir v2.3.2
[INFO] [stderr]    Compiling clap v3.2.23
[INFO] [stderr]    Compiling num-integer v0.1.45
[INFO] [stderr]    Compiling chrono v0.4.23
[INFO] [stderr]    Compiling criterion-plot v0.5.0
[INFO] [stderr]    Compiling plotters v0.3.4
[INFO] [stderr]    Compiling regex v1.7.0
[INFO] [stderr]    Compiling rayon v1.6.1
[INFO] [stderr]    Compiling serde_json v1.0.91
[INFO] [stderr]    Compiling serde_urlencoded v0.7.1
[INFO] [stderr]    Compiling reqwest v0.11.13
[INFO] [stderr]    Compiling dev_util v0.1.1
[INFO] [stderr]    Compiling tinytemplate v1.2.1
[INFO] [stderr]    Compiling ciborium v0.2.0
[INFO] [stderr]    Compiling atty v0.2.14
[INFO] [stderr]    Compiling oorandom v11.1.3
[INFO] [stderr]    Compiling anes v0.1.6
[INFO] [stderr]    Compiling nvd v0.1.14 (/opt/rustwide/workdir)
[INFO] [stderr]    Compiling criterion v0.4.0
[INFO] [stderr]     Finished `release` profile [optimized] target(s) in 39.13s
[INFO] [stderr] warning: the following packages contain code that will be rejected by a future version of Rust: openssl v0.10.45
[INFO] [stderr] note: to see what the problems were, use the option `--future-incompat-report`, or run `cargo report future-incompatibilities --id 1`
[INFO] running `Command { std: "docker" "inspect" "a0e224f30140d3c44fe2f546d356ee303746a1cdcd0d72386372a9e29a446055", kill_on_drop: false }`
[INFO] running `Command { std: "docker" "exec" "-e" "SOURCE_DIR=/opt/rustwide/workdir" "-e" "CARGO_HOME=/opt/rustwide/cargo-home" "-e" "RUSTUP_HOME=/opt/rustwide/rustup-home" "-e" "CARGO_TARGET_DIR=/opt/rustwide/target" "-e" "CARGO_INCREMENTAL=0" "-e" "RUST_BACKTRACE=full" "-e" "RUSTFLAGS=--cap-lints=warn" "-e" "RUSTDOCFLAGS=--cap-lints=warn" "-w" "/opt/rustwide/workdir" "--user" "0:0" "a0e224f30140d3c44fe2f546d356ee303746a1cdcd0d72386372a9e29a446055" "/opt/rustwide/cargo-home/bin/cargo" "+1.100.0-beta.1" "test" "--frozen" "--release", kill_on_drop: false }`
[INFO] [stderr]     Finished `release` profile [optimized] target(s) in 0.18s
[INFO] [stderr] warning: the following packages contain code that will be rejected by a future version of Rust: openssl v0.10.45
[INFO] [stderr] note: to see what the problems were, use the option `--future-incompat-report`, or run `cargo report future-incompatibilities --id 1`
[INFO] [stderr]      Running unittests src/lib.rs (/opt/rustwide/target/release/build/nvd/2546d1cbff18b8e3/out/nvd-2546d1cbff18b8e3)
[INFO] [stdout] 
[INFO] [stdout] running 9 tests
[INFO] [stdout] [2m2026-10-18 13:22:06.178[0m [32m INFO[0m ThreadId(06) [2mnvd::cve[0m[2m:[0m [2m652:[0m create "./data"    
[INFO] [stdout] test cpe::tests::test_make_cpe_title ... FAILED
[INFO] [stdout] test cpe::tests::test_download_cpe ... FAILED
[INFO] [stdout] [2m2026-10-18 13:22:06.179[0m [32m INFO[0m ThreadId(20) [2mnvd::cve[0m[2m:[0m [2m652:[0m create "./data"    
[INFO] [stdout] test cpe::tests::test_make_cpe_dictionary ... FAILED
[INFO] [stdout] [2m2026-10-18 13:22:06.180[0m [32m INFO[0m ThreadId(08) [2mnvd::cve[0m[2m:[0m [2m652:[0m create "./data"    
[INFO] [stdout] [2m2026-10-18 13:22:06.181[0m [32m INFO[0m ThreadId(09) [2mnvd::cve[0m[2m:[0m [2m652:[0m create "./data"    
[INFO] [stdout] test cve::tests::test_sync_cve ... FAILED
[INFO] [stdout] [2m2026-10-18 13:22:06.181[0m [32m INFO[0m ThreadId(07) [2mnvd::cve[0m[2m:[0m [2m652:[0m create "./data"    
[INFO] [stdout] [2m2026-10-18 13:22:06.181[0m [32m INFO[0m ThreadId(05) [2mnvd::cve[0m[2m:[0m [2m652:[0m create "./data"    
[INFO] [stdout] test cve::tests::test_load_db ... FAILED
[INFO] [stdout] test cve::tests::test_init_dir ... FAILED
[INFO] [stdout] test cve::tests::it_works ... FAILED
[INFO] [stdout] test cve::tests::test_make_db ... FAILED
[INFO] [stdout] test cve::tests::test_cpe_match ... FAILED
[INFO] [stderr] error: test failed, to rerun pass `--lib`
[INFO] [stdout] 
[INFO] [stdout] failures:
[INFO] [stdout] 
[INFO] [stdout] ---- cpe::tests::test_make_cpe_title stdout ----
[INFO] [stdout] 
[INFO] [stdout] thread 'cpe::tests::test_make_cpe_title' (3372) panicked at src/cpe.rs:97:51:
[INFO] [stdout] called `Result::unwrap()` on an `Err` value: Os { code: 2, kind: NotFound, message: "No such file or directory" }
[INFO] [stdout] stack backtrace:
[INFO] [stdout]    0:     0x61cd7d85c021 - <<std[617be2ca0a6fd877]::sys::backtrace::BacktraceLock>::print::DisplayBacktrace as core[a373ad73a504971]::fmt::Display>::fmt
[INFO] [stdout]    1:     0x61cd7d872c3a - core[a373ad73a504971]::fmt::write
[INFO] [stdout]    2:     0x61cd7d860c0c - <alloc[2e1b2a31b91974c5]::vec::Vec<u8> as core[a373ad73a504971]::io::write::Write>::write_fmt
[INFO] [stdout]    3:     0x61cd7d8353b6 - std[617be2ca0a6fd877]::panicking::default_hook::{closure#0}
[INFO] [stdout]    4:     0x61cd7d852e89 - std[617be2ca0a6fd877]::panicking::default_hook
[INFO] [stdout]    5:     0x61cd7d787540 - test[aada8e7e76ba119b]::test_main_inner::{closure#0}
[INFO] [stdout]    6:     0x61cd7d8531b2 - std[617be2ca0a6fd877]::panicking::panic_with_hook
[INFO] [stdout]    7:     0x61cd7d835462 - std[617be2ca0a6fd877]::panicking::panic_handler::{closure#0}
[INFO] [stdout]    8:     0x61cd7d82dbb9 - std[617be2ca0a6fd877]::sys::backtrace::__rust_end_short_backtrace::<std[617be2ca0a6fd877]::panicking::panic_handler::{closure#0}, !>
[INFO] [stdout]    9:     0x61cd7d8362fd - __rustc[ea4f61d10b84890b]::rust_begin_unwind
[INFO] [stdout]   10:     0x61cd7d87339c - core[a373ad73a504971]::panicking::panic_fmt
[INFO] [stdout]   11:     0x61cd7d873172 - core[a373ad73a504971]::result::unwrap_failed
[INFO] [stdout]   12:     0x61cd7d64ae76 - nvd[1193082f38a9a6cf]::cpe::tests::test_make_cpe_title::{closure#0}
[INFO] [stdout]   13:     0x61cd7d629032 - <tokio[3fb954a6f21d411]::runtime::runtime::Runtime>::block_on::<core[a373ad73a504971]::pin::Pin<&mut dyn core[a373ad73a504971]::future::future::Future<Output = core[a373ad73a504971]::result::Result<(), alloc[2e1b2a31b91974c5]::boxed::Box<dyn core[a373ad73a504971]::error::Error>>>>>
[INFO] [stdout]   14:     0x61cd7d64cc05 - <nvd[1193082f38a9a6cf]::cpe::tests::test_make_cpe_title::{closure#0} as core[a373ad73a504971]::ops::function::FnOnce<()>>::call_once
[INFO] [stdout]   15:     0x61cd7d77a98b - test[aada8e7e76ba119b]::__rust_begin_short_backtrace::<core[a373ad73a504971]::result::Result<(), alloc[2e1b2a31b91974c5]::string::String>, fn() -> core[a373ad73a504971]::result::Result<(), alloc[2e1b2a31b91974c5]::string::String>>
[INFO] [stdout]   16:     0x61cd7d787b65 - test[aada8e7e76ba119b]::run_test::{closure#0}
[INFO] [stdout]   17:     0x61cd7d781454 - std[617be2ca0a6fd877]::sys::backtrace::__rust_begin_short_backtrace::<test[aada8e7e76ba119b]::run_test::{closure#1}, ()>
[INFO] [stdout]   18:     0x61cd7d78abf2 - <std[617be2ca0a6fd877]::thread::lifecycle::spawn_unchecked<test[aada8e7e76ba119b]::run_test::{closure#1}, ()>::{closure#1} as core[a373ad73a504971]::ops::function::FnOnce<()>>::call_once::{shim:vtable#0}
[INFO] [stdout]   19:     0x61cd7d85ae5f - <std[617be2ca0a6fd877]::sys::thread::unix::Thread>::new::thread_start
[INFO] [stdout]   20:     0x7ff58ca1fdfa - <unknown>
[INFO] [stdout]   21:     0x7ff58cab33d4 - clone
[INFO] [stdout]   22:                0x0 - <unknown>
[INFO] [stdout] 
[INFO] [stdout] ---- cpe::tests::test_download_cpe stdout ----
[INFO] [stdout] 
[INFO] [stdout] thread 'cpe::tests::test_download_cpe' (3370) panicked at src/cpe.rs:19:30:
[INFO] [stdout] called `Result::unwrap()` on an `Err` value: Os { code: 30, kind: ReadOnlyFilesystem, message: "Read-only file system" }
[INFO] [stdout] stack backtrace:
[INFO] [stdout]    0:     0x61cd7d85c021 - <<std[617be2ca0a6fd877]::sys::backtrace::BacktraceLock>::print::DisplayBacktrace as core[a373ad73a504971]::fmt::Display>::fmt
[INFO] [stdout]    1:     0x61cd7d872c3a - core[a373ad73a504971]::fmt::write
[INFO] [stdout]    2:     0x61cd7d860c0c - <alloc[2e1b2a31b91974c5]::vec::Vec<u8> as core[a373ad73a504971]::io::write::Write>::write_fmt
[INFO] [stdout]    3:     0x61cd7d8353b6 - std[617be2ca0a6fd877]::panicking::default_hook::{closure#0}
[INFO] [stdout]    4:     0x61cd7d852e89 - std[617be2ca0a6fd877]::panicking::default_hook
[INFO] [stdout]    5:     0x61cd7d787540 - test[aada8e7e76ba119b]::test_main_inner::{closure#0}
[INFO] [stdout]    6:     0x61cd7d8531b2 - std[617be2ca0a6fd877]::panicking::panic_with_hook
[INFO] [stdout]    7:     0x61cd7d835462 - std[617be2ca0a6fd877]::panicking::panic_handler::{closure#0}
[INFO] [stdout]    8:     0x61cd7d82dbb9 - std[617be2ca0a6fd877]::sys::backtrace::__rust_end_short_backtrace::<std[617be2ca0a6fd877]::panicking::panic_handler::{closure#0}, !>
[INFO] [stdout]    9:     0x61cd7d8362fd - __rustc[ea4f61d10b84890b]::rust_begin_unwind
[INFO] [stdout]   10:     0x61cd7d87339c - core[a373ad73a504971]::panicking::panic_fmt
[INFO] [stdout]   11:     0x61cd7d873172 - core[a373ad73a504971]::result::unwrap_failed
[INFO] [stdout]   12:     0x61cd7d649461 - nvd[1193082f38a9a6cf]::cpe::tests::test_download_cpe::{closure#0}
[INFO] [stdout]   13:     0x61cd7d629032 - <tokio[3fb954a6f21d411]::runtime::runtime::Runtime>::block_on::<core[a373ad73a504971]::pin::Pin<&mut dyn core[a373ad73a504971]::future::future::Future<Output = core[a373ad73a504971]::result::Result<(), alloc[2e1b2a31b91974c5]::boxed::Box<dyn core[a373ad73a504971]::error::Error>>>>>
[INFO] [stdout]   14:     0x61cd7d64ca34 - <nvd[1193082f38a9a6cf]::cpe::tests::test_download_cpe::{closure#0} as core[a373ad73a504971]::ops::function::FnOnce<()>>::call_once
[INFO] [stdout]   15:     0x61cd7d77a98b - test[aada8e7e76ba119b]::__rust_begin_short_backtrace::<core[a373ad73a504971]::result::Result<(), alloc[2e1b2a31b91974c5]::string::String>, fn() -> core[a373ad73a504971]::result::Result<(), alloc[2e1b2a31b91974c5]::string::String>>
[INFO] [stdout]   16:     0x61cd7d787b65 - test[aada8e7e76ba119b]::run_test::{closure#0}
[INFO] [stdout]   17:     0x61cd7d781454 - std[617be2ca0a6fd877]::sys::backtrace::__rust_begin_short_backtrace::<test[aada8e7e76ba119b]::run_test::{closure#1}, ()>
[INFO] [stdout]   18:     0x61cd7d78abf2 - <std[617be2ca0a6fd877]::thread::lifecycle::spawn_unchecked<test[aada8e7e76ba119b]::run_test::{closure#1}, ()>::{closure#1} as core[a373ad73a504971]::ops::function::FnOnce<()>>::call_once::{shim:vtable#0}
[INFO] [stdout]   19:     0x61cd7d85ae5f - <std[617be2ca0a6fd877]::sys::thread::unix::Thread>::new::thread_start
[INFO] [stdout]   20:     0x7ff58ca1fdfa - <unknown>
[INFO] [stdout]   21:     0x7ff58cab33d4 - clone
[INFO] [stdout]   22:                0x0 - <unknown>
[INFO] [stdout] 
[INFO] [stdout] ---- cpe::tests::test_make_cpe_dictionary stdout ----
[INFO] [stdout] 
[INFO] [stdout] thread 'cpe::tests::test_make_cpe_dictionary' (3371) panicked at src/cpe.rs:33:47:
[INFO] [stdout] called `Result::unwrap()` on an `Err` value: Os { code: 2, kind: NotFound, message: "No such file or directory" }
[INFO] [stdout] stack backtrace:
[INFO] [stdout]    0:     0x61cd7d85c021 - <<std[617be2ca0a6fd877]::sys::backtrace::BacktraceLock>::print::DisplayBacktrace as core[a373ad73a504971]::fmt::Display>::fmt
[INFO] [stdout]    1:     0x61cd7d872c3a - core[a373ad73a504971]::fmt::write
[INFO] [stdout]    2:     0x61cd7d860c0c - <alloc[2e1b2a31b91974c5]::vec::Vec<u8> as core[a373ad73a504971]::io::write::Write>::write_fmt
[INFO] [stdout]    3:     0x61cd7d8353b6 - std[617be2ca0a6fd877]::panicking::default_hook::{closure#0}
[INFO] [stdout]    4:     0x61cd7d852e89 - std[617be2ca0a6fd877]::panicking::default_hook
[INFO] [stdout]    5:     0x61cd7d787540 - test[aada8e7e76ba119b]::test_main_inner::{closure#0}
[INFO] [stdout]    6:     0x61cd7d8531b2 - std[617be2ca0a6fd877]::panicking::panic_with_hook
[INFO] [stdout]    7:     0x61cd7d835462 - std[617be2ca0a6fd877]::panicking::panic_handler::{closure#0}
[INFO] [stdout]    8:     0x61cd7d82dbb9 - std[617be2ca0a6fd877]::sys::backtrace::__rust_end_short_backtrace::<std[617be2ca0a6fd877]::panicking::panic_handler::{closure#0}, !>
[INFO] [stdout]    9:     0x61cd7d8362fd - __rustc[ea4f61d10b84890b]::rust_begin_unwind
[INFO] [stdout]   10:     0x61cd7d87339c - core[a373ad73a504971]::panicking::panic_fmt
[INFO] [stdout]   11:     0x61cd7d873172 - core[a373ad73a504971]::result::unwrap_failed
[INFO] [stdout]   12:     0x61cd7d64c313 - nvd[1193082f38a9a6cf]::cpe::tests::test_make_cpe_dictionary::{closure#0}
[INFO] [stdout]   13:     0x61cd7d629032 - <tokio[3fb954a6f21d411]::runtime::runtime::Runtime>::block_on::<core[a373ad73a504971]::pin::Pin<&mut dyn core[a373ad73a504971]::future::future::Future<Output = core[a373ad73a504971]::result::Result<(), alloc[2e1b2a31b91974c5]::boxed::Box<dyn core[a373ad73a504971]::error::Error>>>>>
[INFO] [stdout]   14:     0x61cd7d64cda5 - <nvd[1193082f38a9a6cf]::cpe::tests::test_make_cpe_dictionary::{closure#0} as core[a373ad73a504971]::ops::function::FnOnce<()>>::call_once
[INFO] [stdout]   15:     0x61cd7d77a98b - test[aada8e7e76ba119b]::__rust_begin_short_backtrace::<core[a373ad73a504971]::result::Result<(), alloc[2e1b2a31b91974c5]::string::String>, fn() -> core[a373ad73a504971]::result::Result<(), alloc[2e1b2a31b91974c5]::string::String>>
[INFO] [stdout]   16:     0x61cd7d787b65 - test[aada8e7e76ba119b]::run_test::{closure#0}
[INFO] [stdout]   17:     0x61cd7d781454 - std[617be2ca0a6fd877]::sys::backtrace::__rust_begin_short_backtrace::<test[aada8e7e76ba119b]::run_test::{closure#1}, ()>
[INFO] [stdout]   18:     0x61cd7d78abf2 - <std[617be2ca0a6fd877]::thread::lifecycle::spawn_unchecked<test[aada8e7e76ba119b]::run_test::{closure#1}, ()>::{closure#1} as core[a373ad73a504971]::ops::function::FnOnce<()>>::call_once::{shim:vtable#0}
[INFO] [stdout]   19:     0x61cd7d85ae5f - <std[617be2ca0a6fd877]::sys::thread::unix::Thread>::new::thread_start
[INFO] [stdout]   20:     0x7ff58ca1fdfa - <unknown>
[INFO] [stdout]   21:     0x7ff58cab33d4 - clone
[INFO] [stdout]   22:                0x0 - <unknown>
[INFO] [stdout] 
[INFO] [stdout] ---- cve::tests::test_sync_cve stdout ----
[INFO] [stdout] Error: Os { code: 30, kind: ReadOnlyFilesystem, message: "Read-only file system" }
[INFO] [stdout] 
[INFO] [stdout] ---- cve::tests::test_load_db stdout ----
[INFO] [stdout] Error: Os { code: 30, kind: ReadOnlyFilesystem, message: "Read-only file system" }
[INFO] [stdout] 
[INFO] [stdout] ---- cve::tests::test_init_dir stdout ----
[INFO] [stdout] Error: Os { code: 30, kind: ReadOnlyFilesystem, message: "Read-only file system" }
[INFO] [stdout] 
[INFO] [stdout] ---- cve::tests::it_works stdout ----
[INFO] [stdout] 
[INFO] [stdout] thread 'cve::tests::it_works' (3373) panicked at src/cve.rs:722:61:
[INFO] [stdout] called `Result::unwrap()` on an `Err` value: Os { code: 30, kind: ReadOnlyFilesystem, message: "Read-only file system" }
[INFO] [stdout] stack backtrace:
[INFO] [stdout]    0:     0x61cd7d85c021 - <<std[617be2ca0a6fd877]::sys::backtrace::BacktraceLock>::print::DisplayBacktrace as core[a373ad73a504971]::fmt::Display>::fmt
[INFO] [stdout]    1:     0x61cd7d872c3a - core[a373ad73a504971]::fmt::write
[INFO] [stdout]    2:     0x61cd7d860c0c - <alloc[2e1b2a31b91974c5]::vec::Vec<u8> as core[a373ad73a504971]::io::write::Write>::write_fmt
[INFO] [stdout]    3:     0x61cd7d8353b6 - std[617be2ca0a6fd877]::panicking::default_hook::{closure#0}
[INFO] [stdout]    4:     0x61cd7d852e89 - std[617be2ca0a6fd877]::panicking::default_hook
[INFO] [stdout]    5:     0x61cd7d787540 - test[aada8e7e76ba119b]::test_main_inner::{closure#0}
[INFO] [stdout]    6:     0x61cd7d8531b2 - std[617be2ca0a6fd877]::panicking::panic_with_hook
[INFO] [stdout]    7:     0x61cd7d835462 - std[617be2ca0a6fd877]::panicking::panic_handler::{closure#0}
[INFO] [stdout]    8:     0x61cd7d82dbb9 - std[617be2ca0a6fd877]::sys::backtrace::__rust_end_short_backtrace::<std[617be2ca0a6fd877]::panicking::panic_handler::{closure#0}, !>
[INFO] [stdout]    9:     0x61cd7d8362fd - __rustc[ea4f61d10b84890b]::rust_begin_unwind
[INFO] [stdout]   10:     0x61cd7d87339c - core[a373ad73a504971]::panicking::panic_fmt
[INFO] [stdout]   11:     0x61cd7d873172 - core[a373ad73a504971]::result::unwrap_failed
[INFO] [stdout]   12:     0x61cd7d617f06 - <nvd[1193082f38a9a6cf]::cve::tests::it_works::{closure#0} as core[a373ad73a504971]::ops::function::FnOnce<()>>::call_once
[INFO] [stdout]   13:     0x61cd7d77a98b - test[aada8e7e76ba119b]::__rust_begin_short_backtrace::<core[a373ad73a504971]::result::Result<(), alloc[2e1b2a31b91974c5]::string::String>, fn() -> core[a373ad73a504971]::result::Result<(), alloc[2e1b2a31b91974c5]::string::String>>
[INFO] [stdout]   14:     0x61cd7d787b65 - test[aada8e7e76ba119b]::run_test::{closure#0}
[INFO] [stdout]   15:     0x61cd7d781454 - std[617be2ca0a6fd877]::sys::backtrace::__rust_begin_short_backtrace::<test[aada8e7e76ba119b]::run_test::{closure#1}, ()>
[INFO] [stdout]   16:     0x61cd7d78abf2 - <std[617be2ca0a6fd877]::thread::lifecycle::spawn_unchecked<test[aada8e7e76ba119b]::run_test::{closure#1}, ()>::{closure#1} as core[a373ad73a504971]::ops::function::FnOnce<()>>::call_once::{shim:vtable#0}
[INFO] [stdout]   17:     0x61cd7d85ae5f - <std[617be2ca0a6fd877]::sys::thread::unix::Thread>::new::thread_start
[INFO] [stdout]   18:     0x7ff58ca1fdfa - <unknown>
[INFO] [stdout]   19:     0x7ff58cab33d4 - clone
[INFO] [stdout]   20:                0x0 - <unknown>
[INFO] [stdout] 
[INFO] [stdout] ---- cve::tests::test_make_db stdout ----
[INFO] [stdout] Error: Os { code: 30, kind: ReadOnlyFilesystem, message: "Read-only file system" }
[INFO] [stdout] 
[INFO] [stdout] ---- cve::tests::test_cpe_match stdout ----
[INFO] [stdout] Error: Os { code: 30, kind: ReadOnlyFilesystem, message: "Read-only file system" }
[INFO] [stdout] 
[INFO] [stdout] 
[INFO] [stdout] failures:
[INFO] [stdout]     cpe::tests::test_download_cpe
[INFO] [stdout]     cpe::tests::test_make_cpe_dictionary
[INFO] [stdout]     cpe::tests::test_make_cpe_title
[INFO] [stdout]     cve::tests::it_works
[INFO] [stdout]     cve::tests::test_cpe_match
[INFO] [stdout]     cve::tests::test_init_dir
[INFO] [stdout]     cve::tests::test_load_db
[INFO] [stdout]     cve::tests::test_make_db
[INFO] [stdout]     cve::tests::test_sync_cve
[INFO] [stdout] 
[INFO] [stdout] test result: FAILED. 0 passed; 9 failed; 0 ignored; 0 measured; 0 filtered out; finished in 0.01s
[INFO] [stdout] 
[INFO] running `Command { std: "docker" "inspect" "a0e224f30140d3c44fe2f546d356ee303746a1cdcd0d72386372a9e29a446055", kill_on_drop: false }`
[INFO] running `Command { std: "docker" "rm" "-f" "a0e224f30140d3c44fe2f546d356ee303746a1cdcd0d72386372a9e29a446055", kill_on_drop: false }`
[INFO] [stdout] a0e224f30140d3c44fe2f546d356ee303746a1cdcd0d72386372a9e29a446055
