[INFO] fetching crate nuwax-common 0.1.0...
[INFO] testing nuwax-common-0.1.0 against 1.99.0-beta.8+cargoflags=--release for beta-release-1.100-2
[INFO] extracting crate nuwax-common 0.1.0 into /workspace/builds/worker-1-tc1/source
[INFO] started tweaking crates.io crate nuwax-common 0.1.0
[INFO] finished tweaking crates.io crate nuwax-common 0.1.0
[INFO] tweaked toml for crates.io crate nuwax-common 0.1.0 written to /workspace/builds/worker-1-tc1/source/Cargo.toml
[INFO] validating manifest of crates.io crate nuwax-common 0.1.0 on toolchain 1.99.0-beta.8
[INFO] running `Command { std: CARGO_HOME="/workspace/cargo-home" RUSTUP_HOME="/workspace/rustup-home" "/workspace/cargo-home/bin/cargo" "+1.99.0-beta.8" "metadata" "--manifest-path" "Cargo.toml" "--no-deps", kill_on_drop: false }`
[INFO] crate crates.io crate nuwax-common 0.1.0 already has a lockfile, it will not be regenerated
[INFO] running `Command { std: CARGO_HOME="/workspace/cargo-home" RUSTUP_HOME="/workspace/rustup-home" "/workspace/cargo-home/bin/cargo" "+1.99.0-beta.8" "fetch" "--manifest-path" "Cargo.toml", kill_on_drop: false }`
[INFO] [stderr]     Updating crates.io index
[INFO] [stderr]  Downloading crates ...
[INFO] [stderr]   Downloaded quinn-udp v0.5.13
[INFO] [stderr]   Downloaded winnow v0.7.11
[INFO] [stderr]   Downloaded cc v1.2.27
[INFO] [stderr]   Downloaded hyper-util v0.1.14
[INFO] [stderr]   Downloaded aliyun-oss-rust-sdk v0.2.2
[INFO] [stderr]   Downloaded webpki-roots v1.0.1
[INFO] [stderr]   Downloaded quick-xml v0.38.0
[INFO] [stderr]   Downloaded rustls v0.23.28
[INFO] running `Command { std: "docker" "create" "-v" "/var/lib/crater-agent-workspace/builds/worker-1-tc1/source:/opt/rustwide/workdir:ro,Z" "-v" "/var/lib/crater-agent-workspace/builds/worker-1-tc1/target:/opt/rustwide/target:rw,Z" "-v" "/var/lib/crater-agent-workspace/cargo-home:/opt/rustwide/cargo-home:ro,Z" "-v" "/var/lib/crater-agent-workspace/rustup-home:/opt/rustwide/rustup-home:ro,Z" "-m" "1610612736" "--network" "none" "ghcr.io/rust-lang/crates-build-env/linux@sha256:77db811e55d90add9212f6832c23229e3de5f1c1f9905e8cb07319ea15df73ac" "sleep" "infinity", kill_on_drop: false }`
[INFO] [stdout] 32cbc1090c8b1530a31f29ec6ab74f94ef3fe10822f73ad190cbcb5d9ae3158f
[INFO] running `Command { std: "docker" "start" "32cbc1090c8b1530a31f29ec6ab74f94ef3fe10822f73ad190cbcb5d9ae3158f", kill_on_drop: false }`
[INFO] running `Command { std: "docker" "inspect" "32cbc1090c8b1530a31f29ec6ab74f94ef3fe10822f73ad190cbcb5d9ae3158f", kill_on_drop: false }`
[INFO] running `Command { std: "docker" "exec" "-e" "SOURCE_DIR=/opt/rustwide/workdir" "-e" "CARGO_HOME=/opt/rustwide/cargo-home" "-e" "RUSTUP_HOME=/opt/rustwide/rustup-home" "-e" "CARGO_TARGET_DIR=/opt/rustwide/target" "-w" "/opt/rustwide/workdir" "--user" "0:0" "32cbc1090c8b1530a31f29ec6ab74f94ef3fe10822f73ad190cbcb5d9ae3158f" "/opt/rustwide/cargo-home/bin/cargo" "+1.99.0-beta.8" "metadata" "--no-deps" "--format-version=1", kill_on_drop: false }`
[INFO] running `Command { std: "docker" "inspect" "32cbc1090c8b1530a31f29ec6ab74f94ef3fe10822f73ad190cbcb5d9ae3158f", kill_on_drop: false }`
[INFO] running `Command { std: "docker" "exec" "-e" "SOURCE_DIR=/opt/rustwide/workdir" "-e" "CARGO_HOME=/opt/rustwide/cargo-home" "-e" "RUSTUP_HOME=/opt/rustwide/rustup-home" "-e" "CARGO_TARGET_DIR=/opt/rustwide/target" "-e" "CARGO_INCREMENTAL=0" "-e" "RUST_BACKTRACE=full" "-e" "RUSTFLAGS=--cap-lints=warn" "-e" "RUSTDOCFLAGS=--cap-lints=warn" "-w" "/opt/rustwide/workdir" "--user" "0:0" "32cbc1090c8b1530a31f29ec6ab74f94ef3fe10822f73ad190cbcb5d9ae3158f" "/opt/rustwide/cargo-home/bin/cargo" "+1.99.0-beta.8" "build" "--frozen" "--message-format=json" "--release", kill_on_drop: false }`
[INFO] [stderr]    Compiling memchr v2.7.5
[INFO] [stderr]    Compiling cc v1.2.27
[INFO] [stderr]    Compiling slab v0.4.10
[INFO] [stderr]    Compiling syn v2.0.104
[INFO] [stderr]    Compiling socket2 v0.5.10
[INFO] [stderr]    Compiling mio v1.0.4
[INFO] [stderr]    Compiling hashbrown v0.15.4
[INFO] [stderr]    Compiling bitflags v2.9.1
[INFO] [stderr]    Compiling percent-encoding v2.3.1
[INFO] [stderr]    Compiling getrandom v0.2.16
[INFO] [stderr]    Compiling rustls v0.23.28
[INFO] [stderr]    Compiling unicase v2.8.1
[INFO] [stderr]    Compiling digest v0.10.7
[INFO] [stderr]    Compiling mime_guess v2.0.5
[INFO] [stderr]    Compiling indexmap v2.10.0
[INFO] [stderr]    Compiling form_urlencoded v1.2.1
[INFO] [stderr]    Compiling webpki-roots v1.0.1
[INFO] [stderr]    Compiling rustix v1.0.7
[INFO] [stderr]    Compiling aho-corasick v1.1.3
[INFO] [stderr]    Compiling encoding_rs v0.8.35
[INFO] [stderr]    Compiling winnow v0.7.11
[INFO] [stderr]    Compiling openssl-sys v0.9.109
[INFO] [stderr]    Compiling ring v0.17.14
[INFO] [stderr]    Compiling toml_write v0.1.2
[INFO] [stderr]    Compiling openssl v0.10.73
[INFO] [stderr]    Compiling native-tls v0.2.14
[INFO] [stderr]    Compiling regex-syntax v0.8.5
[INFO] [stderr]    Compiling linux-raw-sys v0.9.4
[INFO] [stderr]    Compiling sha1 v0.10.6
[INFO] [stderr]    Compiling hmac v0.12.1
[INFO] [stderr]    Compiling sha2 v0.10.9
[INFO] [stderr]    Compiling synstructure v0.13.2
[INFO] [stderr]    Compiling regex-automata v0.4.9
[INFO] [stderr]    Compiling tempfile v3.20.0
[INFO] [stderr]    Compiling zerofrom-derive v0.1.6
[INFO] [stderr]    Compiling yoke-derive v0.8.0
[INFO] [stderr]    Compiling tokio-macros v2.5.0
[INFO] [stderr]    Compiling zerovec-derive v0.11.1
[INFO] [stderr]    Compiling tokio v1.45.1
[INFO] [stderr]    Compiling displaydoc v0.2.5
[INFO] [stderr]    Compiling serde_derive v1.0.219
[INFO] [stderr]    Compiling futures-macro v0.3.31
[INFO] [stderr]    Compiling zerofrom v0.1.6
[INFO] [stderr]    Compiling yoke v0.8.0
[INFO] [stderr]    Compiling zerovec v0.11.2
[INFO] [stderr]    Compiling futures-util v0.3.31
[INFO] [stderr]    Compiling zerotrie v0.2.2
[INFO] [stderr]    Compiling tracing-attributes v0.1.30
[INFO] [stderr]    Compiling openssl-macros v0.1.1
[INFO] [stderr]    Compiling tinystr v0.8.1
[INFO] [stderr]    Compiling icu_locale_core v2.0.0
[INFO] [stderr]    Compiling potential_utf v0.1.2
[INFO] [stderr]    Compiling icu_collections v2.0.0
[INFO] [stderr]    Compiling icu_provider v2.0.0
[INFO] [stderr]    Compiling serde v1.0.219
[INFO] [stderr]    Compiling tracing v0.1.41
[INFO] [stderr]    Compiling icu_normalizer v2.0.0
[INFO] [stderr]    Compiling icu_properties v2.0.1
[INFO] [stderr]    Compiling thiserror-impl v2.0.12
[INFO] [stderr]    Compiling tokio-util v0.7.15
[INFO] [stderr]    Compiling h2 v0.4.10
[INFO] [stderr]    Compiling idna_adapter v1.2.1
[INFO] [stderr]    Compiling rustls-webpki v0.103.3
[INFO] [stderr]    Compiling idna v1.0.3
[INFO] [stderr]    Compiling tokio-native-tls v0.3.1
[INFO] [stderr]    Compiling tower v0.5.2
[INFO] [stderr]    Compiling url v2.5.4
[INFO] [stderr]    Compiling tower-http v0.6.6
[INFO] [stderr]    Compiling serde_json v1.0.140
[INFO] [stderr]    Compiling hyper v1.6.0
[INFO] [stderr]    Compiling serde_urlencoded v0.7.1
[INFO] [stderr]    Compiling toml_datetime v0.6.11
[INFO] [stderr]    Compiling serde_spanned v0.6.9
[INFO] [stderr]    Compiling toml_edit v0.22.27
[INFO] [stderr]    Compiling chrono v0.4.41
[INFO] [stderr]    Compiling hyper-util v0.1.14
[INFO] [stderr]    Compiling tokio-rustls v0.26.2
[INFO] [stderr]    Compiling thiserror v2.0.12
[INFO] [stderr]    Compiling futures-executor v0.3.31
[INFO] [stderr]    Compiling maybe-async v0.2.10
[INFO] [stderr]    Compiling futures v0.3.31
[INFO] [stderr]    Compiling quick-xml v0.38.0
[INFO] [stderr]    Compiling uuid v1.17.0
[INFO] [stderr]    Compiling hyper-tls v0.6.0
[INFO] [stderr]    Compiling hyper-rustls v0.27.7
[INFO] [stderr]    Compiling toml v0.8.23
[INFO] [stderr]    Compiling reqwest v0.12.24
[INFO] [stderr]    Compiling regex v1.11.1
[INFO] [stderr]    Compiling aliyun-oss-rust-sdk v0.2.2
[INFO] [stderr]    Compiling nuwax-common v0.1.0 (/opt/rustwide/workdir)
[INFO] [stdout] warning: unused import: `base64::Engine`
[INFO] [stdout]  --> src/oss/async_oss_client.rs:3:5
[INFO] [stdout]   |
[INFO] [stdout] 3 | use base64::Engine;
[INFO] [stdout]   |     ^^^^^^^^^^^^^^
[INFO] [stdout]   |
[INFO] [stdout]   = note: `#[warn(unused_imports)]` (part of `#[warn(unused)]`) on by default
[INFO] [stdout] 
[INFO] [stdout] 
[INFO] [stdout] warning: unused import: `Ipv4Addr`
[INFO] [stdout]  --> src/utils.rs:2:24
[INFO] [stdout]   |
[INFO] [stdout] 2 | use std::net::{IpAddr, Ipv4Addr};
[INFO] [stdout]   |                        ^^^^^^^^
[INFO] [stdout] 
[INFO] [stdout] 
[INFO] [stdout] warning: field `timeout` is never read
[INFO] [stdout]   --> src/github/client.rs:20:5
[INFO] [stdout]    |
[INFO] [stdout] 14 | pub struct GitHubClient {
[INFO] [stdout]    |            ------------ field in this struct
[INFO] [stdout] ...
[INFO] [stdout] 20 |     timeout: Duration,
[INFO] [stdout]    |     ^^^^^^^
[INFO] [stdout]    |
[INFO] [stdout]    = note: `GitHubClient` has a derived impl for the trait `Clone`, but this is intentionally ignored during dead code analysis
[INFO] [stdout]    = note: `#[warn(dead_code)]` (part of `#[warn(unused)]`) on by default
[INFO] [stdout] 
[INFO] [stdout] 
[INFO] [stdout] warning: associated function `extract_rate_limit` is never used
[INFO] [stdout]    --> src/github/client.rs:235:8
[INFO] [stdout]     |
[INFO] [stdout]  23 | impl GitHubClient {
[INFO] [stdout]     | ----------------- associated function in this implementation
[INFO] [stdout] ...
[INFO] [stdout] 235 |     fn extract_rate_limit(response: &Response) -> Option<RateLimit> {
[INFO] [stdout]     |        ^^^^^^^^^^^^^^^^^^
[INFO] [stdout] 
[INFO] [stdout] 
[INFO] [stdout] warning: field `upload_timeout` is never read
[INFO] [stdout]   --> src/oss/async_oss_client.rs:62:5
[INFO] [stdout]    |
[INFO] [stdout] 55 | pub struct AsyncOssClient {
[INFO] [stdout]    |            -------------- field in this struct
[INFO] [stdout] ...
[INFO] [stdout] 62 |     upload_timeout: Duration,
[INFO] [stdout]    |     ^^^^^^^^^^^^^^
[INFO] [stdout]    |
[INFO] [stdout]    = note: `AsyncOssClient` has a derived impl for the trait `Clone`, but this is intentionally ignored during dead code analysis
[INFO] [stdout] 
[INFO] [stdout] 
[INFO] [stdout] warning: method `simple_upload_stream` is never used
[INFO] [stdout]    --> src/oss/async_oss_client.rs:217:14
[INFO] [stdout]     |
[INFO] [stdout]  70 | impl AsyncOssClient {
[INFO] [stdout]     | ------------------- method in this implementation
[INFO] [stdout] ...
[INFO] [stdout] 217 |     async fn simple_upload_stream<P: AsRef<Path>>(
[INFO] [stdout]     |              ^^^^^^^^^^^^^^^^^^^^
[INFO] [stdout] 
[INFO] [stdout] 
[INFO] [stdout] warning: struct `InitiateMultipartUploadResponse` is never constructed
[INFO] [stdout]    --> src/oss/multipart_upload.rs:108:8
[INFO] [stdout]     |
[INFO] [stdout] 108 | struct InitiateMultipartUploadResponse {
[INFO] [stdout]     |        ^^^^^^^^^^^^^^^^^^^^^^^^^^^^^^^
[INFO] [stdout] 
[INFO] [stdout] 
[INFO] [stdout] warning: struct `InitiateMultipartUploadResult` is never constructed
[INFO] [stdout]    --> src/oss/multipart_upload.rs:114:8
[INFO] [stdout]     |
[INFO] [stdout] 114 | struct InitiateMultipartUploadResult {
[INFO] [stdout]     |        ^^^^^^^^^^^^^^^^^^^^^^^^^^^^^
[INFO] [stdout] 
[INFO] [stdout] 
[INFO] [stdout] warning: struct `CompleteMultipartUpload` is never constructed
[INFO] [stdout]    --> src/oss/multipart_upload.rs:125:8
[INFO] [stdout]     |
[INFO] [stdout] 125 | struct CompleteMultipartUpload {
[INFO] [stdout]     |        ^^^^^^^^^^^^^^^^^^^^^^^
[INFO] [stdout] 
[INFO] [stdout] 
[INFO] [stdout] warning: struct `PartInfo` is never constructed
[INFO] [stdout]    --> src/oss/multipart_upload.rs:131:8
[INFO] [stdout]     |
[INFO] [stdout] 131 | struct PartInfo {
[INFO] [stdout]     |        ^^^^^^^^
[INFO] [stdout] 
[INFO] [stdout] 
[INFO] [stdout] warning: method `upload_single_part` is never used
[INFO] [stdout]    --> src/oss/multipart_upload.rs:530:14
[INFO] [stdout]     |
[INFO] [stdout] 138 | impl MultipartUploadClient {
[INFO] [stdout]     | -------------------------- method in this implementation
[INFO] [stdout] ...
[INFO] [stdout] 530 |     async fn upload_single_part(
[INFO] [stdout]     |              ^^^^^^^^^^^^^^^^^^
[INFO] [stdout] 
[INFO] [stdout] 
[INFO] [stderr]     Finished `release` profile [optimized] target(s) in 3m 06s
[INFO] running `Command { std: "docker" "inspect" "32cbc1090c8b1530a31f29ec6ab74f94ef3fe10822f73ad190cbcb5d9ae3158f", kill_on_drop: false }`
[INFO] running `Command { std: "docker" "exec" "-e" "SOURCE_DIR=/opt/rustwide/workdir" "-e" "CARGO_HOME=/opt/rustwide/cargo-home" "-e" "RUSTUP_HOME=/opt/rustwide/rustup-home" "-e" "CARGO_TARGET_DIR=/opt/rustwide/target" "-e" "CARGO_INCREMENTAL=0" "-e" "RUST_BACKTRACE=full" "-e" "RUSTFLAGS=--cap-lints=warn" "-e" "RUSTDOCFLAGS=--cap-lints=warn" "-w" "/opt/rustwide/workdir" "--user" "0:0" "32cbc1090c8b1530a31f29ec6ab74f94ef3fe10822f73ad190cbcb5d9ae3158f" "/opt/rustwide/cargo-home/bin/cargo" "+1.99.0-beta.8" "test" "--frozen" "--no-run" "--message-format=json" "--release", kill_on_drop: false }`
[INFO] [stdout] warning: unused import: `base64::Engine`
[INFO] [stdout]  --> src/oss/async_oss_client.rs:3:5
[INFO] [stdout]   |
[INFO] [stdout] 3 | use base64::Engine;
[INFO] [stdout]   |     ^^^^^^^^^^^^^^
[INFO] [stdout]   |
[INFO] [stdout]   = note: `#[warn(unused_imports)]` (part of `#[warn(unused)]`) on by default
[INFO] [stdout] 
[INFO] [stdout] 
[INFO] [stdout] warning: unused import: `Ipv4Addr`
[INFO] [stdout]  --> src/utils.rs:2:24
[INFO] [stdout]   |
[INFO] [stdout] 2 | use std::net::{IpAddr, Ipv4Addr};
[INFO] [stdout]   |                        ^^^^^^^^
[INFO] [stdout] 
[INFO] [stdout] 
[INFO] [stdout] warning: field `timeout` is never read
[INFO] [stdout]   --> src/github/client.rs:20:5
[INFO] [stdout]    |
[INFO] [stdout] 14 | pub struct GitHubClient {
[INFO] [stdout]    |            ------------ field in this struct
[INFO] [stdout] ...
[INFO] [stdout] 20 |     timeout: Duration,
[INFO] [stdout]    |     ^^^^^^^
[INFO] [stdout]    |
[INFO] [stdout]    = note: `GitHubClient` has a derived impl for the trait `Clone`, but this is intentionally ignored during dead code analysis
[INFO] [stdout]    = note: `#[warn(dead_code)]` (part of `#[warn(unused)]`) on by default
[INFO] [stdout] 
[INFO] [stdout] 
[INFO] [stdout] warning: associated function `extract_rate_limit` is never used
[INFO] [stdout]    --> src/github/client.rs:235:8
[INFO] [stdout]     |
[INFO] [stdout]  23 | impl GitHubClient {
[INFO] [stdout]     | ----------------- associated function in this implementation
[INFO] [stdout] ...
[INFO] [stdout] 235 |     fn extract_rate_limit(response: &Response) -> Option<RateLimit> {
[INFO] [stdout]     |        ^^^^^^^^^^^^^^^^^^
[INFO] [stdout] 
[INFO] [stdout] 
[INFO] [stdout] warning: field `upload_timeout` is never read
[INFO] [stdout]   --> src/oss/async_oss_client.rs:62:5
[INFO] [stdout]    |
[INFO] [stdout] 55 | pub struct AsyncOssClient {
[INFO] [stdout]    |            -------------- field in this struct
[INFO] [stdout] ...
[INFO] [stdout] 62 |     upload_timeout: Duration,
[INFO] [stdout]    |     ^^^^^^^^^^^^^^
[INFO] [stdout]    |
[INFO] [stdout]    = note: `AsyncOssClient` has a derived impl for the trait `Clone`, but this is intentionally ignored during dead code analysis
[INFO] [stdout] 
[INFO] [stdout] 
[INFO] [stderr]    Compiling nuwax-common v0.1.0 (/opt/rustwide/workdir)
[INFO] [stdout] warning: method `simple_upload_stream` is never used
[INFO] [stdout]    --> src/oss/async_oss_client.rs:217:14
[INFO] [stdout]     |
[INFO] [stdout]  70 | impl AsyncOssClient {
[INFO] [stdout]     | ------------------- method in this implementation
[INFO] [stdout] ...
[INFO] [stdout] 217 |     async fn simple_upload_stream<P: AsRef<Path>>(
[INFO] [stdout]     |              ^^^^^^^^^^^^^^^^^^^^
[INFO] [stdout] 
[INFO] [stdout] 
[INFO] [stdout] warning: struct `InitiateMultipartUploadResponse` is never constructed
[INFO] [stdout]    --> src/oss/multipart_upload.rs:108:8
[INFO] [stdout]     |
[INFO] [stdout] 108 | struct InitiateMultipartUploadResponse {
[INFO] [stdout]     |        ^^^^^^^^^^^^^^^^^^^^^^^^^^^^^^^
[INFO] [stdout] 
[INFO] [stdout] 
[INFO] [stdout] warning: struct `InitiateMultipartUploadResult` is never constructed
[INFO] [stdout]    --> src/oss/multipart_upload.rs:114:8
[INFO] [stdout]     |
[INFO] [stdout] 114 | struct InitiateMultipartUploadResult {
[INFO] [stdout]     |        ^^^^^^^^^^^^^^^^^^^^^^^^^^^^^
[INFO] [stdout] 
[INFO] [stdout] 
[INFO] [stdout] warning: struct `CompleteMultipartUpload` is never constructed
[INFO] [stdout]    --> src/oss/multipart_upload.rs:125:8
[INFO] [stdout]     |
[INFO] [stdout] 125 | struct CompleteMultipartUpload {
[INFO] [stdout]     |        ^^^^^^^^^^^^^^^^^^^^^^^
[INFO] [stdout] 
[INFO] [stdout] 
[INFO] [stdout] warning: struct `PartInfo` is never constructed
[INFO] [stdout]    --> src/oss/multipart_upload.rs:131:8
[INFO] [stdout]     |
[INFO] [stdout] 131 | struct PartInfo {
[INFO] [stdout]     |        ^^^^^^^^
[INFO] [stdout] 
[INFO] [stdout] 
[INFO] [stdout] warning: method `upload_single_part` is never used
[INFO] [stdout]    --> src/oss/multipart_upload.rs:530:14
[INFO] [stdout]     |
[INFO] [stdout] 138 | impl MultipartUploadClient {
[INFO] [stdout]     | -------------------------- method in this implementation
[INFO] [stdout] ...
[INFO] [stdout] 530 |     async fn upload_single_part(
[INFO] [stdout]     |              ^^^^^^^^^^^^^^^^^^
[INFO] [stdout] 
[INFO] [stdout] 
[INFO] [stdout] warning: unused import: `base64::Engine`
[INFO] [stdout]  --> src/oss/async_oss_client.rs:3:5
[INFO] [stdout]   |
[INFO] [stdout] 3 | use base64::Engine;
[INFO] [stdout]   |     ^^^^^^^^^^^^^^
[INFO] [stdout]   |
[INFO] [stdout]   = note: `#[warn(unused_imports)]` (part of `#[warn(unused)]`) on by default
[INFO] [stdout] 
[INFO] [stdout] 
[INFO] [stdout] warning: unused import: `Ipv4Addr`
[INFO] [stdout]  --> src/utils.rs:2:24
[INFO] [stdout]   |
[INFO] [stdout] 2 | use std::net::{IpAddr, Ipv4Addr};
[INFO] [stdout]   |                        ^^^^^^^^
[INFO] [stdout] 
[INFO] [stdout] 
[INFO] [stdout] warning: field `timeout` is never read
[INFO] [stdout]   --> src/github/client.rs:20:5
[INFO] [stdout]    |
[INFO] [stdout] 14 | pub struct GitHubClient {
[INFO] [stdout]    |            ------------ field in this struct
[INFO] [stdout] ...
[INFO] [stdout] 20 |     timeout: Duration,
[INFO] [stdout]    |     ^^^^^^^
[INFO] [stdout]    |
[INFO] [stdout]    = note: `GitHubClient` has a derived impl for the trait `Clone`, but this is intentionally ignored during dead code analysis
[INFO] [stdout]    = note: `#[warn(dead_code)]` (part of `#[warn(unused)]`) on by default
[INFO] [stdout] 
[INFO] [stdout] 
[INFO] [stdout] warning: associated function `extract_rate_limit` is never used
[INFO] [stdout]    --> src/github/client.rs:235:8
[INFO] [stdout]     |
[INFO] [stdout]  23 | impl GitHubClient {
[INFO] [stdout]     | ----------------- associated function in this implementation
[INFO] [stdout] ...
[INFO] [stdout] 235 |     fn extract_rate_limit(response: &Response) -> Option<RateLimit> {
[INFO] [stdout]     |        ^^^^^^^^^^^^^^^^^^
[INFO] [stdout] 
[INFO] [stdout] 
[INFO] [stdout] warning: field `upload_timeout` is never read
[INFO] [stdout]   --> src/oss/async_oss_client.rs:62:5
[INFO] [stdout]    |
[INFO] [stdout] 55 | pub struct AsyncOssClient {
[INFO] [stdout]    |            -------------- field in this struct
[INFO] [stdout] ...
[INFO] [stdout] 62 |     upload_timeout: Duration,
[INFO] [stdout]    |     ^^^^^^^^^^^^^^
[INFO] [stdout]    |
[INFO] [stdout]    = note: `AsyncOssClient` has a derived impl for the trait `Clone`, but this is intentionally ignored during dead code analysis
[INFO] [stdout] 
[INFO] [stdout] 
[INFO] [stdout] warning: method `simple_upload_stream` is never used
[INFO] [stdout]    --> src/oss/async_oss_client.rs:217:14
[INFO] [stdout]     |
[INFO] [stdout]  70 | impl AsyncOssClient {
[INFO] [stdout]     | ------------------- method in this implementation
[INFO] [stdout] ...
[INFO] [stdout] 217 |     async fn simple_upload_stream<P: AsRef<Path>>(
[INFO] [stdout]     |              ^^^^^^^^^^^^^^^^^^^^
[INFO] [stdout] 
[INFO] [stdout] 
[INFO] [stdout] warning: struct `InitiateMultipartUploadResponse` is never constructed
[INFO] [stdout]    --> src/oss/multipart_upload.rs:108:8
[INFO] [stdout]     |
[INFO] [stdout] 108 | struct InitiateMultipartUploadResponse {
[INFO] [stdout]     |        ^^^^^^^^^^^^^^^^^^^^^^^^^^^^^^^
[INFO] [stdout] 
[INFO] [stdout] 
[INFO] [stdout] warning: struct `InitiateMultipartUploadResult` is never constructed
[INFO] [stdout]    --> src/oss/multipart_upload.rs:114:8
[INFO] [stdout]     |
[INFO] [stdout] 114 | struct InitiateMultipartUploadResult {
[INFO] [stdout]     |        ^^^^^^^^^^^^^^^^^^^^^^^^^^^^^
[INFO] [stdout] 
[INFO] [stdout] 
[INFO] [stdout] warning: struct `CompleteMultipartUpload` is never constructed
[INFO] [stdout]    --> src/oss/multipart_upload.rs:125:8
[INFO] [stdout]     |
[INFO] [stdout] 125 | struct CompleteMultipartUpload {
[INFO] [stdout]     |        ^^^^^^^^^^^^^^^^^^^^^^^
[INFO] [stdout] 
[INFO] [stdout] 
[INFO] [stdout] warning: struct `PartInfo` is never constructed
[INFO] [stdout]    --> src/oss/multipart_upload.rs:131:8
[INFO] [stdout]     |
[INFO] [stdout] 131 | struct PartInfo {
[INFO] [stdout]     |        ^^^^^^^^
[INFO] [stdout] 
[INFO] [stdout] 
[INFO] [stdout] warning: method `upload_single_part` is never used
[INFO] [stdout]    --> src/oss/multipart_upload.rs:530:14
[INFO] [stdout]     |
[INFO] [stdout] 138 | impl MultipartUploadClient {
[INFO] [stdout]     | -------------------------- method in this implementation
[INFO] [stdout] ...
[INFO] [stdout] 530 |     async fn upload_single_part(
[INFO] [stdout]     |              ^^^^^^^^^^^^^^^^^^
[INFO] [stdout] 
[INFO] [stdout] 
[INFO] [stderr]     Finished `release` profile [optimized] target(s) in 15.07s
[INFO] running `Command { std: "docker" "inspect" "32cbc1090c8b1530a31f29ec6ab74f94ef3fe10822f73ad190cbcb5d9ae3158f", kill_on_drop: false }`
[INFO] running `Command { std: "docker" "exec" "-e" "SOURCE_DIR=/opt/rustwide/workdir" "-e" "CARGO_HOME=/opt/rustwide/cargo-home" "-e" "RUSTUP_HOME=/opt/rustwide/rustup-home" "-e" "CARGO_TARGET_DIR=/opt/rustwide/target" "-e" "CARGO_INCREMENTAL=0" "-e" "RUST_BACKTRACE=full" "-e" "RUSTFLAGS=--cap-lints=warn" "-e" "RUSTDOCFLAGS=--cap-lints=warn" "-w" "/opt/rustwide/workdir" "--user" "0:0" "32cbc1090c8b1530a31f29ec6ab74f94ef3fe10822f73ad190cbcb5d9ae3158f" "/opt/rustwide/cargo-home/bin/cargo" "+1.99.0-beta.8" "test" "--frozen" "--release", kill_on_drop: false }`
[INFO] [stderr] warning: unused import: `base64::Engine`
[INFO] [stderr]  --> src/oss/async_oss_client.rs:3:5
[INFO] [stderr]   |
[INFO] [stderr] 3 | use base64::Engine;
[INFO] [stderr]   |     ^^^^^^^^^^^^^^
[INFO] [stderr]   |
[INFO] [stderr]   = note: `#[warn(unused_imports)]` (part of `#[warn(unused)]`) on by default
[INFO] [stderr] 
[INFO] [stderr] warning: unused import: `Ipv4Addr`
[INFO] [stderr]  --> src/utils.rs:2:24
[INFO] [stderr]   |
[INFO] [stderr] 2 | use std::net::{IpAddr, Ipv4Addr};
[INFO] [stderr]   |                        ^^^^^^^^
[INFO] [stderr] 
[INFO] [stderr] warning: field `timeout` is never read
[INFO] [stderr]   --> src/github/client.rs:20:5
[INFO] [stderr]    |
[INFO] [stderr] 14 | pub struct GitHubClient {
[INFO] [stderr]    |            ------------ field in this struct
[INFO] [stderr] ...
[INFO] [stderr] 20 |     timeout: Duration,
[INFO] [stderr]    |     ^^^^^^^
[INFO] [stderr]    |
[INFO] [stderr]    = note: `GitHubClient` has a derived impl for the trait `Clone`, but this is intentionally ignored during dead code analysis
[INFO] [stderr]    = note: `#[warn(dead_code)]` (part of `#[warn(unused)]`) on by default
[INFO] [stderr] 
[INFO] [stderr] warning: associated function `extract_rate_limit` is never used
[INFO] [stderr]    --> src/github/client.rs:235:8
[INFO] [stderr]     |
[INFO] [stderr]  23 | impl GitHubClient {
[INFO] [stderr]     | ----------------- associated function in this implementation
[INFO] [stderr] ...
[INFO] [stderr] 235 |     fn extract_rate_limit(response: &Response) -> Option<RateLimit> {
[INFO] [stderr]     |        ^^^^^^^^^^^^^^^^^^
[INFO] [stderr] 
[INFO] [stderr] warning: field `upload_timeout` is never read
[INFO] [stderr]   --> src/oss/async_oss_client.rs:62:5
[INFO] [stderr]    |
[INFO] [stderr] 55 | pub struct AsyncOssClient {
[INFO] [stderr]    |            -------------- field in this struct
[INFO] [stderr] ...
[INFO] [stderr] 62 |     upload_timeout: Duration,
[INFO] [stderr]    |     ^^^^^^^^^^^^^^
[INFO] [stderr]    |
[INFO] [stderr]    = note: `AsyncOssClient` has a derived impl for the trait `Clone`, but this is intentionally ignored during dead code analysis
[INFO] [stderr] 
[INFO] [stderr] warning: method `simple_upload_stream` is never used
[INFO] [stderr]    --> src/oss/async_oss_client.rs:217:14
[INFO] [stderr]     |
[INFO] [stderr]  70 | impl AsyncOssClient {
[INFO] [stderr]     | ------------------- method in this implementation
[INFO] [stderr] ...
[INFO] [stderr] 217 |     async fn simple_upload_stream<P: AsRef<Path>>(
[INFO] [stderr]     |              ^^^^^^^^^^^^^^^^^^^^
[INFO] [stderr] 
[INFO] [stderr] warning: struct `InitiateMultipartUploadResponse` is never constructed
[INFO] [stderr]    --> src/oss/multipart_upload.rs:108:8
[INFO] [stderr]     |
[INFO] [stderr] 108 | struct InitiateMultipartUploadResponse {
[INFO] [stderr]     |        ^^^^^^^^^^^^^^^^^^^^^^^^^^^^^^^
[INFO] [stderr] 
[INFO] [stderr] warning: struct `InitiateMultipartUploadResult` is never constructed
[INFO] [stderr]    --> src/oss/multipart_upload.rs:114:8
[INFO] [stderr]     |
[INFO] [stderr] 114 | struct InitiateMultipartUploadResult {
[INFO] [stderr]     |        ^^^^^^^^^^^^^^^^^^^^^^^^^^^^^
[INFO] [stderr] 
[INFO] [stderr] warning: struct `CompleteMultipartUpload` is never constructed
[INFO] [stderr]    --> src/oss/multipart_upload.rs:125:8
[INFO] [stderr]     |
[INFO] [stderr] 125 | struct CompleteMultipartUpload {
[INFO] [stderr]     |        ^^^^^^^^^^^^^^^^^^^^^^^
[INFO] [stderr] 
[INFO] [stderr] warning: struct `PartInfo` is never constructed
[INFO] [stderr]    --> src/oss/multipart_upload.rs:131:8
[INFO] [stderr]     |
[INFO] [stderr] 131 | struct PartInfo {
[INFO] [stderr]     |        ^^^^^^^^
[INFO] [stderr] 
[INFO] [stderr] warning: method `upload_single_part` is never used
[INFO] [stderr]    --> src/oss/multipart_upload.rs:530:14
[INFO] [stderr]     |
[INFO] [stderr] 138 | impl MultipartUploadClient {
[INFO] [stderr]     | -------------------------- method in this implementation
[INFO] [stderr] ...
[INFO] [stderr] 530 |     async fn upload_single_part(
[INFO] [stderr]     |              ^^^^^^^^^^^^^^^^^^
[INFO] [stderr] 
[INFO] [stderr] warning: `nuwax-common` (lib) generated 11 warnings (run `cargo fix --lib -p nuwax-common` to apply 2 suggestions)
[INFO] [stderr] warning: `nuwax-common` (lib test) generated 11 warnings (11 duplicates)
[INFO] [stderr]     Finished `release` profile [optimized] target(s) in 0.27s
[INFO] [stderr]      Running unittests src/lib.rs (/opt/rustwide/target/release/deps/nuwax_common-de6a813f9e03c80d)
[INFO] [stdout] 
[INFO] [stdout] running 24 tests
[INFO] [stdout] test downloader::client::tests::test_download_real_file ... ignored
[INFO] [stdout] test github::client::tests::test_get_latest_release_integration ... ignored
[INFO] [stdout] test github::client::tests::test_get_rate_limit_integration ... ignored
[INFO] [stdout] test downloader::client::tests::test_download_task_creation ... ok
[INFO] [stdout] test oss::client::tests::test_file_size_threshold ... ok
[INFO] [stdout] test oss::client::tests::test_generate_download_url_with_cdn ... ok
[INFO] [stdout] test oss::client::tests::test_generate_download_url_without_cdn ... ok
[INFO] [stdout] test oss::client::tests::test_oss_client_creation ... ok
[INFO] [stdout] test oss::client::tests::test_path_prefix_handling ... ok
[INFO] [stdout] test oss::client::tests::test_upload_file_nonexistent ... ok
[INFO] [stdout] test downloader::client::tests::test_file_downloader_creation ... FAILED
[INFO] [stdout] test utils::tests::test_build_auto_base_url ... ok
[INFO] [stdout] test downloader::client::tests::test_estimate_download_time ... FAILED
[INFO] [stdout] test downloader::client::tests::test_sha256_calculation ... FAILED
[INFO] [stdout] test utils::tests::test_build_download_url ... ok
[INFO] [stdout] test utils::tests::test_normalize_base_url ... ok
[INFO] [stdout] test utils::tests::test_validate_base_url ... ok
[INFO] [stdout] test utils::tests::test_get_host_ip ... FAILED
[INFO] [stdout] test utils::tests::test_validate_external_url ... ok
[INFO] [stdout] test github::client::tests::test_github_client_with_token ... ok
[INFO] [stdout] test downloader::client::tests::test_file_integrity_verification ... FAILED
[INFO] [stdout] test downloader::client::tests::test_cleanup_temp_files ... ok
[INFO] [stdout] test github::client::tests::test_github_client_creation ... ok
[INFO] [stdout] test oss::client::tests::test_upload_file_with_temp_file ... ok
[INFO] [stderr] error: test failed, to rerun pass `--lib`
[INFO] [stdout] 
[INFO] [stdout] failures:
[INFO] [stdout] 
[INFO] [stdout] ---- downloader::client::tests::test_file_downloader_creation stdout ----
[INFO] [stdout] 
[INFO] [stdout] thread 'downloader::client::tests::test_file_downloader_creation' (1940) panicked at src/downloader/client.rs:516:9:
[INFO] [stdout] assertion failed: downloader.is_ok()
[INFO] [stdout] stack backtrace:
[INFO] [stdout]    0:     0x62e1222386a1 - <<std[70759c8f55707aa4]::sys::backtrace::BacktraceLock>::print::DisplayBacktrace as core[df12db4294e9bfd3]::fmt::Display>::fmt
[INFO] [stdout]    1:     0x62e122250b8a - core[df12db4294e9bfd3]::fmt::write
[INFO] [stdout]    2:     0x62e12223de6c - <alloc[2182bb758b4b3781]::vec::Vec<u8> as core[df12db4294e9bfd3]::io::write::Write>::write_fmt
[INFO] [stdout]    3:     0x62e1222114e6 - std[70759c8f55707aa4]::panicking::default_hook::{closure#0}
[INFO] [stdout]    4:     0x62e12222f769 - std[70759c8f55707aa4]::panicking::default_hook
[INFO] [stdout]    5:     0x62e121f4e0e0 - test[9d35eded1c95d3be]::test_main_inner::<test[9d35eded1c95d3be]::test_main_static::{closure#0}>::{closure#0}
[INFO] [stdout]    6:     0x62e12222fa92 - std[70759c8f55707aa4]::panicking::panic_with_hook
[INFO] [stdout]    7:     0x62e1222115c4 - std[70759c8f55707aa4]::panicking::panic_handler::{closure#0}
[INFO] [stdout]    8:     0x62e122209ae9 - std[70759c8f55707aa4]::sys::backtrace::__rust_end_short_backtrace::<std[70759c8f55707aa4]::panicking::panic_handler::{closure#0}, !>
[INFO] [stdout]    9:     0x62e12221248d - __rustc[8fa7c3cbc660c2b3]::rust_begin_unwind
[INFO] [stdout]   10:     0x62e1222512ec - core[df12db4294e9bfd3]::panicking::panic_fmt
[INFO] [stdout]   11:     0x62e1222512b2 - core[df12db4294e9bfd3]::panicking::panic
[INFO] [stdout]   12:     0x62e121f291b3 - nuwax_common[33116d21d5d9f323]::downloader::client::tests::test_file_downloader_creation::{closure#0}
[INFO] [stdout]   13:     0x62e121f2ada3 - <tokio[fa4f8d30b761aed9]::runtime::scheduler::current_thread::Context>::enter::<core[df12db4294e9bfd3]::task::poll::Poll<()>, <tokio[fa4f8d30b761aed9]::runtime::scheduler::current_thread::CoreGuard>::block_on<core[df12db4294e9bfd3]::pin::Pin<&mut core[df12db4294e9bfd3]::pin::Pin<&mut dyn core[df12db4294e9bfd3]::future::future::Future<Output = ()>>>>::{closure#0}::{closure#0}>
[INFO] [stdout]   14:     0x62e121efd45c - <tokio[fa4f8d30b761aed9]::runtime::context::scoped::Scoped<tokio[fa4f8d30b761aed9]::runtime::scheduler::Context>>::set::<<tokio[fa4f8d30b761aed9]::runtime::scheduler::current_thread::CoreGuard>::enter<<tokio[fa4f8d30b761aed9]::runtime::scheduler::current_thread::CoreGuard>::block_on<core[df12db4294e9bfd3]::pin::Pin<&mut core[df12db4294e9bfd3]::pin::Pin<&mut dyn core[df12db4294e9bfd3]::future::future::Future<Output = ()>>>>::{closure#0}, core[df12db4294e9bfd3]::option::Option<()>>::{closure#0}, (alloc[2182bb758b4b3781]::boxed::Box<tokio[fa4f8d30b761aed9]::runtime::scheduler::current_thread::Core>, core[df12db4294e9bfd3]::option::Option<()>)>
[INFO] [stdout]   15:     0x62e121f2b837 - <tokio[fa4f8d30b761aed9]::runtime::scheduler::current_thread::CoreGuard>::block_on::<core[df12db4294e9bfd3]::pin::Pin<&mut core[df12db4294e9bfd3]::pin::Pin<&mut dyn core[df12db4294e9bfd3]::future::future::Future<Output = ()>>>>
[INFO] [stdout]   16:     0x62e121f386dd - tokio[fa4f8d30b761aed9]::runtime::context::runtime::enter_runtime::<<tokio[fa4f8d30b761aed9]::runtime::scheduler::current_thread::CurrentThread>::block_on<core[df12db4294e9bfd3]::pin::Pin<&mut dyn core[df12db4294e9bfd3]::future::future::Future<Output = ()>>>::{closure#0}, ()>
[INFO] [stdout]   17:     0x62e121f2aae5 - <tokio[fa4f8d30b761aed9]::runtime::runtime::Runtime>::block_on::<core[df12db4294e9bfd3]::pin::Pin<&mut dyn core[df12db4294e9bfd3]::future::future::Future<Output = ()>>>
[INFO] [stdout]   18:     0x62e121f2a825 - nuwax_common[33116d21d5d9f323]::downloader::client::tests::test_file_downloader_creation
[INFO] [stdout]   19:     0x62e121f36339 - <nuwax_common[33116d21d5d9f323]::downloader::client::tests::test_file_downloader_creation::{closure#0} as core[df12db4294e9bfd3]::ops::function::FnOnce<()>>::call_once
[INFO] [stdout]   20:     0x62e121f413cb - test[9d35eded1c95d3be]::__rust_begin_short_backtrace::<core[df12db4294e9bfd3]::result::Result<(), alloc[2182bb758b4b3781]::string::String>, fn() -> core[df12db4294e9bfd3]::result::Result<(), alloc[2182bb758b4b3781]::string::String>>
[INFO] [stdout]   21:     0x62e121f4ea35 - test[9d35eded1c95d3be]::run_test::{closure#0}
[INFO] [stdout]   22:     0x62e121f482f4 - std[70759c8f55707aa4]::sys::backtrace::__rust_begin_short_backtrace::<test[9d35eded1c95d3be]::run_test::{closure#1}, ()>
[INFO] [stdout]   23:     0x62e121f51b92 - <std[70759c8f55707aa4]::thread::lifecycle::spawn_unchecked<test[9d35eded1c95d3be]::run_test::{closure#1}, ()>::{closure#1} as core[df12db4294e9bfd3]::ops::function::FnOnce<()>>::call_once::{shim:vtable#0}
[INFO] [stdout]   24:     0x62e122237759 - <std[70759c8f55707aa4]::sys::thread::unix::Thread>::new::thread_start
[INFO] [stdout]   25:     0x7e87c6b8ddfa - <unknown>
[INFO] [stdout]   26:     0x7e87c6c213d4 - clone
[INFO] [stdout]   27:                0x0 - <unknown>
[INFO] [stdout] 
[INFO] [stdout] ---- downloader::client::tests::test_estimate_download_time stdout ----
[INFO] [stdout] 
[INFO] [stdout] thread 'downloader::client::tests::test_estimate_download_time' (1939) panicked at src/downloader/client.rs:645:63:
[INFO] [stdout] called `Result::unwrap()` on an `Err` value: Failed to create temp directory: ./test_temp
[INFO] [stdout] 
[INFO] [stdout] Caused by:
[INFO] [stdout]     Read-only file system (os error 30)
[INFO] [stdout] 
[INFO] [stdout] Stack backtrace:
[INFO] [stdout]    0: <core::io::error::Error as anyhow::context::ext::StdError>::ext_context::<alloc::string::String>
[INFO] [stdout]    1: <nuwax_common::downloader::client::FileDownloader>::from_config
[INFO] [stdout]    2: nuwax_common::downloader::client::tests::test_estimate_download_time::{closure#0}
[INFO] [stdout]    3: <tokio::runtime::scheduler::current_thread::Context>::enter::<core::task::poll::Poll<()>, <tokio::runtime::scheduler::current_thread::CoreGuard>::block_on<core::pin::Pin<&mut core::pin::Pin<&mut dyn core::future::future::Future<Output = ()>>>>::{closure#0}::{closure#0}>
[INFO] [stdout]    4: <tokio::runtime::context::scoped::Scoped<tokio::runtime::scheduler::Context>>::set::<<tokio::runtime::scheduler::current_thread::CoreGuard>::enter<<tokio::runtime::scheduler::current_thread::CoreGuard>::block_on<core::pin::Pin<&mut core::pin::Pin<&mut dyn core::future::future::Future<Output = ()>>>>::{closure#0}, core::option::Option<()>>::{closure#0}, (alloc::boxed::Box<tokio::runtime::scheduler::current_thread::Core>, core::option::Option<()>)>
[INFO] [stdout]    5: <tokio::runtime::scheduler::current_thread::CoreGuard>::block_on::<core::pin::Pin<&mut core::pin::Pin<&mut dyn core::future::future::Future<Output = ()>>>>
[INFO] [stdout]    6: tokio::runtime::context::runtime::enter_runtime::<<tokio::runtime::scheduler::current_thread::CurrentThread>::block_on<core::pin::Pin<&mut dyn core::future::future::Future<Output = ()>>>::{closure#0}, ()>
[INFO] [stdout]    7: <tokio::runtime::runtime::Runtime>::block_on::<core::pin::Pin<&mut dyn core::future::future::Future<Output = ()>>>
[INFO] [stdout]    8: nuwax_common::downloader::client::tests::test_estimate_download_time
[INFO] [stdout]    9: <nuwax_common::downloader::client::tests::test_estimate_download_time::{closure#0} as core::ops::function::FnOnce<()>>::call_once
[INFO] [stdout]   10: test::__rust_begin_short_backtrace::<core::result::Result<(), alloc::string::String>, fn() -> core::result::Result<(), alloc::string::String>>
[INFO] [stdout]   11: test::run_test::{closure#0}
[INFO] [stdout]   12: std::sys::backtrace::__rust_begin_short_backtrace::<test::run_test::{closure#1}, ()>
[INFO] [stdout]   13: <std::thread::lifecycle::spawn_unchecked<test::run_test::{closure#1}, ()>::{closure#1} as core::ops::function::FnOnce<()>>::call_once::{shim:vtable#0}
[INFO] [stdout]   14: <std::sys::thread::unix::Thread>::new::thread_start
[INFO] [stdout]   15: <unknown>
[INFO] [stdout]   16: clone
[INFO] [stdout] stack backtrace:
[INFO] [stdout]    0:     0x62e1222386a1 - <<std[70759c8f55707aa4]::sys::backtrace::BacktraceLock>::print::DisplayBacktrace as core[df12db4294e9bfd3]::fmt::Display>::fmt
[INFO] [stdout]    1:     0x62e122250b8a - core[df12db4294e9bfd3]::fmt::write
[INFO] [stdout]    2:     0x62e12223de6c - <alloc[2182bb758b4b3781]::vec::Vec<u8> as core[df12db4294e9bfd3]::io::write::Write>::write_fmt
[INFO] [stdout]    3:     0x62e1222114e6 - std[70759c8f55707aa4]::panicking::default_hook::{closure#0}
[INFO] [stdout]    4:     0x62e12222f769 - std[70759c8f55707aa4]::panicking::default_hook
[INFO] [stdout]    5:     0x62e121f4e0e0 - test[9d35eded1c95d3be]::test_main_inner::<test[9d35eded1c95d3be]::test_main_static::{closure#0}>::{closure#0}
[INFO] [stdout]    6:     0x62e12222fa92 - std[70759c8f55707aa4]::panicking::panic_with_hook
[INFO] [stdout]    7:     0x62e122211592 - std[70759c8f55707aa4]::panicking::panic_handler::{closure#0}
[INFO] [stdout]    8:     0x62e122209ae9 - std[70759c8f55707aa4]::sys::backtrace::__rust_end_short_backtrace::<std[70759c8f55707aa4]::panicking::panic_handler::{closure#0}, !>
[INFO] [stdout]    9:     0x62e12221248d - __rustc[8fa7c3cbc660c2b3]::rust_begin_unwind
[INFO] [stdout]   10:     0x62e1222512ec - core[df12db4294e9bfd3]::panicking::panic_fmt
[INFO] [stdout]   11:     0x62e1222510c2 - core[df12db4294e9bfd3]::result::unwrap_failed
[INFO] [stdout]   12:     0x62e121f28fd5 - nuwax_common[33116d21d5d9f323]::downloader::client::tests::test_estimate_download_time::{closure#0}
[INFO] [stdout]   13:     0x62e121f2ada3 - <tokio[fa4f8d30b761aed9]::runtime::scheduler::current_thread::Context>::enter::<core[df12db4294e9bfd3]::task::poll::Poll<()>, <tokio[fa4f8d30b761aed9]::runtime::scheduler::current_thread::CoreGuard>::block_on<core[df12db4294e9bfd3]::pin::Pin<&mut core[df12db4294e9bfd3]::pin::Pin<&mut dyn core[df12db4294e9bfd3]::future::future::Future<Output = ()>>>>::{closure#0}::{closure#0}>
[INFO] [stdout]   14:     0x62e121efd45c - <tokio[fa4f8d30b761aed9]::runtime::context::scoped::Scoped<tokio[fa4f8d30b761aed9]::runtime::scheduler::Context>>::set::<<tokio[fa4f8d30b761aed9]::runtime::scheduler::current_thread::CoreGuard>::enter<<tokio[fa4f8d30b761aed9]::runtime::scheduler::current_thread::CoreGuard>::block_on<core[df12db4294e9bfd3]::pin::Pin<&mut core[df12db4294e9bfd3]::pin::Pin<&mut dyn core[df12db4294e9bfd3]::future::future::Future<Output = ()>>>>::{closure#0}, core[df12db4294e9bfd3]::option::Option<()>>::{closure#0}, (alloc[2182bb758b4b3781]::boxed::Box<tokio[fa4f8d30b761aed9]::runtime::scheduler::current_thread::Core>, core[df12db4294e9bfd3]::option::Option<()>)>
[INFO] [stdout]   15:     0x62e121f2b837 - <tokio[fa4f8d30b761aed9]::runtime::scheduler::current_thread::CoreGuard>::block_on::<core[df12db4294e9bfd3]::pin::Pin<&mut core[df12db4294e9bfd3]::pin::Pin<&mut dyn core[df12db4294e9bfd3]::future::future::Future<Output = ()>>>>
[INFO] [stdout]   16:     0x62e121f386dd - tokio[fa4f8d30b761aed9]::runtime::context::runtime::enter_runtime::<<tokio[fa4f8d30b761aed9]::runtime::scheduler::current_thread::CurrentThread>::block_on<core[df12db4294e9bfd3]::pin::Pin<&mut dyn core[df12db4294e9bfd3]::future::future::Future<Output = ()>>>::{closure#0}, ()>
[INFO] [stdout]   17:     0x62e121f2aae5 - <tokio[fa4f8d30b761aed9]::runtime::runtime::Runtime>::block_on::<core[df12db4294e9bfd3]::pin::Pin<&mut dyn core[df12db4294e9bfd3]::future::future::Future<Output = ()>>>
[INFO] [stdout]   18:     0x62e121f2a6f5 - nuwax_common[33116d21d5d9f323]::downloader::client::tests::test_estimate_download_time
[INFO] [stdout]   19:     0x62e121f36319 - <nuwax_common[33116d21d5d9f323]::downloader::client::tests::test_estimate_download_time::{closure#0} as core[df12db4294e9bfd3]::ops::function::FnOnce<()>>::call_once
[INFO] [stdout]   20:     0x62e121f413cb - test[9d35eded1c95d3be]::__rust_begin_short_backtrace::<core[df12db4294e9bfd3]::result::Result<(), alloc[2182bb758b4b3781]::string::String>, fn() -> core[df12db4294e9bfd3]::result::Result<(), alloc[2182bb758b4b3781]::string::String>>
[INFO] [stdout]   21:     0x62e121f4ea35 - test[9d35eded1c95d3be]::run_test::{closure#0}
[INFO] [stdout]   22:     0x62e121f482f4 - std[70759c8f55707aa4]::sys::backtrace::__rust_begin_short_backtrace::<test[9d35eded1c95d3be]::run_test::{closure#1}, ()>
[INFO] [stdout]   23:     0x62e121f51b92 - <std[70759c8f55707aa4]::thread::lifecycle::spawn_unchecked<test[9d35eded1c95d3be]::run_test::{closure#1}, ()>::{closure#1} as core[df12db4294e9bfd3]::ops::function::FnOnce<()>>::call_once::{shim:vtable#0}
[INFO] [stdout]   24:     0x62e122237759 - <std[70759c8f55707aa4]::sys::thread::unix::Thread>::new::thread_start
[INFO] [stdout]   25:     0x7e87c6b8ddfa - <unknown>
[INFO] [stdout]   26:     0x7e87c6c213d4 - clone
[INFO] [stdout]   27:                0x0 - <unknown>
[INFO] [stdout] 
[INFO] [stdout] ---- downloader::client::tests::test_sha256_calculation stdout ----
[INFO] [stdout] 
[INFO] [stdout] thread 'downloader::client::tests::test_sha256_calculation' (1942) panicked at src/downloader/client.rs:533:63:
[INFO] [stdout] called `Result::unwrap()` on an `Err` value: Failed to create temp directory: ./test_temp
[INFO] [stdout] 
[INFO] [stdout] Caused by:
[INFO] [stdout]     Read-only file system (os error 30)
[INFO] [stdout] 
[INFO] [stdout] Stack backtrace:
[INFO] [stdout]    0: <core::io::error::Error as anyhow::context::ext::StdError>::ext_context::<alloc::string::String>
[INFO] [stdout]    1: <nuwax_common::downloader::client::FileDownloader>::from_config
[INFO] [stdout]    2: nuwax_common::downloader::client::tests::test_sha256_calculation::{closure#0}
[INFO] [stdout]    3: <tokio::runtime::scheduler::current_thread::Context>::enter::<core::task::poll::Poll<()>, <tokio::runtime::scheduler::current_thread::CoreGuard>::block_on<core::pin::Pin<&mut core::pin::Pin<&mut dyn core::future::future::Future<Output = ()>>>>::{closure#0}::{closure#0}>
[INFO] [stdout]    4: <tokio::runtime::context::scoped::Scoped<tokio::runtime::scheduler::Context>>::set::<<tokio::runtime::scheduler::current_thread::CoreGuard>::enter<<tokio::runtime::scheduler::current_thread::CoreGuard>::block_on<core::pin::Pin<&mut core::pin::Pin<&mut dyn core::future::future::Future<Output = ()>>>>::{closure#0}, core::option::Option<()>>::{closure#0}, (alloc::boxed::Box<tokio::runtime::scheduler::current_thread::Core>, core::option::Option<()>)>
[INFO] [stdout]    5: <tokio::runtime::scheduler::current_thread::CoreGuard>::block_on::<core::pin::Pin<&mut core::pin::Pin<&mut dyn core::future::future::Future<Output = ()>>>>
[INFO] [stdout]    6: tokio::runtime::context::runtime::enter_runtime::<<tokio::runtime::scheduler::current_thread::CurrentThread>::block_on<core::pin::Pin<&mut dyn core::future::future::Future<Output = ()>>>::{closure#0}, ()>
[INFO] [stdout]    7: <tokio::runtime::runtime::Runtime>::block_on::<core::pin::Pin<&mut dyn core::future::future::Future<Output = ()>>>
[INFO] [stdout]    8: nuwax_common::downloader::client::tests::test_sha256_calculation
[INFO] [stdout]    9: <nuwax_common::downloader::client::tests::test_sha256_calculation::{closure#0} as core::ops::function::FnOnce<()>>::call_once
[INFO] [stdout]   10: test::__rust_begin_short_backtrace::<core::result::Result<(), alloc::string::String>, fn() -> core::result::Result<(), alloc::string::String>>
[INFO] [stdout]   11: test::run_test::{closure#0}
[INFO] [stdout]   12: std::sys::backtrace::__rust_begin_short_backtrace::<test::run_test::{closure#1}, ()>
[INFO] [stdout]   13: <std::thread::lifecycle::spawn_unchecked<test::run_test::{closure#1}, ()>::{closure#1} as core::ops::function::FnOnce<()>>::call_once::{shim:vtable#0}
[INFO] [stdout]   14: <std::sys::thread::unix::Thread>::new::thread_start
[INFO] [stdout]   15: <unknown>
[INFO] [stdout]   16: clone
[INFO] [stdout] stack backtrace:
[INFO] [stdout]    0:     0x62e1222386a1 - <<std[70759c8f55707aa4]::sys::backtrace::BacktraceLock>::print::DisplayBacktrace as core[df12db4294e9bfd3]::fmt::Display>::fmt
[INFO] [stdout]    1:     0x62e122250b8a - core[df12db4294e9bfd3]::fmt::write
[INFO] [stdout]    2:     0x62e12223de6c - <alloc[2182bb758b4b3781]::vec::Vec<u8> as core[df12db4294e9bfd3]::io::write::Write>::write_fmt
[INFO] [stdout]    3:     0x62e1222114e6 - std[70759c8f55707aa4]::panicking::default_hook::{closure#0}
[INFO] [stdout]    4:     0x62e12222f769 - std[70759c8f55707aa4]::panicking::default_hook
[INFO] [stdout]    5:     0x62e121f4e0e0 - test[9d35eded1c95d3be]::test_main_inner::<test[9d35eded1c95d3be]::test_main_static::{closure#0}>::{closure#0}
[INFO] [stdout]    6:     0x62e12222fa92 - std[70759c8f55707aa4]::panicking::panic_with_hook
[INFO] [stdout]    7:     0x62e122211592 - std[70759c8f55707aa4]::panicking::panic_handler::{closure#0}
[INFO] [stdout]    8:     0x62e122209ae9 - std[70759c8f55707aa4]::sys::backtrace::__rust_end_short_backtrace::<std[70759c8f55707aa4]::panicking::panic_handler::{closure#0}, !>
[INFO] [stdout]    9:     0x62e12221248d - __rustc[8fa7c3cbc660c2b3]::rust_begin_unwind
[INFO] [stdout]   10:     0x62e1222512ec - core[df12db4294e9bfd3]::panicking::panic_fmt
[INFO] [stdout]   11:     0x62e1222510c2 - core[df12db4294e9bfd3]::result::unwrap_failed
[INFO] [stdout]   12:     0x62e121f2848c - nuwax_common[33116d21d5d9f323]::downloader::client::tests::test_sha256_calculation::{closure#0}
[INFO] [stdout]   13:     0x62e121f2ada3 - <tokio[fa4f8d30b761aed9]::runtime::scheduler::current_thread::Context>::enter::<core[df12db4294e9bfd3]::task::poll::Poll<()>, <tokio[fa4f8d30b761aed9]::runtime::scheduler::current_thread::CoreGuard>::block_on<core[df12db4294e9bfd3]::pin::Pin<&mut core[df12db4294e9bfd3]::pin::Pin<&mut dyn core[df12db4294e9bfd3]::future::future::Future<Output = ()>>>>::{closure#0}::{closure#0}>
[INFO] [stdout]   14:     0x62e121efd45c - <tokio[fa4f8d30b761aed9]::runtime::context::scoped::Scoped<tokio[fa4f8d30b761aed9]::runtime::scheduler::Context>>::set::<<tokio[fa4f8d30b761aed9]::runtime::scheduler::current_thread::CoreGuard>::enter<<tokio[fa4f8d30b761aed9]::runtime::scheduler::current_thread::CoreGuard>::block_on<core[df12db4294e9bfd3]::pin::Pin<&mut core[df12db4294e9bfd3]::pin::Pin<&mut dyn core[df12db4294e9bfd3]::future::future::Future<Output = ()>>>>::{closure#0}, core[df12db4294e9bfd3]::option::Option<()>>::{closure#0}, (alloc[2182bb758b4b3781]::boxed::Box<tokio[fa4f8d30b761aed9]::runtime::scheduler::current_thread::Core>, core[df12db4294e9bfd3]::option::Option<()>)>
[INFO] [stdout]   15:     0x62e121f2b837 - <tokio[fa4f8d30b761aed9]::runtime::scheduler::current_thread::CoreGuard>::block_on::<core[df12db4294e9bfd3]::pin::Pin<&mut core[df12db4294e9bfd3]::pin::Pin<&mut dyn core[df12db4294e9bfd3]::future::future::Future<Output = ()>>>>
[INFO] [stdout]   16:     0x62e121f386dd - tokio[fa4f8d30b761aed9]::runtime::context::runtime::enter_runtime::<<tokio[fa4f8d30b761aed9]::runtime::scheduler::current_thread::CurrentThread>::block_on<core[df12db4294e9bfd3]::pin::Pin<&mut dyn core[df12db4294e9bfd3]::future::future::Future<Output = ()>>>::{closure#0}, ()>
[INFO] [stdout]   17:     0x62e121f2aae5 - <tokio[fa4f8d30b761aed9]::runtime::runtime::Runtime>::block_on::<core[df12db4294e9bfd3]::pin::Pin<&mut dyn core[df12db4294e9bfd3]::future::future::Future<Output = ()>>>
[INFO] [stdout]   18:     0x62e121f2a47b - nuwax_common[33116d21d5d9f323]::downloader::client::tests::test_sha256_calculation
[INFO] [stdout]   19:     0x62e121f362d9 - <nuwax_common[33116d21d5d9f323]::downloader::client::tests::test_sha256_calculation::{closure#0} as core[df12db4294e9bfd3]::ops::function::FnOnce<()>>::call_once
[INFO] [stdout]   20:     0x62e121f413cb - test[9d35eded1c95d3be]::__rust_begin_short_backtrace::<core[df12db4294e9bfd3]::result::Result<(), alloc[2182bb758b4b3781]::string::String>, fn() -> core[df12db4294e9bfd3]::result::Result<(), alloc[2182bb758b4b3781]::string::String>>
[INFO] [stdout]   21:     0x62e121f4ea35 - test[9d35eded1c95d3be]::run_test::{closure#0}
[INFO] [stdout]   22:     0x62e121f482f4 - std[70759c8f55707aa4]::sys::backtrace::__rust_begin_short_backtrace::<test[9d35eded1c95d3be]::run_test::{closure#1}, ()>
[INFO] [stdout]   23:     0x62e121f51b92 - <std[70759c8f55707aa4]::thread::lifecycle::spawn_unchecked<test[9d35eded1c95d3be]::run_test::{closure#1}, ()>::{closure#1} as core[df12db4294e9bfd3]::ops::function::FnOnce<()>>::call_once::{shim:vtable#0}
[INFO] [stdout]   24:     0x62e122237759 - <std[70759c8f55707aa4]::sys::thread::unix::Thread>::new::thread_start
[INFO] [stdout]   25:     0x7e87c6b8ddfa - <unknown>
[INFO] [stdout]   26:     0x7e87c6c213d4 - clone
[INFO] [stdout]   27:                0x0 - <unknown>
[INFO] [stdout] 
[INFO] [stdout] ---- utils::tests::test_get_host_ip stdout ----
[INFO] [stdout] 
[INFO] [stdout] thread 'utils::tests::test_get_host_ip' (1958) panicked at src/utils.rs:134:32:
[INFO] [stdout] called `Result::unwrap()` on an `Err` value: Os { code: 101, kind: NetworkUnreachable, message: "Network is unreachable" }
[INFO] [stdout] stack backtrace:
[INFO] [stdout]    0:     0x62e1222386a1 - <<std[70759c8f55707aa4]::sys::backtrace::BacktraceLock>::print::DisplayBacktrace as core[df12db4294e9bfd3]::fmt::Display>::fmt
[INFO] [stdout]    1:     0x62e122250b8a - core[df12db4294e9bfd3]::fmt::write
[INFO] [stdout]    2:     0x62e12223de6c - <alloc[2182bb758b4b3781]::vec::Vec<u8> as core[df12db4294e9bfd3]::io::write::Write>::write_fmt
[INFO] [stdout]    3:     0x62e1222114e6 - std[70759c8f55707aa4]::panicking::default_hook::{closure#0}
[INFO] [stdout]    4:     0x62e12222f769 - std[70759c8f55707aa4]::panicking::default_hook
[INFO] [stdout]    5:     0x62e121f4e0e0 - test[9d35eded1c95d3be]::test_main_inner::<test[9d35eded1c95d3be]::test_main_static::{closure#0}>::{closure#0}
[INFO] [stdout]    6:     0x62e12222fa92 - std[70759c8f55707aa4]::panicking::panic_with_hook
[INFO] [stdout]    7:     0x62e122211592 - std[70759c8f55707aa4]::panicking::panic_handler::{closure#0}
[INFO] [stdout]    8:     0x62e122209ae9 - std[70759c8f55707aa4]::sys::backtrace::__rust_end_short_backtrace::<std[70759c8f55707aa4]::panicking::panic_handler::{closure#0}, !>
[INFO] [stdout]    9:     0x62e12221248d - __rustc[8fa7c3cbc660c2b3]::rust_begin_unwind
[INFO] [stdout]   10:     0x62e1222512ec - core[df12db4294e9bfd3]::panicking::panic_fmt
[INFO] [stdout]   11:     0x62e1222510c2 - core[df12db4294e9bfd3]::result::unwrap_failed
[INFO] [stdout]   12:     0x62e121f361cd - <nuwax_common[33116d21d5d9f323]::utils::tests::test_get_host_ip::{closure#0} as core[df12db4294e9bfd3]::ops::function::FnOnce<()>>::call_once
[INFO] [stdout]   13:     0x62e121f413cb - test[9d35eded1c95d3be]::__rust_begin_short_backtrace::<core[df12db4294e9bfd3]::result::Result<(), alloc[2182bb758b4b3781]::string::String>, fn() -> core[df12db4294e9bfd3]::result::Result<(), alloc[2182bb758b4b3781]::string::String>>
[INFO] [stdout]   14:     0x62e121f4ea35 - test[9d35eded1c95d3be]::run_test::{closure#0}
[INFO] [stdout]   15:     0x62e121f482f4 - std[70759c8f55707aa4]::sys::backtrace::__rust_begin_short_backtrace::<test[9d35eded1c95d3be]::run_test::{closure#1}, ()>
[INFO] [stdout]   16:     0x62e121f51b92 - <std[70759c8f55707aa4]::thread::lifecycle::spawn_unchecked<test[9d35eded1c95d3be]::run_test::{closure#1}, ()>::{closure#1} as core[df12db4294e9bfd3]::ops::function::FnOnce<()>>::call_once::{shim:vtable#0}
[INFO] [stdout]   17:     0x62e122237759 - <std[70759c8f55707aa4]::sys::thread::unix::Thread>::new::thread_start
[INFO] [stdout]   18:     0x7e87c6b8ddfa - <unknown>
[INFO] [stdout]   19:     0x7e87c6c213d4 - clone
[INFO] [stdout]   20:                0x0 - <unknown>
[INFO] [stdout] 
[INFO] [stdout] ---- downloader::client::tests::test_file_integrity_verification stdout ----
[INFO] [stdout] 
[INFO] [stdout] thread 'downloader::client::tests::test_file_integrity_verification' (1941) panicked at src/downloader/client.rs:559:63:
[INFO] [stdout] called `Result::unwrap()` on an `Err` value: Failed to create temp directory: ./test_temp
[INFO] [stdout] 
[INFO] [stdout] Caused by:
[INFO] [stdout]     Read-only file system (os error 30)
[INFO] [stdout] 
[INFO] [stdout] Stack backtrace:
[INFO] [stdout]    0: <core::io::error::Error as anyhow::context::ext::StdError>::ext_context::<alloc::string::String>
[INFO] [stdout]    1: <nuwax_common::downloader::client::FileDownloader>::from_config
[INFO] [stdout]    2: nuwax_common::downloader::client::tests::test_file_integrity_verification::{closure#0}
[INFO] [stdout]    3: <tokio::runtime::scheduler::current_thread::Context>::enter::<core::task::poll::Poll<()>, <tokio::runtime::scheduler::current_thread::CoreGuard>::block_on<core::pin::Pin<&mut core::pin::Pin<&mut dyn core::future::future::Future<Output = ()>>>>::{closure#0}::{closure#0}>
[INFO] [stdout]    4: <tokio::runtime::context::scoped::Scoped<tokio::runtime::scheduler::Context>>::set::<<tokio::runtime::scheduler::current_thread::CoreGuard>::enter<<tokio::runtime::scheduler::current_thread::CoreGuard>::block_on<core::pin::Pin<&mut core::pin::Pin<&mut dyn core::future::future::Future<Output = ()>>>>::{closure#0}, core::option::Option<()>>::{closure#0}, (alloc::boxed::Box<tokio::runtime::scheduler::current_thread::Core>, core::option::Option<()>)>
[INFO] [stdout]    5: <tokio::runtime::scheduler::current_thread::CoreGuard>::block_on::<core::pin::Pin<&mut core::pin::Pin<&mut dyn core::future::future::Future<Output = ()>>>>
[INFO] [stdout]    6: tokio::runtime::context::runtime::enter_runtime::<<tokio::runtime::scheduler::current_thread::CurrentThread>::block_on<core::pin::Pin<&mut dyn core::future::future::Future<Output = ()>>>::{closure#0}, ()>
[INFO] [stdout]    7: <tokio::runtime::runtime::Runtime>::block_on::<core::pin::Pin<&mut dyn core::future::future::Future<Output = ()>>>
[INFO] [stdout]    8: nuwax_common::downloader::client::tests::test_file_integrity_verification
[INFO] [stdout]    9: <nuwax_common::downloader::client::tests::test_file_integrity_verification::{closure#0} as core::ops::function::FnOnce<()>>::call_once
[INFO] [stdout]   10: test::__rust_begin_short_backtrace::<core::result::Result<(), alloc::string::String>, fn() -> core::result::Result<(), alloc::string::String>>
[INFO] [stdout]   11: test::run_test::{closure#0}
[INFO] [stdout]   12: std::sys::backtrace::__rust_begin_short_backtrace::<test::run_test::{closure#1}, ()>
[INFO] [stdout]   13: <std::thread::lifecycle::spawn_unchecked<test::run_test::{closure#1}, ()>::{closure#1} as core::ops::function::FnOnce<()>>::call_once::{shim:vtable#0}
[INFO] [stdout]   14: <std::sys::thread::unix::Thread>::new::thread_start
[INFO] [stdout]   15: <unknown>
[INFO] [stdout]   16: clone
[INFO] [stdout] stack backtrace:
[INFO] [stdout]    0:     0x62e1222386a1 - <<std[70759c8f55707aa4]::sys::backtrace::BacktraceLock>::print::DisplayBacktrace as core[df12db4294e9bfd3]::fmt::Display>::fmt
[INFO] [stdout]    1:     0x62e122250b8a - core[df12db4294e9bfd3]::fmt::write
[INFO] [stdout]    2:     0x62e12223de6c - <alloc[2182bb758b4b3781]::vec::Vec<u8> as core[df12db4294e9bfd3]::io::write::Write>::write_fmt
[INFO] [stdout]    3:     0x62e1222114e6 - std[70759c8f55707aa4]::panicking::default_hook::{closure#0}
[INFO] [stdout]    4:     0x62e12222f769 - std[70759c8f55707aa4]::panicking::default_hook
[INFO] [stdout]    5:     0x62e121f4e0e0 - test[9d35eded1c95d3be]::test_main_inner::<test[9d35eded1c95d3be]::test_main_static::{closure#0}>::{closure#0}
[INFO] [stdout]    6:     0x62e12222fa92 - std[70759c8f55707aa4]::panicking::panic_with_hook
[INFO] [stdout]    7:     0x62e122211592 - std[70759c8f55707aa4]::panicking::panic_handler::{closure#0}
[INFO] [stdout]    8:     0x62e122209ae9 - std[70759c8f55707aa4]::sys::backtrace::__rust_end_short_backtrace::<std[70759c8f55707aa4]::panicking::panic_handler::{closure#0}, !>
[INFO] [stdout]    9:     0x62e12221248d - __rustc[8fa7c3cbc660c2b3]::rust_begin_unwind
[INFO] [stdout]   10:     0x62e1222512ec - core[df12db4294e9bfd3]::panicking::panic_fmt
[INFO] [stdout]   11:     0x62e1222510c2 - core[df12db4294e9bfd3]::result::unwrap_failed
[INFO] [stdout]   12:     0x62e121f29d93 - nuwax_common[33116d21d5d9f323]::downloader::client::tests::test_file_integrity_verification::{closure#0}
[INFO] [stdout]   13:     0x62e121f2ada3 - <tokio[fa4f8d30b761aed9]::runtime::scheduler::current_thread::Context>::enter::<core[df12db4294e9bfd3]::task::poll::Poll<()>, <tokio[fa4f8d30b761aed9]::runtime::scheduler::current_thread::CoreGuard>::block_on<core[df12db4294e9bfd3]::pin::Pin<&mut core[df12db4294e9bfd3]::pin::Pin<&mut dyn core[df12db4294e9bfd3]::future::future::Future<Output = ()>>>>::{closure#0}::{closure#0}>
[INFO] [stdout]   14:     0x62e121efd45c - <tokio[fa4f8d30b761aed9]::runtime::context::scoped::Scoped<tokio[fa4f8d30b761aed9]::runtime::scheduler::Context>>::set::<<tokio[fa4f8d30b761aed9]::runtime::scheduler::current_thread::CoreGuard>::enter<<tokio[fa4f8d30b761aed9]::runtime::scheduler::current_thread::CoreGuard>::block_on<core[df12db4294e9bfd3]::pin::Pin<&mut core[df12db4294e9bfd3]::pin::Pin<&mut dyn core[df12db4294e9bfd3]::future::future::Future<Output = ()>>>>::{closure#0}, core[df12db4294e9bfd3]::option::Option<()>>::{closure#0}, (alloc[2182bb758b4b3781]::boxed::Box<tokio[fa4f8d30b761aed9]::runtime::scheduler::current_thread::Core>, core[df12db4294e9bfd3]::option::Option<()>)>
[INFO] [stdout]   15:     0x62e121f2b837 - <tokio[fa4f8d30b761aed9]::runtime::scheduler::current_thread::CoreGuard>::block_on::<core[df12db4294e9bfd3]::pin::Pin<&mut core[df12db4294e9bfd3]::pin::Pin<&mut dyn core[df12db4294e9bfd3]::future::future::Future<Output = ()>>>>
[INFO] [stdout]   16:     0x62e121f386dd - tokio[fa4f8d30b761aed9]::runtime::context::runtime::enter_runtime::<<tokio[fa4f8d30b761aed9]::runtime::scheduler::current_thread::CurrentThread>::block_on<core[df12db4294e9bfd3]::pin::Pin<&mut dyn core[df12db4294e9bfd3]::future::future::Future<Output = ()>>>::{closure#0}, ()>
[INFO] [stdout]   17:     0x62e121f2aae5 - <tokio[fa4f8d30b761aed9]::runtime::runtime::Runtime>::block_on::<core[df12db4294e9bfd3]::pin::Pin<&mut dyn core[df12db4294e9bfd3]::future::future::Future<Output = ()>>>
[INFO] [stdout]   18:     0x62e121f2a95b - nuwax_common[33116d21d5d9f323]::downloader::client::tests::test_file_integrity_verification
[INFO] [stdout]   19:     0x62e121f36359 - <nuwax_common[33116d21d5d9f323]::downloader::client::tests::test_file_integrity_verification::{closure#0} as core[df12db4294e9bfd3]::ops::function::FnOnce<()>>::call_once
[INFO] [stdout]   20:     0x62e121f413cb - test[9d35eded1c95d3be]::__rust_begin_short_backtrace::<core[df12db4294e9bfd3]::result::Result<(), alloc[2182bb758b4b3781]::string::String>, fn() -> core[df12db4294e9bfd3]::result::Result<(), alloc[2182bb758b4b3781]::string::String>>
[INFO] [stdout]   21:     0x62e121f4ea35 - test[9d35eded1c95d3be]::run_test::{closure#0}
[INFO] [stdout]   22:     0x62e121f482f4 - std[70759c8f55707aa4]::sys::backtrace::__rust_begin_short_backtrace::<test[9d35eded1c95d3be]::run_test::{closure#1}, ()>
[INFO] [stdout]   23:     0x62e121f51b92 - <std[70759c8f55707aa4]::thread::lifecycle::spawn_unchecked<test[9d35eded1c95d3be]::run_test::{closure#1}, ()>::{closure#1} as core[df12db4294e9bfd3]::ops::function::FnOnce<()>>::call_once::{shim:vtable#0}
[INFO] [stdout]   24:     0x62e122237759 - <std[70759c8f55707aa4]::sys::thread::unix::Thread>::new::thread_start
[INFO] [stdout]   25:     0x7e87c6b8ddfa - <unknown>
[INFO] [stdout]   26:     0x7e87c6c213d4 - clone
[INFO] [stdout]   27:                0x0 - <unknown>
[INFO] [stdout] 
[INFO] [stdout] 
[INFO] [stdout] failures:
[INFO] [stdout]     downloader::client::tests::test_estimate_download_time
[INFO] [stdout]     downloader::client::tests::test_file_downloader_creation
[INFO] [stdout]     downloader::client::tests::test_file_integrity_verification
[INFO] [stdout]     downloader::client::tests::test_sha256_calculation
[INFO] [stdout]     utils::tests::test_get_host_ip
[INFO] [stdout] 
[INFO] [stdout] test result: FAILED. 16 passed; 5 failed; 3 ignored; 0 measured; 0 filtered out; finished in 0.24s
[INFO] [stdout] 
[INFO] running `Command { std: "docker" "inspect" "32cbc1090c8b1530a31f29ec6ab74f94ef3fe10822f73ad190cbcb5d9ae3158f", kill_on_drop: false }`
[INFO] running `Command { std: "docker" "rm" "-f" "32cbc1090c8b1530a31f29ec6ab74f94ef3fe10822f73ad190cbcb5d9ae3158f", kill_on_drop: false }`
[INFO] [stdout] 32cbc1090c8b1530a31f29ec6ab74f94ef3fe10822f73ad190cbcb5d9ae3158f
